20.63.103.30 - - [26/Mar/2026:22:00:45 +0300] "GET /wp-links.php HTTP/1.1" 401 53 "-" "Mozilla/5.0 (Windows NT 10.0; Win64; x64) AppleWebKit/537.36 (KHTML, like Gecko) Chrome/120.0.0.0 Safari/537.36"
20.63.103.30 - - [26/Mar/2026:22:00:45 +0300] "GET /wp-admin/css/colors/light/about.php HTTP/1.1" 401 53 "-" "Mozilla/5.0 (Windows NT 10.0; Win64; x64) AppleWebKit/537.36 (KHTML, like Gecko) Chrome/120.0.0.0 Safari/537.36"
20.63.103.30 - - [26/Mar/2026:22:00:45 +0300] "GET /content.php HTTP/1.1" 401 53 "-" "Mozilla/5.0 (Windows NT 10.0; Win64; x64) AppleWebKit/537.36 (KHTML, like Gecko) Chrome/120.0.0.0 Safari/537.36"
20.63.103.30 - - [26/Mar/2026:22:00:45 +0300] "GET /wp-includes/images/media/ HTTP/1.1" 401 53 "-" "Mozilla/5.0 (Windows NT 10.0; Win64; x64) AppleWebKit/537.36 (KHTML, like Gecko) Chrome/120.0.0.0 Safari/537.36"
20.63.103.30 - - [26/Mar/2026:22:00:46 +0300] "GET /news.php HTTP/1.1" 401 53 "-" "Mozilla/5.0 (Windows NT 10.0; Win64; x64) AppleWebKit/537.36 (KHTML, like Gecko) Chrome/120.0.0.0 Safari/537.36"
89.252.162.138 - - [26/Mar/2026:22:01:02 +0300] "POST /wp-admin/admin-ajax.php?action=async_litespeed&nonce=1LQJ9eJ6Ad815rkcnf2inzm2NzN4GVxs&litespeed_type=imgoptm HTTP/1.1" 200 5 "-" "WordPress/6.8.5; https://polikistikover.net"
78.163.113.238 - - [26/Mar/2026:22:01:45 +0300] "GET /yeni/ HTTP/1.1" 200 17723 "https://www.polikistikover.net/" "Mozilla/5.0 (Linux; Android 10; K) AppleWebKit/537.36 (KHTML, like Gecko) Chrome/146.0.0.0 Mobile Safari/537.36"
89.252.162.138 - - [26/Mar/2026:22:02:01 +0300] "POST /wp-cron.php?doing_wp_cron=1774551721.1967039108276367187500 HTTP/1.1" 200 0 "-" "WordPress/6.8.5; https://polikistikover.net"
89.252.162.138 - - [26/Mar/2026:22:02:16 +0300] "POST /wp-cron.php?doing_wp_cron=1774551736.4172830581665039062500 HTTP/1.1" 200 0 "-" "WordPress/6.8.5; https://polikistikover.net"
52.167.144.158 - - [26/Mar/2026:22:03:12 +0300] "GET /f/special/stampink/ HTTP/2" 404 796 "-" "Mozilla/5.0 AppleWebKit/537.36 (KHTML, like Gecko; compatible; bingbot/2.0; +http://www.bing.com/bingbot.htm) Chrome/116.0.1938.76 Safari/537.36"
89.252.162.138 - - [26/Mar/2026:22:04:01 +0300] "POST /wp-cron.php?doing_wp_cron=1774551841.5654489994049072265625 HTTP/1.1" 200 0 "-" "WordPress/6.8.5; https://polikistikover.net"
89.252.162.138 - - [26/Mar/2026:22:04:02 +0300] "POST /wp-admin/admin-ajax.php?action=async_litespeed&nonce=t1smb2rJbCA7wNNbyQFSa0W8imilOUJS&litespeed_type=imgoptm HTTP/1.1" 200 5 "-" "WordPress/6.8.5; https://polikistikover.net"
89.252.162.138 - - [26/Mar/2026:22:04:16 +0300] "POST /wp-cron.php?doing_wp_cron=1774551856.3200728893280029296875 HTTP/1.1" 200 0 "-" "WordPress/6.8.5; https://polikistikover.net"
89.252.162.138 - - [26/Mar/2026:22:06:01 +0300] "POST /wp-cron.php?doing_wp_cron=1774551961.8452789783477783203125 HTTP/1.1" 200 0 "-" "WordPress/6.8.5; https://polikistikover.net"
89.252.162.138 - - [26/Mar/2026:22:07:01 +0300] "POST /wp-cron.php?doing_wp_cron=1774552021.1742269992828369140625 HTTP/1.1" 200 0 "-" "WordPress/6.8.5; https://polikistikover.net"
89.252.162.138 - - [26/Mar/2026:22:07:02 +0300] "POST /wp-admin/admin-ajax.php?action=async_litespeed&nonce=G2Taw14go70xgt2ZO2aShpqA8tq8rA7m&litespeed_type=imgoptm HTTP/1.1" 200 5 "-" "WordPress/6.8.5; https://polikistikover.net"
89.252.162.138 - - [26/Mar/2026:22:07:16 +0300] "POST /wp-cron.php?doing_wp_cron=1774552036.4354250431060791015625 HTTP/1.1" 200 0 "-" "WordPress/6.8.5; https://polikistikover.net"
89.252.162.138 - - [26/Mar/2026:22:08:01 +0300] "POST /wp-cron.php?doing_wp_cron=1774552080.9661231040954589843750 HTTP/1.1" 200 0 "-" "WordPress/6.8.5; https://polikistikover.net"
89.252.162.138 - - [26/Mar/2026:22:10:01 +0300] "POST /wp-admin/admin-ajax.php?action=async_litespeed&nonce=yhVH1ihfzJVs2hlMzuF4MQXnpBnjrrjj&litespeed_type=imgoptm HTTP/1.1" 200 5 "-" "WordPress/6.8.5; https://polikistikover.net"
196.189.161.95 - - [26/Mar/2026:22:10:50 +0300] "POST /xmlrpc.php HTTP/1.1" 200 412 "-" "Mozilla/5.0 (Linux; Android 10; arm64) AppleWebKit/537.36 (KHTML, like Gecko) Opera/74.0.0.0 Safari/537.36"
20.106.150.36 - - [26/Mar/2026:22:09:01 +0300] "POST //xmlrpc.php HTTP/1.1" 200 410 "-" "Mozilla/5.0 (Windows NT 10.0; Win64; x64) AppleWebKit/537.36 (KHTML, like Gecko) Chrome/80.0.3987.149 Safari/537.36"
20.106.150.36 - - [26/Mar/2026:22:09:16 +0300] "POST //xmlrpc.php HTTP/1.1" 200 410 "-" "Mozilla/5.0 (Windows NT 10.0; Win64; x64) AppleWebKit/537.36 (KHTML, like Gecko) Chrome/80.0.3987.149 Safari/537.36"
20.106.150.36 - - [26/Mar/2026:22:09:31 +0300] "POST //xmlrpc.php HTTP/1.1" 200 410 "-" "Mozilla/5.0 (Windows NT 10.0; Win64; x64) AppleWebKit/537.36 (KHTML, like Gecko) Chrome/80.0.3987.149 Safari/537.36"
89.252.162.138 - - [26/Mar/2026:22:10:01 +0300] "POST /wp-cron.php?doing_wp_cron=1774552201.2429440021514892578125 HTTP/1.1" 200 0 "-" "WordPress/6.8.5; https://polikistikover.net"
20.106.150.36 - - [26/Mar/2026:22:09:46 +0300] "POST //xmlrpc.php HTTP/1.1" 200 410 "-" "Mozilla/5.0 (Windows NT 10.0; Win64; x64) AppleWebKit/537.36 (KHTML, like Gecko) Chrome/80.0.3987.149 Safari/537.36"
89.252.162.138 - - [26/Mar/2026:22:10:16 +0300] "POST /wp-cron.php?doing_wp_cron=1774552216.3552370071411132812500 HTTP/1.1" 200 0 "-" "WordPress/6.8.5; https://polikistikover.net"
20.106.150.36 - - [26/Mar/2026:22:10:01 +0300] "POST //xmlrpc.php HTTP/1.1" 200 410 "-" "Mozilla/5.0 (Windows NT 10.0; Win64; x64) AppleWebKit/537.36 (KHTML, like Gecko) Chrome/80.0.3987.149 Safari/537.36"
20.106.150.36 - - [26/Mar/2026:22:10:16 +0300] "POST //xmlrpc.php HTTP/1.1" 200 410 "-" "Mozilla/5.0 (Windows NT 10.0; Win64; x64) AppleWebKit/537.36 (KHTML, like Gecko) Chrome/80.0.3987.149 Safari/537.36"
20.106.150.36 - - [26/Mar/2026:22:10:31 +0300] "POST //xmlrpc.php HTTP/1.1" 200 410 "-" "Mozilla/5.0 (Windows NT 10.0; Win64; x64) AppleWebKit/537.36 (KHTML, like Gecko) Chrome/80.0.3987.149 Safari/537.36"
89.252.162.138 - - [26/Mar/2026:22:10:51 +0300] "POST /wp-cron.php?doing_wp_cron=1774552251.9048449993133544921875 HTTP/1.1" 200 0 "-" "WordPress/6.8.5; https://polikistikover.net"
89.252.162.138 - - [26/Mar/2026:22:10:52 +0300] "POST /wp-admin/admin-ajax.php?action=async_litespeed&nonce=vkw2fkyDfQguC9WqiCdBsMnRjep7SIqO&litespeed_type=imgoptm HTTP/1.1" 200 5 "-" "WordPress/6.8.5; https://polikistikover.net"
185.238.231.23 - - [26/Mar/2026:22:10:55 +0300] "GET /wp-login.php HTTP/1.1" 200 3424 "-" "Mozilla/5.0"
185.238.231.23 - - [26/Mar/2026:22:10:56 +0300] "GET /?author=1 HTTP/1.1" 200 76 "-" "Mozilla/5.0"
185.238.231.23 - - [26/Mar/2026:22:10:56 +0300] "GET /?feed=rss2 HTTP/1.1" 200 76 "-" "Mozilla/5.0"
89.252.162.138 - - [26/Mar/2026:22:11:01 +0300] "POST /wp-cron.php?doing_wp_cron=1774552261.5172219276428222656250 HTTP/1.1" 200 0 "-" "WordPress/6.8.5; https://polikistikover.net"
20.106.150.36 - - [26/Mar/2026:22:10:46 +0300] "POST //xmlrpc.php HTTP/1.1" 200 410 "-" "Mozilla/5.0 (Windows NT 10.0; Win64; x64) AppleWebKit/537.36 (KHTML, like Gecko) Chrome/80.0.3987.149 Safari/537.36"
20.106.150.36 - - [26/Mar/2026:22:11:02 +0300] "POST //xmlrpc.php HTTP/1.1" 200 410 "-" "Mozilla/5.0 (Windows NT 10.0; Win64; x64) AppleWebKit/537.36 (KHTML, like Gecko) Chrome/80.0.3987.149 Safari/537.36"
20.106.150.36 - - [26/Mar/2026:22:11:16 +0300] "POST //xmlrpc.php HTTP/1.1" 200 410 "-" "Mozilla/5.0 (Windows NT 10.0; Win64; x64) AppleWebKit/537.36 (KHTML, like Gecko) Chrome/80.0.3987.149 Safari/537.36"
20.106.150.36 - - [26/Mar/2026:22:11:31 +0300] "POST //xmlrpc.php HTTP/1.1" 200 410 "-" "Mozilla/5.0 (Windows NT 10.0; Win64; x64) AppleWebKit/537.36 (KHTML, like Gecko) Chrome/80.0.3987.149 Safari/537.36"
20.106.150.36 - - [26/Mar/2026:22:11:46 +0300] "POST //xmlrpc.php HTTP/1.1" 200 410 "-" "Mozilla/5.0 (Windows NT 10.0; Win64; x64) AppleWebKit/537.36 (KHTML, like Gecko) Chrome/80.0.3987.149 Safari/537.36"
89.252.162.138 - - [26/Mar/2026:22:12:01 +0300] "POST /wp-admin/admin-ajax.php?action=async_litespeed&nonce=A6Vcsrir9kNxch9wF2HmCBibQfmEb3Tt&litespeed_type=imgoptm HTTP/1.1" 200 5 "-" "WordPress/6.8.5; https://polikistikover.net"
89.252.162.138 - - [26/Mar/2026:22:11:16 +0300] "POST /wp-cron.php?doing_wp_cron=1774552276.2257280349731445312500 HTTP/1.1" 200 0 "-" "WordPress/6.8.5; https://polikistikover.net"
89.252.162.138 - - [26/Mar/2026:22:12:00 +0300] "POST /wp-cron.php?doing_wp_cron=1774552320.9544279575347900390625 HTTP/1.1" 200 0 "-" "WordPress/6.8.5; https://polikistikover.net"
89.252.162.138 - - [26/Mar/2026:22:12:16 +0300] "POST /wp-cron.php?doing_wp_cron=1774552336.3089540004730224609375 HTTP/1.1" 200 0 "-" "WordPress/6.8.5; https://polikistikover.net"
196.189.161.95 - - [26/Mar/2026:22:12:34 +0300] "POST /xmlrpc.php HTTP/1.1" 200 412 "-" "Mozilla/5.0 (X11; Ubuntu; Linux x86_64; arm64) AppleWebKit/537.36 (KHTML, like Gecko) Firefox/95.0.0.0 Safari/537.36"
89.252.162.138 - - [26/Mar/2026:22:13:02 +0300] "POST /wp-admin/admin-ajax.php?action=async_litespeed&nonce=aqGbLGfx7anKmhAzM8FdpnSYOitgj4WX&litespeed_type=imgoptm HTTP/1.1" 200 5 "-" "WordPress/6.8.5; https://polikistikover.net"
4.231.228.236 - - [26/Mar/2026:22:13:13 +0300] "GET /wp-content/plugins/hellopress/wp_filemanager.php HTTP/1.1" 404 796 "-" "-"
4.231.228.236 - - [26/Mar/2026:22:13:13 +0300] "GET /gptsh.php HTTP/1.1" 404 796 "-" "-"
4.231.228.236 - - [26/Mar/2026:22:13:13 +0300] "GET /xocx.php HTTP/1.1" 404 796 "-" "-"
4.231.228.236 - - [26/Mar/2026:22:13:14 +0300] "GET /sodas.php HTTP/1.1" 404 796 "-" "-"
4.231.228.236 - - [26/Mar/2026:22:13:14 +0300] "GET /zaz.php HTTP/1.1" 404 796 "-" "-"
4.231.228.236 - - [26/Mar/2026:22:13:14 +0300] "GET /lupo.php HTTP/1.1" 404 796 "-" "-"
4.231.228.236 - - [26/Mar/2026:22:13:14 +0300] "GET /bm.php HTTP/1.1" 404 796 "-" "-"
4.231.228.236 - - [26/Mar/2026:22:13:14 +0300] "GET /torsa.php HTTP/1.1" 404 796 "-" "-"
4.231.228.236 - - [26/Mar/2026:22:13:14 +0300] "GET /sace.php HTTP/1.1" 404 796 "-" "-"
4.231.228.236 - - [26/Mar/2026:22:13:15 +0300] "GET /north1.php HTTP/1.1" 404 796 "-" "-"
4.231.228.236 - - [26/Mar/2026:22:13:15 +0300] "GET /fine.php HTTP/1.1" 404 796 "-" "-"
4.231.228.236 - - [26/Mar/2026:22:13:15 +0300] "GET /zample.php HTTP/1.1" 404 796 "-" "-"
4.231.228.236 - - [26/Mar/2026:22:13:15 +0300] "GET /read.php HTTP/1.1" 404 796 "-" "-"
4.231.228.236 - - [26/Mar/2026:22:13:15 +0300] "GET /wp-kd4xalrg7m.php HTTP/1.1" 404 796 "-" "-"
4.231.228.236 - - [26/Mar/2026:22:13:15 +0300] "GET /hplfuns.php HTTP/1.1" 404 796 "-" "-"
4.231.228.236 - - [26/Mar/2026:22:13:16 +0300] "GET /xa.php HTTP/1.1" 404 796 "-" "-"
4.231.228.236 - - [26/Mar/2026:22:13:16 +0300] "GET /100.php HTTP/1.1" 404 796 "-" "-"
4.231.228.236 - - [26/Mar/2026:22:13:16 +0300] "GET /bless13.php HTTP/1.1" 404 796 "-" "-"
4.231.228.236 - - [26/Mar/2026:22:13:16 +0300] "GET //wp-mter.php HTTP/1.1" 404 796 "-" "-"
4.231.228.236 - - [26/Mar/2026:22:13:16 +0300] "GET /inege.php HTTP/1.1" 404 796 "-" "-"
4.231.228.236 - - [26/Mar/2026:22:13:16 +0300] "GET /19.php HTTP/1.1" 404 796 "-" "-"
4.231.228.236 - - [26/Mar/2026:22:13:16 +0300] "GET /fe5.php HTTP/1.1" 404 796 "-" "-"
4.231.228.236 - - [26/Mar/2026:22:13:17 +0300] "GET /file61.php HTTP/1.1" 404 796 "-" "-"
4.231.228.236 - - [26/Mar/2026:22:13:17 +0300] "GET /uuu.php HTTP/1.1" 404 796 "-" "-"
4.231.228.236 - - [26/Mar/2026:22:13:17 +0300] "GET /settings.php HTTP/1.1" 404 796 "-" "-"
4.231.228.236 - - [26/Mar/2026:22:13:17 +0300] "GET /sf.php HTTP/1.1" 404 796 "-" "-"
4.231.228.236 - - [26/Mar/2026:22:13:17 +0300] "GET /eee.php HTTP/1.1" 404 796 "-" "-"
4.231.228.236 - - [26/Mar/2026:22:13:17 +0300] "GET /no1.php HTTP/1.1" 404 796 "-" "-"
4.231.228.236 - - [26/Mar/2026:22:13:17 +0300] "GET /w2025.php HTTP/1.1" 404 796 "-" "-"
4.231.228.236 - - [26/Mar/2026:22:13:18 +0300] "GET /swallowable.php HTTP/1.1" 404 796 "-" "-"
4.231.228.236 - - [26/Mar/2026:22:13:18 +0300] "GET /fvvff.php HTTP/1.1" 404 796 "-" "-"
4.231.228.236 - - [26/Mar/2026:22:13:18 +0300] "GET /a2.php HTTP/1.1" 404 796 "-" "-"
4.231.228.236 - - [26/Mar/2026:22:13:18 +0300] "GET /sty.php HTTP/1.1" 404 796 "-" "-"
4.231.228.236 - - [26/Mar/2026:22:13:18 +0300] "GET /txets.php HTTP/1.1" 404 796 "-" "-"
4.231.228.236 - - [26/Mar/2026:22:13:18 +0300] "GET //edit.php HTTP/1.1" 404 796 "-" "-"
4.231.228.236 - - [26/Mar/2026:22:13:19 +0300] "GET /ioxi-o.php HTTP/1.1" 404 796 "-" "-"
4.231.228.236 - - [26/Mar/2026:22:13:19 +0300] "GET /wp-content/admin.php HTTP/1.1" 404 796 "-" "-"
4.231.228.236 - - [26/Mar/2026:22:13:19 +0300] "GET /66.php HTTP/1.1" 404 796 "-" "-"
4.231.228.236 - - [26/Mar/2026:22:13:19 +0300] "GET /a5.php HTTP/1.1" 404 796 "-" "-"
4.231.228.236 - - [26/Mar/2026:22:13:19 +0300] "GET /xmlrpc.php HTTP/1.1" 405 42 "-" "-"
4.231.228.236 - - [26/Mar/2026:22:13:20 +0300] "GET /ol.php HTTP/1.1" 404 796 "-" "-"
4.231.228.236 - - [26/Mar/2026:22:13:20 +0300] "GET //f6.php HTTP/1.1" 404 796 "-" "-"
4.231.228.236 - - [26/Mar/2026:22:13:21 +0300] "GET //inputs.php HTTP/1.1" 404 796 "-" "-"
4.231.228.236 - - [26/Mar/2026:22:13:21 +0300] "GET /style.php HTTP/1.1" 404 796 "-" "-"
4.231.228.236 - - [26/Mar/2026:22:13:21 +0300] "GET /bgymj.php HTTP/1.1" 404 796 "-" "-"
4.231.228.236 - - [26/Mar/2026:22:13:21 +0300] "GET //aa.php HTTP/1.1" 404 796 "-" "-"
4.231.228.236 - - [26/Mar/2026:22:13:21 +0300] "GET //1.php HTTP/1.1" 404 796 "-" "-"
4.231.228.236 - - [26/Mar/2026:22:13:21 +0300] "GET //av.php HTTP/1.1" 404 796 "-" "-"
4.231.228.236 - - [26/Mar/2026:22:13:22 +0300] "GET /wp-admin/css/bolt.php HTTP/1.1" 404 796 "-" "-"
4.231.228.236 - - [26/Mar/2026:22:13:22 +0300] "GET /file59.php HTTP/1.1" 404 796 "-" "-"
4.231.228.236 - - [26/Mar/2026:22:13:22 +0300] "GET /bless5.php HTTP/1.1" 404 796 "-" "-"
4.231.228.236 - - [26/Mar/2026:22:13:22 +0300] "GET /wp-act.php HTTP/1.1" 404 796 "-" "-"
4.231.228.236 - - [26/Mar/2026:22:13:23 +0300] "GET /xqq.php HTTP/1.1" 404 796 "-" "-"
4.231.228.236 - - [26/Mar/2026:22:13:23 +0300] "GET /plss3.php HTTP/1.1" 404 796 "-" "-"
4.231.228.236 - - [26/Mar/2026:22:13:23 +0300] "GET /aaa.php?p= HTTP/1.1" 404 796 "-" "-"
4.231.228.236 - - [26/Mar/2026:22:13:23 +0300] "GET /classwithtostring.php?p= HTTP/1.1" 404 796 "-" "-"
4.231.228.236 - - [26/Mar/2026:22:13:23 +0300] "GET /wp-content/themes/index.php HTTP/1.1" 200 0 "-" "-"
4.231.228.236 - - [26/Mar/2026:22:13:23 +0300] "GET /tinyfilemanager.php?p= HTTP/1.1" 404 796 "-" "-"
4.231.228.236 - - [26/Mar/2026:22:13:23 +0300] "GET /ms.php HTTP/1.1" 404 796 "-" "-"
4.231.228.236 - - [26/Mar/2026:22:13:24 +0300] "GET /wp-update.php HTTP/1.1" 404 796 "-" "-"
4.231.228.236 - - [26/Mar/2026:22:13:24 +0300] "GET /sbhu.php HTTP/1.1" 404 796 "-" "-"
4.231.228.236 - - [26/Mar/2026:22:13:24 +0300] "GET /wp-blog.php HTTP/1.1" 404 796 "-" "-"
4.231.228.236 - - [26/Mar/2026:22:13:24 +0300] "GET /test1.php HTTP/1.1" 404 796 "-" "-"
4.231.228.236 - - [26/Mar/2026:22:13:24 +0300] "GET //wp-includes/js/jquery/ HTTP/1.1" 200 7344 "-" "-"
4.231.228.236 - - [26/Mar/2026:22:13:24 +0300] "GET /166.php HTTP/1.1" 404 796 "-" "-"
4.231.228.236 - - [26/Mar/2026:22:13:25 +0300] "GET //wp-content/admin.php HTTP/1.1" 404 796 "-" "-"
4.231.228.236 - - [26/Mar/2026:22:13:25 +0300] "GET /ms-edit.php HTTP/1.1" 404 796 "-" "-"
4.231.228.236 - - [26/Mar/2026:22:13:25 +0300] "GET //adminfuns.php HTTP/1.1" 404 796 "-" "-"
4.231.228.236 - - [26/Mar/2026:22:13:25 +0300] "GET /goods.php HTTP/1.1" 404 796 "-" "-"
4.231.228.236 - - [26/Mar/2026:22:13:25 +0300] "GET /ms-edit.php HTTP/1.1" 404 796 "-" "-"
4.231.228.236 - - [26/Mar/2026:22:13:25 +0300] "GET /222.php HTTP/1.1" 404 796 "-" "-"
4.231.228.236 - - [26/Mar/2026:22:13:25 +0300] "GET //cgi-bin/index.php HTTP/1.1" 404 796 "-" "-"
4.231.228.236 - - [26/Mar/2026:22:13:26 +0300] "GET /ff1.php HTTP/1.1" 404 796 "-" "-"
4.231.228.236 - - [26/Mar/2026:22:13:26 +0300] "GET /fff.php HTTP/1.1" 404 796 "-" "-"
4.231.228.236 - - [26/Mar/2026:22:13:26 +0300] "GET /wp-content/ HTTP/1.1" 200 0 "-" "-"
4.231.228.236 - - [26/Mar/2026:22:13:26 +0300] "GET /155.php HTTP/1.1" 404 796 "-" "-"
4.231.228.236 - - [26/Mar/2026:22:13:26 +0300] "GET /we.php HTTP/1.1" 404 796 "-" "-"
4.231.228.236 - - [26/Mar/2026:22:13:26 +0300] "GET /alpha.php HTTP/1.1" 404 796 "-" "-"
4.231.228.236 - - [26/Mar/2026:22:13:26 +0300] "GET /makeasmtp.php?p= HTTP/1.1" 404 796 "-" "-"
4.231.228.236 - - [26/Mar/2026:22:13:27 +0300] "GET /wp-michan.php HTTP/1.1" 404 796 "-" "-"
4.231.228.236 - - [26/Mar/2026:22:13:27 +0300] "GET /wp-the.php HTTP/1.1" 404 796 "-" "-"
4.231.228.236 - - [26/Mar/2026:22:13:27 +0300] "GET //wp-includes/css/dist/ HTTP/1.1" 200 6402 "-" "-"
4.231.228.236 - - [26/Mar/2026:22:13:27 +0300] "GET /BDKR28WP.php HTTP/1.1" 404 796 "-" "-"
4.231.228.236 - - [26/Mar/2026:22:13:27 +0300] "GET //wp-includes/l10n/ HTTP/1.1" 200 3828 "-" "-"
4.231.228.236 - - [26/Mar/2026:22:13:27 +0300] "GET /wp-good.php HTTP/1.1" 404 796 "-" "-"
4.231.228.236 - - [26/Mar/2026:22:13:27 +0300] "GET /wp.php HTTP/1.1" 404 796 "-" "-"
4.231.228.236 - - [26/Mar/2026:22:13:28 +0300] "GET /wp-admin/js/fi.php HTTP/1.1" 404 796 "-" "-"
4.231.228.236 - - [26/Mar/2026:22:13:28 +0300] "GET /fe5.php HTTP/1.1" 404 796 "-" "-"
4.231.228.236 - - [26/Mar/2026:22:13:28 +0300] "GET /kj.php HTTP/1.1" 404 796 "-" "-"
4.231.228.236 - - [26/Mar/2026:22:13:28 +0300] "GET //wp-content/uploads/2021/02/index.php HTTP/1.1" 404 796 "-" "-"
4.231.228.236 - - [26/Mar/2026:22:13:28 +0300] "GET /av.php HTTP/1.1" 404 796 "-" "-"
4.231.228.236 - - [26/Mar/2026:22:13:28 +0300] "GET /abcd.php HTTP/1.1" 404 796 "-" "-"
4.231.228.236 - - [26/Mar/2026:22:13:29 +0300] "GET /about.php HTTP/1.1" 404 796 "-" "-"
4.231.228.236 - - [26/Mar/2026:22:13:29 +0300] "GET /fi.php HTTP/1.1" 404 796 "-" "-"
4.231.228.236 - - [26/Mar/2026:22:13:29 +0300] "GET //a1.php HTTP/1.1" 404 796 "-" "-"
4.231.228.236 - - [26/Mar/2026:22:13:29 +0300] "GET /update/f35.php HTTP/1.1" 404 796 "-" "-"
4.231.228.236 - - [26/Mar/2026:22:13:29 +0300] "GET /wp-includes/Text/Diff/Engine/about.php HTTP/1.1" 404 796 "-" "-"
4.231.228.236 - - [26/Mar/2026:22:13:29 +0300] "GET /f35.php HTTP/1.1" 404 796 "-" "-"
4.231.228.236 - - [26/Mar/2026:22:13:29 +0300] "GET //wp-includes/css/index.php?p= HTTP/1.1" 404 796 "-" "-"
4.231.228.236 - - [26/Mar/2026:22:13:30 +0300] "GET /wp-includes/SimplePie/ HTTP/1.1" 200 2121 "-" "-"
4.231.228.236 - - [26/Mar/2026:22:13:30 +0300] "GET /prv8.php HTTP/1.1" 404 796 "-" "-"
4.231.228.236 - - [26/Mar/2026:22:13:30 +0300] "GET /k.php HTTP/1.1" 404 796 "-" "-"
4.231.228.236 - - [26/Mar/2026:22:13:30 +0300] "GET /dev.php HTTP/1.1" 404 796 "-" "-"
4.231.228.236 - - [26/Mar/2026:22:13:30 +0300] "GET /bal.php HTTP/1.1" 404 796 "-" "-"
4.231.228.236 - - [26/Mar/2026:22:13:30 +0300] "GET /in.php HTTP/1.1" 404 796 "-" "-"
4.231.228.236 - - [26/Mar/2026:22:13:30 +0300] "GET /gssdd.php HTTP/1.1" 404 796 "-" "-"
4.231.228.236 - - [26/Mar/2026:22:13:31 +0300] "GET /motu.php HTTP/1.1" 404 796 "-" "-"
4.231.228.236 - - [26/Mar/2026:22:13:31 +0300] "GET /bs1.php HTTP/1.1" 404 796 "-" "-"
4.231.228.236 - - [26/Mar/2026:22:13:31 +0300] "GET /bengi.php HTTP/1.1" 404 796 "-" "-"
4.231.228.236 - - [26/Mar/2026:22:13:31 +0300] "GET /wp-content/plugins/pwnd/as.php HTTP/1.1" 404 796 "-" "-"
4.231.228.236 - - [26/Mar/2026:22:13:31 +0300] "GET /axx.php HTTP/1.1" 404 796 "-" "-"
4.231.228.236 - - [26/Mar/2026:22:13:31 +0300] "GET /alfashell.php HTTP/1.1" 404 796 "-" "-"
4.231.228.236 - - [26/Mar/2026:22:13:31 +0300] "GET /fm.php?p= HTTP/1.1" 404 796 "-" "-"
4.231.228.236 - - [26/Mar/2026:22:13:32 +0300] "GET /flower.php HTTP/1.1" 404 796 "-" "-"
4.231.228.236 - - [26/Mar/2026:22:13:32 +0300] "GET /gettest.php HTTP/1.1" 404 796 "-" "-"
4.231.228.236 - - [26/Mar/2026:22:13:32 +0300] "GET /acp.php HTTP/1.1" 404 796 "-" "-"
4.231.228.236 - - [26/Mar/2026:22:13:32 +0300] "GET /sdm.php HTTP/1.1" 404 796 "-" "-"
4.231.228.236 - - [26/Mar/2026:22:13:32 +0300] "GET /file52.php HTTP/1.1" 404 796 "-" "-"
4.231.228.236 - - [26/Mar/2026:22:13:32 +0300] "GET /file48.php HTTP/1.1" 404 796 "-" "-"
4.231.228.236 - - [26/Mar/2026:22:13:33 +0300] "GET /s.php HTTP/1.1" 404 796 "-" "-"
4.231.228.236 - - [26/Mar/2026:22:13:33 +0300] "GET /g.php HTTP/1.1" 404 796 "-" "-"
4.231.228.236 - - [26/Mar/2026:22:13:33 +0300] "GET /wp-content/ HTTP/1.1" 200 0 "-" "-"
4.231.228.236 - - [26/Mar/2026:22:13:33 +0300] "GET /simple.php HTTP/1.1" 404 796 "-" "-"
4.231.228.236 - - [26/Mar/2026:22:13:33 +0300] "GET /atomlib.php HTTP/1.1" 404 796 "-" "-"
4.231.228.236 - - [26/Mar/2026:22:13:33 +0300] "GET /hla.php HTTP/1.1" 404 796 "-" "-"
4.231.228.236 - - [26/Mar/2026:22:13:33 +0300] "GET /ew.php HTTP/1.1" 404 796 "-" "-"
4.231.228.236 - - [26/Mar/2026:22:13:34 +0300] "GET /css.php HTTP/1.1" 404 796 "-" "-"
4.231.228.236 - - [26/Mar/2026:22:13:34 +0300] "GET /goat1.php HTTP/1.1" 404 796 "-" "-"
4.231.228.236 - - [26/Mar/2026:22:13:34 +0300] "GET /file21.php HTTP/1.1" 404 796 "-" "-"
4.231.228.236 - - [26/Mar/2026:22:13:34 +0300] "GET /class19.php HTTP/1.1" 404 796 "-" "-"
4.231.228.236 - - [26/Mar/2026:22:13:34 +0300] "GET /fffff.php HTTP/1.1" 404 796 "-" "-"
4.231.228.236 - - [26/Mar/2026:22:13:34 +0300] "GET /thh.php HTTP/1.1" 404 796 "-" "-"
4.231.228.236 - - [26/Mar/2026:22:13:34 +0300] "GET /yellow.php HTTP/1.1" 404 796 "-" "-"
4.231.228.236 - - [26/Mar/2026:22:13:35 +0300] "GET /wfile.php HTTP/1.1" 404 796 "-" "-"
4.231.228.236 - - [26/Mar/2026:22:13:35 +0300] "GET /class20.php HTTP/1.1" 404 796 "-" "-"
4.231.228.236 - - [26/Mar/2026:22:13:35 +0300] "GET /build.php HTTP/1.1" 404 796 "-" "-"
4.231.228.236 - - [26/Mar/2026:22:13:35 +0300] "GET /file1.php HTTP/1.1" 404 796 "-" "-"
4.231.228.236 - - [26/Mar/2026:22:13:35 +0300] "GET /520.php HTTP/1.1" 404 796 "-" "-"
4.231.228.236 - - [26/Mar/2026:22:13:35 +0300] "GET /file18.php HTTP/1.1" 404 796 "-" "-"
4.231.228.236 - - [26/Mar/2026:22:13:36 +0300] "GET /ffile.php HTTP/1.1" 404 796 "-" "-"
4.231.228.236 - - [26/Mar/2026:22:13:36 +0300] "GET /vee.php HTTP/1.1" 404 796 "-" "-"
4.231.228.236 - - [26/Mar/2026:22:13:36 +0300] "GET /efile.php HTTP/1.1" 404 796 "-" "-"
4.231.228.236 - - [26/Mar/2026:22:13:36 +0300] "GET /afile.php HTTP/1.1" 404 796 "-" "-"
4.231.228.236 - - [26/Mar/2026:22:13:36 +0300] "GET /lites.php HTTP/1.1" 404 796 "-" "-"
4.231.228.236 - - [26/Mar/2026:22:13:36 +0300] "GET /0x.php HTTP/1.1" 404 796 "-" "-"
4.231.228.236 - - [26/Mar/2026:22:13:37 +0300] "GET /bless3.php HTTP/1.1" 404 796 "-" "-"
4.231.228.236 - - [26/Mar/2026:22:13:37 +0300] "GET /enclas.php HTTP/1.1" 404 796 "-" "-"
4.231.228.236 - - [26/Mar/2026:22:13:37 +0300] "GET /he.php HTTP/1.1" 404 796 "-" "-"
4.231.228.236 - - [26/Mar/2026:22:13:37 +0300] "GET /aves.php HTTP/1.1" 404 796 "-" "-"
4.231.228.236 - - [26/Mar/2026:22:13:37 +0300] "GET /cabs.php HTTP/1.1" 404 796 "-" "-"
4.231.228.236 - - [26/Mar/2026:22:13:37 +0300] "GET /file88.php HTTP/1.1" 404 796 "-" "-"
4.231.228.236 - - [26/Mar/2026:22:13:37 +0300] "GET /xwx1.php HTTP/1.1" 404 796 "-" "-"
4.231.228.236 - - [26/Mar/2026:22:13:38 +0300] "GET /x1da.php HTTP/1.1" 404 796 "-" "-"
4.231.228.236 - - [26/Mar/2026:22:13:38 +0300] "GET /des.php HTTP/1.1" 404 796 "-" "-"
4.231.228.236 - - [26/Mar/2026:22:13:38 +0300] "GET /kaza.php HTTP/1.1" 404 796 "-" "-"
4.231.228.236 - - [26/Mar/2026:22:13:38 +0300] "GET /file51.php HTTP/1.1" 404 796 "-" "-"
4.231.228.236 - - [26/Mar/2026:22:13:38 +0300] "GET /blurbs15.php HTTP/1.1" 404 796 "-" "-"
4.231.228.236 - - [26/Mar/2026:22:13:38 +0300] "GET /bless11.php HTTP/1.1" 404 796 "-" "-"
4.231.228.236 - - [26/Mar/2026:22:13:39 +0300] "GET /security.php HTTP/1.1" 404 796 "-" "-"
4.231.228.236 - - [26/Mar/2026:22:13:39 +0300] "GET /jp.php HTTP/1.1" 404 796 "-" "-"
4.231.228.236 - - [26/Mar/2026:22:13:39 +0300] "GET /chosen.php HTTP/1.1" 404 796 "-" "-"
4.231.228.236 - - [26/Mar/2026:22:13:39 +0300] "GET /xoot.php HTTP/1.1" 404 796 "-" "-"
4.231.228.236 - - [26/Mar/2026:22:13:39 +0300] "GET /wp-content/radio.php HTTP/1.1" 404 796 "-" "-"
4.231.228.236 - - [26/Mar/2026:22:13:39 +0300] "GET /modules/mod_simplefileuploadv1.3/elements/filemanager.php HTTP/1.1" 404 796 "-" "-"
89.252.162.138 - - [26/Mar/2026:22:14:01 +0300] "POST /wp-cron.php?doing_wp_cron=1774552441.3279759883880615234375 HTTP/1.1" 200 0 "-" "WordPress/6.8.5; https://polikistikover.net"
20.106.150.36 - - [26/Mar/2026:22:12:01 +0300] "POST //xmlrpc.php HTTP/1.1" 200 410 "-" "Mozilla/5.0 (Windows NT 10.0; Win64; x64) AppleWebKit/537.36 (KHTML, like Gecko) Chrome/80.0.3987.149 Safari/537.36"
20.106.150.36 - - [26/Mar/2026:22:12:16 +0300] "POST //xmlrpc.php HTTP/1.1" 200 410 "-" "Mozilla/5.0 (Windows NT 10.0; Win64; x64) AppleWebKit/537.36 (KHTML, like Gecko) Chrome/80.0.3987.149 Safari/537.36"
20.106.150.36 - - [26/Mar/2026:22:12:31 +0300] "POST //xmlrpc.php HTTP/1.1" 200 410 "-" "Mozilla/5.0 (Windows NT 10.0; Win64; x64) AppleWebKit/537.36 (KHTML, like Gecko) Chrome/80.0.3987.149 Safari/537.36"
89.252.162.138 - - [26/Mar/2026:22:13:01 +0300] "POST /wp-cron.php?doing_wp_cron=1774552381.0838749408721923828125 HTTP/1.1" 200 0 "-" "WordPress/6.8.5; https://polikistikover.net"
20.106.150.36 - - [26/Mar/2026:22:12:46 +0300] "POST //xmlrpc.php HTTP/1.1" 200 410 "-" "Mozilla/5.0 (Windows NT 10.0; Win64; x64) AppleWebKit/537.36 (KHTML, like Gecko) Chrome/80.0.3987.149 Safari/537.36"
89.252.162.138 - - [26/Mar/2026:22:13:16 +0300] "POST /wp-cron.php?doing_wp_cron=1774552396.3044428825378417968750 HTTP/1.1" 200 0 "-" "WordPress/6.8.5; https://polikistikover.net"
20.106.150.36 - - [26/Mar/2026:22:13:01 +0300] "POST //xmlrpc.php HTTP/1.1" 200 410 "-" "Mozilla/5.0 (Windows NT 10.0; Win64; x64) AppleWebKit/537.36 (KHTML, like Gecko) Chrome/80.0.3987.149 Safari/537.36"
20.106.150.36 - - [26/Mar/2026:22:13:16 +0300] "POST //xmlrpc.php HTTP/1.1" 200 410 "-" "Mozilla/5.0 (Windows NT 10.0; Win64; x64) AppleWebKit/537.36 (KHTML, like Gecko) Chrome/80.0.3987.149 Safari/537.36"
20.106.150.36 - - [26/Mar/2026:22:13:31 +0300] "POST //xmlrpc.php HTTP/1.1" 200 410 "-" "Mozilla/5.0 (Windows NT 10.0; Win64; x64) AppleWebKit/537.36 (KHTML, like Gecko) Chrome/80.0.3987.149 Safari/537.36"
20.106.150.36 - - [26/Mar/2026:22:13:46 +0300] "POST //xmlrpc.php HTTP/1.1" 200 410 "-" "Mozilla/5.0 (Windows NT 10.0; Win64; x64) AppleWebKit/537.36 (KHTML, like Gecko) Chrome/80.0.3987.149 Safari/537.36"
20.106.150.36 - - [26/Mar/2026:22:14:01 +0300] "POST //xmlrpc.php HTTP/1.1" 200 410 "-" "Mozilla/5.0 (Windows NT 10.0; Win64; x64) AppleWebKit/537.36 (KHTML, like Gecko) Chrome/80.0.3987.149 Safari/537.36"
20.106.150.36 - - [26/Mar/2026:22:14:16 +0300] "POST //xmlrpc.php HTTP/1.1" 200 410 "-" "Mozilla/5.0 (Windows NT 10.0; Win64; x64) AppleWebKit/537.36 (KHTML, like Gecko) Chrome/80.0.3987.149 Safari/537.36"
20.106.150.36 - - [26/Mar/2026:22:14:31 +0300] "POST //xmlrpc.php HTTP/1.1" 200 410 "-" "Mozilla/5.0 (Windows NT 10.0; Win64; x64) AppleWebKit/537.36 (KHTML, like Gecko) Chrome/80.0.3987.149 Safari/537.36"
20.106.150.36 - - [26/Mar/2026:22:14:46 +0300] "POST //xmlrpc.php HTTP/1.1" 200 410 "-" "Mozilla/5.0 (Windows NT 10.0; Win64; x64) AppleWebKit/537.36 (KHTML, like Gecko) Chrome/80.0.3987.149 Safari/537.36"
89.252.162.138 - - [26/Mar/2026:22:15:02 +0300] "POST /wp-admin/admin-ajax.php?action=async_litespeed&nonce=LeGFa16kq8hhRv9CtMIS6OokFwuu7iQX&litespeed_type=imgoptm HTTP/1.1" 200 5 "-" "WordPress/6.8.5; https://polikistikover.net"
20.106.150.36 - - [26/Mar/2026:22:15:01 +0300] "POST //xmlrpc.php HTTP/1.1" 200 410 "-" "Mozilla/5.0 (Windows NT 10.0; Win64; x64) AppleWebKit/537.36 (KHTML, like Gecko) Chrome/80.0.3987.149 Safari/537.36"
20.106.150.36 - - [26/Mar/2026:22:15:16 +0300] "POST //xmlrpc.php HTTP/1.1" 200 410 "-" "Mozilla/5.0 (Windows NT 10.0; Win64; x64) AppleWebKit/537.36 (KHTML, like Gecko) Chrome/80.0.3987.149 Safari/537.36"
20.106.150.36 - - [26/Mar/2026:22:15:31 +0300] "POST //xmlrpc.php HTTP/1.1" 200 410 "-" "Mozilla/5.0 (Windows NT 10.0; Win64; x64) AppleWebKit/537.36 (KHTML, like Gecko) Chrome/80.0.3987.149 Safari/537.36"
89.252.162.138 - - [26/Mar/2026:22:16:01 +0300] "POST /wp-cron.php?doing_wp_cron=1774552561.4159190654754638671875 HTTP/1.1" 200 0 "-" "WordPress/6.8.5; https://polikistikover.net"
20.106.150.36 - - [26/Mar/2026:22:15:46 +0300] "POST //xmlrpc.php HTTP/1.1" 200 410 "-" "Mozilla/5.0 (Windows NT 10.0; Win64; x64) AppleWebKit/537.36 (KHTML, like Gecko) Chrome/80.0.3987.149 Safari/537.36"
89.252.162.138 - - [26/Mar/2026:22:16:16 +0300] "POST /wp-cron.php?doing_wp_cron=1774552576.0533659458160400390625 HTTP/1.1" 200 0 "-" "WordPress/6.8.5; https://polikistikover.net"
20.106.150.36 - - [26/Mar/2026:22:16:02 +0300] "POST //xmlrpc.php HTTP/1.1" 200 410 "-" "Mozilla/5.0 (Windows NT 10.0; Win64; x64) AppleWebKit/537.36 (KHTML, like Gecko) Chrome/80.0.3987.149 Safari/537.36"
20.106.150.36 - - [26/Mar/2026:22:16:16 +0300] "POST //xmlrpc.php HTTP/1.1" 200 410 "-" "Mozilla/5.0 (Windows NT 10.0; Win64; x64) AppleWebKit/537.36 (KHTML, like Gecko) Chrome/80.0.3987.149 Safari/537.36"
20.106.150.36 - - [26/Mar/2026:22:16:31 +0300] "POST //xmlrpc.php HTTP/1.1" 200 410 "-" "Mozilla/5.0 (Windows NT 10.0; Win64; x64) AppleWebKit/537.36 (KHTML, like Gecko) Chrome/80.0.3987.149 Safari/537.36"
20.106.150.36 - - [26/Mar/2026:22:16:46 +0300] "POST //xmlrpc.php HTTP/1.1" 200 410 "-" "Mozilla/5.0 (Windows NT 10.0; Win64; x64) AppleWebKit/537.36 (KHTML, like Gecko) Chrome/80.0.3987.149 Safari/537.36"
196.189.161.95 - - [26/Mar/2026:22:17:06 +0300] "POST /xmlrpc.php HTTP/1.1" 200 412 "-" "Mozilla/5.0 (Windows NT 6.3; x64) AppleWebKit/537.36 (KHTML, like Gecko) Safari/11.0.0.0 Safari/537.36"
89.252.162.138 - - [26/Mar/2026:22:17:16 +0300] "POST /wp-cron.php?doing_wp_cron=1774552636.6926100254058837890625 HTTP/1.1" 200 0 "-" "WordPress/6.8.5; https://polikistikover.net"
20.106.150.36 - - [26/Mar/2026:22:17:01 +0300] "POST //xmlrpc.php HTTP/1.1" 200 410 "-" "Mozilla/5.0 (Windows NT 10.0; Win64; x64) AppleWebKit/537.36 (KHTML, like Gecko) Chrome/80.0.3987.149 Safari/537.36"
20.106.150.36 - - [26/Mar/2026:22:17:17 +0300] "POST //xmlrpc.php HTTP/1.1" 200 410 "-" "Mozilla/5.0 (Windows NT 10.0; Win64; x64) AppleWebKit/537.36 (KHTML, like Gecko) Chrome/80.0.3987.149 Safari/537.36"
20.106.150.36 - - [26/Mar/2026:22:17:31 +0300] "POST //xmlrpc.php HTTP/1.1" 200 410 "-" "Mozilla/5.0 (Windows NT 10.0; Win64; x64) AppleWebKit/537.36 (KHTML, like Gecko) Chrome/80.0.3987.149 Safari/537.36"
20.106.150.36 - - [26/Mar/2026:22:17:46 +0300] "POST //xmlrpc.php HTTP/1.1" 200 403 "-" "Mozilla/5.0 (Windows NT 10.0; Win64; x64) AppleWebKit/537.36 (KHTML, like Gecko) Chrome/80.0.3987.149 Safari/537.36"
89.252.162.138 - - [26/Mar/2026:22:18:16 +0300] "POST /wp-cron.php?doing_wp_cron=1774552696.0315740108489990234375 HTTP/1.1" 200 0 "-" "WordPress/6.8.5; https://polikistikover.net"
20.106.150.36 - - [26/Mar/2026:22:18:01 +0300] "POST //xmlrpc.php HTTP/1.1" 200 410 "-" "Mozilla/5.0 (Windows NT 10.0; Win64; x64) AppleWebKit/537.36 (KHTML, like Gecko) Chrome/80.0.3987.149 Safari/537.36"
20.106.150.36 - - [26/Mar/2026:22:18:16 +0300] "POST //xmlrpc.php HTTP/1.1" 200 410 "-" "Mozilla/5.0 (Windows NT 10.0; Win64; x64) AppleWebKit/537.36 (KHTML, like Gecko) Chrome/80.0.3987.149 Safari/537.36"
20.106.150.36 - - [26/Mar/2026:22:18:31 +0300] "POST //xmlrpc.php HTTP/1.1" 200 410 "-" "Mozilla/5.0 (Windows NT 10.0; Win64; x64) AppleWebKit/537.36 (KHTML, like Gecko) Chrome/80.0.3987.149 Safari/537.36"
89.252.162.138 - - [26/Mar/2026:22:18:54 +0300] "POST /wp-cron.php?doing_wp_cron=1774552734.4766058921813964843750 HTTP/1.1" 200 0 "-" "WordPress/6.8.5; https://polikistikover.net"
196.189.161.95 - - [26/Mar/2026:22:18:53 +0300] "POST /xmlrpc.php HTTP/1.1" 200 412 "-" "Mozilla/5.0 (X11; Ubuntu; Linux x86_64; x86) AppleWebKit/537.36 (KHTML, like Gecko) Edge/88.0.0.0 Safari/537.36"
89.252.162.138 - - [26/Mar/2026:22:18:55 +0300] "POST /wp-admin/admin-ajax.php?action=async_litespeed&nonce=Gpnby7xjMhAjowMIorABPsxcVT4Qxkuo&litespeed_type=imgoptm HTTP/1.1" 200 5 "-" "WordPress/6.8.5; https://polikistikover.net"
20.106.150.36 - - [26/Mar/2026:22:18:46 +0300] "POST //xmlrpc.php HTTP/1.1" 200 410 "-" "Mozilla/5.0 (Windows NT 10.0; Win64; x64) AppleWebKit/537.36 (KHTML, like Gecko) Chrome/80.0.3987.149 Safari/537.36"
20.106.150.36 - - [26/Mar/2026:22:19:01 +0300] "POST //xmlrpc.php HTTP/1.1" 200 410 "-" "Mozilla/5.0 (Windows NT 10.0; Win64; x64) AppleWebKit/537.36 (KHTML, like Gecko) Chrome/80.0.3987.149 Safari/537.36"
20.106.150.36 - - [26/Mar/2026:22:19:16 +0300] "POST //xmlrpc.php HTTP/1.1" 200 410 "-" "Mozilla/5.0 (Windows NT 10.0; Win64; x64) AppleWebKit/537.36 (KHTML, like Gecko) Chrome/80.0.3987.149 Safari/537.36"
20.106.150.36 - - [26/Mar/2026:22:19:32 +0300] "POST //xmlrpc.php HTTP/1.1" 200 410 "-" "Mozilla/5.0 (Windows NT 10.0; Win64; x64) AppleWebKit/537.36 (KHTML, like Gecko) Chrome/80.0.3987.149 Safari/537.36"
20.106.150.36 - - [26/Mar/2026:22:19:46 +0300] "POST //xmlrpc.php HTTP/1.1" 200 410 "-" "Mozilla/5.0 (Windows NT 10.0; Win64; x64) AppleWebKit/537.36 (KHTML, like Gecko) Chrome/80.0.3987.149 Safari/537.36"
20.106.150.36 - - [26/Mar/2026:22:20:01 +0300] "POST //xmlrpc.php HTTP/1.1" 200 410 "-" "Mozilla/5.0 (Windows NT 10.0; Win64; x64) AppleWebKit/537.36 (KHTML, like Gecko) Chrome/80.0.3987.149 Safari/537.36"
196.189.161.95 - - [26/Mar/2026:22:20:17 +0300] "POST /xmlrpc.php HTTP/1.1" 200 412 "-" "Mozilla/5.0 (Windows NT 6.3; arm64) AppleWebKit/537.36 (KHTML, like Gecko) Firefox/75.0.0.0 Safari/537.36"
20.106.150.36 - - [26/Mar/2026:22:20:16 +0300] "POST //xmlrpc.php HTTP/1.1" 200 410 "-" "Mozilla/5.0 (Windows NT 10.0; Win64; x64) AppleWebKit/537.36 (KHTML, like Gecko) Chrome/80.0.3987.149 Safari/537.36"
20.106.150.36 - - [26/Mar/2026:22:20:31 +0300] "POST //xmlrpc.php HTTP/1.1" 200 410 "-" "Mozilla/5.0 (Windows NT 10.0; Win64; x64) AppleWebKit/537.36 (KHTML, like Gecko) Chrome/80.0.3987.149 Safari/537.36"
20.106.150.36 - - [26/Mar/2026:22:20:46 +0300] "POST //xmlrpc.php HTTP/1.1" 200 410 "-" "Mozilla/5.0 (Windows NT 10.0; Win64; x64) AppleWebKit/537.36 (KHTML, like Gecko) Chrome/80.0.3987.149 Safari/537.36"
89.252.162.138 - - [26/Mar/2026:22:21:02 +0300] "POST /wp-admin/admin-ajax.php?action=async_litespeed&nonce=ckK4rAfH7PQiNMs0nJTioDmeDfaOUdck&litespeed_type=imgoptm HTTP/1.1" 200 5 "-" "WordPress/6.8.5; https://polikistikover.net"
20.106.150.36 - - [26/Mar/2026:22:21:01 +0300] "POST //xmlrpc.php HTTP/1.1" 200 410 "-" "Mozilla/5.0 (Windows NT 10.0; Win64; x64) AppleWebKit/537.36 (KHTML, like Gecko) Chrome/80.0.3987.149 Safari/537.36"
20.106.150.36 - - [26/Mar/2026:22:21:16 +0300] "POST //xmlrpc.php HTTP/1.1" 200 410 "-" "Mozilla/5.0 (Windows NT 10.0; Win64; x64) AppleWebKit/537.36 (KHTML, like Gecko) Chrome/80.0.3987.149 Safari/537.36"
20.106.150.36 - - [26/Mar/2026:22:21:31 +0300] "POST //xmlrpc.php HTTP/1.1" 200 410 "-" "Mozilla/5.0 (Windows NT 10.0; Win64; x64) AppleWebKit/537.36 (KHTML, like Gecko) Chrome/80.0.3987.149 Safari/537.36"
89.252.162.138 - - [26/Mar/2026:22:21:50 +0300] "POST /wp-cron.php?doing_wp_cron=1774552910.3064329624176025390625 HTTP/1.1" 200 0 "-" "WordPress/6.8.5; https://polikistikover.net"
196.189.161.95 - - [26/Mar/2026:22:21:49 +0300] "POST /xmlrpc.php HTTP/1.1" 200 412 "-" "Mozilla/5.0 (Windows NT 6.3; x86) AppleWebKit/537.36 (KHTML, like Gecko) Opera/79.0.0.0 Safari/537.36"
89.252.162.138 - - [26/Mar/2026:22:22:01 +0300] "POST /wp-cron.php?doing_wp_cron=1774552921.3290169239044189453125 HTTP/1.1" 200 0 "-" "WordPress/6.8.5; https://polikistikover.net"
20.106.150.36 - - [26/Mar/2026:22:21:46 +0300] "POST //xmlrpc.php HTTP/1.1" 200 410 "-" "Mozilla/5.0 (Windows NT 10.0; Win64; x64) AppleWebKit/537.36 (KHTML, like Gecko) Chrome/80.0.3987.149 Safari/537.36"
89.252.162.138 - - [26/Mar/2026:22:22:16 +0300] "POST /wp-cron.php?doing_wp_cron=1774552936.2535040378570556640625 HTTP/1.1" 200 0 "-" "WordPress/6.8.5; https://polikistikover.net"
20.106.150.36 - - [26/Mar/2026:22:22:01 +0300] "POST //xmlrpc.php HTTP/1.1" 200 410 "-" "Mozilla/5.0 (Windows NT 10.0; Win64; x64) AppleWebKit/537.36 (KHTML, like Gecko) Chrome/80.0.3987.149 Safari/537.36"
20.106.150.36 - - [26/Mar/2026:22:22:16 +0300] "POST //xmlrpc.php HTTP/1.1" 200 410 "-" "Mozilla/5.0 (Windows NT 10.0; Win64; x64) AppleWebKit/537.36 (KHTML, like Gecko) Chrome/80.0.3987.149 Safari/537.36"
20.106.150.36 - - [26/Mar/2026:22:22:31 +0300] "POST //xmlrpc.php HTTP/1.1" 200 410 "-" "Mozilla/5.0 (Windows NT 10.0; Win64; x64) AppleWebKit/537.36 (KHTML, like Gecko) Chrome/80.0.3987.149 Safari/537.36"
89.252.162.138 - - [26/Mar/2026:22:14:01 +0300] "POST /wp-admin/admin-ajax.php?action=async_litespeed&nonce=EYJ14XBKvHIZRU7JQ544IatfJ1JcEfRX&litespeed_type=imgoptm HTTP/1.1" 200 5 "-" "WordPress/6.8.5; https://polikistikover.net"
196.189.161.95 - - [26/Mar/2026:22:14:07 +0300] "POST /xmlrpc.php HTTP/1.1" 200 412 "-" "Mozilla/5.0 (X11; Ubuntu; Linux x86_64; x64) AppleWebKit/537.36 (KHTML, like Gecko) Chrome/89.0.0.0 Safari/537.36"
5.180.41.96 - - [26/Mar/2026:22:14:22 +0300] "GET / HTTP/2" 200 76 "-" "Mozilla/5.0 (Macintosh; Intel Mac OS X 10_15_7) AppleWebKit/537.36 (KHTML, like Gecko) Chrome/120.0.0.0 Safari/537.36"
89.252.162.138 - - [26/Mar/2026:22:14:31 +0300] "POST /wp-cron.php?doing_wp_cron=1774552471.2865800857543945312500 HTTP/1.1" 200 0 "-" "WordPress/6.8.5; https://polikistikover.net"
89.252.162.138 - - [26/Mar/2026:22:15:01 +0300] "POST /wp-cron.php?doing_wp_cron=1774552501.2287340164184570312500 HTTP/1.1" 200 0 "-" "WordPress/6.8.5; https://polikistikover.net"
89.252.162.138 - - [26/Mar/2026:22:15:16 +0300] "POST /wp-cron.php?doing_wp_cron=1774552516.3354499340057373046875 HTTP/1.1" 200 0 "-" "WordPress/6.8.5; https://polikistikover.net"
196.189.161.95 - - [26/Mar/2026:22:15:39 +0300] "POST /xmlrpc.php HTTP/1.1" 200 412 "-" "Mozilla/5.0 (X11; Ubuntu; Linux x86_64; x64) AppleWebKit/537.36 (KHTML, like Gecko) Safari/11.0.0.0 Safari/537.36"
89.252.162.138 - - [26/Mar/2026:22:16:02 +0300] "POST /wp-admin/admin-ajax.php?action=async_litespeed&nonce=Lqs6oBs0ynRpaT9lH2BRHaCrHl0qVcwP&litespeed_type=imgoptm HTTP/1.1" 200 5 "-" "WordPress/6.8.5; https://polikistikover.net"
89.252.162.138 - - [26/Mar/2026:22:17:01 +0300] "POST /wp-cron.php?doing_wp_cron=1774552621.0600318908691406250000 HTTP/1.1" 200 0 "-" "WordPress/6.8.5; https://polikistikover.net"
89.252.162.138 - - [26/Mar/2026:22:17:01 +0300] "POST /wp-admin/admin-ajax.php?action=async_litespeed&nonce=x7XrI41r2U0tLcQTZY4p9E5VdPTtoqSz&litespeed_type=imgoptm HTTP/1.1" 200 5 "-" "WordPress/6.8.5; https://polikistikover.net"
89.252.162.138 - - [26/Mar/2026:22:18:01 +0300] "POST /wp-cron.php?doing_wp_cron=1774552681.6928539276123046875000 HTTP/1.1" 200 0 "-" "WordPress/6.8.5; https://polikistikover.net"
89.252.162.138 - - [26/Mar/2026:22:18:02 +0300] "POST /wp-admin/admin-ajax.php?action=async_litespeed&nonce=hKHIiOgGZlxatZ2S4mtDcBnrpd8bmHRm&litespeed_type=imgoptm HTTP/1.1" 200 5 "-" "WordPress/6.8.5; https://polikistikover.net"
89.252.162.138 - - [26/Mar/2026:22:19:01 +0300] "POST /wp-cron.php?doing_wp_cron=1774552741.2711439132690429687500 HTTP/1.1" 200 0 "-" "WordPress/6.8.5; https://polikistikover.net"
89.252.162.138 - - [26/Mar/2026:22:19:16 +0300] "POST /wp-cron.php?doing_wp_cron=1774552756.1905570030212402343750 HTTP/1.1" 200 0 "-" "WordPress/6.8.5; https://polikistikover.net"
89.252.162.138 - - [26/Mar/2026:22:20:01 +0300] "POST /wp-cron.php?doing_wp_cron=1774552801.1247889995574951171875 HTTP/1.1" 200 0 "-" "WordPress/6.8.5; https://polikistikover.net"
89.252.162.138 - - [26/Mar/2026:22:20:02 +0300] "POST /wp-admin/admin-ajax.php?action=async_litespeed&nonce=ZvFl2CiFBPyMenkE6Qki4SMB1VoTLYjW&litespeed_type=imgoptm HTTP/1.1" 200 5 "-" "WordPress/6.8.5; https://polikistikover.net"
89.252.162.138 - - [26/Mar/2026:22:20:16 +0300] "POST /wp-cron.php?doing_wp_cron=1774552816.1545829772949218750000 HTTP/1.1" 200 0 "-" "WordPress/6.8.5; https://polikistikover.net"
89.252.162.138 - - [26/Mar/2026:22:21:01 +0300] "POST /wp-cron.php?doing_wp_cron=1774552861.3569309711456298828125 HTTP/1.1" 200 0 "-" "WordPress/6.8.5; https://polikistikover.net"
89.252.162.138 - - [26/Mar/2026:22:21:16 +0300] "POST /wp-cron.php?doing_wp_cron=1774552876.0851941108703613281250 HTTP/1.1" 200 0 "-" "WordPress/6.8.5; https://polikistikover.net"
89.252.162.138 - - [26/Mar/2026:22:21:51 +0300] "POST /wp-admin/admin-ajax.php?action=async_litespeed&nonce=krTvZb9lpIvxi5p8RE9V8Gej2BtiM7AQ&litespeed_type=imgoptm HTTP/1.1" 200 5 "-" "WordPress/6.8.5; https://polikistikover.net"
89.252.162.138 - - [26/Mar/2026:22:23:01 +0300] "POST /wp-cron.php?doing_wp_cron=1774552981.1483790874481201171875 HTTP/1.1" 200 0 "-" "WordPress/6.8.5; https://polikistikover.net"
20.106.150.36 - - [26/Mar/2026:22:22:46 +0300] "POST //xmlrpc.php HTTP/1.1" 200 410 "-" "Mozilla/5.0 (Windows NT 10.0; Win64; x64) AppleWebKit/537.36 (KHTML, like Gecko) Chrome/80.0.3987.149 Safari/537.36"
196.189.161.95 - - [26/Mar/2026:22:23:02 +0300] "POST /xmlrpc.php HTTP/1.1" 200 412 "-" "Mozilla/5.0 (X11; Ubuntu; Linux x86_64; arm64) AppleWebKit/537.36 (KHTML, like Gecko) Safari/11.0.0.0 Safari/537.36"
89.252.162.138 - - [26/Mar/2026:22:23:16 +0300] "POST /wp-cron.php?doing_wp_cron=1774552996.1285429000854492187500 HTTP/1.1" 200 0 "-" "WordPress/6.8.5; https://polikistikover.net"
20.106.150.36 - - [26/Mar/2026:22:23:01 +0300] "POST //xmlrpc.php HTTP/1.1" 200 410 "-" "Mozilla/5.0 (Windows NT 10.0; Win64; x64) AppleWebKit/537.36 (KHTML, like Gecko) Chrome/80.0.3987.149 Safari/537.36"
20.106.150.36 - - [26/Mar/2026:22:23:16 +0300] "POST //xmlrpc.php HTTP/1.1" 200 410 "-" "Mozilla/5.0 (Windows NT 10.0; Win64; x64) AppleWebKit/537.36 (KHTML, like Gecko) Chrome/80.0.3987.149 Safari/537.36"
20.106.150.36 - - [26/Mar/2026:22:23:31 +0300] "POST //xmlrpc.php HTTP/1.1" 200 410 "-" "Mozilla/5.0 (Windows NT 10.0; Win64; x64) AppleWebKit/537.36 (KHTML, like Gecko) Chrome/80.0.3987.149 Safari/537.36"
89.252.162.138 - - [26/Mar/2026:22:24:01 +0300] "POST /wp-cron.php?doing_wp_cron=1774553041.1127769947052001953125 HTTP/1.1" 200 0 "-" "WordPress/6.8.5; https://polikistikover.net"
20.106.150.36 - - [26/Mar/2026:22:23:46 +0300] "POST //xmlrpc.php HTTP/1.1" 200 410 "-" "Mozilla/5.0 (Windows NT 10.0; Win64; x64) AppleWebKit/537.36 (KHTML, like Gecko) Chrome/80.0.3987.149 Safari/537.36"
89.252.162.138 - - [26/Mar/2026:22:24:01 +0300] "POST /wp-admin/admin-ajax.php?action=async_litespeed&nonce=Sa0RlhG481lKFSlGgeQQ07HrEm27IGdX&litespeed_type=imgoptm HTTP/1.1" 200 5 "-" "WordPress/6.8.5; https://polikistikover.net"
89.252.162.138 - - [26/Mar/2026:22:24:16 +0300] "POST /wp-cron.php?doing_wp_cron=1774553056.1379230022430419921875 HTTP/1.1" 200 0 "-" "WordPress/6.8.5; https://polikistikover.net"
20.106.150.36 - - [26/Mar/2026:22:24:01 +0300] "POST //xmlrpc.php HTTP/1.1" 200 410 "-" "Mozilla/5.0 (Windows NT 10.0; Win64; x64) AppleWebKit/537.36 (KHTML, like Gecko) Chrome/80.0.3987.149 Safari/537.36"
196.189.161.95 - - [26/Mar/2026:22:24:23 +0300] "POST /xmlrpc.php HTTP/1.1" 200 412 "-" "Mozilla/5.0 (Windows NT 6.3; arm64) AppleWebKit/537.36 (KHTML, like Gecko) Firefox/75.0.0.0 Safari/537.36"
20.106.150.36 - - [26/Mar/2026:22:24:16 +0300] "POST //xmlrpc.php HTTP/1.1" 200 410 "-" "Mozilla/5.0 (Windows NT 10.0; Win64; x64) AppleWebKit/537.36 (KHTML, like Gecko) Chrome/80.0.3987.149 Safari/537.36"
20.106.150.36 - - [26/Mar/2026:22:24:31 +0300] "POST //xmlrpc.php HTTP/1.1" 200 410 "-" "Mozilla/5.0 (Windows NT 10.0; Win64; x64) AppleWebKit/537.36 (KHTML, like Gecko) Chrome/80.0.3987.149 Safari/537.36"
20.106.150.36 - - [26/Mar/2026:22:24:46 +0300] "POST //xmlrpc.php HTTP/1.1" 200 410 "-" "Mozilla/5.0 (Windows NT 10.0; Win64; x64) AppleWebKit/537.36 (KHTML, like Gecko) Chrome/80.0.3987.149 Safari/537.36"
89.252.162.138 - - [26/Mar/2026:22:25:02 +0300] "POST /wp-admin/admin-ajax.php?action=async_litespeed&nonce=QIy9vbXGLprs7ezd7US7jV7u7WGELCH8&litespeed_type=imgoptm HTTP/1.1" 200 5 "-" "WordPress/6.8.5; https://polikistikover.net"
20.106.150.36 - - [26/Mar/2026:22:25:01 +0300] "POST //xmlrpc.php HTTP/1.1" 200 410 "-" "Mozilla/5.0 (Windows NT 10.0; Win64; x64) AppleWebKit/537.36 (KHTML, like Gecko) Chrome/80.0.3987.149 Safari/537.36"
20.106.150.36 - - [26/Mar/2026:22:25:16 +0300] "POST //xmlrpc.php HTTP/1.1" 200 410 "-" "Mozilla/5.0 (Windows NT 10.0; Win64; x64) AppleWebKit/537.36 (KHTML, like Gecko) Chrome/80.0.3987.149 Safari/537.36"
23.94.155.86 - - [26/Mar/2026:22:25:39 +0300] "GET /wp-login.php HTTP/1.1" 200 3424 "-" "Mozilla/5.0"
23.94.155.86 - - [26/Mar/2026:22:25:40 +0300] "GET /?author=1 HTTP/1.1" 200 76 "-" "Mozilla/5.0"
23.94.155.86 - - [26/Mar/2026:22:25:41 +0300] "GET /?rest_route=/wp/v2/users HTTP/1.1" 200 76 "-" "Mozilla/5.0"
23.94.155.86 - - [26/Mar/2026:22:25:41 +0300] "GET /feed HTTP/1.1" 404 796 "-" "Mozilla/5.0"
196.189.161.95 - - [26/Mar/2026:22:25:42 +0300] "POST /xmlrpc.php HTTP/1.1" 200 412 "-" "Mozilla/5.0 (Windows NT 6.3; x64) AppleWebKit/537.36 (KHTML, like Gecko) Chrome/105.0.0.0 Safari/537.36"
20.106.150.36 - - [26/Mar/2026:22:25:31 +0300] "POST //xmlrpc.php HTTP/1.1" 200 410 "-" "Mozilla/5.0 (Windows NT 10.0; Win64; x64) AppleWebKit/537.36 (KHTML, like Gecko) Chrome/80.0.3987.149 Safari/537.36"
20.106.150.36 - - [26/Mar/2026:22:25:46 +0300] "POST //xmlrpc.php HTTP/1.1" 200 410 "-" "Mozilla/5.0 (Windows NT 10.0; Win64; x64) AppleWebKit/537.36 (KHTML, like Gecko) Chrome/80.0.3987.149 Safari/537.36"
89.252.162.138 - - [26/Mar/2026:22:26:02 +0300] "POST /wp-admin/admin-ajax.php?action=async_litespeed&nonce=6RnKOUdohH8NJZso86ObKJstAKZeUyzu&litespeed_type=imgoptm HTTP/1.1" 200 5 "-" "WordPress/6.8.5; https://polikistikover.net"
20.106.150.36 - - [26/Mar/2026:22:26:01 +0300] "POST //xmlrpc.php HTTP/1.1" 200 410 "-" "Mozilla/5.0 (Windows NT 10.0; Win64; x64) AppleWebKit/537.36 (KHTML, like Gecko) Chrome/80.0.3987.149 Safari/537.36"
20.106.150.36 - - [26/Mar/2026:22:26:16 +0300] "POST //xmlrpc.php HTTP/1.1" 200 410 "-" "Mozilla/5.0 (Windows NT 10.0; Win64; x64) AppleWebKit/537.36 (KHTML, like Gecko) Chrome/80.0.3987.149 Safari/537.36"
20.106.150.36 - - [26/Mar/2026:22:26:31 +0300] "POST //xmlrpc.php HTTP/1.1" 200 410 "-" "Mozilla/5.0 (Windows NT 10.0; Win64; x64) AppleWebKit/537.36 (KHTML, like Gecko) Chrome/80.0.3987.149 Safari/537.36"
20.106.150.36 - - [26/Mar/2026:22:26:46 +0300] "POST //xmlrpc.php HTTP/1.1" 200 410 "-" "Mozilla/5.0 (Windows NT 10.0; Win64; x64) AppleWebKit/537.36 (KHTML, like Gecko) Chrome/80.0.3987.149 Safari/537.36"
20.106.150.36 - - [26/Mar/2026:22:27:01 +0300] "POST //xmlrpc.php HTTP/1.1" 200 410 "-" "Mozilla/5.0 (Windows NT 10.0; Win64; x64) AppleWebKit/537.36 (KHTML, like Gecko) Chrome/80.0.3987.149 Safari/537.36"
20.106.150.36 - - [26/Mar/2026:22:27:16 +0300] "POST //xmlrpc.php HTTP/1.1" 200 410 "-" "Mozilla/5.0 (Windows NT 10.0; Win64; x64) AppleWebKit/537.36 (KHTML, like Gecko) Chrome/80.0.3987.149 Safari/537.36"
196.189.161.95 - - [26/Mar/2026:22:27:43 +0300] "POST /xmlrpc.php HTTP/1.1" 200 412 "-" "Mozilla/5.0 (X11; Ubuntu; Linux x86_64; arm64) AppleWebKit/537.36 (KHTML, like Gecko) Chrome/103.0.0.0 Safari/537.36"
20.106.150.36 - - [26/Mar/2026:22:27:31 +0300] "POST //xmlrpc.php HTTP/1.1" 200 410 "-" "Mozilla/5.0 (Windows NT 10.0; Win64; x64) AppleWebKit/537.36 (KHTML, like Gecko) Chrome/80.0.3987.149 Safari/537.36"
89.252.162.138 - - [26/Mar/2026:22:28:01 +0300] "POST /wp-cron.php?doing_wp_cron=1774553281.3892269134521484375000 HTTP/1.1" 200 0 "-" "WordPress/6.8.5; https://polikistikover.net"
20.106.150.36 - - [26/Mar/2026:22:27:46 +0300] "POST //xmlrpc.php HTTP/1.1" 200 410 "-" "Mozilla/5.0 (Windows NT 10.0; Win64; x64) AppleWebKit/537.36 (KHTML, like Gecko) Chrome/80.0.3987.149 Safari/537.36"
89.252.162.138 - - [26/Mar/2026:22:28:02 +0300] "POST /wp-admin/admin-ajax.php?action=async_litespeed&nonce=RVw6NBbLydGjTQSKT1wCOWVTrXekOLHi&litespeed_type=imgoptm HTTP/1.1" 200 5 "-" "WordPress/6.8.5; https://polikistikover.net"
89.252.162.138 - - [26/Mar/2026:22:28:08 +0300] "POST /yeni/wp-cron.php?doing_wp_cron=1774553287.8626840114593505859375 HTTP/1.1" 200 0 "-" "WordPress/6.9.4; https://polikistikover.net/yeni"
78.163.113.238 - - [26/Mar/2026:22:27:39 +0300] "GET /yeni/ HTTP/1.1" 200 17723 "https://www.polikistikover.net/" "Mozilla/5.0 (Linux; Android 10; K) AppleWebKit/537.36 (KHTML, like Gecko) Chrome/146.0.0.0 Mobile Safari/537.36"
20.106.150.36 - - [26/Mar/2026:22:28:01 +0300] "POST //xmlrpc.php HTTP/1.1" 200 410 "-" "Mozilla/5.0 (Windows NT 10.0; Win64; x64) AppleWebKit/537.36 (KHTML, like Gecko) Chrome/80.0.3987.149 Safari/537.36"
20.106.150.36 - - [26/Mar/2026:22:28:16 +0300] "POST //xmlrpc.php HTTP/1.1" 200 410 "-" "Mozilla/5.0 (Windows NT 10.0; Win64; x64) AppleWebKit/537.36 (KHTML, like Gecko) Chrome/80.0.3987.149 Safari/537.36"
20.106.150.36 - - [26/Mar/2026:22:28:31 +0300] "POST //xmlrpc.php HTTP/1.1" 200 410 "-" "Mozilla/5.0 (Windows NT 10.0; Win64; x64) AppleWebKit/537.36 (KHTML, like Gecko) Chrome/80.0.3987.149 Safari/537.36"
20.106.150.36 - - [26/Mar/2026:22:28:47 +0300] "POST //xmlrpc.php HTTP/1.1" 200 410 "-" "Mozilla/5.0 (Windows NT 10.0; Win64; x64) AppleWebKit/537.36 (KHTML, like Gecko) Chrome/80.0.3987.149 Safari/537.36"
89.252.162.138 - - [26/Mar/2026:22:29:16 +0300] "POST /wp-cron.php?doing_wp_cron=1774553356.3688919544219970703125 HTTP/1.1" 200 0 "-" "WordPress/6.8.5; https://polikistikover.net"
20.106.150.36 - - [26/Mar/2026:22:29:01 +0300] "POST //xmlrpc.php HTTP/1.1" 200 410 "-" "Mozilla/5.0 (Windows NT 10.0; Win64; x64) AppleWebKit/537.36 (KHTML, like Gecko) Chrome/80.0.3987.149 Safari/537.36"
20.106.150.36 - - [26/Mar/2026:22:29:16 +0300] "POST //xmlrpc.php HTTP/1.1" 200 410 "-" "Mozilla/5.0 (Windows NT 10.0; Win64; x64) AppleWebKit/537.36 (KHTML, like Gecko) Chrome/80.0.3987.149 Safari/537.36"
20.106.150.36 - - [26/Mar/2026:22:29:31 +0300] "POST //xmlrpc.php HTTP/1.1" 200 410 "-" "Mozilla/5.0 (Windows NT 10.0; Win64; x64) AppleWebKit/537.36 (KHTML, like Gecko) Chrome/80.0.3987.149 Safari/537.36"
89.252.162.138 - - [26/Mar/2026:22:30:01 +0300] "POST /wp-cron.php?doing_wp_cron=1774553401.2583680152893066406250 HTTP/1.1" 200 0 "-" "WordPress/6.8.5; https://polikistikover.net"
20.106.150.36 - - [26/Mar/2026:22:29:46 +0300] "POST //xmlrpc.php HTTP/1.1" 200 410 "-" "Mozilla/5.0 (Windows NT 10.0; Win64; x64) AppleWebKit/537.36 (KHTML, like Gecko) Chrome/80.0.3987.149 Safari/537.36"
