20.106.150.36 - - [26/Mar/2026:20:28:31 +0300] "POST //xmlrpc.php HTTP/1.1" 200 410 "-" "Mozilla/5.0 (Windows NT 10.0; Win64; x64) AppleWebKit/537.36 (KHTML, like Gecko) Chrome/80.0.3987.149 Safari/537.36"
89.252.162.138 - - [26/Mar/2026:20:29:00 +0300] "POST /wp-cron.php?doing_wp_cron=1774546140.9494669437408447265625 HTTP/1.1" 200 0 "-" "WordPress/6.8.5; https://polikistikover.net"
20.106.150.36 - - [26/Mar/2026:20:28:46 +0300] "POST //xmlrpc.php HTTP/1.1" 200 410 "-" "Mozilla/5.0 (Windows NT 10.0; Win64; x64) AppleWebKit/537.36 (KHTML, like Gecko) Chrome/80.0.3987.149 Safari/537.36"
89.252.162.138 - - [26/Mar/2026:20:29:16 +0300] "POST /wp-cron.php?doing_wp_cron=1774546156.0419869422912597656250 HTTP/1.1" 200 0 "-" "WordPress/6.8.5; https://polikistikover.net"
20.106.150.36 - - [26/Mar/2026:20:29:01 +0300] "POST //xmlrpc.php HTTP/1.1" 200 403 "-" "Mozilla/5.0 (Windows NT 10.0; Win64; x64) AppleWebKit/537.36 (KHTML, like Gecko) Chrome/80.0.3987.149 Safari/537.36"
20.106.150.36 - - [26/Mar/2026:20:29:16 +0300] "POST //xmlrpc.php HTTP/1.1" 200 410 "-" "Mozilla/5.0 (Windows NT 10.0; Win64; x64) AppleWebKit/537.36 (KHTML, like Gecko) Chrome/80.0.3987.149 Safari/537.36"
20.106.150.36 - - [26/Mar/2026:20:29:21 +0300] "POST //xmlrpc.php HTTP/1.1" 200 410 "-" "Mozilla/5.0 (Windows NT 10.0; Win64; x64) AppleWebKit/537.36 (KHTML, like Gecko) Chrome/80.0.3987.149 Safari/537.36"
20.106.150.36 - - [26/Mar/2026:20:29:31 +0300] "POST //xmlrpc.php HTTP/1.1" 200 410 "-" "Mozilla/5.0 (Windows NT 10.0; Win64; x64) AppleWebKit/537.36 (KHTML, like Gecko) Chrome/80.0.3987.149 Safari/537.36"
89.252.162.138 - - [26/Mar/2026:20:30:01 +0300] "POST /wp-cron.php?doing_wp_cron=1774546201.1765201091766357421875 HTTP/1.1" 200 0 "-" "WordPress/6.8.5; https://polikistikover.net"
20.106.150.36 - - [26/Mar/2026:20:29:46 +0300] "POST //xmlrpc.php HTTP/1.1" 200 410 "-" "Mozilla/5.0 (Windows NT 10.0; Win64; x64) AppleWebKit/537.36 (KHTML, like Gecko) Chrome/80.0.3987.149 Safari/537.36"
89.252.162.138 - - [26/Mar/2026:20:30:02 +0300] "POST /wp-admin/admin-ajax.php?action=async_litespeed&nonce=u3RjkQtFwZo8Oek94ygDoTECNLw2rNjz&litespeed_type=imgoptm HTTP/1.1" 200 5 "-" "WordPress/6.8.5; https://polikistikover.net"
89.252.162.138 - - [26/Mar/2026:20:30:16 +0300] "POST /wp-cron.php?doing_wp_cron=1774546216.1219460964202880859375 HTTP/1.1" 200 0 "-" "WordPress/6.8.5; https://polikistikover.net"
20.106.150.36 - - [26/Mar/2026:20:30:01 +0300] "POST //xmlrpc.php HTTP/1.1" 200 410 "-" "Mozilla/5.0 (Windows NT 10.0; Win64; x64) AppleWebKit/537.36 (KHTML, like Gecko) Chrome/80.0.3987.149 Safari/537.36"
20.106.150.36 - - [26/Mar/2026:20:30:16 +0300] "POST //xmlrpc.php HTTP/1.1" 200 410 "-" "Mozilla/5.0 (Windows NT 10.0; Win64; x64) AppleWebKit/537.36 (KHTML, like Gecko) Chrome/80.0.3987.149 Safari/537.36"
20.106.150.36 - - [26/Mar/2026:20:30:31 +0300] "POST //xmlrpc.php HTTP/1.1" 200 410 "-" "Mozilla/5.0 (Windows NT 10.0; Win64; x64) AppleWebKit/537.36 (KHTML, like Gecko) Chrome/80.0.3987.149 Safari/537.36"
89.252.162.138 - - [26/Mar/2026:20:31:01 +0300] "POST /wp-cron.php?doing_wp_cron=1774546261.1454219818115234375000 HTTP/1.1" 200 0 "-" "WordPress/6.8.5; https://polikistikover.net"
20.106.150.36 - - [26/Mar/2026:20:30:46 +0300] "POST //xmlrpc.php HTTP/1.1" 200 410 "-" "Mozilla/5.0 (Windows NT 10.0; Win64; x64) AppleWebKit/537.36 (KHTML, like Gecko) Chrome/80.0.3987.149 Safari/537.36"
20.106.150.36 - - [26/Mar/2026:20:31:01 +0300] "POST //xmlrpc.php HTTP/1.1" 200 410 "-" "Mozilla/5.0 (Windows NT 10.0; Win64; x64) AppleWebKit/537.36 (KHTML, like Gecko) Chrome/80.0.3987.149 Safari/537.36"
20.106.150.36 - - [26/Mar/2026:20:31:16 +0300] "POST //xmlrpc.php HTTP/1.1" 200 410 "-" "Mozilla/5.0 (Windows NT 10.0; Win64; x64) AppleWebKit/537.36 (KHTML, like Gecko) Chrome/80.0.3987.149 Safari/537.36"
20.106.150.36 - - [26/Mar/2026:20:31:31 +0300] "POST //xmlrpc.php HTTP/1.1" 200 410 "-" "Mozilla/5.0 (Windows NT 10.0; Win64; x64) AppleWebKit/537.36 (KHTML, like Gecko) Chrome/80.0.3987.149 Safari/537.36"
89.252.162.138 - - [26/Mar/2026:20:32:01 +0300] "POST /wp-cron.php?doing_wp_cron=1774546321.1770579814910888671875 HTTP/1.1" 200 0 "-" "WordPress/6.8.5; https://polikistikover.net"
20.106.150.36 - - [26/Mar/2026:20:31:46 +0300] "POST //xmlrpc.php HTTP/1.1" 200 410 "-" "Mozilla/5.0 (Windows NT 10.0; Win64; x64) AppleWebKit/537.36 (KHTML, like Gecko) Chrome/80.0.3987.149 Safari/537.36"
89.252.162.138 - - [26/Mar/2026:20:32:02 +0300] "POST /wp-admin/admin-ajax.php?action=async_litespeed&nonce=r7c2JaRSAyqh7YzuuY74u1SKR9a7zSqp&litespeed_type=imgoptm HTTP/1.1" 200 5 "-" "WordPress/6.8.5; https://polikistikover.net"
20.106.150.36 - - [26/Mar/2026:20:32:01 +0300] "POST //xmlrpc.php HTTP/1.1" 200 410 "-" "Mozilla/5.0 (Windows NT 10.0; Win64; x64) AppleWebKit/537.36 (KHTML, like Gecko) Chrome/80.0.3987.149 Safari/537.36"
78.190.179.236 - - [26/Mar/2026:20:32:31 +0300] "GET /yeni/wp-content/uploads/2025/09/image-33.png HTTP/2" 200 201560 "https://polikistikover.org/" "Mozilla/5.0 (iPhone; CPU iPhone OS 18_6_2 like Mac OS X) AppleWebKit/605.1.15 (KHTML, like Gecko) Mobile/22G100 Instagram 422.0.0.40.67 (iPhone15,4; iOS 18_6_2; tr_TR; tr; scale=3.00; 1179x2556; IABMV/1; 914914679) Safari/604.1"
78.190.179.236 - - [26/Mar/2026:20:32:31 +0300] "GET /yeni/wp-content/uploads/2025/09/image-34.png HTTP/2" 200 401829 "https://polikistikover.org/" "Mozilla/5.0 (iPhone; CPU iPhone OS 18_6_2 like Mac OS X) AppleWebKit/605.1.15 (KHTML, like Gecko) Mobile/22G100 Instagram 422.0.0.40.67 (iPhone15,4; iOS 18_6_2; tr_TR; tr; scale=3.00; 1179x2556; IABMV/1; 914914679) Safari/604.1"
78.190.179.236 - - [26/Mar/2026:20:32:31 +0300] "GET /yeni/wp-content/uploads/2025/09/image-35.png HTTP/2" 200 203824 "https://polikistikover.org/" "Mozilla/5.0 (iPhone; CPU iPhone OS 18_6_2 like Mac OS X) AppleWebKit/605.1.15 (KHTML, like Gecko) Mobile/22G100 Instagram 422.0.0.40.67 (iPhone15,4; iOS 18_6_2; tr_TR; tr; scale=3.00; 1179x2556; IABMV/1; 914914679) Safari/604.1"
78.190.179.236 - - [26/Mar/2026:20:32:31 +0300] "GET /yeni/wp-content/uploads/2025/09/image-36.png HTTP/2" 200 240174 "https://polikistikover.org/" "Mozilla/5.0 (iPhone; CPU iPhone OS 18_6_2 like Mac OS X) AppleWebKit/605.1.15 (KHTML, like Gecko) Mobile/22G100 Instagram 422.0.0.40.67 (iPhone15,4; iOS 18_6_2; tr_TR; tr; scale=3.00; 1179x2556; IABMV/1; 914914679) Safari/604.1"
78.190.179.236 - - [26/Mar/2026:20:32:31 +0300] "GET /yeni/wp-content/uploads/2025/09/image-37.png HTTP/2" 200 201560 "https://polikistikover.org/" "Mozilla/5.0 (iPhone; CPU iPhone OS 18_6_2 like Mac OS X) AppleWebKit/605.1.15 (KHTML, like Gecko) Mobile/22G100 Instagram 422.0.0.40.67 (iPhone15,4; iOS 18_6_2; tr_TR; tr; scale=3.00; 1179x2556; IABMV/1; 914914679) Safari/604.1"
78.190.179.236 - - [26/Mar/2026:20:32:31 +0300] "GET /yeni/wp-content/uploads/2025/09/image-38.png HTTP/2" 200 76017 "https://polikistikover.org/" "Mozilla/5.0 (iPhone; CPU iPhone OS 18_6_2 like Mac OS X) AppleWebKit/605.1.15 (KHTML, like Gecko) Mobile/22G100 Instagram 422.0.0.40.67 (iPhone15,4; iOS 18_6_2; tr_TR; tr; scale=3.00; 1179x2556; IABMV/1; 914914679) Safari/604.1"
78.190.179.236 - - [26/Mar/2026:20:32:31 +0300] "GET /yeni/wp-content/uploads/2025/09/image-39.png HTTP/2" 200 85581 "https://polikistikover.org/" "Mozilla/5.0 (iPhone; CPU iPhone OS 18_6_2 like Mac OS X) AppleWebKit/605.1.15 (KHTML, like Gecko) Mobile/22G100 Instagram 422.0.0.40.67 (iPhone15,4; iOS 18_6_2; tr_TR; tr; scale=3.00; 1179x2556; IABMV/1; 914914679) Safari/604.1"
78.190.179.236 - - [26/Mar/2026:20:32:31 +0300] "GET /yeni/wp-content/uploads/2025/09/image-40.png HTTP/2" 200 15046 "https://polikistikover.org/" "Mozilla/5.0 (iPhone; CPU iPhone OS 18_6_2 like Mac OS X) AppleWebKit/605.1.15 (KHTML, like Gecko) Mobile/22G100 Instagram 422.0.0.40.67 (iPhone15,4; iOS 18_6_2; tr_TR; tr; scale=3.00; 1179x2556; IABMV/1; 914914679) Safari/604.1"
20.106.150.36 - - [26/Mar/2026:20:32:16 +0300] "POST //xmlrpc.php HTTP/1.1" 200 410 "-" "Mozilla/5.0 (Windows NT 10.0; Win64; x64) AppleWebKit/537.36 (KHTML, like Gecko) Chrome/80.0.3987.149 Safari/537.36"
78.190.179.236 - - [26/Mar/2026:20:32:31 +0300] "GET /yeni/wp-content/uploads/2025/09/image-42.png HTTP/2" 200 78460 "https://polikistikover.org/" "Mozilla/5.0 (iPhone; CPU iPhone OS 18_6_2 like Mac OS X) AppleWebKit/605.1.15 (KHTML, like Gecko) Mobile/22G100 Instagram 422.0.0.40.67 (iPhone15,4; iOS 18_6_2; tr_TR; tr; scale=3.00; 1179x2556; IABMV/1; 914914679) Safari/604.1"
78.190.179.236 - - [26/Mar/2026:20:32:31 +0300] "GET /yeni/wp-content/uploads/2025/09/image-46.png HTTP/2" 200 89356 "https://polikistikover.org/" "Mozilla/5.0 (iPhone; CPU iPhone OS 18_6_2 like Mac OS X) AppleWebKit/605.1.15 (KHTML, like Gecko) Mobile/22G100 Instagram 422.0.0.40.67 (iPhone15,4; iOS 18_6_2; tr_TR; tr; scale=3.00; 1179x2556; IABMV/1; 914914679) Safari/604.1"
78.190.179.236 - - [26/Mar/2026:20:32:31 +0300] "GET /yeni/wp-content/uploads/2025/09/image-47.png HTTP/2" 200 81475 "https://polikistikover.org/" "Mozilla/5.0 (iPhone; CPU iPhone OS 18_6_2 like Mac OS X) AppleWebKit/605.1.15 (KHTML, like Gecko) Mobile/22G100 Instagram 422.0.0.40.67 (iPhone15,4; iOS 18_6_2; tr_TR; tr; scale=3.00; 1179x2556; IABMV/1; 914914679) Safari/604.1"
78.190.179.236 - - [26/Mar/2026:20:32:31 +0300] "GET /yeni/wp-content/uploads/2025/09/image-49.png HTTP/2" 200 101468 "https://polikistikover.org/" "Mozilla/5.0 (iPhone; CPU iPhone OS 18_6_2 like Mac OS X) AppleWebKit/605.1.15 (KHTML, like Gecko) Mobile/22G100 Instagram 422.0.0.40.67 (iPhone15,4; iOS 18_6_2; tr_TR; tr; scale=3.00; 1179x2556; IABMV/1; 914914679) Safari/604.1"
78.190.179.236 - - [26/Mar/2026:20:32:31 +0300] "GET /yeni/wp-content/uploads/2025/09/image-50.png HTTP/2" 200 99467 "https://polikistikover.org/" "Mozilla/5.0 (iPhone; CPU iPhone OS 18_6_2 like Mac OS X) AppleWebKit/605.1.15 (KHTML, like Gecko) Mobile/22G100 Instagram 422.0.0.40.67 (iPhone15,4; iOS 18_6_2; tr_TR; tr; scale=3.00; 1179x2556; IABMV/1; 914914679) Safari/604.1"
78.190.179.236 - - [26/Mar/2026:20:32:31 +0300] "GET /yeni/wp-content/uploads/2025/09/image-51.png HTTP/2" 200 54649 "https://polikistikover.org/" "Mozilla/5.0 (iPhone; CPU iPhone OS 18_6_2 like Mac OS X) AppleWebKit/605.1.15 (KHTML, like Gecko) Mobile/22G100 Instagram 422.0.0.40.67 (iPhone15,4; iOS 18_6_2; tr_TR; tr; scale=3.00; 1179x2556; IABMV/1; 914914679) Safari/604.1"
78.190.179.236 - - [26/Mar/2026:20:32:31 +0300] "GET /yeni/wp-content/uploads/2025/09/image-43-1024x189.png HTTP/2" 200 104949 "https://polikistikover.org/" "Mozilla/5.0 (iPhone; CPU iPhone OS 18_6_2 like Mac OS X) AppleWebKit/605.1.15 (KHTML, like Gecko) Mobile/22G100 Instagram 422.0.0.40.67 (iPhone15,4; iOS 18_6_2; tr_TR; tr; scale=3.00; 1179x2556; IABMV/1; 914914679) Safari/604.1"
78.190.179.236 - - [26/Mar/2026:20:32:31 +0300] "GET /yeni/wp-content/uploads/2025/09/image-41-1024x576.png HTTP/2" 200 274297 "https://polikistikover.org/" "Mozilla/5.0 (iPhone; CPU iPhone OS 18_6_2 like Mac OS X) AppleWebKit/605.1.15 (KHTML, like Gecko) Mobile/22G100 Instagram 422.0.0.40.67 (iPhone15,4; iOS 18_6_2; tr_TR; tr; scale=3.00; 1179x2556; IABMV/1; 914914679) Safari/604.1"
78.190.179.236 - - [26/Mar/2026:20:32:31 +0300] "GET /yeni/wp-content/uploads/2025/09/image-45-1024x576.png HTTP/2" 200 293152 "https://polikistikover.org/" "Mozilla/5.0 (iPhone; CPU iPhone OS 18_6_2 like Mac OS X) AppleWebKit/605.1.15 (KHTML, like Gecko) Mobile/22G100 Instagram 422.0.0.40.67 (iPhone15,4; iOS 18_6_2; tr_TR; tr; scale=3.00; 1179x2556; IABMV/1; 914914679) Safari/604.1"
20.106.150.36 - - [26/Mar/2026:20:32:31 +0300] "POST //xmlrpc.php HTTP/1.1" 200 410 "-" "Mozilla/5.0 (Windows NT 10.0; Win64; x64) AppleWebKit/537.36 (KHTML, like Gecko) Chrome/80.0.3987.149 Safari/537.36"
89.252.162.138 - - [26/Mar/2026:20:33:01 +0300] "POST /wp-cron.php?doing_wp_cron=1774546381.3441131114959716796875 HTTP/1.1" 200 0 "-" "WordPress/6.8.5; https://polikistikover.net"
20.106.150.36 - - [26/Mar/2026:20:32:46 +0300] "POST //xmlrpc.php HTTP/1.1" 200 410 "-" "Mozilla/5.0 (Windows NT 10.0; Win64; x64) AppleWebKit/537.36 (KHTML, like Gecko) Chrome/80.0.3987.149 Safari/537.36"
89.252.162.138 - - [26/Mar/2026:20:33:02 +0300] "POST /wp-admin/admin-ajax.php?action=async_litespeed&nonce=QKFfIhgkAiQCuZ0N9l9Ts1NoklpnZI66&litespeed_type=imgoptm HTTP/1.1" 200 5 "-" "WordPress/6.8.5; https://polikistikover.net"
89.252.162.138 - - [26/Mar/2026:20:33:16 +0300] "POST /wp-cron.php?doing_wp_cron=1774546396.3322200775146484375000 HTTP/1.1" 200 0 "-" "WordPress/6.8.5; https://polikistikover.net"
20.106.150.36 - - [26/Mar/2026:20:33:01 +0300] "POST //xmlrpc.php HTTP/1.1" 200 410 "-" "Mozilla/5.0 (Windows NT 10.0; Win64; x64) AppleWebKit/537.36 (KHTML, like Gecko) Chrome/80.0.3987.149 Safari/537.36"
20.106.150.36 - - [26/Mar/2026:20:33:16 +0300] "POST //xmlrpc.php HTTP/1.1" 200 410 "-" "Mozilla/5.0 (Windows NT 10.0; Win64; x64) AppleWebKit/537.36 (KHTML, like Gecko) Chrome/80.0.3987.149 Safari/537.36"
20.106.150.36 - - [26/Mar/2026:20:33:31 +0300] "POST //xmlrpc.php HTTP/1.1" 200 410 "-" "Mozilla/5.0 (Windows NT 10.0; Win64; x64) AppleWebKit/537.36 (KHTML, like Gecko) Chrome/80.0.3987.149 Safari/537.36"
89.252.162.138 - - [26/Mar/2026:20:34:01 +0300] "POST /wp-cron.php?doing_wp_cron=1774546441.2545280456542968750000 HTTP/1.1" 200 0 "-" "WordPress/6.8.5; https://polikistikover.net"
20.106.150.36 - - [26/Mar/2026:20:33:46 +0300] "POST //xmlrpc.php HTTP/1.1" 200 410 "-" "Mozilla/5.0 (Windows NT 10.0; Win64; x64) AppleWebKit/537.36 (KHTML, like Gecko) Chrome/80.0.3987.149 Safari/537.36"
89.252.162.138 - - [26/Mar/2026:20:34:01 +0300] "POST /wp-admin/admin-ajax.php?action=async_litespeed&nonce=ZkX6O0EVWwyGMAHgPDmx1uQETFqq2xvF&litespeed_type=imgoptm HTTP/1.1" 200 5 "-" "WordPress/6.8.5; https://polikistikover.net"
89.252.162.138 - - [26/Mar/2026:20:34:16 +0300] "POST /wp-cron.php?doing_wp_cron=1774546456.1406641006469726562500 HTTP/1.1" 200 0 "-" "WordPress/6.8.5; https://polikistikover.net"
20.106.150.36 - - [26/Mar/2026:20:34:01 +0300] "POST //xmlrpc.php HTTP/1.1" 200 410 "-" "Mozilla/5.0 (Windows NT 10.0; Win64; x64) AppleWebKit/537.36 (KHTML, like Gecko) Chrome/80.0.3987.149 Safari/537.36"
20.106.150.36 - - [26/Mar/2026:20:34:16 +0300] "POST //xmlrpc.php HTTP/1.1" 200 410 "-" "Mozilla/5.0 (Windows NT 10.0; Win64; x64) AppleWebKit/537.36 (KHTML, like Gecko) Chrome/80.0.3987.149 Safari/537.36"
20.48.232.178 - - [26/Mar/2026:20:34:47 +0300] "GET /wp-content/plugins/hellopress/wp_filemanager.php HTTP/1.1" 404 5750 "-" "-"
20.48.232.178 - - [26/Mar/2026:20:34:47 +0300] "GET /class-t.api.php HTTP/1.1" 404 5750 "-" "-"
20.48.232.178 - - [26/Mar/2026:20:34:48 +0300] "GET /zwso.php HTTP/1.1" 404 5750 "-" "-"
20.48.232.178 - - [26/Mar/2026:20:34:48 +0300] "GET /wp-admin/css/colors/blue/index.php HTTP/1.1" 404 5750 "-" "-"
20.48.232.178 - - [26/Mar/2026:20:34:48 +0300] "GET /class19.php HTTP/1.1" 404 5750 "-" "-"
20.48.232.178 - - [26/Mar/2026:20:34:49 +0300] "GET /class20.php HTTP/1.1" 404 5750 "-" "-"
20.48.232.178 - - [26/Mar/2026:20:34:49 +0300] "GET /admin.php?p= HTTP/1.1" 404 5750 "-" "-"
20.48.232.178 - - [26/Mar/2026:20:34:49 +0300] "GET /randkeyword.php HTTP/1.1" 404 5750 "-" "-"
20.48.232.178 - - [26/Mar/2026:20:34:50 +0300] "GET /fwe.php HTTP/1.1" 404 5750 "-" "-"
20.48.232.178 - - [26/Mar/2026:20:34:50 +0300] "GET /images/m.php HTTP/1.1" 404 5750 "-" "-"
20.48.232.178 - - [26/Mar/2026:20:34:50 +0300] "GET /g.php HTTP/1.1" 404 5750 "-" "-"
20.48.232.178 - - [26/Mar/2026:20:34:51 +0300] "GET /tx1.php HTTP/1.1" 404 5750 "-" "-"
20.48.232.178 - - [26/Mar/2026:20:34:51 +0300] "GET /xv.php HTTP/1.1" 404 5750 "-" "-"
20.48.232.178 - - [26/Mar/2026:20:34:51 +0300] "GET /x56.php HTTP/1.1" 404 5750 "-" "-"
20.48.232.178 - - [26/Mar/2026:20:34:52 +0300] "GET /htaccess.php HTTP/1.1" 404 5750 "-" "-"
20.48.232.178 - - [26/Mar/2026:20:34:52 +0300] "GET /readme.php HTTP/1.1" 404 5750 "-" "-"
20.48.232.178 - - [26/Mar/2026:20:34:52 +0300] "GET /x50.php HTTP/1.1" 404 5750 "-" "-"
20.48.232.178 - - [26/Mar/2026:20:34:53 +0300] "GET /fv.php HTTP/1.1" 404 5750 "-" "-"
20.48.232.178 - - [26/Mar/2026:20:34:53 +0300] "GET /file.php HTTP/1.1" 404 5750 "-" "-"
20.48.232.178 - - [26/Mar/2026:20:34:53 +0300] "GET /lsd.php HTTP/1.1" 404 5750 "-" "-"
20.48.232.178 - - [26/Mar/2026:20:34:54 +0300] "GET /as.php HTTP/1.1" 404 5750 "-" "-"
20.48.232.178 - - [26/Mar/2026:20:34:54 +0300] "GET /wsd.php HTTP/1.1" 404 5750 "-" "-"
20.48.232.178 - - [26/Mar/2026:20:34:55 +0300] "GET /gtc.php HTTP/1.1" 404 5750 "-" "-"
20.48.232.178 - - [26/Mar/2026:20:34:55 +0300] "GET /atx.php HTTP/1.1" 404 5750 "-" "-"
20.48.232.178 - - [26/Mar/2026:20:34:55 +0300] "GET /z60.php HTTP/1.1" 404 5750 "-" "-"
20.48.232.178 - - [26/Mar/2026:20:34:56 +0300] "GET /403.php HTTP/1.1" 404 5750 "-" "-"
20.48.232.178 - - [26/Mar/2026:20:34:56 +0300] "GET /m.php HTTP/1.1" 404 5750 "-" "-"
20.48.232.178 - - [26/Mar/2026:20:34:56 +0300] "GET /themes.php HTTP/1.1" 404 5750 "-" "-"
20.48.232.178 - - [26/Mar/2026:20:34:57 +0300] "GET /wp-admin/maint/about.php HTTP/1.1" 404 5750 "-" "-"
20.48.232.178 - - [26/Mar/2026:20:34:57 +0300] "GET /wp-admin/network/wp-conflg.php?p= HTTP/1.1" 404 5750 "-" "-"
20.48.232.178 - - [26/Mar/2026:20:34:57 +0300] "GET /click.php HTTP/1.1" 404 5750 "-" "-"
20.48.232.178 - - [26/Mar/2026:20:34:58 +0300] "GET /install.php HTTP/1.1" 404 5750 "-" "-"
20.48.232.178 - - [26/Mar/2026:20:34:58 +0300] "GET /lv.php HTTP/1.1" 404 5750 "-" "-"
20.48.232.178 - - [26/Mar/2026:20:34:58 +0300] "GET /simple.php HTTP/1.1" 404 5750 "-" "-"
20.48.232.178 - - [26/Mar/2026:20:34:59 +0300] "GET /css.php HTTP/1.1" 404 5750 "-" "-"
20.48.232.178 - - [26/Mar/2026:20:34:59 +0300] "GET /cong.php HTTP/1.1" 404 5750 "-" "-"
20.48.232.178 - - [26/Mar/2026:20:34:59 +0300] "GET /wp-includes/images/wp-login.php HTTP/1.1" 404 5750 "-" "-"
20.48.232.178 - - [26/Mar/2026:20:35:00 +0300] "GET /cong.php HTTP/1.1" 404 5750 "-" "-"
20.48.232.178 - - [26/Mar/2026:20:35:00 +0300] "GET /w.php HTTP/1.1" 404 5750 "-" "-"
20.48.232.178 - - [26/Mar/2026:20:35:00 +0300] "GET /404.php HTTP/1.1" 404 5750 "-" "-"
20.48.232.178 - - [26/Mar/2026:20:35:01 +0300] "GET /ioxi-o.php HTTP/1.1" 404 5750 "-" "-"
89.252.162.138 - - [26/Mar/2026:20:35:01 +0300] "POST /wp-cron.php?doing_wp_cron=1774546501.2846949100494384765625 HTTP/1.1" 200 0 "-" "WordPress/6.8.5; https://polikistikover.net"
20.106.150.36 - - [26/Mar/2026:20:34:31 +0300] "POST //xmlrpc.php HTTP/1.1" 200 410 "-" "Mozilla/5.0 (Windows NT 10.0; Win64; x64) AppleWebKit/537.36 (KHTML, like Gecko) Chrome/80.0.3987.149 Safari/537.36"
20.48.232.178 - - [26/Mar/2026:20:35:01 +0300] "GET /0x.php HTTP/1.1" 404 5750 "-" "-"
20.48.232.178 - - [26/Mar/2026:20:35:01 +0300] "GET /css.php HTTP/1.1" 404 5750 "-" "-"
20.48.232.178 - - [26/Mar/2026:20:35:02 +0300] "GET /222.php HTTP/1.1" 404 5750 "-" "-"
20.48.232.178 - - [26/Mar/2026:20:35:02 +0300] "GET /wp-content/index.php HTTP/1.1" 404 5750 "-" "-"
89.252.162.138 - - [26/Mar/2026:20:35:02 +0300] "POST /wp-admin/admin-ajax.php?action=async_litespeed&nonce=sJ9qTOJqigzxHINIt2kZ8BojbnOU4gi8&litespeed_type=imgoptm HTTP/1.1" 200 5 "-" "WordPress/6.8.5; https://polikistikover.net"
20.48.232.178 - - [26/Mar/2026:20:35:02 +0300] "GET /admin.php HTTP/1.1" 404 5750 "-" "-"
20.48.232.178 - - [26/Mar/2026:20:35:03 +0300] "GET /wp-admin/maint/maint.php HTTP/1.1" 404 5750 "-" "-"
20.48.232.178 - - [26/Mar/2026:20:35:03 +0300] "GET /classwithtostring.php HTTP/1.1" 404 5750 "-" "-"
20.48.232.178 - - [26/Mar/2026:20:35:03 +0300] "GET /abcd.php HTTP/1.1" 404 5750 "-" "-"
20.48.232.178 - - [26/Mar/2026:20:35:04 +0300] "GET /autoload_classmap.php?p= HTTP/1.1" 404 5750 "-" "-"
20.48.232.178 - - [26/Mar/2026:20:35:04 +0300] "GET /inputs.php HTTP/1.1" 404 5750 "-" "-"
20.48.232.178 - - [26/Mar/2026:20:35:04 +0300] "GET /about.php HTTP/1.1" 404 5750 "-" "-"
20.48.232.178 - - [26/Mar/2026:20:35:05 +0300] "GET /alfa.php HTTP/1.1" 404 5750 "-" "-"
20.48.232.178 - - [26/Mar/2026:20:35:05 +0300] "GET /themes/twentytwentytwo/index.php HTTP/1.1" 404 5750 "-" "-"
20.48.232.178 - - [26/Mar/2026:20:35:05 +0300] "GET /wp-admin/js/wp-conflg.php?p= HTTP/1.1" 404 5750 "-" "-"
20.48.232.178 - - [26/Mar/2026:20:35:06 +0300] "GET /wp-admin/wp-conflg.php?p= HTTP/1.1" 404 5750 "-" "-"
20.48.232.178 - - [26/Mar/2026:20:35:06 +0300] "GET /wp-admin/css/wp-conflg.php?p= HTTP/1.1" 404 5750 "-" "-"
20.48.232.178 - - [26/Mar/2026:20:35:07 +0300] "GET /manager.php?p= HTTP/1.1" 404 5750 "-" "-"
20.48.232.178 - - [26/Mar/2026:20:35:07 +0300] "GET /item.php HTTP/1.1" 404 5750 "-" "-"
20.48.232.178 - - [26/Mar/2026:20:35:08 +0300] "GET /plugins/Cache/footer.php HTTP/1.1" 404 5750 "-" "-"
20.48.232.178 - - [26/Mar/2026:20:35:08 +0300] "GET /404.php HTTP/1.1" 404 5750 "-" "-"
20.48.232.178 - - [26/Mar/2026:20:35:08 +0300] "GET /mail.php HTTP/1.1" 404 5750 "-" "-"
20.48.232.178 - - [26/Mar/2026:20:35:09 +0300] "GET /wp-content/plugins/index.php HTTP/1.1" 404 5750 "-" "-"
20.48.232.178 - - [26/Mar/2026:20:35:09 +0300] "GET /sx.php HTTP/1.1" 404 5750 "-" "-"
20.48.232.178 - - [26/Mar/2026:20:35:09 +0300] "GET /wp-admin/maint/admin.php HTTP/1.1" 404 5750 "-" "-"
20.48.232.178 - - [26/Mar/2026:20:35:10 +0300] "GET /alfa.php HTTP/1.1" 404 5750 "-" "-"
20.48.232.178 - - [26/Mar/2026:20:35:10 +0300] "GET /1.php HTTP/1.1" 404 5750 "-" "-"
20.48.232.178 - - [26/Mar/2026:20:35:10 +0300] "GET /byp.php HTTP/1.1" 404 5750 "-" "-"
20.48.232.178 - - [26/Mar/2026:20:35:11 +0300] "GET /wp-trackback.php HTTP/1.1" 404 5750 "-" "-"
20.48.232.178 - - [26/Mar/2026:20:35:11 +0300] "GET /.well-known/index.php HTTP/1.1" 404 5750 "-" "-"
20.48.232.178 - - [26/Mar/2026:20:35:11 +0300] "GET /wp-admin/network/plugins.php HTTP/1.1" 404 5750 "-" "-"
20.48.232.178 - - [26/Mar/2026:20:35:12 +0300] "GET /wp-admin/about.php HTTP/1.1" 404 5750 "-" "-"
20.48.232.178 - - [26/Mar/2026:20:35:12 +0300] "GET /gmo.php HTTP/1.1" 404 5750 "-" "-"
20.48.232.178 - - [26/Mar/2026:20:35:12 +0300] "GET /wp-includes/ID3/about.php HTTP/1.1" 404 5750 "-" "-"
20.48.232.178 - - [26/Mar/2026:20:35:13 +0300] "GET /css/index.php HTTP/1.1" 404 5750 "-" "-"
20.48.232.178 - - [26/Mar/2026:20:35:13 +0300] "GET /wp-includes/SimplePie/wp-login.php HTTP/1.1" 404 5750 "-" "-"
20.48.232.178 - - [26/Mar/2026:20:35:13 +0300] "GET /wp-content/themes/about.php HTTP/1.1" 404 5750 "-" "-"
20.48.232.178 - - [26/Mar/2026:20:35:14 +0300] "GET /filemanager/dialog.php HTTP/1.1" 404 5750 "-" "-"
20.48.232.178 - - [26/Mar/2026:20:35:14 +0300] "GET /wp-admin/maint/index.php HTTP/1.1" 404 5750 "-" "-"
20.48.232.178 - - [26/Mar/2026:20:35:14 +0300] "GET /wp-includes/customize/about.php HTTP/1.1" 404 5750 "-" "-"
20.48.232.178 - - [26/Mar/2026:20:35:15 +0300] "GET /index/function.php HTTP/1.1" 404 5750 "-" "-"
20.48.232.178 - - [26/Mar/2026:20:35:15 +0300] "GET /uploads/autoload_classmap.php HTTP/1.1" 404 5750 "-" "-"
20.48.232.178 - - [26/Mar/2026:20:35:15 +0300] "GET /wp-includes/style-engine/about.php HTTP/1.1" 404 5750 "-" "-"
20.48.232.178 - - [26/Mar/2026:20:35:16 +0300] "GET /ww1.php HTTP/1.1" 404 5750 "-" "-"
89.252.162.138 - - [26/Mar/2026:20:35:16 +0300] "POST /wp-cron.php?doing_wp_cron=1774546516.2396700382232666015625 HTTP/1.1" 200 0 "-" "WordPress/6.8.5; https://polikistikover.net"
20.106.150.36 - - [26/Mar/2026:20:35:01 +0300] "POST //xmlrpc.php HTTP/1.1" 200 410 "-" "Mozilla/5.0 (Windows NT 10.0; Win64; x64) AppleWebKit/537.36 (KHTML, like Gecko) Chrome/80.0.3987.149 Safari/537.36"
20.48.232.178 - - [26/Mar/2026:20:35:16 +0300] "GET /about/function.php HTTP/1.1" 404 5750 "-" "-"
20.48.232.178 - - [26/Mar/2026:20:35:16 +0300] "GET /admin/function.php HTTP/1.1" 404 5750 "-" "-"
20.48.232.178 - - [26/Mar/2026:20:35:17 +0300] "GET /.well-known/acme-challenge/index.php HTTP/1.1" 404 5750 "-" "-"
20.48.232.178 - - [26/Mar/2026:20:35:17 +0300] "GET /css/colors/blue/index.php HTTP/1.1" 404 5750 "-" "-"
20.48.232.178 - - [26/Mar/2026:20:35:17 +0300] "GET /security.php HTTP/1.1" 404 5750 "-" "-"
20.48.232.178 - - [26/Mar/2026:20:35:18 +0300] "GET /wp-admin/user/about.php HTTP/1.1" 404 5750 "-" "-"
20.48.232.178 - - [26/Mar/2026:20:35:18 +0300] "GET /wp-admin/js/index.php HTTP/1.1" 404 5750 "-" "-"
20.48.232.178 - - [26/Mar/2026:20:35:18 +0300] "GET /wp-content/upgrade/about.php HTTP/1.1" 404 5750 "-" "-"
20.48.232.178 - - [26/Mar/2026:20:35:19 +0300] "GET /wp-includes/assets/index.php HTTP/1.1" 404 5750 "-" "-"
20.48.232.178 - - [26/Mar/2026:20:35:19 +0300] "GET /wp-content/radio.php HTTP/1.1" 404 5750 "-" "-"
20.48.232.178 - - [26/Mar/2026:20:35:19 +0300] "GET /wp-includes/fonts/index.php?p= HTTP/1.1" 404 5750 "-" "-"
20.48.232.178 - - [26/Mar/2026:20:35:20 +0300] "GET /.well-known/admin.php HTTP/1.1" 404 5750 "-" "-"
20.48.232.178 - - [26/Mar/2026:20:35:20 +0300] "GET /wp-content/admin.php HTTP/1.1" 404 5750 "-" "-"
20.48.232.178 - - [26/Mar/2026:20:35:20 +0300] "GET /wp-content/plugins/admin.php HTTP/1.1" 404 5750 "-" "-"
20.48.232.178 - - [26/Mar/2026:20:35:21 +0300] "GET /wp-content/themes/twentytwentytwo/index.php?p= HTTP/1.1" 404 5750 "-" "-"
20.48.232.178 - - [26/Mar/2026:20:35:21 +0300] "GET /.well-known/log.php HTTP/1.1" 404 5750 "-" "-"
20.48.232.178 - - [26/Mar/2026:20:35:21 +0300] "GET /class.php HTTP/1.1" 404 5750 "-" "-"
20.48.232.178 - - [26/Mar/2026:20:35:22 +0300] "GET /bless5.php HTTP/1.1" 404 5750 "-" "-"
20.48.232.178 - - [26/Mar/2026:20:35:22 +0300] "GET /wp-includes/js/codemirror/index.php HTTP/1.1" 404 5750 "-" "-"
20.48.232.178 - - [26/Mar/2026:20:35:22 +0300] "GET /wp-includes/block-patterns/index.php HTTP/1.1" 404 5750 "-" "-"
20.48.232.178 - - [26/Mar/2026:20:35:23 +0300] "GET /lock360.php HTTP/1.1" 404 5750 "-" "-"
20.48.232.178 - - [26/Mar/2026:20:35:23 +0300] "GET /f35.php HTTP/1.1" 404 5750 "-" "-"
20.48.232.178 - - [26/Mar/2026:20:35:23 +0300] "GET /ioxi-o1.php HTTP/1.1" 404 5750 "-" "-"
20.48.232.178 - - [26/Mar/2026:20:35:24 +0300] "GET /juuuu.php HTTP/1.1" 404 5750 "-" "-"
20.48.232.178 - - [26/Mar/2026:20:35:24 +0300] "GET /ha.php HTTP/1.1" 404 5750 "-" "-"
20.48.232.178 - - [26/Mar/2026:20:35:24 +0300] "GET /gg.php HTTP/1.1" 404 5750 "-" "-"
20.48.232.178 - - [26/Mar/2026:20:35:25 +0300] "GET /we2.php HTTP/1.1" 404 5750 "-" "-"
20.48.232.178 - - [26/Mar/2026:20:35:25 +0300] "GET /04.php HTTP/1.1" 404 5750 "-" "-"
20.48.232.178 - - [26/Mar/2026:20:35:25 +0300] "GET /333.php HTTP/1.1" 404 5750 "-" "-"
20.48.232.178 - - [26/Mar/2026:20:35:26 +0300] "GET /520.php HTTP/1.1" 404 5750 "-" "-"
20.48.232.178 - - [26/Mar/2026:20:35:26 +0300] "GET /ar.php HTTP/1.1" 404 5750 "-" "-"
20.48.232.178 - - [26/Mar/2026:20:35:26 +0300] "GET /x.php HTTP/1.1" 404 5750 "-" "-"
20.48.232.178 - - [26/Mar/2026:20:35:27 +0300] "GET /xx.php HTTP/1.1" 404 5750 "-" "-"
20.48.232.178 - - [26/Mar/2026:20:35:27 +0300] "GET /gifclass4.php HTTP/1.1" 404 5750 "-" "-"
20.48.232.178 - - [26/Mar/2026:20:35:28 +0300] "GET /2clas.php HTTP/1.1" 404 5750 "-" "-"
20.48.232.178 - - [26/Mar/2026:20:35:28 +0300] "GET /ave.php HTTP/1.1" 404 5750 "-" "-"
20.48.232.178 - - [26/Mar/2026:20:35:28 +0300] "GET /wrt.php HTTP/1.1" 404 5750 "-" "-"
20.48.232.178 - - [26/Mar/2026:20:35:29 +0300] "GET /bibil.php HTTP/1.1" 404 5750 "-" "-"
20.48.232.178 - - [26/Mar/2026:20:35:29 +0300] "GET /radio.php HTTP/1.1" 404 5750 "-" "-"
20.48.232.178 - - [26/Mar/2026:20:35:29 +0300] "GET /files.php HTTP/1.1" 404 5750 "-" "-"
20.48.232.178 - - [26/Mar/2026:20:35:29 +0300] "GET /file7.php HTTP/1.1" 404 5750 "-" "-"
20.48.232.178 - - [26/Mar/2026:20:35:30 +0300] "GET /gifclass.php HTTP/1.1" 404 5750 "-" "-"
20.48.232.178 - - [26/Mar/2026:20:35:30 +0300] "GET /wp-admin/css/colors/midnight/about.php HTTP/1.1" 404 5750 "-" "-"
20.106.150.36 - - [26/Mar/2026:20:35:16 +0300] "POST //xmlrpc.php HTTP/1.1" 200 410 "-" "Mozilla/5.0 (Windows NT 10.0; Win64; x64) AppleWebKit/537.36 (KHTML, like Gecko) Chrome/80.0.3987.149 Safari/537.36"
20.48.232.178 - - [26/Mar/2026:20:35:31 +0300] "GET /nox.php HTTP/1.1" 404 5750 "-" "-"
20.48.232.178 - - [26/Mar/2026:20:35:31 +0300] "GET /file48.php HTTP/1.1" 404 5750 "-" "-"
20.48.232.178 - - [26/Mar/2026:20:35:31 +0300] "GET /info.php HTTP/1.1" 404 5750 "-" "-"
20.48.232.178 - - [26/Mar/2026:20:35:32 +0300] "GET /class9.php HTTP/1.1" 404 5750 "-" "-"
20.48.232.178 - - [26/Mar/2026:20:35:32 +0300] "GET /la.php HTTP/1.1" 404 5750 "-" "-"
20.48.232.178 - - [26/Mar/2026:20:35:32 +0300] "GET /bless11.php HTTP/1.1" 404 5750 "-" "-"
20.48.232.178 - - [26/Mar/2026:20:35:33 +0300] "GET /ccou.php HTTP/1.1" 404 5750 "-" "-"
20.48.232.178 - - [26/Mar/2026:20:35:33 +0300] "GET /ton.php HTTP/1.1" 404 5750 "-" "-"
20.48.232.178 - - [26/Mar/2026:20:35:33 +0300] "GET /403.php HTTP/1.1" 404 5750 "-" "-"
20.48.232.178 - - [26/Mar/2026:20:35:34 +0300] "GET /file9.php HTTP/1.1" 404 5750 "-" "-"
20.48.232.178 - - [26/Mar/2026:20:35:34 +0300] "GET /ac.php HTTP/1.1" 404 5750 "-" "-"
20.48.232.178 - - [26/Mar/2026:20:35:34 +0300] "GET /new4.php HTTP/1.1" 404 5750 "-" "-"
20.48.232.178 - - [26/Mar/2026:20:35:35 +0300] "GET /pop.php HTTP/1.1" 404 5750 "-" "-"
20.48.232.178 - - [26/Mar/2026:20:35:35 +0300] "GET /az.php HTTP/1.1" 404 5750 "-" "-"
20.48.232.178 - - [26/Mar/2026:20:35:35 +0300] "GET /xaz.php HTTP/1.1" 404 5750 "-" "-"
20.48.232.178 - - [26/Mar/2026:20:35:36 +0300] "GET /up4.php HTTP/1.1" 404 5750 "-" "-"
20.48.232.178 - - [26/Mar/2026:20:35:36 +0300] "GET /1aa.php HTTP/1.1" 404 5750 "-" "-"
20.48.232.178 - - [26/Mar/2026:20:35:36 +0300] "GET /elp.php HTTP/1.1" 404 5750 "-" "-"
20.48.232.178 - - [26/Mar/2026:20:35:37 +0300] "GET /wtz.php HTTP/1.1" 404 5750 "-" "-"
20.48.232.178 - - [26/Mar/2026:20:35:37 +0300] "GET /galex.php HTTP/1.1" 404 5750 "-" "-"
20.48.232.178 - - [26/Mar/2026:20:35:37 +0300] "GET /xb.php HTTP/1.1" 404 5750 "-" "-"
20.48.232.178 - - [26/Mar/2026:20:35:38 +0300] "GET /ova.php HTTP/1.1" 404 5750 "-" "-"
20.48.232.178 - - [26/Mar/2026:20:35:38 +0300] "GET /vx.php HTTP/1.1" 404 5750 "-" "-"
20.48.232.178 - - [26/Mar/2026:20:35:38 +0300] "GET /rh.php HTTP/1.1" 404 5750 "-" "-"
20.106.150.36 - - [26/Mar/2026:20:35:31 +0300] "POST //xmlrpc.php HTTP/1.1" 200 410 "-" "Mozilla/5.0 (Windows NT 10.0; Win64; x64) AppleWebKit/537.36 (KHTML, like Gecko) Chrome/80.0.3987.149 Safari/537.36"
89.252.162.138 - - [26/Mar/2026:20:25:16 +0300] "POST /wp-cron.php?doing_wp_cron=1774545916.2604739665985107421875 HTTP/1.1" 200 0 "-" "WordPress/6.8.5; https://polikistikover.net"
89.252.162.138 - - [26/Mar/2026:20:26:01 +0300] "POST /wp-cron.php?doing_wp_cron=1774545961.1918480396270751953125 HTTP/1.1" 200 0 "-" "WordPress/6.8.5; https://polikistikover.net"
89.252.162.138 - - [26/Mar/2026:20:26:01 +0300] "POST /wp-admin/admin-ajax.php?action=async_litespeed&nonce=MFhXI5POXqdRG4yKooiQ3Q6J48RqXbXv&litespeed_type=imgoptm HTTP/1.1" 200 5 "-" "WordPress/6.8.5; https://polikistikover.net"
89.252.162.138 - - [26/Mar/2026:20:26:16 +0300] "POST /wp-cron.php?doing_wp_cron=1774545976.0972800254821777343750 HTTP/1.1" 200 0 "-" "WordPress/6.8.5; https://polikistikover.net"
89.252.162.138 - - [26/Mar/2026:20:27:01 +0300] "POST /wp-cron.php?doing_wp_cron=1774546021.0495450496673583984375 HTTP/1.1" 200 0 "-" "WordPress/6.8.5; https://polikistikover.net"
89.252.162.138 - - [26/Mar/2026:20:28:00 +0300] "POST /wp-cron.php?doing_wp_cron=1774546080.8794410228729248046875 HTTP/1.1" 200 0 "-" "WordPress/6.8.5; https://polikistikover.net"
89.252.162.138 - - [26/Mar/2026:20:28:01 +0300] "POST /wp-admin/admin-ajax.php?action=async_litespeed&nonce=pU3IGodWC9Jf7CBnITebF1ZdfOJT97fP&litespeed_type=imgoptm HTTP/1.1" 200 5 "-" "WordPress/6.8.5; https://polikistikover.net"
89.252.162.138 - - [26/Mar/2026:20:28:16 +0300] "POST /wp-cron.php?doing_wp_cron=1774546096.1174929141998291015625 HTTP/1.1" 200 0 "-" "WordPress/6.8.5; https://polikistikover.net"
89.252.162.138 - - [26/Mar/2026:20:29:01 +0300] "POST /wp-admin/admin-ajax.php?action=async_litespeed&nonce=eD7szlXVDgsUsfCbAK7dV2Vgmx9NmVje&litespeed_type=imgoptm HTTP/1.1" 200 5 "-" "WordPress/6.8.5; https://polikistikover.net"
54.84.93.8 - - [26/Mar/2026:20:30:30 +0300] "GET /yeni/polikistik-over-sendromu-tedavisinde-akupunktur/ HTTP/1.1" 200 19534 "-" "Mozilla/5.0 AppleWebKit/537.36 (KHTML, like Gecko; compatible; Amazonbot/0.1; +https://developer.amazon.com/support/amazonbot) Chrome/119.0.6045.214 Safari/537.36"
89.252.162.138 - - [26/Mar/2026:20:31:01 +0300] "POST /wp-admin/admin-ajax.php?action=async_litespeed&nonce=MJQdwOrLGZ7X5E82krbb8lO7ibcx9M8s&litespeed_type=imgoptm HTTP/1.1" 200 5 "-" "WordPress/6.8.5; https://polikistikover.net"
89.252.162.138 - - [26/Mar/2026:20:31:16 +0300] "POST /wp-cron.php?doing_wp_cron=1774546276.1011140346527099609375 HTTP/1.1" 200 0 "-" "WordPress/6.8.5; https://polikistikover.net"
89.252.162.138 - - [26/Mar/2026:20:32:16 +0300] "POST /wp-cron.php?doing_wp_cron=1774546336.2550020217895507812500 HTTP/1.1" 200 0 "-" "WordPress/6.8.5; https://polikistikover.net"
89.252.162.138 - - [26/Mar/2026:20:34:12 +0300] "POST /yeni/wp-cron.php?doing_wp_cron=1774546452.8448069095611572265625 HTTP/1.1" 200 0 "-" "WordPress/6.9.4; https://polikistikover.net/yeni"
52.72.48.71 - - [26/Mar/2026:20:34:07 +0300] "HEAD /yeni/polikistik-over-sendromu-tedavisinde-akupunktur/ HTTP/1.1" 200 0 "-" "Mozilla/5.0 AppleWebKit/605.1.15 (KHTML, like Gecko) Chrome/139.0.0.0 Safari/605.1.15"
89.252.162.138 - - [26/Mar/2026:20:36:01 +0300] "POST /wp-admin/admin-ajax.php?action=async_litespeed&nonce=Efz5fPqpH5Q32JsM5OSeOz6nUYi3BpRc&litespeed_type=imgoptm HTTP/1.1" 200 5 "-" "WordPress/6.8.5; https://polikistikover.net"
89.252.162.138 - - [26/Mar/2026:20:36:16 +0300] "POST /wp-cron.php?doing_wp_cron=1774546576.1539330482482910156250 HTTP/1.1" 200 0 "-" "WordPress/6.8.5; https://polikistikover.net"
89.252.162.138 - - [26/Mar/2026:20:37:01 +0300] "POST /wp-admin/admin-ajax.php?action=async_litespeed&nonce=0M6oHwwxeNjRe0j37bnXNKWkwvLqml7U&litespeed_type=imgoptm HTTP/1.1" 200 5 "-" "WordPress/6.8.5; https://polikistikover.net"
89.252.162.138 - - [26/Mar/2026:20:37:16 +0300] "POST /wp-cron.php?doing_wp_cron=1774546636.3538150787353515625000 HTTP/1.1" 200 0 "-" "WordPress/6.8.5; https://polikistikover.net"
87.250.224.238 - - [26/Mar/2026:20:37:46 +0300] "GET /robots.txt HTTP/1.1" 404 796 "-" "Mozilla/5.0 (compatible; YandexBot/3.0; +http://yandex.com/bots)"
89.252.162.138 - - [26/Mar/2026:20:36:01 +0300] "POST /wp-cron.php?doing_wp_cron=1774546561.1641058921813964843750 HTTP/1.1" 200 0 "-" "WordPress/6.8.5; https://polikistikover.net"
20.106.150.36 - - [26/Mar/2026:20:35:46 +0300] "POST //xmlrpc.php HTTP/1.1" 200 410 "-" "Mozilla/5.0 (Windows NT 10.0; Win64; x64) AppleWebKit/537.36 (KHTML, like Gecko) Chrome/80.0.3987.149 Safari/537.36"
20.106.150.36 - - [26/Mar/2026:20:36:01 +0300] "POST //xmlrpc.php HTTP/1.1" 200 410 "-" "Mozilla/5.0 (Windows NT 10.0; Win64; x64) AppleWebKit/537.36 (KHTML, like Gecko) Chrome/80.0.3987.149 Safari/537.36"
20.106.150.36 - - [26/Mar/2026:20:36:16 +0300] "POST //xmlrpc.php HTTP/1.1" 200 410 "-" "Mozilla/5.0 (Windows NT 10.0; Win64; x64) AppleWebKit/537.36 (KHTML, like Gecko) Chrome/80.0.3987.149 Safari/537.36"
20.106.150.36 - - [26/Mar/2026:20:36:31 +0300] "POST //xmlrpc.php HTTP/1.1" 200 410 "-" "Mozilla/5.0 (Windows NT 10.0; Win64; x64) AppleWebKit/537.36 (KHTML, like Gecko) Chrome/80.0.3987.149 Safari/537.36"
89.252.162.138 - - [26/Mar/2026:20:37:01 +0300] "POST /wp-cron.php?doing_wp_cron=1774546621.0567700862884521484375 HTTP/1.1" 200 0 "-" "WordPress/6.8.5; https://polikistikover.net"
20.106.150.36 - - [26/Mar/2026:20:36:46 +0300] "POST //xmlrpc.php HTTP/1.1" 200 410 "-" "Mozilla/5.0 (Windows NT 10.0; Win64; x64) AppleWebKit/537.36 (KHTML, like Gecko) Chrome/80.0.3987.149 Safari/537.36"
20.106.150.36 - - [26/Mar/2026:20:37:01 +0300] "POST //xmlrpc.php HTTP/1.1" 200 410 "-" "Mozilla/5.0 (Windows NT 10.0; Win64; x64) AppleWebKit/537.36 (KHTML, like Gecko) Chrome/80.0.3987.149 Safari/537.36"
20.106.150.36 - - [26/Mar/2026:20:37:16 +0300] "POST //xmlrpc.php HTTP/1.1" 200 410 "-" "Mozilla/5.0 (Windows NT 10.0; Win64; x64) AppleWebKit/537.36 (KHTML, like Gecko) Chrome/80.0.3987.149 Safari/537.36"
20.106.150.36 - - [26/Mar/2026:20:37:31 +0300] "POST //xmlrpc.php HTTP/1.1" 200 410 "-" "Mozilla/5.0 (Windows NT 10.0; Win64; x64) AppleWebKit/537.36 (KHTML, like Gecko) Chrome/80.0.3987.149 Safari/537.36"
89.252.162.138 - - [26/Mar/2026:20:38:01 +0300] "POST /wp-cron.php?doing_wp_cron=1774546681.3276510238647460937500 HTTP/1.1" 200 0 "-" "WordPress/6.8.5; https://polikistikover.net"
20.106.150.36 - - [26/Mar/2026:20:37:46 +0300] "POST //xmlrpc.php HTTP/1.1" 200 410 "-" "Mozilla/5.0 (Windows NT 10.0; Win64; x64) AppleWebKit/537.36 (KHTML, like Gecko) Chrome/80.0.3987.149 Safari/537.36"
89.252.162.138 - - [26/Mar/2026:20:38:16 +0300] "POST /wp-cron.php?doing_wp_cron=1774546696.0785779953002929687500 HTTP/1.1" 200 0 "-" "WordPress/6.8.5; https://polikistikover.net"
20.106.150.36 - - [26/Mar/2026:20:38:01 +0300] "POST //xmlrpc.php HTTP/1.1" 200 410 "-" "Mozilla/5.0 (Windows NT 10.0; Win64; x64) AppleWebKit/537.36 (KHTML, like Gecko) Chrome/80.0.3987.149 Safari/537.36"
87.250.224.9 - - [26/Mar/2026:20:38:29 +0300] "GET /sitemap-11.xml HTTP/1.1" 404 796 "-" "Mozilla/5.0 (compatible; YandexBot/3.0; +http://yandex.com/bots)"
20.106.150.36 - - [26/Mar/2026:20:38:16 +0300] "POST //xmlrpc.php HTTP/1.1" 200 410 "-" "Mozilla/5.0 (Windows NT 10.0; Win64; x64) AppleWebKit/537.36 (KHTML, like Gecko) Chrome/80.0.3987.149 Safari/537.36"
213.180.203.193 - - [26/Mar/2026:20:38:31 +0300] "GET /sitemap-9.xml HTTP/1.1" 404 796 "-" "Mozilla/5.0 (compatible; YandexBot/3.0; +http://yandex.com/bots)"
95.108.213.106 - - [26/Mar/2026:20:38:31 +0300] "GET /sitemap-10.xml HTTP/1.1" 404 796 "-" "Mozilla/5.0 (compatible; YandexBot/3.0; +http://yandex.com/bots)"
89.252.162.138 - - [26/Mar/2026:20:38:39 +0300] "POST /yeni/wp-cron.php?doing_wp_cron=1774546719.8365709781646728515625 HTTP/1.1" 200 0 "-" "WordPress/6.9.4; https://polikistikover.net/yeni"
20.106.150.36 - - [26/Mar/2026:20:38:31 +0300] "POST //xmlrpc.php HTTP/1.1" 200 410 "-" "Mozilla/5.0 (Windows NT 10.0; Win64; x64) AppleWebKit/537.36 (KHTML, like Gecko) Chrome/80.0.3987.149 Safari/537.36"
20.106.150.36 - - [26/Mar/2026:20:38:46 +0300] "POST //xmlrpc.php HTTP/1.1" 200 410 "-" "Mozilla/5.0 (Windows NT 10.0; Win64; x64) AppleWebKit/537.36 (KHTML, like Gecko) Chrome/80.0.3987.149 Safari/537.36"
89.252.162.138 - - [26/Mar/2026:20:39:01 +0300] "POST /wp-admin/admin-ajax.php?action=async_litespeed&nonce=CVHICfsuXxkUVyBPWKwJWukVmAD8KN2E&litespeed_type=imgoptm HTTP/1.1" 200 5 "-" "WordPress/6.8.5; https://polikistikover.net"
20.106.150.36 - - [26/Mar/2026:20:39:01 +0300] "POST //xmlrpc.php HTTP/1.1" 200 410 "-" "Mozilla/5.0 (Windows NT 10.0; Win64; x64) AppleWebKit/537.36 (KHTML, like Gecko) Chrome/80.0.3987.149 Safari/537.36"
20.106.150.36 - - [26/Mar/2026:20:39:16 +0300] "POST //xmlrpc.php HTTP/1.1" 200 410 "-" "Mozilla/5.0 (Windows NT 10.0; Win64; x64) AppleWebKit/537.36 (KHTML, like Gecko) Chrome/80.0.3987.149 Safari/537.36"
20.106.150.36 - - [26/Mar/2026:20:39:31 +0300] "POST //xmlrpc.php HTTP/1.1" 200 410 "-" "Mozilla/5.0 (Windows NT 10.0; Win64; x64) AppleWebKit/537.36 (KHTML, like Gecko) Chrome/80.0.3987.149 Safari/537.36"
20.106.150.36 - - [26/Mar/2026:20:39:46 +0300] "POST //xmlrpc.php HTTP/1.1" 200 410 "-" "Mozilla/5.0 (Windows NT 10.0; Win64; x64) AppleWebKit/537.36 (KHTML, like Gecko) Chrome/80.0.3987.149 Safari/537.36"
20.106.150.36 - - [26/Mar/2026:20:40:01 +0300] "POST //xmlrpc.php HTTP/1.1" 200 410 "-" "Mozilla/5.0 (Windows NT 10.0; Win64; x64) AppleWebKit/537.36 (KHTML, like Gecko) Chrome/80.0.3987.149 Safari/537.36"
20.106.150.36 - - [26/Mar/2026:20:40:16 +0300] "POST //xmlrpc.php HTTP/1.1" 200 410 "-" "Mozilla/5.0 (Windows NT 10.0; Win64; x64) AppleWebKit/537.36 (KHTML, like Gecko) Chrome/80.0.3987.149 Safari/537.36"
20.106.150.36 - - [26/Mar/2026:20:40:31 +0300] "POST //xmlrpc.php HTTP/1.1" 200 410 "-" "Mozilla/5.0 (Windows NT 10.0; Win64; x64) AppleWebKit/537.36 (KHTML, like Gecko) Chrome/80.0.3987.149 Safari/537.36"
89.252.162.138 - - [26/Mar/2026:20:41:01 +0300] "POST /wp-cron.php?doing_wp_cron=1774546861.2324450016021728515625 HTTP/1.1" 200 0 "-" "WordPress/6.8.5; https://polikistikover.net"
20.106.150.36 - - [26/Mar/2026:20:40:46 +0300] "POST //xmlrpc.php HTTP/1.1" 200 410 "-" "Mozilla/5.0 (Windows NT 10.0; Win64; x64) AppleWebKit/537.36 (KHTML, like Gecko) Chrome/80.0.3987.149 Safari/537.36"
89.252.162.138 - - [26/Mar/2026:20:41:01 +0300] "POST /wp-admin/admin-ajax.php?action=async_litespeed&nonce=W8q33tOZM8fufr3T7PUGlAEcvZymgCCn&litespeed_type=imgoptm HTTP/1.1" 200 5 "-" "WordPress/6.8.5; https://polikistikover.net"
20.106.150.36 - - [26/Mar/2026:20:41:01 +0300] "POST //xmlrpc.php HTTP/1.1" 200 410 "-" "Mozilla/5.0 (Windows NT 10.0; Win64; x64) AppleWebKit/537.36 (KHTML, like Gecko) Chrome/80.0.3987.149 Safari/537.36"
20.106.150.36 - - [26/Mar/2026:20:41:16 +0300] "POST //xmlrpc.php HTTP/1.1" 200 410 "-" "Mozilla/5.0 (Windows NT 10.0; Win64; x64) AppleWebKit/537.36 (KHTML, like Gecko) Chrome/80.0.3987.149 Safari/537.36"
20.106.150.36 - - [26/Mar/2026:20:41:31 +0300] "POST //xmlrpc.php HTTP/1.1" 200 410 "-" "Mozilla/5.0 (Windows NT 10.0; Win64; x64) AppleWebKit/537.36 (KHTML, like Gecko) Chrome/80.0.3987.149 Safari/537.36"
89.252.162.138 - - [26/Mar/2026:20:42:01 +0300] "POST /wp-cron.php?doing_wp_cron=1774546921.1472671031951904296875 HTTP/1.1" 200 0 "-" "WordPress/6.8.5; https://polikistikover.net"
20.106.150.36 - - [26/Mar/2026:20:41:46 +0300] "POST //xmlrpc.php HTTP/1.1" 200 410 "-" "Mozilla/5.0 (Windows NT 10.0; Win64; x64) AppleWebKit/537.36 (KHTML, like Gecko) Chrome/80.0.3987.149 Safari/537.36"
89.252.162.138 - - [26/Mar/2026:20:42:01 +0300] "POST /wp-admin/admin-ajax.php?action=async_litespeed&nonce=hpdhmky5fp2UdGSPlKA2Ej8i5oGmRDPy&litespeed_type=imgoptm HTTP/1.1" 200 5 "-" "WordPress/6.8.5; https://polikistikover.net"
20.106.150.36 - - [26/Mar/2026:20:42:01 +0300] "POST //xmlrpc.php HTTP/1.1" 200 410 "-" "Mozilla/5.0 (Windows NT 10.0; Win64; x64) AppleWebKit/537.36 (KHTML, like Gecko) Chrome/80.0.3987.149 Safari/537.36"
20.106.150.36 - - [26/Mar/2026:20:42:16 +0300] "POST //xmlrpc.php HTTP/1.1" 200 410 "-" "Mozilla/5.0 (Windows NT 10.0; Win64; x64) AppleWebKit/537.36 (KHTML, like Gecko) Chrome/80.0.3987.149 Safari/537.36"
87.250.224.214 - - [26/Mar/2026:20:37:47 +0300] "GET /polikistik-over-sendromunda-tuylenme-artisi-killanma-ve-tedavisi/ HTTP/1.1" 404 796 "-" "Mozilla/5.0 (compatible; YandexBot/3.0; +http://yandex.com/bots) AppleWebKit/537.36 (KHTML, like Gecko) Chrome/108.0.0.0"
89.252.162.138 - - [26/Mar/2026:20:38:02 +0300] "POST /wp-admin/admin-ajax.php?action=async_litespeed&nonce=ntzfQlAgDWx1S83rgBsaDMBJDHSfriaf&litespeed_type=imgoptm HTTP/1.1" 200 5 "-" "WordPress/6.8.5; https://polikistikover.net"
5.255.231.130 - - [26/Mar/2026:20:38:30 +0300] "GET /sitemap-1.xml HTTP/1.1" 404 796 "-" "Mozilla/5.0 (compatible; YandexBot/3.0; +http://yandex.com/bots)"
87.250.224.74 - - [26/Mar/2026:20:38:33 +0300] "GET /sitemap-14.xml HTTP/1.1" 404 796 "-" "Mozilla/5.0 (compatible; YandexBot/3.0; +http://yandex.com/bots)"
149.22.83.17 - - [26/Mar/2026:20:38:38 +0300] "GET /robots.txt HTTP/1.1" 404 796 "-" "Mozilla/5.0 (compatible; MJ12bot/v1.4.8; http://mj12bot.com/)"
34.236.185.101 - - [26/Mar/2026:20:38:38 +0300] "GET /yeni/polikistik-over-sendromunda-cinsel-istek-ve-escinsellik-lezbiyen-gay-transseksuel/ HTTP/1.1" 200 21028 "-" "Mozilla/5.0 AppleWebKit/537.36 (KHTML, like Gecko; compatible; Amazonbot/0.1; +https://developer.amazon.com/support/amazonbot) Chrome/119.0.6045.214 Safari/537.36"
149.22.83.17 - - [26/Mar/2026:20:38:39 +0300] "GET /jlwcrqw/companies-expanding-internationally-2020 HTTP/1.1" 404 796 "-" "Mozilla/5.0 (compatible; MJ12bot/v1.4.8; http://mj12bot.com/)"
89.252.162.138 - - [26/Mar/2026:20:39:00 +0300] "POST /wp-cron.php?doing_wp_cron=1774546740.9540059566497802734375 HTTP/1.1" 200 0 "-" "WordPress/6.8.5; https://polikistikover.net"
89.252.162.138 - - [26/Mar/2026:20:39:16 +0300] "POST /wp-cron.php?doing_wp_cron=1774546756.3350079059600830078125 HTTP/1.1" 200 0 "-" "WordPress/6.8.5; https://polikistikover.net"
89.252.162.138 - - [26/Mar/2026:20:40:01 +0300] "POST /wp-cron.php?doing_wp_cron=1774546801.1605460643768310546875 HTTP/1.1" 200 0 "-" "WordPress/6.8.5; https://polikistikover.net"
89.252.162.138 - - [26/Mar/2026:20:40:01 +0300] "POST /wp-admin/admin-ajax.php?action=async_litespeed&nonce=Vmew00GCFbdjAuTOlCuOoR6O4TxxGGHS&litespeed_type=imgoptm HTTP/1.1" 200 5 "-" "WordPress/6.8.5; https://polikistikover.net"
89.252.162.138 - - [26/Mar/2026:20:40:16 +0300] "POST /wp-cron.php?doing_wp_cron=1774546816.0480849742889404296875 HTTP/1.1" 200 0 "-" "WordPress/6.8.5; https://polikistikover.net"
101.33.55.204 - - [26/Mar/2026:20:41:08 +0300] "GET /sex-hormone-binding-globulin/ HTTP/1.1" 404 796 "http://polikistikover.net/sex-hormone-binding-globulin/" "Mozilla/5.0 (iPhone; CPU iPhone OS 13_2_3 like Mac OS X) AppleWebKit/605.1.15 (KHTML, like Gecko) Version/13.0.3 Mobile/15E148 Safari/604.1"
89.252.162.138 - - [26/Mar/2026:20:41:16 +0300] "POST /wp-cron.php?doing_wp_cron=1774546876.2971670627593994140625 HTTP/1.1" 200 0 "-" "WordPress/6.8.5; https://polikistikover.net"
89.252.162.138 - - [26/Mar/2026:20:42:16 +0300] "POST /wp-cron.php?doing_wp_cron=1774546936.2674019336700439453125 HTTP/1.1" 200 0 "-" "WordPress/6.8.5; https://polikistikover.net"
173.239.218.195 - - [26/Mar/2026:20:44:18 +0300] "GET /wp-includes/css/buttons.css HTTP/2" 200 2489 "http://polikistikover.net/wp-includes/css/buttons.css" "Go-http-client/2.0"
89.252.162.138 - - [26/Mar/2026:20:45:01 +0300] "POST /wp-cron.php?doing_wp_cron=1774547101.2187829017639160156250 HTTP/1.1" 200 0 "-" "WordPress/6.8.5; https://polikistikover.net"
89.252.162.138 - - [26/Mar/2026:20:45:01 +0300] "POST /wp-admin/admin-ajax.php?action=async_litespeed&nonce=PgGBxTZWLOZMAyePAWmH8nbI2u9TlX0M&litespeed_type=imgoptm HTTP/1.1" 200 5 "-" "WordPress/6.8.5; https://polikistikover.net"
89.252.162.138 - - [26/Mar/2026:20:45:16 +0300] "POST /wp-cron.php?doing_wp_cron=1774547116.2639598846435546875000 HTTP/1.1" 200 0 "-" "WordPress/6.8.5; https://polikistikover.net"
89.252.162.138 - - [26/Mar/2026:20:46:01 +0300] "POST /wp-cron.php?doing_wp_cron=1774547161.4273500442504882812500 HTTP/1.1" 200 0 "-" "WordPress/6.8.5; https://polikistikover.net"
20.106.150.36 - - [26/Mar/2026:20:42:31 +0300] "POST //xmlrpc.php HTTP/1.1" 200 410 "-" "Mozilla/5.0 (Windows NT 10.0; Win64; x64) AppleWebKit/537.36 (KHTML, like Gecko) Chrome/80.0.3987.149 Safari/537.36"
89.252.162.138 - - [26/Mar/2026:20:43:01 +0300] "POST /wp-cron.php?doing_wp_cron=1774546981.2770071029663085937500 HTTP/1.1" 200 0 "-" "WordPress/6.8.5; https://polikistikover.net"
20.106.150.36 - - [26/Mar/2026:20:42:46 +0300] "POST //xmlrpc.php HTTP/1.1" 200 410 "-" "Mozilla/5.0 (Windows NT 10.0; Win64; x64) AppleWebKit/537.36 (KHTML, like Gecko) Chrome/80.0.3987.149 Safari/537.36"
89.252.162.138 - - [26/Mar/2026:20:43:02 +0300] "POST /wp-admin/admin-ajax.php?action=async_litespeed&nonce=a0HQ17FC9C9Hj7BFFFyrHDz8mFtnOZhp&litespeed_type=imgoptm HTTP/1.1" 200 5 "-" "WordPress/6.8.5; https://polikistikover.net"
89.252.162.138 - - [26/Mar/2026:20:43:16 +0300] "POST /wp-cron.php?doing_wp_cron=1774546996.1865680217742919921875 HTTP/1.1" 200 0 "-" "WordPress/6.8.5; https://polikistikover.net"
20.106.150.36 - - [26/Mar/2026:20:43:01 +0300] "POST //xmlrpc.php HTTP/1.1" 200 410 "-" "Mozilla/5.0 (Windows NT 10.0; Win64; x64) AppleWebKit/537.36 (KHTML, like Gecko) Chrome/80.0.3987.149 Safari/537.36"
20.106.150.36 - - [26/Mar/2026:20:43:16 +0300] "POST //xmlrpc.php HTTP/1.1" 200 410 "-" "Mozilla/5.0 (Windows NT 10.0; Win64; x64) AppleWebKit/537.36 (KHTML, like Gecko) Chrome/80.0.3987.149 Safari/537.36"
20.106.150.36 - - [26/Mar/2026:20:43:31 +0300] "POST //xmlrpc.php HTTP/1.1" 200 410 "-" "Mozilla/5.0 (Windows NT 10.0; Win64; x64) AppleWebKit/537.36 (KHTML, like Gecko) Chrome/80.0.3987.149 Safari/537.36"
89.252.162.138 - - [26/Mar/2026:20:44:01 +0300] "POST /wp-cron.php?doing_wp_cron=1774547041.0703520774841308593750 HTTP/1.1" 200 0 "-" "WordPress/6.8.5; https://polikistikover.net"
20.106.150.36 - - [26/Mar/2026:20:43:46 +0300] "POST //xmlrpc.php HTTP/1.1" 200 403 "-" "Mozilla/5.0 (Windows NT 10.0; Win64; x64) AppleWebKit/537.36 (KHTML, like Gecko) Chrome/80.0.3987.149 Safari/537.36"
89.252.162.138 - - [26/Mar/2026:20:44:01 +0300] "POST /wp-admin/admin-ajax.php?action=async_litespeed&nonce=xA6jmrQe1tUHjAt6zyvkYEFQrPsdNW17&litespeed_type=imgoptm HTTP/1.1" 200 5 "-" "WordPress/6.8.5; https://polikistikover.net"
89.252.162.138 - - [26/Mar/2026:20:44:16 +0300] "POST /wp-cron.php?doing_wp_cron=1774547056.3228099346160888671875 HTTP/1.1" 200 0 "-" "WordPress/6.8.5; https://polikistikover.net"
20.106.150.36 - - [26/Mar/2026:20:44:01 +0300] "POST //xmlrpc.php HTTP/1.1" 200 410 "-" "Mozilla/5.0 (Windows NT 10.0; Win64; x64) AppleWebKit/537.36 (KHTML, like Gecko) Chrome/80.0.3987.149 Safari/537.36"
20.106.150.36 - - [26/Mar/2026:20:44:16 +0300] "POST //xmlrpc.php HTTP/1.1" 200 410 "-" "Mozilla/5.0 (Windows NT 10.0; Win64; x64) AppleWebKit/537.36 (KHTML, like Gecko) Chrome/80.0.3987.149 Safari/537.36"
20.106.150.36 - - [26/Mar/2026:20:44:31 +0300] "POST //xmlrpc.php HTTP/1.1" 200 410 "-" "Mozilla/5.0 (Windows NT 10.0; Win64; x64) AppleWebKit/537.36 (KHTML, like Gecko) Chrome/80.0.3987.149 Safari/537.36"
20.106.150.36 - - [26/Mar/2026:20:44:46 +0300] "POST //xmlrpc.php HTTP/1.1" 200 410 "-" "Mozilla/5.0 (Windows NT 10.0; Win64; x64) AppleWebKit/537.36 (KHTML, like Gecko) Chrome/80.0.3987.149 Safari/537.36"
20.106.150.36 - - [26/Mar/2026:20:45:01 +0300] "POST //xmlrpc.php HTTP/1.1" 200 410 "-" "Mozilla/5.0 (Windows NT 10.0; Win64; x64) AppleWebKit/537.36 (KHTML, like Gecko) Chrome/80.0.3987.149 Safari/537.36"
20.106.150.36 - - [26/Mar/2026:20:45:16 +0300] "POST //xmlrpc.php HTTP/1.1" 200 410 "-" "Mozilla/5.0 (Windows NT 10.0; Win64; x64) AppleWebKit/537.36 (KHTML, like Gecko) Chrome/80.0.3987.149 Safari/537.36"
