89.252.162.138 - - [26/Mar/2026:18:11:01 +0300] "POST /wp-cron.php?doing_wp_cron=1774537861.9109048843383789062500 HTTP/1.1" 200 0 "-" "WordPress/6.8.5; https://polikistikover.net"
89.252.162.138 - - [26/Mar/2026:18:11:02 +0300] "POST /wp-admin/admin-ajax.php?action=async_litespeed&nonce=7qoaKBrCf7Yb08RjlL1mL4d8iFNHXKV1&litespeed_type=imgoptm HTTP/1.1" 200 5 "-" "WordPress/6.8.5; https://polikistikover.net"
89.252.162.138 - - [26/Mar/2026:18:11:32 +0300] "POST /wp-cron.php?doing_wp_cron=1774537892.6587250232696533203125 HTTP/1.1" 200 0 "-" "WordPress/6.8.5; https://polikistikover.net"
114.119.136.68 - - [26/Mar/2026:18:11:53 +0300] "GET /category/duyurular/page/5 HTTP/1.1" 404 796 "http://polikistikover.net/category/duyurular/page/4/" "Mozilla/5.0 (Linux; Android 7.0;) AppleWebKit/537.36 (KHTML, like Gecko) Mobile Safari/537.36 (compatible; PetalBot;+https://webmaster.petalsearch.com/site/petalbot)"
54.87.243.141 - - [26/Mar/2026:18:08:46 +0300] "POST //xmlrpc.php HTTP/1.1" 200 410 "-" "Mozilla/5.0 (Windows NT 10.0; Win64; x64) AppleWebKit/537.36 (KHTML, like Gecko) Chrome/80.0.3987.149 Safari/537.36"
89.252.162.138 - - [26/Mar/2026:18:09:17 +0300] "POST /wp-admin/admin-ajax.php?action=async_litespeed&nonce=4t5koWnw0IJHx4m4L1s90uEJN8qMzfNW&litespeed_type=imgoptm HTTP/1.1" 200 5 "-" "WordPress/6.8.5; https://polikistikover.net"
54.87.243.141 - - [26/Mar/2026:18:09:16 +0300] "POST //xmlrpc.php HTTP/1.1" 200 410 "-" "Mozilla/5.0 (Windows NT 10.0; Win64; x64) AppleWebKit/537.36 (KHTML, like Gecko) Chrome/80.0.3987.149 Safari/537.36"
54.87.243.141 - - [26/Mar/2026:18:09:32 +0300] "POST //xmlrpc.php HTTP/1.1" 200 410 "-" "Mozilla/5.0 (Windows NT 10.0; Win64; x64) AppleWebKit/537.36 (KHTML, like Gecko) Chrome/80.0.3987.149 Safari/537.36"
89.252.162.138 - - [26/Mar/2026:18:10:02 +0300] "POST /wp-admin/admin-ajax.php?action=async_litespeed&nonce=PvG9bKoJn4zeRcOexYSPVmsaIJmbINz6&litespeed_type=imgoptm HTTP/1.1" 200 5 "-" "WordPress/6.8.5; https://polikistikover.net"
54.87.243.141 - - [26/Mar/2026:18:10:02 +0300] "POST //xmlrpc.php HTTP/1.1" 200 410 "-" "Mozilla/5.0 (Windows NT 10.0; Win64; x64) AppleWebKit/537.36 (KHTML, like Gecko) Chrome/80.0.3987.149 Safari/537.36"
54.87.243.141 - - [26/Mar/2026:18:10:17 +0300] "POST //xmlrpc.php HTTP/1.1" 200 410 "-" "Mozilla/5.0 (Windows NT 10.0; Win64; x64) AppleWebKit/537.36 (KHTML, like Gecko) Chrome/80.0.3987.149 Safari/537.36"
54.87.243.141 - - [26/Mar/2026:18:10:47 +0300] "POST //xmlrpc.php HTTP/1.1" 200 410 "-" "Mozilla/5.0 (Windows NT 10.0; Win64; x64) AppleWebKit/537.36 (KHTML, like Gecko) Chrome/80.0.3987.149 Safari/537.36"
54.87.243.141 - - [26/Mar/2026:18:11:02 +0300] "POST //xmlrpc.php HTTP/1.1" 200 410 "-" "Mozilla/5.0 (Windows NT 10.0; Win64; x64) AppleWebKit/537.36 (KHTML, like Gecko) Chrome/80.0.3987.149 Safari/537.36"
89.252.162.138 - - [26/Mar/2026:18:11:47 +0300] "POST /wp-cron.php?doing_wp_cron=1774537907.5403718948364257812500 HTTP/1.1" 200 0 "-" "WordPress/6.8.5; https://polikistikover.net"
20.48.232.178 - - [26/Mar/2026:18:11:48 +0300] "GET /wp-content/plugins/hellopress/wp_filemanager.php HTTP/1.1" 404 5749 "-" "-"
54.87.243.141 - - [26/Mar/2026:18:11:33 +0300] "POST //xmlrpc.php HTTP/1.1" 200 410 "-" "Mozilla/5.0 (Windows NT 10.0; Win64; x64) AppleWebKit/537.36 (KHTML, like Gecko) Chrome/80.0.3987.149 Safari/537.36"
89.252.162.138 - - [26/Mar/2026:18:11:48 +0300] "POST /wp-admin/admin-ajax.php?action=async_litespeed&nonce=SF1e6PZvF3zVurjqzgu7a785r4q2HxxR&litespeed_type=imgoptm HTTP/1.1" 200 5 "-" "WordPress/6.8.5; https://polikistikover.net"
89.252.162.138 - - [26/Mar/2026:18:12:47 +0300] "POST /wp-cron.php?doing_wp_cron=1774537967.5168519020080566406250 HTTP/1.1" 200 0 "-" "WordPress/6.8.5; https://polikistikover.net"
54.87.243.141 - - [26/Mar/2026:18:11:50 +0300] "POST //xmlrpc.php HTTP/1.1" 200 410 "-" "Mozilla/5.0 (Windows NT 10.0; Win64; x64) AppleWebKit/537.36 (KHTML, like Gecko) Chrome/80.0.3987.149 Safari/537.36"
89.252.162.138 - - [26/Mar/2026:18:12:48 +0300] "POST /wp-admin/admin-ajax.php?action=async_litespeed&nonce=QhfmpLpNAlVer7Ascs9BrUMSvXTtk5W1&litespeed_type=imgoptm HTTP/1.1" 200 5 "-" "WordPress/6.8.5; https://polikistikover.net"
89.252.162.138 - - [26/Mar/2026:18:13:16 +0300] "POST /wp-cron.php?doing_wp_cron=1774537996.6354579925537109375000 HTTP/1.1" 200 0 "-" "WordPress/6.8.5; https://polikistikover.net"
54.87.243.141 - - [26/Mar/2026:18:12:49 +0300] "POST //xmlrpc.php HTTP/1.1" 200 410 "-" "Mozilla/5.0 (Windows NT 10.0; Win64; x64) AppleWebKit/537.36 (KHTML, like Gecko) Chrome/80.0.3987.149 Safari/537.36"
54.87.243.141 - - [26/Mar/2026:18:13:16 +0300] "POST //xmlrpc.php HTTP/1.1" 200 410 "-" "Mozilla/5.0 (Windows NT 10.0; Win64; x64) AppleWebKit/537.36 (KHTML, like Gecko) Chrome/80.0.3987.149 Safari/537.36"
198.98.50.128 - - [26/Mar/2026:18:14:15 +0300] "GET /wp-login.php HTTP/1.1" 200 3154 "-" "Mozilla/5.0 (Windows NT 10.0; Win64; x64) AppleWebKit/537.36 (KHTML, like Gecko) Chrome/134.0.0.0 Safari/537.36"
54.87.243.141 - - [26/Mar/2026:18:13:46 +0300] "POST //xmlrpc.php HTTP/1.1" 200 410 "-" "Mozilla/5.0 (Windows NT 10.0; Win64; x64) AppleWebKit/537.36 (KHTML, like Gecko) Chrome/80.0.3987.149 Safari/537.36"
89.252.162.138 - - [26/Mar/2026:18:14:17 +0300] "POST /wp-admin/admin-ajax.php?action=async_litespeed&nonce=DWtfnjFraCJ427TSXNfhy48o9Pe1CYaL&litespeed_type=imgoptm HTTP/1.1" 200 5 "-" "WordPress/6.8.5; https://polikistikover.net"
205.185.117.70 - - [26/Mar/2026:18:14:21 +0300] "GET /wp-login.php HTTP/1.1" 200 10669 "-" "Mozilla/5.0 (Windows NT 6.3; WOW64; rv:30.0) Gecko/20100101 Firefox/30.0"
205.185.117.70 - - [26/Mar/2026:18:14:22 +0300] "POST /wp-login.php HTTP/1.1" 200 11178 "-" "Mozilla/5.0 (Windows NT 6.3; WOW64; rv:30.0) Gecko/20100101 Firefox/30.0"
54.87.243.141 - - [26/Mar/2026:18:14:16 +0300] "POST //xmlrpc.php HTTP/1.1" 200 410 "-" "Mozilla/5.0 (Windows NT 10.0; Win64; x64) AppleWebKit/537.36 (KHTML, like Gecko) Chrome/80.0.3987.149 Safari/537.36"
54.87.243.141 - - [26/Mar/2026:18:14:46 +0300] "POST //xmlrpc.php HTTP/1.1" 200 410 "-" "Mozilla/5.0 (Windows NT 10.0; Win64; x64) AppleWebKit/537.36 (KHTML, like Gecko) Chrome/80.0.3987.149 Safari/537.36"
89.252.162.138 - - [26/Mar/2026:18:15:17 +0300] "POST /wp-admin/admin-ajax.php?action=async_litespeed&nonce=U0uAnVJf12yvye4BSHqjkYSaDgPuG5W6&litespeed_type=imgoptm HTTP/1.1" 200 5 "-" "WordPress/6.8.5; https://polikistikover.net"
54.87.243.141 - - [26/Mar/2026:18:15:16 +0300] "POST //xmlrpc.php HTTP/1.1" 200 410 "-" "Mozilla/5.0 (Windows NT 10.0; Win64; x64) AppleWebKit/537.36 (KHTML, like Gecko) Chrome/80.0.3987.149 Safari/537.36"
89.252.162.138 - - [26/Mar/2026:18:16:16 +0300] "POST /wp-cron.php?doing_wp_cron=1774538176.4438009262084960937500 HTTP/1.1" 200 0 "-" "WordPress/6.8.5; https://polikistikover.net"
54.87.243.141 - - [26/Mar/2026:18:15:46 +0300] "POST //xmlrpc.php HTTP/1.1" 200 410 "-" "Mozilla/5.0 (Windows NT 10.0; Win64; x64) AppleWebKit/537.36 (KHTML, like Gecko) Chrome/80.0.3987.149 Safari/537.36"
89.252.162.138 - - [26/Mar/2026:18:16:17 +0300] "POST /wp-admin/admin-ajax.php?action=async_litespeed&nonce=taHRvG1ARDJlGyYWyrFeLubInYh3uiAC&litespeed_type=imgoptm HTTP/1.1" 200 5 "-" "WordPress/6.8.5; https://polikistikover.net"
66.220.149.13 - - [26/Mar/2026:18:16:35 +0300] "GET / HTTP/2" 200 76 "-" "facebookexternalhit/1.1 (+http://www.facebook.com/externalhit_uatext.php)"
34.195.178.221 - - [26/Mar/2026:18:16:44 +0300] "GET /robots.txt HTTP/1.1" 404 796 "-" "Mozilla/5.0 (Macintosh; Intel Mac OS X 10_10_1) AppleWebKit/600.2.5 (KHTML, like Gecko) Version/8.0.2 Safari/600.2.5 (Gort)"
54.87.243.141 - - [26/Mar/2026:18:16:16 +0300] "POST //xmlrpc.php HTTP/1.1" 200 410 "-" "Mozilla/5.0 (Windows NT 10.0; Win64; x64) AppleWebKit/537.36 (KHTML, like Gecko) Chrome/80.0.3987.149 Safari/537.36"
89.252.162.138 - - [26/Mar/2026:18:17:16 +0300] "POST /wp-cron.php?doing_wp_cron=1774538236.4263410568237304687500 HTTP/1.1" 200 0 "-" "WordPress/6.8.5; https://polikistikover.net"
54.87.243.141 - - [26/Mar/2026:18:16:46 +0300] "POST //xmlrpc.php HTTP/1.1" 200 410 "-" "Mozilla/5.0 (Windows NT 10.0; Win64; x64) AppleWebKit/537.36 (KHTML, like Gecko) Chrome/80.0.3987.149 Safari/537.36"
54.87.243.141 - - [26/Mar/2026:18:17:16 +0300] "POST //xmlrpc.php HTTP/1.1" 200 410 "-" "Mozilla/5.0 (Windows NT 10.0; Win64; x64) AppleWebKit/537.36 (KHTML, like Gecko) Chrome/80.0.3987.149 Safari/537.36"
54.87.243.141 - - [26/Mar/2026:18:17:46 +0300] "POST //xmlrpc.php HTTP/1.1" 200 410 "-" "Mozilla/5.0 (Windows NT 10.0; Win64; x64) AppleWebKit/537.36 (KHTML, like Gecko) Chrome/80.0.3987.149 Safari/537.36"
54.87.243.141 - - [26/Mar/2026:18:18:16 +0300] "POST //xmlrpc.php HTTP/1.1" 200 410 "-" "Mozilla/5.0 (Windows NT 10.0; Win64; x64) AppleWebKit/537.36 (KHTML, like Gecko) Chrome/80.0.3987.149 Safari/537.36"
89.252.162.138 - - [26/Mar/2026:18:19:16 +0300] "POST /wp-cron.php?doing_wp_cron=1774538356.7082619667053222656250 HTTP/1.1" 200 0 "-" "WordPress/6.8.5; https://polikistikover.net"
54.87.243.141 - - [26/Mar/2026:18:18:46 +0300] "POST //xmlrpc.php HTTP/1.1" 200 410 "-" "Mozilla/5.0 (Windows NT 10.0; Win64; x64) AppleWebKit/537.36 (KHTML, like Gecko) Chrome/80.0.3987.149 Safari/537.36"
89.252.162.138 - - [26/Mar/2026:18:19:17 +0300] "POST /wp-admin/admin-ajax.php?action=async_litespeed&nonce=FXWbjAL1arVAQWKZ3add8KrhixTWxSJt&litespeed_type=imgoptm HTTP/1.1" 200 5 "-" "WordPress/6.8.5; https://polikistikover.net"
54.87.243.141 - - [26/Mar/2026:18:19:16 +0300] "POST //xmlrpc.php HTTP/1.1" 200 410 "-" "Mozilla/5.0 (Windows NT 10.0; Win64; x64) AppleWebKit/537.36 (KHTML, like Gecko) Chrome/80.0.3987.149 Safari/537.36"
114.119.134.3 - - [26/Mar/2026:18:19:57 +0300] "GET /zquzbk/most-popular-autographs HTTP/2" 404 796 "-" "Mozilla/5.0 (Linux; Android 7.0;) AppleWebKit/537.36 (HTML, like Gecko) Mobile Safari/537.36 (compatible; PetalBot;+https://webmaster.petalsearch.com/site/petalbot)"
54.87.243.141 - - [26/Mar/2026:18:19:46 +0300] "POST //xmlrpc.php HTTP/1.1" 200 410 "-" "Mozilla/5.0 (Windows NT 10.0; Win64; x64) AppleWebKit/537.36 (KHTML, like Gecko) Chrome/80.0.3987.149 Safari/537.36"
138.246.253.24 - - [26/Mar/2026:18:20:35 +0300] "GET /robots.txt HTTP/1.1" 404 796 "-" "Mozilla/5.0 (Windows NT 10.0; Win64; x64) AppleWebKit/537.36 (KHTML, like Gecko) Chrome/103.0.5060.134 Safari/537.36"
54.87.243.141 - - [26/Mar/2026:18:20:16 +0300] "POST //xmlrpc.php HTTP/1.1" 200 410 "-" "Mozilla/5.0 (Windows NT 10.0; Win64; x64) AppleWebKit/537.36 (KHTML, like Gecko) Chrome/80.0.3987.149 Safari/537.36"
54.87.243.141 - - [26/Mar/2026:18:20:46 +0300] "POST //xmlrpc.php HTTP/1.1" 200 410 "-" "Mozilla/5.0 (Windows NT 10.0; Win64; x64) AppleWebKit/537.36 (KHTML, like Gecko) Chrome/80.0.3987.149 Safari/537.36"
89.252.162.138 - - [26/Mar/2026:18:21:03 +0300] "POST /wp-admin/admin-ajax.php?action=async_litespeed&nonce=R55NraRWtxvha2PHqUeN8FdQpCPfToZj&litespeed_type=imgoptm HTTP/1.1" 200 5 "-" "WordPress/6.8.5; https://polikistikover.net"
54.87.243.141 - - [26/Mar/2026:18:21:02 +0300] "POST //xmlrpc.php HTTP/1.1" 200 410 "-" "Mozilla/5.0 (Windows NT 10.0; Win64; x64) AppleWebKit/537.36 (KHTML, like Gecko) Chrome/80.0.3987.149 Safari/537.36"
54.87.243.141 - - [26/Mar/2026:18:21:32 +0300] "POST //xmlrpc.php HTTP/1.1" 200 410 "-" "Mozilla/5.0 (Windows NT 10.0; Win64; x64) AppleWebKit/537.36 (KHTML, like Gecko) Chrome/80.0.3987.149 Safari/537.36"
54.87.243.141 - - [26/Mar/2026:18:21:46 +0300] "POST //xmlrpc.php HTTP/1.1" 200 410 "-" "Mozilla/5.0 (Windows NT 10.0; Win64; x64) AppleWebKit/537.36 (KHTML, like Gecko) Chrome/80.0.3987.149 Safari/537.36"
114.119.139.86 - - [26/Mar/2026:18:22:05 +0300] "GET /yeni/sigara-ve-cocuk-istegi/ HTTP/1.1" 200 12415 "http://polycysticovary.net" "Mozilla/5.0 (Linux; Android 7.0;) AppleWebKit/537.36 (KHTML, like Gecko) Mobile Safari/537.36 (compatible; PetalBot;+https://webmaster.petalsearch.com/site/petalbot)"
54.87.243.141 - - [26/Mar/2026:18:22:17 +0300] "POST //xmlrpc.php HTTP/1.1" 200 410 "-" "Mozilla/5.0 (Windows NT 10.0; Win64; x64) AppleWebKit/537.36 (KHTML, like Gecko) Chrome/80.0.3987.149 Safari/537.36"
69.171.249.115 - - [26/Mar/2026:18:22:33 +0300] "GET / HTTP/2" 200 76 "-" "facebookexternalhit/1.1 (+http://www.facebook.com/externalhit_uatext.php)"
89.252.162.138 - - [26/Mar/2026:18:23:02 +0300] "POST /wp-cron.php?doing_wp_cron=1774538582.5971488952636718750000 HTTP/1.1" 200 0 "-" "WordPress/6.8.5; https://polikistikover.net"
54.87.243.141 - - [26/Mar/2026:18:22:31 +0300] "POST //xmlrpc.php HTTP/1.1" 200 410 "-" "Mozilla/5.0 (Windows NT 10.0; Win64; x64) AppleWebKit/537.36 (KHTML, like Gecko) Chrome/80.0.3987.149 Safari/537.36"
54.87.243.141 - - [26/Mar/2026:18:23:03 +0300] "POST //xmlrpc.php HTTP/1.1" 200 410 "-" "Mozilla/5.0 (Windows NT 10.0; Win64; x64) AppleWebKit/537.36 (KHTML, like Gecko) Chrome/80.0.3987.149 Safari/537.36"
54.87.243.141 - - [26/Mar/2026:18:23:16 +0300] "POST //xmlrpc.php HTTP/1.1" 200 410 "-" "Mozilla/5.0 (Windows NT 10.0; Win64; x64) AppleWebKit/537.36 (KHTML, like Gecko) Chrome/80.0.3987.149 Safari/537.36"
157.55.39.58 - - [26/Mar/2026:18:13:07 +0300] "GET /randevu/ HTTP/2" 404 796 "-" "Mozilla/5.0 AppleWebKit/537.36 (KHTML, like Gecko; compatible; bingbot/2.0; +http://www.bing.com/bingbot.htm) Chrome/116.0.1938.76 Safari/537.36"
89.252.162.138 - - [26/Mar/2026:18:14:16 +0300] "POST /wp-cron.php?doing_wp_cron=1774538056.5237600803375244140625 HTTP/1.1" 200 0 "-" "WordPress/6.8.5; https://polikistikover.net"
89.252.162.138 - - [26/Mar/2026:18:15:16 +0300] "POST /wp-cron.php?doing_wp_cron=1774538116.4085979461669921875000 HTTP/1.1" 200 0 "-" "WordPress/6.8.5; https://polikistikover.net"
89.252.162.138 - - [26/Mar/2026:18:17:17 +0300] "POST /wp-admin/admin-ajax.php?action=async_litespeed&nonce=NT6xR6THFGhA858qvsEYdheJPmapW5OI&litespeed_type=imgoptm HTTP/1.1" 200 5 "-" "WordPress/6.8.5; https://polikistikover.net"
89.252.162.138 - - [26/Mar/2026:18:18:16 +0300] "POST /wp-cron.php?doing_wp_cron=1774538296.5430641174316406250000 HTTP/1.1" 200 0 "-" "WordPress/6.8.5; https://polikistikover.net"
89.252.162.138 - - [26/Mar/2026:18:18:17 +0300] "POST /wp-admin/admin-ajax.php?action=async_litespeed&nonce=SMqOTEqnjVygS4hnWuCPJ89EG1oVGpHL&litespeed_type=imgoptm HTTP/1.1" 200 5 "-" "WordPress/6.8.5; https://polikistikover.net"
89.252.162.138 - - [26/Mar/2026:18:20:16 +0300] "POST /wp-cron.php?doing_wp_cron=1774538416.1733429431915283203125 HTTP/1.1" 200 0 "-" "WordPress/6.8.5; https://polikistikover.net"
89.252.162.138 - - [26/Mar/2026:18:20:16 +0300] "POST /wp-admin/admin-ajax.php?action=async_litespeed&nonce=aBI9AWtRnYiHMHDfTX8NW55MBbpWDZ2W&litespeed_type=imgoptm HTTP/1.1" 200 5 "-" "WordPress/6.8.5; https://polikistikover.net"
89.252.162.138 - - [26/Mar/2026:18:21:02 +0300] "POST /wp-cron.php?doing_wp_cron=1774538462.2319550514221191406250 HTTP/1.1" 200 0 "-" "WordPress/6.8.5; https://polikistikover.net"
89.252.162.138 - - [26/Mar/2026:18:21:32 +0300] "POST /wp-cron.php?doing_wp_cron=1774538492.1188929080963134765625 HTTP/1.1" 200 0 "-" "WordPress/6.8.5; https://polikistikover.net"
89.252.162.138 - - [26/Mar/2026:18:22:16 +0300] "POST /wp-cron.php?doing_wp_cron=1774538536.4236660003662109375000 HTTP/1.1" 200 0 "-" "WordPress/6.8.5; https://polikistikover.net"
89.252.162.138 - - [26/Mar/2026:18:22:17 +0300] "POST /wp-admin/admin-ajax.php?action=async_litespeed&nonce=isuJHwYMU3tGhRkIakkbTtQXrxLzEXcs&litespeed_type=imgoptm HTTP/1.1" 200 5 "-" "WordPress/6.8.5; https://polikistikover.net"
89.252.162.138 - - [26/Mar/2026:18:22:29 +0300] "POST /yeni/wp-cron.php?doing_wp_cron=1774538549.4125289916992187500000 HTTP/1.1" 200 0 "-" "WordPress/6.9.4; https://polikistikover.net/yeni"
89.252.162.138 - - [26/Mar/2026:18:23:03 +0300] "POST /yeni/wp-cron.php?doing_wp_cron=1774538583.4118280410766601562500 HTTP/1.1" 200 0 "-" "WordPress/6.9.4; https://polikistikover.net/yeni"
114.119.154.253 - - [26/Mar/2026:18:23:00 +0300] "GET /yeni/sac-dokulmesi-ve-polikistik-over-sendromu/ HTTP/1.1" 200 55925 "https://polikistikover.net/yeni/sac-dokulmesi-ve-polikistik-over-sendromu" "Mozilla/5.0 (Linux; Android 7.0;) AppleWebKit/537.36 (KHTML, like Gecko) Mobile Safari/537.36 (compatible; PetalBot;+https://webmaster.petalsearch.com/site/petalbot)"
89.252.162.138 - - [26/Mar/2026:18:23:04 +0300] "POST /wp-admin/admin-ajax.php?action=async_litespeed&nonce=ku6uR4y2fiKvtG49j7sBALqOBSJ6y47X&litespeed_type=imgoptm HTTP/1.1" 200 5 "-" "WordPress/6.8.5; https://polikistikover.net"
89.252.162.138 - - [26/Mar/2026:18:23:16 +0300] "POST /wp-cron.php?doing_wp_cron=1774538596.3685500621795654296875 HTTP/1.1" 200 0 "-" "WordPress/6.8.5; https://polikistikover.net"
89.252.162.138 - - [26/Mar/2026:18:24:01 +0300] "POST /wp-cron.php?doing_wp_cron=1774538641.4651019573211669921875 HTTP/1.1" 200 0 "-" "WordPress/6.8.5; https://polikistikover.net"
54.87.243.141 - - [26/Mar/2026:18:23:46 +0300] "POST //xmlrpc.php HTTP/1.1" 200 410 "-" "Mozilla/5.0 (Windows NT 10.0; Win64; x64) AppleWebKit/537.36 (KHTML, like Gecko) Chrome/80.0.3987.149 Safari/537.36"
89.252.162.138 - - [26/Mar/2026:18:24:02 +0300] "POST /wp-admin/admin-ajax.php?action=async_litespeed&nonce=upHMgiOdsnsaod3G3DnBSbym6gFmCacH&litespeed_type=imgoptm HTTP/1.1" 200 5 "-" "WordPress/6.8.5; https://polikistikover.net"
89.252.162.138 - - [26/Mar/2026:18:24:31 +0300] "POST /wp-cron.php?doing_wp_cron=1774538671.1687419414520263671875 HTTP/1.1" 200 0 "-" "WordPress/6.8.5; https://polikistikover.net"
54.87.243.141 - - [26/Mar/2026:18:24:02 +0300] "POST //xmlrpc.php HTTP/1.1" 200 410 "-" "Mozilla/5.0 (Windows NT 10.0; Win64; x64) AppleWebKit/537.36 (KHTML, like Gecko) Chrome/80.0.3987.149 Safari/537.36"
5.176.156.211 - - [26/Mar/2026:18:24:36 +0300] "GET /yeni/polikistik-over-sendromunda-sac-dokulmesi-ve-tedavisi/ HTTP/2" 200 0 "https://www.google.com/" "Mozilla/5.0 (Linux; arm_64; Android 15; REA-NX9) AppleWebKit/537.36 (KHTML, like Gecko) Chrome/144.0.7559.108 YaBrowser/26.3.2.108.00 Mobile Safari/537.36"
89.252.162.138 - - [26/Mar/2026:18:24:47 +0300] "POST /wp-cron.php?doing_wp_cron=1774538687.3130400180816650390625 HTTP/1.1" 200 0 "-" "WordPress/6.8.5; https://polikistikover.net"
54.87.243.141 - - [26/Mar/2026:18:24:31 +0300] "POST //xmlrpc.php HTTP/1.1" 200 410 "-" "Mozilla/5.0 (Windows NT 10.0; Win64; x64) AppleWebKit/537.36 (KHTML, like Gecko) Chrome/80.0.3987.149 Safari/537.36"
5.176.156.211 - - [26/Mar/2026:18:24:40 +0300] "GET /yeni/polikistik-over-sendromunda-sac-dokulmesi-ve-tedavisi/ HTTP/2" 200 0 "https://www.google.com/" "Mozilla/5.0 (Linux; arm_64; Android 15; REA-NX9) AppleWebKit/537.36 (KHTML, like Gecko) Chrome/144.0.7559.108 YaBrowser/26.3.2.108.00 Mobile Safari/537.36"
89.252.162.138 - - [26/Mar/2026:18:24:50 +0300] "POST /yeni/wp-cron.php?doing_wp_cron=1774538689.8830881118774414062500 HTTP/1.1" 200 0 "-" "WordPress/6.9.4; https://polikistikover.net/yeni"
5.176.156.211 - - [26/Mar/2026:18:24:52 +0300] "GET /yeni/polikistik-over-sendromunda-sac-dokulmesi-ve-tedavisi/ HTTP/2" 200 50293 "https://www.google.com/" "Mozilla/5.0 (Linux; arm_64; Android 15; REA-NX9) AppleWebKit/537.36 (KHTML, like Gecko) Chrome/144.0.7559.108 YaBrowser/26.3.2.108.00 Mobile Safari/537.36"
5.176.156.211 - - [26/Mar/2026:18:24:53 +0300] "GET /yeni/wp-content/plugins/contact-form-7/includes/css/styles.css?ver=6.1.5 HTTP/2" 200 899 "https://polikistikover.net/yeni/polikistik-over-sendromunda-sac-dokulmesi-ve-tedavisi/" "Mozilla/5.0 (Linux; arm_64; Android 15; REA-NX9) AppleWebKit/537.36 (KHTML, like Gecko) Chrome/144.0.7559.108 YaBrowser/26.3.2.108.00 Mobile Safari/537.36"
5.176.156.211 - - [26/Mar/2026:18:24:53 +0300] "GET /yeni/wp-content/themes/narihealth/fonts/iconfont.css?ver=6.9.4 HTTP/2" 200 1856 "https://polikistikover.net/yeni/polikistik-over-sendromunda-sac-dokulmesi-ve-tedavisi/" "Mozilla/5.0 (Linux; arm_64; Android 15; REA-NX9) AppleWebKit/537.36 (KHTML, like Gecko) Chrome/144.0.7559.108 YaBrowser/26.3.2.108.00 Mobile Safari/537.36"
5.176.156.211 - - [26/Mar/2026:18:24:53 +0300] "GET /yeni/wp-content/themes/narihealth/assets/css/bootstrap.min.css?ver=6.9.4 HTTP/2" 200 24644 "https://polikistikover.net/yeni/polikistik-over-sendromunda-sac-dokulmesi-ve-tedavisi/" "Mozilla/5.0 (Linux; arm_64; Android 15; REA-NX9) AppleWebKit/537.36 (KHTML, like Gecko) Chrome/144.0.7559.108 YaBrowser/26.3.2.108.00 Mobile Safari/537.36"
5.176.156.211 - - [26/Mar/2026:18:24:53 +0300] "GET /yeni/wp-content/themes/narihealth/style.css?ver=6.9.4 HTTP/2" 200 15803 "https://polikistikover.net/yeni/polikistik-over-sendromunda-sac-dokulmesi-ve-tedavisi/" "Mozilla/5.0 (Linux; arm_64; Android 15; REA-NX9) AppleWebKit/537.36 (KHTML, like Gecko) Chrome/144.0.7559.108 YaBrowser/26.3.2.108.00 Mobile Safari/537.36"
5.176.156.211 - - [26/Mar/2026:18:24:53 +0300] "GET /yeni/wp-content/themes/narihealth/assets/css/header-v1.css?ver=6.9.4 HTTP/2" 200 300 "https://polikistikover.net/yeni/polikistik-over-sendromunda-sac-dokulmesi-ve-tedavisi/" "Mozilla/5.0 (Linux; arm_64; Android 15; REA-NX9) AppleWebKit/537.36 (KHTML, like Gecko) Chrome/144.0.7559.108 YaBrowser/26.3.2.108.00 Mobile Safari/537.36"
5.176.156.211 - - [26/Mar/2026:18:24:53 +0300] "GET /yeni/wp-content/themes/narihealth/assets/css/custom_script.css?ver=6.9.4 HTTP/2" 200 0 "https://polikistikover.net/yeni/polikistik-over-sendromunda-sac-dokulmesi-ve-tedavisi/" "Mozilla/5.0 (Linux; arm_64; Android 15; REA-NX9) AppleWebKit/537.36 (KHTML, like Gecko) Chrome/144.0.7559.108 YaBrowser/26.3.2.108.00 Mobile Safari/537.36"
5.176.156.211 - - [26/Mar/2026:18:24:53 +0300] "GET /yeni/wp-content/themes/narihealth/assets/css/responsive.css?ver=6.9.4 HTTP/2" 200 934 "https://polikistikover.net/yeni/polikistik-over-sendromunda-sac-dokulmesi-ve-tedavisi/" "Mozilla/5.0 (Linux; arm_64; Android 15; REA-NX9) AppleWebKit/537.36 (KHTML, like Gecko) Chrome/144.0.7559.108 YaBrowser/26.3.2.108.00 Mobile Safari/537.36"
5.176.156.211 - - [26/Mar/2026:18:24:53 +0300] "GET /yeni/wp-includes/js/jquery/jquery.min.js?ver=3.7.1 HTTP/2" 200 29744 "https://polikistikover.net/yeni/polikistik-over-sendromunda-sac-dokulmesi-ve-tedavisi/" "Mozilla/5.0 (Linux; arm_64; Android 15; REA-NX9) AppleWebKit/537.36 (KHTML, like Gecko) Chrome/144.0.7559.108 YaBrowser/26.3.2.108.00 Mobile Safari/537.36"
5.176.156.211 - - [26/Mar/2026:18:24:53 +0300] "GET /yeni/wp-includes/js/jquery/jquery-migrate.min.js?ver=3.4.1 HTTP/2" 200 4678 "https://polikistikover.net/yeni/polikistik-over-sendromunda-sac-dokulmesi-ve-tedavisi/" "Mozilla/5.0 (Linux; arm_64; Android 15; REA-NX9) AppleWebKit/537.36 (KHTML, like Gecko) Chrome/144.0.7559.108 YaBrowser/26.3.2.108.00 Mobile Safari/537.36"
5.176.156.211 - - [26/Mar/2026:18:24:53 +0300] "GET /yeni/wp-content/uploads/2025/09/image-33.png HTTP/2" 200 201560 "https://polikistikover.net/yeni/polikistik-over-sendromunda-sac-dokulmesi-ve-tedavisi/" "Mozilla/5.0 (Linux; arm_64; Android 15; REA-NX9) AppleWebKit/537.36 (KHTML, like Gecko) Chrome/144.0.7559.108 YaBrowser/26.3.2.108.00 Mobile Safari/537.36"
5.176.156.211 - - [26/Mar/2026:18:24:53 +0300] "GET /yeni/wp-content/uploads/2025/09/image-52.png HTTP/2" 200 81554 "https://polikistikover.net/yeni/polikistik-over-sendromunda-sac-dokulmesi-ve-tedavisi/" "Mozilla/5.0 (Linux; arm_64; Android 15; REA-NX9) AppleWebKit/537.36 (KHTML, like Gecko) Chrome/144.0.7559.108 YaBrowser/26.3.2.108.00 Mobile Safari/537.36"
5.176.156.211 - - [26/Mar/2026:18:24:53 +0300] "GET /yeni/wp-content/uploads/2025/09/image-34.png HTTP/2" 200 401829 "https://polikistikover.net/yeni/polikistik-over-sendromunda-sac-dokulmesi-ve-tedavisi/" "Mozilla/5.0 (Linux; arm_64; Android 15; REA-NX9) AppleWebKit/537.36 (KHTML, like Gecko) Chrome/144.0.7559.108 YaBrowser/26.3.2.108.00 Mobile Safari/537.36"
5.176.156.211 - - [26/Mar/2026:18:24:54 +0300] "GET /yeni/wp-content/uploads/2025/09/image-35.png HTTP/2" 200 203824 "https://polikistikover.net/yeni/polikistik-over-sendromunda-sac-dokulmesi-ve-tedavisi/" "Mozilla/5.0 (Linux; arm_64; Android 15; REA-NX9) AppleWebKit/537.36 (KHTML, like Gecko) Chrome/144.0.7559.108 YaBrowser/26.3.2.108.00 Mobile Safari/537.36"
5.176.156.211 - - [26/Mar/2026:18:24:54 +0300] "GET /yeni/wp-content/uploads/2025/09/image-36.png HTTP/2" 200 240174 "https://polikistikover.net/yeni/polikistik-over-sendromunda-sac-dokulmesi-ve-tedavisi/" "Mozilla/5.0 (Linux; arm_64; Android 15; REA-NX9) AppleWebKit/537.36 (KHTML, like Gecko) Chrome/144.0.7559.108 YaBrowser/26.3.2.108.00 Mobile Safari/537.36"
5.176.156.211 - - [26/Mar/2026:18:24:54 +0300] "GET /yeni/wp-includes/js/dist/hooks.min.js?ver=dd5603f07f9220ed27f1 HTTP/2" 200 1852 "https://polikistikover.net/yeni/polikistik-over-sendromunda-sac-dokulmesi-ve-tedavisi/" "Mozilla/5.0 (Linux; arm_64; Android 15; REA-NX9) AppleWebKit/537.36 (KHTML, like Gecko) Chrome/144.0.7559.108 YaBrowser/26.3.2.108.00 Mobile Safari/537.36"
5.176.156.211 - - [26/Mar/2026:18:24:54 +0300] "GET /yeni/wp-content/fonts/inter/UcC73FwrK3iLTeHuS_nVMrMxCp50SjIa1ZL7.woff2 HTTP/2" 200 48256 "https://polikistikover.net/yeni/polikistik-over-sendromunda-sac-dokulmesi-ve-tedavisi/" "Mozilla/5.0 (Linux; arm_64; Android 15; REA-NX9) AppleWebKit/537.36 (KHTML, like Gecko) Chrome/144.0.7559.108 YaBrowser/26.3.2.108.00 Mobile Safari/537.36"
5.176.156.211 - - [26/Mar/2026:18:24:54 +0300] "GET /yeni/wp-content/fonts/inter/UcC73FwrK3iLTeHuS_nVMrMxCp50SjIa25L7SUc.woff2 HTTP/2" 200 85068 "https://polikistikover.net/yeni/polikistik-over-sendromunda-sac-dokulmesi-ve-tedavisi/" "Mozilla/5.0 (Linux; arm_64; Android 15; REA-NX9) AppleWebKit/537.36 (KHTML, like Gecko) Chrome/144.0.7559.108 YaBrowser/26.3.2.108.00 Mobile Safari/537.36"
5.176.156.211 - - [26/Mar/2026:18:24:54 +0300] "GET /yeni/wp-content/fonts/inter/UcC73FwrK3iLTeHuS_nVMrMxCp50SjIa1pL7SUc.woff2 HTTP/2" 200 18996 "https://polikistikover.net/yeni/polikistik-over-sendromunda-sac-dokulmesi-ve-tedavisi/" "Mozilla/5.0 (Linux; arm_64; Android 15; REA-NX9) AppleWebKit/537.36 (KHTML, like Gecko) Chrome/144.0.7559.108 YaBrowser/26.3.2.108.00 Mobile Safari/537.36"
5.176.156.211 - - [26/Mar/2026:18:24:54 +0300] "GET /yeni/wp-includes/js/dist/i18n.min.js?ver=c26c3dc7bed366793375 HTTP/2" 200 2119 "https://polikistikover.net/yeni/polikistik-over-sendromunda-sac-dokulmesi-ve-tedavisi/" "Mozilla/5.0 (Linux; arm_64; Android 15; REA-NX9) AppleWebKit/537.36 (KHTML, like Gecko) Chrome/144.0.7559.108 YaBrowser/26.3.2.108.00 Mobile Safari/537.36"
5.176.156.211 - - [26/Mar/2026:18:24:54 +0300] "GET /yeni/wp-content/plugins/contact-form-7/includes/swv/js/index.js?ver=6.1.5 HTTP/2" 200 3369 "https://polikistikover.net/yeni/polikistik-over-sendromunda-sac-dokulmesi-ve-tedavisi/" "Mozilla/5.0 (Linux; arm_64; Android 15; REA-NX9) AppleWebKit/537.36 (KHTML, like Gecko) Chrome/144.0.7559.108 YaBrowser/26.3.2.108.00 Mobile Safari/537.36"
5.176.156.211 - - [26/Mar/2026:18:24:54 +0300] "GET /yeni/wp-content/plugins/contact-form-7/includes/js/index.js?ver=6.1.5 HTTP/2" 200 4008 "https://polikistikover.net/yeni/polikistik-over-sendromunda-sac-dokulmesi-ve-tedavisi/" "Mozilla/5.0 (Linux; arm_64; Android 15; REA-NX9) AppleWebKit/537.36 (KHTML, like Gecko) Chrome/144.0.7559.108 YaBrowser/26.3.2.108.00 Mobile Safari/537.36"
5.176.156.211 - - [26/Mar/2026:18:24:55 +0300] "GET /yeni/wp-content/themes/narihealth/assets/js/jquery.easing.js?ver=1.3.0 HTTP/2" 200 1891 "https://polikistikover.net/yeni/polikistik-over-sendromunda-sac-dokulmesi-ve-tedavisi/" "Mozilla/5.0 (Linux; arm_64; Android 15; REA-NX9) AppleWebKit/537.36 (KHTML, like Gecko) Chrome/144.0.7559.108 YaBrowser/26.3.2.108.00 Mobile Safari/537.36"
5.176.156.211 - - [26/Mar/2026:18:24:55 +0300] "GET /yeni/wp-includes/js/imagesloaded.min.js?ver=5.0.0 HTTP/2" 200 1687 "https://polikistikover.net/yeni/polikistik-over-sendromunda-sac-dokulmesi-ve-tedavisi/" "Mozilla/5.0 (Linux; arm_64; Android 15; REA-NX9) AppleWebKit/537.36 (KHTML, like Gecko) Chrome/144.0.7559.108 YaBrowser/26.3.2.108.00 Mobile Safari/537.36"
5.176.156.211 - - [26/Mar/2026:18:24:55 +0300] "GET /yeni/wp-content/themes/narihealth/fonts/icomoon.ttf?5m92mu HTTP/2" 200 25863 "https://polikistikover.net/yeni/wp-content/themes/narihealth/fonts/iconfont.css?ver=6.9.4" "Mozilla/5.0 (Linux; arm_64; Android 15; REA-NX9) AppleWebKit/537.36 (KHTML, like Gecko) Chrome/144.0.7559.108 YaBrowser/26.3.2.108.00 Mobile Safari/537.36"
5.176.156.211 - - [26/Mar/2026:18:24:55 +0300] "GET /yeni/wp-includes/js/masonry.min.js?ver=4.2.2 HTTP/2" 200 7117 "https://polikistikover.net/yeni/polikistik-over-sendromunda-sac-dokulmesi-ve-tedavisi/" "Mozilla/5.0 (Linux; arm_64; Android 15; REA-NX9) AppleWebKit/537.36 (KHTML, like Gecko) Chrome/144.0.7559.108 YaBrowser/26.3.2.108.00 Mobile Safari/537.36"
5.176.156.211 - - [26/Mar/2026:18:24:55 +0300] "GET /yeni/wp-content/themes/narihealth/assets/js/isotope.js?ver=3.0.6 HTTP/2" 200 9603 "https://polikistikover.net/yeni/polikistik-over-sendromunda-sac-dokulmesi-ve-tedavisi/" "Mozilla/5.0 (Linux; arm_64; Android 15; REA-NX9) AppleWebKit/537.36 (KHTML, like Gecko) Chrome/144.0.7559.108 YaBrowser/26.3.2.108.00 Mobile Safari/537.36"
5.176.156.211 - - [26/Mar/2026:18:24:55 +0300] "GET /yeni/wp-includes/js/hoverIntent.min.js?ver=1.10.2 HTTP/2" 200 668 "https://polikistikover.net/yeni/polikistik-over-sendromunda-sac-dokulmesi-ve-tedavisi/" "Mozilla/5.0 (Linux; arm_64; Android 15; REA-NX9) AppleWebKit/537.36 (KHTML, like Gecko) Chrome/144.0.7559.108 YaBrowser/26.3.2.108.00 Mobile Safari/537.36"
5.176.156.211 - - [26/Mar/2026:18:24:55 +0300] "GET /yeni/wp-content/themes/narihealth/assets/js/jquery.slicknav.js?ver=1.0.10 HTTP/2" 200 4556 "https://polikistikover.net/yeni/polikistik-over-sendromunda-sac-dokulmesi-ve-tedavisi/" "Mozilla/5.0 (Linux; arm_64; Android 15; REA-NX9) AppleWebKit/537.36 (KHTML, like Gecko) Chrome/144.0.7559.108 YaBrowser/26.3.2.108.00 Mobile Safari/537.36"
5.176.156.211 - - [26/Mar/2026:18:24:55 +0300] "GET /yeni/wp-content/themes/narihealth/assets/js/superfish.js?ver=1.7.10 HTTP/2" 200 2346 "https://polikistikover.net/yeni/polikistik-over-sendromunda-sac-dokulmesi-ve-tedavisi/" "Mozilla/5.0 (Linux; arm_64; Android 15; REA-NX9) AppleWebKit/537.36 (KHTML, like Gecko) Chrome/144.0.7559.108 YaBrowser/26.3.2.108.00 Mobile Safari/537.36"
5.176.156.211 - - [26/Mar/2026:18:24:55 +0300] "GET /yeni/wp-content/themes/narihealth/assets/js/custom.js?ver=1.0.0 HTTP/2" 200 2150 "https://polikistikover.net/yeni/polikistik-over-sendromunda-sac-dokulmesi-ve-tedavisi/" "Mozilla/5.0 (Linux; arm_64; Android 15; REA-NX9) AppleWebKit/537.36 (KHTML, like Gecko) Chrome/144.0.7559.108 YaBrowser/26.3.2.108.00 Mobile Safari/537.36"
5.176.156.211 - - [26/Mar/2026:18:24:55 +0300] "GET /yeni/wp-content/uploads/2025/09/image-37.png HTTP/2" 200 201560 "https://polikistikover.net/yeni/polikistik-over-sendromunda-sac-dokulmesi-ve-tedavisi/" "Mozilla/5.0 (Linux; arm_64; Android 15; REA-NX9) AppleWebKit/537.36 (KHTML, like Gecko) Chrome/144.0.7559.108 YaBrowser/26.3.2.108.00 Mobile Safari/537.36"
5.176.156.211 - - [26/Mar/2026:18:24:55 +0300] "GET /yeni/wp-content/uploads/2025/09/image-38.png HTTP/2" 200 76017 "https://polikistikover.net/yeni/polikistik-over-sendromunda-sac-dokulmesi-ve-tedavisi/" "Mozilla/5.0 (Linux; arm_64; Android 15; REA-NX9) AppleWebKit/537.36 (KHTML, like Gecko) Chrome/144.0.7559.108 YaBrowser/26.3.2.108.00 Mobile Safari/537.36"
5.176.156.211 - - [26/Mar/2026:18:24:55 +0300] "GET /yeni/wp-content/uploads/2025/09/image-39.png HTTP/2" 200 85581 "https://polikistikover.net/yeni/polikistik-over-sendromunda-sac-dokulmesi-ve-tedavisi/" "Mozilla/5.0 (Linux; arm_64; Android 15; REA-NX9) AppleWebKit/537.36 (KHTML, like Gecko) Chrome/144.0.7559.108 YaBrowser/26.3.2.108.00 Mobile Safari/537.36"
5.176.156.211 - - [26/Mar/2026:18:24:55 +0300] "GET /yeni/wp-content/uploads/2025/09/image-40.png HTTP/2" 200 15046 "https://polikistikover.net/yeni/polikistik-over-sendromunda-sac-dokulmesi-ve-tedavisi/" "Mozilla/5.0 (Linux; arm_64; Android 15; REA-NX9) AppleWebKit/537.36 (KHTML, like Gecko) Chrome/144.0.7559.108 YaBrowser/26.3.2.108.00 Mobile Safari/537.36"
5.176.156.211 - - [26/Mar/2026:18:24:55 +0300] "GET /yeni/wp-content/uploads/2025/09/image-41.png HTTP/2" 200 345902 "https://polikistikover.net/yeni/polikistik-over-sendromunda-sac-dokulmesi-ve-tedavisi/" "Mozilla/5.0 (Linux; arm_64; Android 15; REA-NX9) AppleWebKit/537.36 (KHTML, like Gecko) Chrome/144.0.7559.108 YaBrowser/26.3.2.108.00 Mobile Safari/537.36"
5.176.156.211 - - [26/Mar/2026:18:24:55 +0300] "GET /yeni/wp-content/uploads/2025/09/image-42.png HTTP/2" 200 78460 "https://polikistikover.net/yeni/polikistik-over-sendromunda-sac-dokulmesi-ve-tedavisi/" "Mozilla/5.0 (Linux; arm_64; Android 15; REA-NX9) AppleWebKit/537.36 (KHTML, like Gecko) Chrome/144.0.7559.108 YaBrowser/26.3.2.108.00 Mobile Safari/537.36"
5.176.156.211 - - [26/Mar/2026:18:24:56 +0300] "GET /yeni/wp-content/uploads/2025/09/image-43.png HTTP/2" 200 134240 "https://polikistikover.net/yeni/polikistik-over-sendromunda-sac-dokulmesi-ve-tedavisi/" "Mozilla/5.0 (Linux; arm_64; Android 15; REA-NX9) AppleWebKit/537.36 (KHTML, like Gecko) Chrome/144.0.7559.108 YaBrowser/26.3.2.108.00 Mobile Safari/537.36"
5.176.156.211 - - [26/Mar/2026:18:24:56 +0300] "GET /yeni/wp-content/uploads/2025/09/image-45.png HTTP/2" 200 367863 "https://polikistikover.net/yeni/polikistik-over-sendromunda-sac-dokulmesi-ve-tedavisi/" "Mozilla/5.0 (Linux; arm_64; Android 15; REA-NX9) AppleWebKit/537.36 (KHTML, like Gecko) Chrome/144.0.7559.108 YaBrowser/26.3.2.108.00 Mobile Safari/537.36"
5.176.156.211 - - [26/Mar/2026:18:24:56 +0300] "GET /yeni/wp-content/uploads/2025/09/image-46.png HTTP/2" 200 89356 "https://polikistikover.net/yeni/polikistik-over-sendromunda-sac-dokulmesi-ve-tedavisi/" "Mozilla/5.0 (Linux; arm_64; Android 15; REA-NX9) AppleWebKit/537.36 (KHTML, like Gecko) Chrome/144.0.7559.108 YaBrowser/26.3.2.108.00 Mobile Safari/537.36"
5.176.156.211 - - [26/Mar/2026:18:24:57 +0300] "GET /yeni/wp-content/uploads/2025/09/image-47.png HTTP/2" 200 81475 "https://polikistikover.net/yeni/polikistik-over-sendromunda-sac-dokulmesi-ve-tedavisi/" "Mozilla/5.0 (Linux; arm_64; Android 15; REA-NX9) AppleWebKit/537.36 (KHTML, like Gecko) Chrome/144.0.7559.108 YaBrowser/26.3.2.108.00 Mobile Safari/537.36"
5.176.156.211 - - [26/Mar/2026:18:24:57 +0300] "GET /yeni/wp-content/uploads/2025/09/image-49.png HTTP/2" 200 101468 "https://polikistikover.net/yeni/polikistik-over-sendromunda-sac-dokulmesi-ve-tedavisi/" "Mozilla/5.0 (Linux; arm_64; Android 15; REA-NX9) AppleWebKit/537.36 (KHTML, like Gecko) Chrome/144.0.7559.108 YaBrowser/26.3.2.108.00 Mobile Safari/537.36"
5.176.156.211 - - [26/Mar/2026:18:24:57 +0300] "GET /yeni/wp-content/uploads/2025/09/image-50.png HTTP/2" 200 99467 "https://polikistikover.net/yeni/polikistik-over-sendromunda-sac-dokulmesi-ve-tedavisi/" "Mozilla/5.0 (Linux; arm_64; Android 15; REA-NX9) AppleWebKit/537.36 (KHTML, like Gecko) Chrome/144.0.7559.108 YaBrowser/26.3.2.108.00 Mobile Safari/537.36"
5.176.156.211 - - [26/Mar/2026:18:24:57 +0300] "GET /yeni/wp-content/uploads/2025/09/image-51.png HTTP/2" 200 54649 "https://polikistikover.net/yeni/polikistik-over-sendromunda-sac-dokulmesi-ve-tedavisi/" "Mozilla/5.0 (Linux; arm_64; Android 15; REA-NX9) AppleWebKit/537.36 (KHTML, like Gecko) Chrome/144.0.7559.108 YaBrowser/26.3.2.108.00 Mobile Safari/537.36"
5.176.156.211 - - [26/Mar/2026:18:24:57 +0300] "GET /yeni/wp-includes/js/wp-emoji-release.min.js?ver=6.9.4 HTTP/2" 200 4949 "https://polikistikover.net/yeni/polikistik-over-sendromunda-sac-dokulmesi-ve-tedavisi/" "Mozilla/5.0 (Linux; arm_64; Android 15; REA-NX9) AppleWebKit/537.36 (KHTML, like Gecko) Chrome/144.0.7559.108 YaBrowser/26.3.2.108.00 Mobile Safari/537.36"
5.176.156.211 - - [26/Mar/2026:18:24:57 +0300] "GET /favicon.ico HTTP/2" 404 796 "https://polikistikover.net/yeni/polikistik-over-sendromunda-sac-dokulmesi-ve-tedavisi/" "Mozilla/5.0 (Linux; arm_64; Android 15; REA-NX9) AppleWebKit/537.36 (KHTML, like Gecko) Chrome/144.0.7559.108 YaBrowser/26.3.2.108.00 Mobile Safari/537.36"
89.252.162.138 - - [26/Mar/2026:18:25:17 +0300] "POST /wp-cron.php?doing_wp_cron=1774538717.1174499988555908203125 HTTP/1.1" 200 0 "-" "WordPress/6.8.5; https://polikistikover.net"
54.87.243.141 - - [26/Mar/2026:18:24:48 +0300] "POST //xmlrpc.php HTTP/1.1" 200 410 "-" "Mozilla/5.0 (Windows NT 10.0; Win64; x64) AppleWebKit/537.36 (KHTML, like Gecko) Chrome/80.0.3987.149 Safari/537.36"
114.119.139.86 - - [26/Mar/2026:18:25:29 +0300] "GET /zquzbk/lingnan-university-qs-ranking HTTP/1.1" 404 796 "-" "Mozilla/5.0 (Linux; Android 7.0;) AppleWebKit/537.36 (KHTML, like Gecko) Mobile Safari/537.36 (compatible; PetalBot;+https://webmaster.petalsearch.com/site/petalbot)"
114.119.139.86 - - [26/Mar/2026:18:24:21 +0300] "GET /zquzbk/wwe-supercard-summerslam-21-tier-list HTTP/1.1" 404 796 "https://polikistikover.net/zquzbk/louisville-slugger-soft-toss-mechanical-pitching-machine" "Mozilla/5.0 (Linux; Android 7.0;) AppleWebKit/537.36 (KHTML, like Gecko) Mobile Safari/537.36 (compatible; PetalBot;+https://webmaster.petalsearch.com/site/petalbot)"
5.176.156.211 - - [26/Mar/2026:18:24:36 +0300] "GET /yeni/wp-content/uploads/2025/09/image-52.png HTTP/2" 200 81554 "https://www.google.com/" "Mozilla/5.0 (Linux; arm_64; Android 15; REA-NX9) AppleWebKit/537.36 (KHTML, like Gecko) Chrome/144.0.7559.108 YaBrowser/26.3.2.108.00 Mobile Safari/537.36"
89.252.162.138 - - [26/Mar/2026:18:24:48 +0300] "POST /wp-admin/admin-ajax.php?action=async_litespeed&nonce=iGAkt1su6y8Q5ctkyaVZ9XQ8yuSuvG1v&litespeed_type=imgoptm HTTP/1.1" 200 5 "-" "WordPress/6.8.5; https://polikistikover.net"
5.176.156.211 - - [26/Mar/2026:18:25:30 +0300] "GET /yeni/ HTTP/2" 200 17723 "https://polikistikover.net/yeni/polikistik-over-sendromunda-sac-dokulmesi-ve-tedavisi/" "Mozilla/5.0 (Linux; arm_64; Android 15; REA-NX9) AppleWebKit/537.36 (KHTML, like Gecko) Chrome/144.0.7559.108 YaBrowser/26.3.2.108.00 Mobile Safari/537.36"
5.176.156.211 - - [26/Mar/2026:18:25:32 +0300] "GET /yeni/wp-content/uploads/elementor/thumbs/img-1-rbng5i60lqo7qpqx6a1tneqe03bfdir1lzmknb3v40.jpg HTTP/2" 200 59015 "https://polikistikover.net/yeni/" "Mozilla/5.0 (Linux; arm_64; Android 15; REA-NX9) AppleWebKit/537.36 (KHTML, like Gecko) Chrome/144.0.7559.108 YaBrowser/26.3.2.108.00 Mobile Safari/537.36"
5.176.156.211 - - [26/Mar/2026:18:25:32 +0300] "GET /yeni/wp-content/uploads/elementor/thumbs/post-img2-rbng6itq0a2ebi9o87w9unhd64aqppskr12id3lidc.jpg HTTP/2" 200 60239 "https://polikistikover.net/yeni/" "Mozilla/5.0 (Linux; arm_64; Android 15; REA-NX9) AppleWebKit/537.36 (KHTML, like Gecko) Chrome/144.0.7559.108 YaBrowser/26.3.2.108.00 Mobile Safari/537.36"
5.176.156.211 - - [26/Mar/2026:18:25:31 +0300] "GET /yeni/wp-content/uploads/2023/10/img-10.jpg HTTP/2" 200 163480 "https://polikistikover.net/yeni/" "Mozilla/5.0 (Linux; arm_64; Android 15; REA-NX9) AppleWebKit/537.36 (KHTML, like Gecko) Chrome/144.0.7559.108 YaBrowser/26.3.2.108.00 Mobile Safari/537.36"
5.176.156.211 - - [26/Mar/2026:18:25:32 +0300] "GET /yeni/wp-content/uploads/elementor/thumbs/img-6-rbng6c8uofte28j8an1vv7550f767u2ge4i3mxkbgg.jpg HTTP/2" 200 103979 "https://polikistikover.net/yeni/" "Mozilla/5.0 (Linux; arm_64; Android 15; REA-NX9) AppleWebKit/537.36 (KHTML, like Gecko) Chrome/144.0.7559.108 YaBrowser/26.3.2.108.00 Mobile Safari/537.36"
5.176.156.211 - - [26/Mar/2026:18:25:32 +0300] "GET /yeni/wp-content/uploads/2025/10/sac.jpg HTTP/2" 200 9199 "https://polikistikover.net/yeni/" "Mozilla/5.0 (Linux; arm_64; Android 15; REA-NX9) AppleWebKit/537.36 (KHTML, like Gecko) Chrome/144.0.7559.108 YaBrowser/26.3.2.108.00 Mobile Safari/537.36"
5.176.156.211 - - [26/Mar/2026:18:25:32 +0300] "GET /yeni/wp-content/uploads/2025/09/image-62.png HTTP/2" 200 40122 "https://polikistikover.net/yeni/" "Mozilla/5.0 (Linux; arm_64; Android 15; REA-NX9) AppleWebKit/537.36 (KHTML, like Gecko) Chrome/144.0.7559.108 YaBrowser/26.3.2.108.00 Mobile Safari/537.36"
5.176.156.211 - - [26/Mar/2026:18:25:32 +0300] "GET /yeni/wp-content/uploads/2025/09/sac-150x150.jpg HTTP/2" 200 7476 "https://polikistikover.net/yeni/" "Mozilla/5.0 (Linux; arm_64; Android 15; REA-NX9) AppleWebKit/537.36 (KHTML, like Gecko) Chrome/144.0.7559.108 YaBrowser/26.3.2.108.00 Mobile Safari/537.36"
5.176.156.211 - - [26/Mar/2026:18:25:32 +0300] "GET /yeni/wp-content/uploads/2025/10/japon-cocuk-150x150.jpg HTTP/2" 200 4953 "https://polikistikover.net/yeni/" "Mozilla/5.0 (Linux; arm_64; Android 15; REA-NX9) AppleWebKit/537.36 (KHTML, like Gecko) Chrome/144.0.7559.108 YaBrowser/26.3.2.108.00 Mobile Safari/537.36"
5.176.156.211 - - [26/Mar/2026:18:25:32 +0300] "GET /yeni/wp-content/uploads/2025/09/image-30-150x150.png HTTP/2" 200 28483 "https://polikistikover.net/yeni/" "Mozilla/5.0 (Linux; arm_64; Android 15; REA-NX9) AppleWebKit/537.36 (KHTML, like Gecko) Chrome/144.0.7559.108 YaBrowser/26.3.2.108.00 Mobile Safari/537.36"
5.176.156.211 - - [26/Mar/2026:18:25:32 +0300] "GET /yeni/wp-content/uploads/elementor/thumbs/img-5-rbng69fc3xpj3enbr3u05pur89l2kqr9dqjn73ohz4.jpg HTTP/2" 200 158703 "https://polikistikover.net/yeni/" "Mozilla/5.0 (Linux; arm_64; Android 15; REA-NX9) AppleWebKit/537.36 (KHTML, like Gecko) Chrome/144.0.7559.108 YaBrowser/26.3.2.108.00 Mobile Safari/537.36"
5.176.156.211 - - [26/Mar/2026:18:25:32 +0300] "GET /yeni/wp-content/uploads/2025/09/Ekran-goruntusu-2025-08-08-223942.png HTTP/2" 200 544394 "https://polikistikover.net/yeni/" "Mozilla/5.0 (Linux; arm_64; Android 15; REA-NX9) AppleWebKit/537.36 (KHTML, like Gecko) Chrome/144.0.7559.108 YaBrowser/26.3.2.108.00 Mobile Safari/537.36"
89.252.162.138 - - [26/Mar/2026:18:25:35 +0300] "POST /yeni/wp-cron.php?doing_wp_cron=1774538735.3851320743560791015625 HTTP/1.1" 200 0 "-" "WordPress/6.9.4; https://polikistikover.net/yeni"
5.176.156.211 - - [26/Mar/2026:18:25:34 +0300] "GET /yeni/ HTTP/2" 200 17723 "https://polikistikover.net/yeni/" "Mozilla/5.0 (Linux; arm_64; Android 15; REA-NX9) AppleWebKit/537.36 (KHTML, like Gecko) Chrome/144.0.7559.108 YaBrowser/26.3.2.108.00 Mobile Safari/537.36"
5.176.156.211 - - [26/Mar/2026:18:25:39 +0300] "GET /yeni/wp-content/uploads/2025/09/Skin-tags-150x150.png HTTP/2" 200 43481 "https://polikistikover.net/yeni/" "Mozilla/5.0 (Linux; arm_64; Android 15; REA-NX9) AppleWebKit/537.36 (KHTML, like Gecko) Chrome/144.0.7559.108 YaBrowser/26.3.2.108.00 Mobile Safari/537.36"
5.176.156.211 - - [26/Mar/2026:18:25:40 +0300] "GET /yeni/wp-content/uploads/2025/09/image-29-150x150.png HTTP/2" 200 25956 "https://polikistikover.net/yeni/" "Mozilla/5.0 (Linux; arm_64; Android 15; REA-NX9) AppleWebKit/537.36 (KHTML, like Gecko) Chrome/144.0.7559.108 YaBrowser/26.3.2.108.00 Mobile Safari/537.36"
5.176.156.211 - - [26/Mar/2026:18:25:40 +0300] "GET /yeni/wp-content/uploads/elementor/thumbs/post-img4-rbng6kpedy4yyq6xx8pizn0acw1h5401fadhbniq0w.jpg HTTP/2" 200 91143 "https://polikistikover.net/yeni/" "Mozilla/5.0 (Linux; arm_64; Android 15; REA-NX9) AppleWebKit/537.36 (KHTML, like Gecko) Chrome/144.0.7559.108 YaBrowser/26.3.2.108.00 Mobile Safari/537.36"
5.176.156.211 - - [26/Mar/2026:18:25:41 +0300] "GET /yeni/wp-content/uploads/elementor/thumbs/img-7-rbng6d6ov9uoduhv55gifowllt2jfj66q95l47ixa8.jpg HTTP/2" 200 59048 "https://polikistikover.net/yeni/" "Mozilla/5.0 (Linux; arm_64; Android 15; REA-NX9) AppleWebKit/537.36 (KHTML, like Gecko) Chrome/144.0.7559.108 YaBrowser/26.3.2.108.00 Mobile Safari/537.36"
5.176.156.211 - - [26/Mar/2026:18:25:41 +0300] "GET /yeni/wp-content/uploads/2025/09/image-64-150x150.png HTTP/2" 200 44048 "https://polikistikover.net/yeni/" "Mozilla/5.0 (Linux; arm_64; Android 15; REA-NX9) AppleWebKit/537.36 (KHTML, like Gecko) Chrome/144.0.7559.108 YaBrowser/26.3.2.108.00 Mobile Safari/537.36"
5.176.156.211 - - [26/Mar/2026:18:25:41 +0300] "GET /yeni/wp-content/uploads/elementor/thumbs/post-img6-rbng6ml2rm7jly47m9is4mj7jns7ki7i3joga7fxog.jpg HTTP/2" 200 104955 "https://polikistikover.net/yeni/" "Mozilla/5.0 (Linux; arm_64; Android 15; REA-NX9) AppleWebKit/537.36 (KHTML, like Gecko) Chrome/144.0.7559.108 YaBrowser/26.3.2.108.00 Mobile Safari/537.36"
5.176.156.211 - - [26/Mar/2026:18:25:42 +0300] "GET /yeni/wp-content/uploads/elementor/thumbs/post-img7-rbng6ogr5aa4961hbac19m24qfixzweyrszf8rd5c0.jpg HTTP/2" 200 69532 "https://polikistikover.net/yeni/" "Mozilla/5.0 (Linux; arm_64; Android 15; REA-NX9) AppleWebKit/537.36 (KHTML, like Gecko) Chrome/144.0.7559.108 YaBrowser/26.3.2.108.00 Mobile Safari/537.36"
5.176.156.211 - - [26/Mar/2026:18:25:45 +0300] "GET /yeni/about-usour-practice/ HTTP/2" 200 0 "https://polikistikover.net/yeni/" "Mozilla/5.0 (Linux; arm_64; Android 15; REA-NX9) AppleWebKit/537.36 (KHTML, like Gecko) Chrome/144.0.7559.108 YaBrowser/26.3.2.108.00 Mobile Safari/537.36"
5.176.156.211 - - [26/Mar/2026:18:25:45 +0300] "GET /yeni/about-usour-practice/ HTTP/2" 200 13059 "https://polikistikover.net/yeni/" "Mozilla/5.0 (Linux; arm_64; Android 15; REA-NX9) AppleWebKit/537.36 (KHTML, like Gecko) Chrome/144.0.7559.108 YaBrowser/26.3.2.108.00 Mobile Safari/537.36"
5.176.156.211 - - [26/Mar/2026:18:25:47 +0300] "GET /yeni/wp-includes/js/mediaelement/mediaelementplayer-legacy.min.css?ver=4.2.17 HTTP/2" 200 2394 "https://polikistikover.net/yeni/about-usour-practice/" "Mozilla/5.0 (Linux; arm_64; Android 15; REA-NX9) AppleWebKit/537.36 (KHTML, like Gecko) Chrome/144.0.7559.108 YaBrowser/26.3.2.108.00 Mobile Safari/537.36"
5.176.156.211 - - [26/Mar/2026:18:25:47 +0300] "GET /yeni/wp-includes/js/mediaelement/wp-mediaelement.min.css?ver=6.9.4 HTTP/2" 200 982 "https://polikistikover.net/yeni/about-usour-practice/" "Mozilla/5.0 (Linux; arm_64; Android 15; REA-NX9) AppleWebKit/537.36 (KHTML, like Gecko) Chrome/144.0.7559.108 YaBrowser/26.3.2.108.00 Mobile Safari/537.36"
5.176.156.211 - - [26/Mar/2026:18:25:47 +0300] "GET /yeni/wp-includes/js/mediaelement/mediaelement-migrate.min.js?ver=6.9.4 HTTP/2" 200 479 "https://polikistikover.net/yeni/about-usour-practice/" "Mozilla/5.0 (Linux; arm_64; Android 15; REA-NX9) AppleWebKit/537.36 (KHTML, like Gecko) Chrome/144.0.7559.108 YaBrowser/26.3.2.108.00 Mobile Safari/537.36"
5.176.156.211 - - [26/Mar/2026:18:25:47 +0300] "GET /yeni/wp-includes/js/mediaelement/mediaelement-and-player.min.js?ver=4.2.17 HTTP/2" 200 36433 "https://polikistikover.net/yeni/about-usour-practice/" "Mozilla/5.0 (Linux; arm_64; Android 15; REA-NX9) AppleWebKit/537.36 (KHTML, like Gecko) Chrome/144.0.7559.108 YaBrowser/26.3.2.108.00 Mobile Safari/537.36"
5.176.156.211 - - [26/Mar/2026:18:25:47 +0300] "GET /yeni/wp-includes/js/mediaelement/wp-mediaelement.min.js?ver=6.9.4 HTTP/2" 200 453 "https://polikistikover.net/yeni/about-usour-practice/" "Mozilla/5.0 (Linux; arm_64; Android 15; REA-NX9) AppleWebKit/537.36 (KHTML, like Gecko) Chrome/144.0.7559.108 YaBrowser/26.3.2.108.00 Mobile Safari/537.36"
5.176.156.211 - - [26/Mar/2026:18:25:47 +0300] "GET /yeni/wp-includes/js/mediaelement/renderers/vimeo.min.js?ver=4.2.17 HTTP/2" 200 2071 "https://polikistikover.net/yeni/about-usour-practice/" "Mozilla/5.0 (Linux; arm_64; Android 15; REA-NX9) AppleWebKit/537.36 (KHTML, like Gecko) Chrome/144.0.7559.108 YaBrowser/26.3.2.108.00 Mobile Safari/537.36"
5.176.156.211 - - [26/Mar/2026:18:25:47 +0300] "GET /yeni/wp-content/uploads/elementor/thumbs/sp-icon2-rbng5nssryzs7v2g65bdiff7j6qu4dpqqcz128yc8w.png HTTP/2" 200 4195 "https://polikistikover.net/yeni/about-usour-practice/" "Mozilla/5.0 (Linux; arm_64; Android 15; REA-NX9) AppleWebKit/537.36 (KHTML, like Gecko) Chrome/144.0.7559.108 YaBrowser/26.3.2.108.00 Mobile Safari/537.36"
5.176.156.211 - - [26/Mar/2026:18:25:47 +0300] "GET /yeni/wp-content/uploads/elementor/thumbs/sp-icon5-rbng5oqmyt12jh130nq02x6o4km7c2th2hmijiwy2o.png HTTP/2" 200 3510 "https://polikistikover.net/yeni/about-usour-practice/" "Mozilla/5.0 (Linux; arm_64; Android 15; REA-NX9) AppleWebKit/537.36 (KHTML, like Gecko) Chrome/144.0.7559.108 YaBrowser/26.3.2.108.00 Mobile Safari/537.36"
5.176.156.211 - - [26/Mar/2026:18:25:47 +0300] "GET /yeni/wp-content/uploads/elementor/thumbs/sp-icon4-rbng5poh5n2cv2zpv64mney4pyhkjrx7ema00svjwg.png HTTP/2" 200 2945 "https://polikistikover.net/yeni/about-usour-practice/" "Mozilla/5.0 (Linux; arm_64; Android 15; REA-NX9) AppleWebKit/537.36 (KHTML, like Gecko) Chrome/144.0.7559.108 YaBrowser/26.3.2.108.00 Mobile Safari/537.36"
5.176.156.211 - - [26/Mar/2026:18:25:47 +0300] "GET /yeni/wp-content/uploads/elementor/thumbs/sp-icon8-rbng5tftwz7i5iu997r4xdzz3hz1ekc4r4vxxwpz7k.png HTTP/2" 200 3111 "https://polikistikover.net/yeni/about-usour-practice/" "Mozilla/5.0 (Linux; arm_64; Android 15; REA-NX9) AppleWebKit/537.36 (KHTML, like Gecko) Chrome/144.0.7559.108 YaBrowser/26.3.2.108.00 Mobile Safari/537.36"
5.176.156.211 - - [26/Mar/2026:18:25:47 +0300] "GET /yeni/wp-content/uploads/elementor/thumbs/sp-icon1-rbng5qmbch3n6oycpoj97wplbccxrh0xqqxhi2u5q8.png HTTP/2" 200 2930 "https://polikistikover.net/yeni/about-usour-practice/" "Mozilla/5.0 (Linux; arm_64; Android 15; REA-NX9) AppleWebKit/537.36 (KHTML, like Gecko) Chrome/144.0.7559.108 YaBrowser/26.3.2.108.00 Mobile Safari/537.36"
5.176.156.211 - - [26/Mar/2026:18:25:47 +0300] "GET /yeni/wp-content/uploads/elementor/thumbs/sp-icon6-rbng5qmbch3n6oycpoj97wplbccxrh0xqqxhi2u5q8.png HTTP/2" 200 3255 "https://polikistikover.net/yeni/about-usour-practice/" "Mozilla/5.0 (Linux; arm_64; Android 15; REA-NX9) AppleWebKit/537.36 (KHTML, like Gecko) Chrome/144.0.7559.108 YaBrowser/26.3.2.108.00 Mobile Safari/537.36"
5.176.156.211 - - [26/Mar/2026:18:25:47 +0300] "GET /yeni/wp-content/uploads/elementor/thumbs/sp-icon3-rbng5rk5jb4xiawzk6xvseh1wq8az64o2vkyzcsrk0.png HTTP/2" 200 3420 "https://polikistikover.net/yeni/about-usour-practice/" "Mozilla/5.0 (Linux; arm_64; Android 15; REA-NX9) AppleWebKit/537.36 (KHTML, like Gecko) Chrome/144.0.7559.108 YaBrowser/26.3.2.108.00 Mobile Safari/537.36"
5.176.156.211 - - [26/Mar/2026:18:25:47 +0300] "GET /yeni/wp-content/uploads/2025/10/YouCut_20251012_184720160.mp4?_=1 HTTP/2" 206 507625 "https://polikistikover.net/yeni/about-usour-practice/" "Mozilla/5.0 (Linux; arm_64; Android 15; REA-NX9) AppleWebKit/537.36 (KHTML, like Gecko) Chrome/144.0.7559.108 YaBrowser/26.3.2.108.00 Mobile Safari/537.36"
