89.252.162.138 - - [26/Mar/2026:22:40:16 +0300] "POST /wp-cron.php?doing_wp_cron=1774554016.4771680831909179687500 HTTP/1.1" 200 0 "-" "WordPress/6.8.5; https://polikistikover.net"
196.189.161.95 - - [26/Mar/2026:22:40:15 +0300] "POST /xmlrpc.php HTTP/1.1" 200 412 "-" "Mozilla/5.0 (Windows NT 6.2; arm64) AppleWebKit/537.36 (KHTML, like Gecko) Edge/94.0.0.0 Safari/537.36"
83.217.208.168 - - [26/Mar/2026:22:40:22 +0300] "GET /wp-login.php HTTP/1.1" 200 10669 "-" "Mozilla/5.0 (iPhone; CPU iPhone OS 7_1_2 like Mac OS X) AppleWebKit/537.51.2 (KHTML, like Gecko) Version/7.0 Mobile/11D257 Safari/9537.53"
83.217.208.168 - - [26/Mar/2026:22:40:22 +0300] "POST /wp-login.php HTTP/1.1" 200 11178 "-" "Mozilla/5.0 (iPhone; CPU iPhone OS 7_1_2 like Mac OS X) AppleWebKit/537.51.2 (KHTML, like Gecko) Version/7.0 Mobile/11D257 Safari/9537.53"
172.190.142.176 - - [26/Mar/2026:22:41:03 +0300] "GET /wp-content/plugins/hellopress/wp_filemanager.php HTTP/1.1" 404 796 "-" "-"
172.190.142.176 - - [26/Mar/2026:22:41:03 +0300] "GET /content.php HTTP/1.1" 404 796 "-" "-"
172.190.142.176 - - [26/Mar/2026:22:41:03 +0300] "GET /public/ws38.php HTTP/1.1" 404 796 "-" "-"
172.190.142.176 - - [26/Mar/2026:22:41:04 +0300] "GET /css.php HTTP/1.1" 404 796 "-" "-"
172.190.142.176 - - [26/Mar/2026:22:41:04 +0300] "GET /ralphwetzel/theonionbox HTTP/1.1" 404 796 "-" "-"
172.190.142.176 - - [26/Mar/2026:22:41:04 +0300] "GET /0x.php HTTP/1.1" 404 796 "-" "-"
172.190.142.176 - - [26/Mar/2026:22:41:05 +0300] "GET /wp-admin/install.php HTTP/1.1" 200 1321 "-" "-"
172.190.142.176 - - [26/Mar/2026:22:41:06 +0300] "GET /xxw.php HTTP/1.1" 404 796 "-" "-"
172.190.142.176 - - [26/Mar/2026:22:41:06 +0300] "GET /ws34.php HTTP/1.1" 404 796 "-" "-"
172.190.142.176 - - [26/Mar/2026:22:41:06 +0300] "GET /gec.php HTTP/1.1" 404 796 "-" "-"
172.190.142.176 - - [26/Mar/2026:22:41:06 +0300] "GET /dox.php HTTP/1.1" 404 796 "-" "-"
172.190.142.176 - - [26/Mar/2026:22:41:07 +0300] "GET /output.php HTTP/1.1" 404 796 "-" "-"
172.190.142.176 - - [26/Mar/2026:22:41:07 +0300] "GET /bless.php HTTP/1.1" 404 796 "-" "-"
172.190.142.176 - - [26/Mar/2026:22:41:07 +0300] "GET /ws33.php HTTP/1.1" 404 796 "-" "-"
172.190.142.176 - - [26/Mar/2026:22:41:08 +0300] "GET /wp.php HTTP/1.1" 404 796 "-" "-"
172.190.142.176 - - [26/Mar/2026:22:41:08 +0300] "GET /wen.php HTTP/1.1" 404 796 "-" "-"
172.190.142.176 - - [26/Mar/2026:22:41:08 +0300] "GET /wp-configs.php HTTP/1.1" 404 796 "-" "-"
172.190.142.176 - - [26/Mar/2026:22:41:09 +0300] "GET /1index.php HTTP/1.1" 404 796 "-" "-"
172.190.142.176 - - [26/Mar/2026:22:41:09 +0300] "GET /img.php HTTP/1.1" 404 796 "-" "-"
172.190.142.176 - - [26/Mar/2026:22:41:09 +0300] "GET /public/vx.php HTTP/1.1" 404 796 "-" "-"
172.190.142.176 - - [26/Mar/2026:22:41:09 +0300] "GET /wp-content/themes/about.php HTTP/1.1" 404 796 "-" "-"
172.190.142.176 - - [26/Mar/2026:22:41:10 +0300] "GET /rymmm.php HTTP/1.1" 404 796 "-" "-"
172.190.142.176 - - [26/Mar/2026:22:41:10 +0300] "GET /wp-admin/network/ HTTP/1.1" 302 0 "-" "-"
172.190.142.176 - - [26/Mar/2026:22:41:11 +0300] "GET /wp-login.php?redirect_to=https%3A%2F%2Fpolikistikover.net%2Fwp-admin%2Fnetwork%2F&reauth=1 HTTP/1.1" 200 10728 "-" "-"
172.190.142.176 - - [26/Mar/2026:22:41:13 +0300] "GET /ws45.php HTTP/1.1" 404 796 "-" "-"
172.190.142.176 - - [26/Mar/2026:22:41:13 +0300] "GET /new.php HTTP/1.1" 404 796 "-" "-"
172.190.142.176 - - [26/Mar/2026:22:41:13 +0300] "GET /s.php HTTP/1.1" 404 796 "-" "-"
172.190.142.176 - - [26/Mar/2026:22:41:13 +0300] "GET /wp-admin/includes/wp-trackback.php HTTP/1.1" 404 796 "-" "-"
172.190.142.176 - - [26/Mar/2026:22:41:14 +0300] "GET /test/lm.php HTTP/1.1" 404 796 "-" "-"
172.190.142.176 - - [26/Mar/2026:22:41:14 +0300] "GET /index/function.php HTTP/1.1" 404 796 "-" "-"
172.190.142.176 - - [26/Mar/2026:22:41:14 +0300] "GET /file30.php HTTP/1.1" 404 796 "-" "-"
172.190.142.176 - - [26/Mar/2026:22:41:15 +0300] "GET /wordpress/clo.php HTTP/1.1" 404 796 "-" "-"
172.190.142.176 - - [26/Mar/2026:22:41:15 +0300] "GET /wp-includes/blocks/ HTTP/1.1" 200 2 "-" "-"
172.190.142.176 - - [26/Mar/2026:22:41:15 +0300] "GET /wp-includes/Text/wp-login.php HTTP/1.1" 404 796 "-" "-"
172.190.142.176 - - [26/Mar/2026:22:41:16 +0300] "GET /wp-includes/fonts/index.php HTTP/1.1" 404 796 "-" "-"
172.190.142.176 - - [26/Mar/2026:22:41:16 +0300] "GET /wp-includes/customize/index.php HTTP/1.1" 404 796 "-" "-"
172.190.142.176 - - [26/Mar/2026:22:41:16 +0300] "GET /Ov-Simple1.php HTTP/1.1" 404 796 "-" "-"
172.190.142.176 - - [26/Mar/2026:22:41:17 +0300] "GET /classwithtostring.php HTTP/1.1" 404 796 "-" "-"
172.190.142.176 - - [26/Mar/2026:22:41:17 +0300] "GET /worksec.php HTTP/1.1" 404 796 "-" "-"
172.190.142.176 - - [26/Mar/2026:22:41:17 +0300] "GET /ss.php HTTP/1.1" 404 796 "-" "-"
172.190.142.176 - - [26/Mar/2026:22:41:17 +0300] "GET /ls4/worksec.php HTTP/1.1" 404 796 "-" "-"
172.190.142.176 - - [26/Mar/2026:22:41:18 +0300] "GET /oo.php HTTP/1.1" 404 796 "-" "-"
172.190.142.176 - - [26/Mar/2026:22:41:18 +0300] "GET /wp-admin/maint/ HTTP/1.1" 200 1843 "-" "-"
172.190.142.176 - - [26/Mar/2026:22:41:19 +0300] "GET /ws38.php HTTP/1.1" 404 796 "-" "-"
172.190.142.176 - - [26/Mar/2026:22:41:20 +0300] "GET /lc.php HTTP/1.1" 404 796 "-" "-"
172.190.142.176 - - [26/Mar/2026:22:41:20 +0300] "GET /byp.php HTTP/1.1" 404 796 "-" "-"
172.190.142.176 - - [26/Mar/2026:22:41:20 +0300] "GET /edit.php HTTP/1.1" 404 796 "-" "-"
172.190.142.176 - - [26/Mar/2026:22:41:21 +0300] "GET /admin/function.php HTTP/1.1" 404 796 "-" "-"
172.190.142.176 - - [26/Mar/2026:22:41:21 +0300] "GET /amax.php HTTP/1.1" 404 796 "-" "-"
172.190.142.176 - - [26/Mar/2026:22:41:21 +0300] "GET /wp-content/plugins/ HTTP/1.1" 200 0 "-" "-"
172.190.142.176 - - [26/Mar/2026:22:41:21 +0300] "GET /ws28.php HTTP/1.1" 404 796 "-" "-"
172.190.142.176 - - [26/Mar/2026:22:41:22 +0300] "GET /wp-admin/new2.php HTTP/1.1" 404 796 "-" "-"
172.190.142.176 - - [26/Mar/2026:22:41:22 +0300] "GET /v1.php HTTP/1.1" 404 796 "-" "-"
172.190.142.176 - - [26/Mar/2026:22:41:22 +0300] "GET /elp.php HTTP/1.1" 404 796 "-" "-"
172.190.142.176 - - [26/Mar/2026:22:41:24 +0300] "GET /.well-known/content.php HTTP/1.1" 404 796 "-" "-"
172.190.142.176 - - [26/Mar/2026:22:41:25 +0300] "GET /themes.php HTTP/1.1" 404 796 "-" "-"
172.190.142.176 - - [26/Mar/2026:22:41:25 +0300] "GET /wp-good.php HTTP/1.1" 404 796 "-" "-"
172.190.142.176 - - [26/Mar/2026:22:41:25 +0300] "GET /wp-includes/assets/index.php HTTP/1.1" 404 796 "-" "-"
172.190.142.176 - - [26/Mar/2026:22:41:25 +0300] "GET /403.php HTTP/1.1" 404 796 "-" "-"
172.190.142.176 - - [26/Mar/2026:22:41:26 +0300] "GET /admin.php HTTP/1.1" 200 0 "-" "-"
172.190.142.176 - - [26/Mar/2026:22:41:28 +0300] "GET /ws35.php HTTP/1.1" 404 796 "-" "-"
172.190.142.176 - - [26/Mar/2026:22:41:30 +0300] "GET /file.php HTTP/1.1" 404 796 "-" "-"
172.190.142.176 - - [26/Mar/2026:22:41:30 +0300] "GET /yes.php HTTP/1.1" 404 796 "-" "-"
172.190.142.176 - - [26/Mar/2026:22:41:30 +0300] "GET /x/ HTTP/1.1" 404 796 "-" "-"
172.190.142.176 - - [26/Mar/2026:22:41:31 +0300] "GET /wrt.php HTTP/1.1" 404 796 "-" "-"
172.190.142.176 - - [26/Mar/2026:22:41:31 +0300] "GET /new4.php HTTP/1.1" 404 796 "-" "-"
172.190.142.176 - - [26/Mar/2026:22:41:31 +0300] "GET /dropdown.php HTTP/1.1" 404 796 "-" "-"
172.190.142.176 - - [26/Mar/2026:22:41:31 +0300] "GET /item.php HTTP/1.1" 404 796 "-" "-"
172.190.142.176 - - [26/Mar/2026:22:41:32 +0300] "GET /cgi-bin/wp-login.php HTTP/1.1" 404 796 "-" "-"
172.190.142.176 - - [26/Mar/2026:22:41:32 +0300] "GET /system_log.php HTTP/1.1" 404 796 "-" "-"
172.190.142.176 - - [26/Mar/2026:22:41:32 +0300] "GET /files.php HTTP/1.1" 404 796 "-" "-"
172.190.142.176 - - [26/Mar/2026:22:41:33 +0300] "GET /xml.php HTTP/1.1" 404 796 "-" "-"
172.190.142.176 - - [26/Mar/2026:22:41:33 +0300] "GET /num.php HTTP/1.1" 404 796 "-" "-"
172.190.142.176 - - [26/Mar/2026:22:41:33 +0300] "GET /wp-sign.php HTTP/1.1" 404 796 "-" "-"
172.190.142.176 - - [26/Mar/2026:22:41:34 +0300] "GET /404.php HTTP/1.1" 404 796 "-" "-"
172.190.142.176 - - [26/Mar/2026:22:41:34 +0300] "GET /gg.php HTTP/1.1" 404 796 "-" "-"
172.190.142.176 - - [26/Mar/2026:22:41:34 +0300] "GET /moon3.php HTTP/1.1" 404 796 "-" "-"
172.190.142.176 - - [26/Mar/2026:22:41:35 +0300] "GET /app.php HTTP/1.1" 404 796 "-" "-"
172.190.142.176 - - [26/Mar/2026:22:41:35 +0300] "GET /13.php HTTP/1.1" 404 796 "-" "-"
172.190.142.176 - - [26/Mar/2026:22:41:35 +0300] "GET /explorer/index_.php HTTP/1.1" 404 796 "-" "-"
172.190.142.176 - - [26/Mar/2026:22:41:36 +0300] "GET /log.php HTTP/1.1" 404 796 "-" "-"
172.190.142.176 - - [26/Mar/2026:22:41:36 +0300] "GET /doc.php HTTP/1.1" 404 796 "-" "-"
172.190.142.176 - - [26/Mar/2026:22:41:36 +0300] "GET /atomlib.php HTTP/1.1" 404 796 "-" "-"
172.190.142.176 - - [26/Mar/2026:22:41:36 +0300] "GET /ma.php HTTP/1.1" 404 796 "-" "-"
172.190.142.176 - - [26/Mar/2026:22:41:37 +0300] "GET /2025/11/13/xml-rpc-test-post/ HTTP/1.1" 404 796 "-" "-"
172.190.142.176 - - [26/Mar/2026:22:41:37 +0300] "GET /help/crnpwfiu.php HTTP/1.1" 404 796 "-" "-"
172.190.142.176 - - [26/Mar/2026:22:41:37 +0300] "GET /ws37.php HTTP/1.1" 404 796 "-" "-"
172.190.142.176 - - [26/Mar/2026:22:41:38 +0300] "GET /db.php HTTP/1.1" 404 796 "-" "-"
172.190.142.176 - - [26/Mar/2026:22:41:38 +0300] "GET /ws29.php HTTP/1.1" 404 796 "-" "-"
172.190.142.176 - - [26/Mar/2026:22:41:38 +0300] "GET /byp8.php HTTP/1.1" 404 796 "-" "-"
172.190.142.176 - - [26/Mar/2026:22:41:39 +0300] "GET /alfa.php HTTP/1.1" 404 796 "-" "-"
172.190.142.176 - - [26/Mar/2026:22:41:39 +0300] "GET /wp-admin/network/index.php HTTP/1.1" 302 0 "-" "-"
172.190.142.176 - - [26/Mar/2026:22:41:40 +0300] "GET /wp-login.php?redirect_to=https%3A%2F%2Fpolikistikover.net%2Fwp-admin%2Fnetwork%2Findex.php&reauth=1 HTTP/1.1" 200 10746 "-" "-"
172.190.142.176 - - [26/Mar/2026:22:41:41 +0300] "GET /an8.php HTTP/1.1" 404 796 "-" "-"
172.190.142.176 - - [26/Mar/2026:22:41:42 +0300] "GET /vx.php HTTP/1.1" 404 796 "-" "-"
172.190.142.176 - - [26/Mar/2026:22:41:42 +0300] "GET /222.php HTTP/1.1" 404 796 "-" "-"
172.190.142.176 - - [26/Mar/2026:22:41:42 +0300] "GET /lv.php HTTP/1.1" 404 796 "-" "-"
172.190.142.176 - - [26/Mar/2026:22:41:43 +0300] "GET /wp-trackback.php HTTP/1.1" 404 152 "-" "-"
172.190.142.176 - - [26/Mar/2026:22:41:44 +0300] "GET /jga.php HTTP/1.1" 404 796 "-" "-"
172.190.142.176 - - [26/Mar/2026:22:41:44 +0300] "GET /wp-conflg.php HTTP/1.1" 404 796 "-" "-"
172.190.142.176 - - [26/Mar/2026:22:41:44 +0300] "GET /wp-content/ HTTP/1.1" 200 0 "-" "-"
172.190.142.176 - - [26/Mar/2026:22:41:45 +0300] "GET /user.php HTTP/1.1" 404 796 "-" "-"
172.190.142.176 - - [26/Mar/2026:22:41:45 +0300] "GET /t.php HTTP/1.1" 404 796 "-" "-"
172.190.142.176 - - [26/Mar/2026:22:41:45 +0300] "GET /shell.php HTTP/1.1" 404 796 "-" "-"
172.190.142.176 - - [26/Mar/2026:22:41:46 +0300] "GET /xxxx.php HTTP/1.1" 404 796 "-" "-"
172.190.142.176 - - [26/Mar/2026:22:41:46 +0300] "GET /xa.php HTTP/1.1" 404 796 "-" "-"
172.190.142.176 - - [26/Mar/2026:22:41:46 +0300] "GET /wp-content/languages/index.php HTTP/1.1" 404 796 "-" "-"
172.190.142.176 - - [26/Mar/2026:22:41:46 +0300] "GET /x.php HTTP/1.1" 404 796 "-" "-"
172.190.142.176 - - [26/Mar/2026:22:41:47 +0300] "GET /Sanskrit.php HTTP/1.1" 404 796 "-" "-"
172.190.142.176 - - [26/Mar/2026:22:41:47 +0300] "GET /wp-includes/css/ HTTP/1.1" 200 14041 "-" "-"
172.190.142.176 - - [26/Mar/2026:22:41:47 +0300] "GET /bolt.php HTTP/1.1" 404 796 "-" "-"
172.190.142.176 - - [26/Mar/2026:22:41:48 +0300] "GET /xx.php HTTP/1.1" 404 796 "-" "-"
172.190.142.176 - - [26/Mar/2026:22:41:48 +0300] "GET /buy.php HTTP/1.1" 404 796 "-" "-"
172.190.142.176 - - [26/Mar/2026:22:41:49 +0300] "GET /great.php HTTP/1.1" 404 796 "-" "-"
172.190.142.176 - - [26/Mar/2026:22:41:49 +0300] "GET /cc.php HTTP/1.1" 404 796 "-" "-"
31.223.91.136 - - [26/Mar/2026:22:40:08 +0300] "GET /yeni/wp-content/uploads/2025/09/Skin-tags-150x150.png HTTP/2" 200 43481 "https://polikistikover.net/yeni/" "Mozilla/5.0 (iPhone; CPU iPhone OS 18_7 like Mac OS X) AppleWebKit/605.1.15 (KHTML, like Gecko) Mobile/23D8133 Instagram 421.1.6.39.52 (iPhone14,5; iOS 26_3_1; tr_TR; tr; scale=3.00; 1170x2532; IABMV/1; 910922286) Safari/604.1"
20.106.150.36 - - [26/Mar/2026:22:40:01 +0300] "POST //xmlrpc.php HTTP/1.1" 200 410 "-" "Mozilla/5.0 (Windows NT 10.0; Win64; x64) AppleWebKit/537.36 (KHTML, like Gecko) Chrome/80.0.3987.149 Safari/537.36"
31.223.91.136 - - [26/Mar/2026:22:40:17 +0300] "GET /yeni/wp-content/uploads/2025/09/image-29-150x150.png HTTP/2" 200 25956 "https://polikistikover.net/yeni/" "Mozilla/5.0 (iPhone; CPU iPhone OS 18_7 like Mac OS X) AppleWebKit/605.1.15 (KHTML, like Gecko) Mobile/23D8133 Instagram 421.1.6.39.52 (iPhone14,5; iOS 26_3_1; tr_TR; tr; scale=3.00; 1170x2532; IABMV/1; 910922286) Safari/604.1"
20.106.150.36 - - [26/Mar/2026:22:40:16 +0300] "POST //xmlrpc.php HTTP/1.1" 200 410 "-" "Mozilla/5.0 (Windows NT 10.0; Win64; x64) AppleWebKit/537.36 (KHTML, like Gecko) Chrome/80.0.3987.149 Safari/537.36"
20.106.150.36 - - [26/Mar/2026:22:40:35 +0300] "POST //xmlrpc.php HTTP/1.1" 200 410 "-" "Mozilla/5.0 (Windows NT 10.0; Win64; x64) AppleWebKit/537.36 (KHTML, like Gecko) Chrome/80.0.3987.149 Safari/537.36"
89.252.162.138 - - [26/Mar/2026:22:41:01 +0300] "POST /wp-cron.php?doing_wp_cron=1774554061.3805749416351318359375 HTTP/1.1" 200 0 "-" "WordPress/6.8.5; https://polikistikover.net"
20.106.150.36 - - [26/Mar/2026:22:40:46 +0300] "POST //xmlrpc.php HTTP/1.1" 200 410 "-" "Mozilla/5.0 (Windows NT 10.0; Win64; x64) AppleWebKit/537.36 (KHTML, like Gecko) Chrome/80.0.3987.149 Safari/537.36"
89.252.162.138 - - [26/Mar/2026:22:41:02 +0300] "POST /wp-admin/admin-ajax.php?action=async_litespeed&nonce=mzDSdQNBXmZ9EjoklmXOpMsmZ0ohQloE&litespeed_type=imgoptm HTTP/1.1" 200 5 "-" "WordPress/6.8.5; https://polikistikover.net"
196.189.161.95 - - [26/Mar/2026:22:41:11 +0300] "POST /xmlrpc.php HTTP/1.1" 200 412 "-" "Mozilla/5.0 (Windows NT 6.2; arm64) AppleWebKit/537.36 (KHTML, like Gecko) Opera/74.0.0.0 Safari/537.36"
89.252.162.138 - - [26/Mar/2026:22:41:16 +0300] "POST /wp-cron.php?doing_wp_cron=1774554076.2868530750274658203125 HTTP/1.1" 200 0 "-" "WordPress/6.8.5; https://polikistikover.net"
20.106.150.36 - - [26/Mar/2026:22:41:01 +0300] "POST //xmlrpc.php HTTP/1.1" 200 410 "-" "Mozilla/5.0 (Windows NT 10.0; Win64; x64) AppleWebKit/537.36 (KHTML, like Gecko) Chrome/80.0.3987.149 Safari/537.36"
20.106.150.36 - - [26/Mar/2026:22:41:16 +0300] "POST //xmlrpc.php HTTP/1.1" 200 410 "-" "Mozilla/5.0 (Windows NT 10.0; Win64; x64) AppleWebKit/537.36 (KHTML, like Gecko) Chrome/80.0.3987.149 Safari/537.36"
20.106.150.36 - - [26/Mar/2026:22:41:31 +0300] "POST //xmlrpc.php HTTP/1.1" 200 410 "-" "Mozilla/5.0 (Windows NT 10.0; Win64; x64) AppleWebKit/537.36 (KHTML, like Gecko) Chrome/80.0.3987.149 Safari/537.36"
89.252.162.138 - - [26/Mar/2026:22:42:01 +0300] "POST /wp-cron.php?doing_wp_cron=1774554121.4668760299682617187500 HTTP/1.1" 200 0 "-" "WordPress/6.8.5; https://polikistikover.net"
20.106.150.36 - - [26/Mar/2026:22:41:46 +0300] "POST //xmlrpc.php HTTP/1.1" 200 410 "-" "Mozilla/5.0 (Windows NT 10.0; Win64; x64) AppleWebKit/537.36 (KHTML, like Gecko) Chrome/80.0.3987.149 Safari/537.36"
89.252.162.138 - - [26/Mar/2026:22:42:02 +0300] "POST /wp-admin/admin-ajax.php?action=async_litespeed&nonce=rRuAs5PBiQKIWVUMY9Tk7HBohGP0If3p&litespeed_type=imgoptm HTTP/1.1" 200 5 "-" "WordPress/6.8.5; https://polikistikover.net"
196.189.161.95 - - [26/Mar/2026:22:42:15 +0300] "POST /xmlrpc.php HTTP/1.1" 200 412 "-" "Mozilla/5.0 (X11; Ubuntu; Linux x86_64; x64) AppleWebKit/537.36 (KHTML, like Gecko) Safari/13.0.0.0 Safari/537.36"
20.106.150.36 - - [26/Mar/2026:22:42:01 +0300] "POST //xmlrpc.php HTTP/1.1" 200 410 "-" "Mozilla/5.0 (Windows NT 10.0; Win64; x64) AppleWebKit/537.36 (KHTML, like Gecko) Chrome/80.0.3987.149 Safari/537.36"
20.106.150.36 - - [26/Mar/2026:22:42:17 +0300] "POST //xmlrpc.php HTTP/1.1" 200 410 "-" "Mozilla/5.0 (Windows NT 10.0; Win64; x64) AppleWebKit/537.36 (KHTML, like Gecko) Chrome/80.0.3987.149 Safari/537.36"
20.106.150.36 - - [26/Mar/2026:22:42:31 +0300] "POST //xmlrpc.php HTTP/1.1" 200 410 "-" "Mozilla/5.0 (Windows NT 10.0; Win64; x64) AppleWebKit/537.36 (KHTML, like Gecko) Chrome/80.0.3987.149 Safari/537.36"
89.252.162.138 - - [26/Mar/2026:22:43:01 +0300] "POST /wp-cron.php?doing_wp_cron=1774554181.7039859294891357421875 HTTP/1.1" 200 0 "-" "WordPress/6.8.5; https://polikistikover.net"
20.106.150.36 - - [26/Mar/2026:22:42:46 +0300] "POST //xmlrpc.php HTTP/1.1" 200 410 "-" "Mozilla/5.0 (Windows NT 10.0; Win64; x64) AppleWebKit/537.36 (KHTML, like Gecko) Chrome/80.0.3987.149 Safari/537.36"
196.189.161.95 - - [26/Mar/2026:22:43:13 +0300] "POST /xmlrpc.php HTTP/1.1" 200 412 "-" "Mozilla/5.0 (Windows NT 10.0; x64) AppleWebKit/537.36 (KHTML, like Gecko) Firefox/74.0.0.0 Safari/537.36"
89.252.162.138 - - [26/Mar/2026:22:43:17 +0300] "POST /wp-cron.php?doing_wp_cron=1774554197.4060060977935791015625 HTTP/1.1" 200 0 "-" "WordPress/6.8.5; https://polikistikover.net"
20.106.150.36 - - [26/Mar/2026:22:43:02 +0300] "POST //xmlrpc.php HTTP/1.1" 200 410 "-" "Mozilla/5.0 (Windows NT 10.0; Win64; x64) AppleWebKit/537.36 (KHTML, like Gecko) Chrome/80.0.3987.149 Safari/537.36"
20.106.150.36 - - [26/Mar/2026:22:43:17 +0300] "POST //xmlrpc.php HTTP/1.1" 200 410 "-" "Mozilla/5.0 (Windows NT 10.0; Win64; x64) AppleWebKit/537.36 (KHTML, like Gecko) Chrome/80.0.3987.149 Safari/537.36"
3.110.180.199 - - [26/Mar/2026:22:43:44 +0300] "POST / HTTP/1.1" 200 76 "-" "Mozilla/5.0 (X11; Linux x86_64) AppleWebKit/537.36 (KHTML, like Gecko) Chrome/131.0.0.0 Safari/537.36"
20.106.150.36 - - [26/Mar/2026:22:43:32 +0300] "POST //xmlrpc.php HTTP/1.1" 200 410 "-" "Mozilla/5.0 (Windows NT 10.0; Win64; x64) AppleWebKit/537.36 (KHTML, like Gecko) Chrome/80.0.3987.149 Safari/537.36"
20.106.150.36 - - [26/Mar/2026:22:43:46 +0300] "POST //xmlrpc.php HTTP/1.1" 200 410 "-" "Mozilla/5.0 (Windows NT 10.0; Win64; x64) AppleWebKit/537.36 (KHTML, like Gecko) Chrome/80.0.3987.149 Safari/537.36"
89.252.162.138 - - [26/Mar/2026:22:44:03 +0300] "POST /wp-admin/admin-ajax.php?action=async_litespeed&nonce=rvF5T3BY93WgwtU9uwc5atFj5j1Z1wV8&litespeed_type=imgoptm HTTP/1.1" 200 5 "-" "WordPress/6.8.5; https://polikistikover.net"
196.189.161.95 - - [26/Mar/2026:22:44:12 +0300] "POST /xmlrpc.php HTTP/1.1" 200 412 "-" "Mozilla/5.0 (Windows NT 6.2; x86) AppleWebKit/537.36 (KHTML, like Gecko) Opera/62.0.0.0 Safari/537.36"
89.252.162.138 - - [26/Mar/2026:22:44:16 +0300] "POST /wp-cron.php?doing_wp_cron=1774554256.7081840038299560546875 HTTP/1.1" 200 0 "-" "WordPress/6.8.5; https://polikistikover.net"
20.106.150.36 - - [26/Mar/2026:22:44:02 +0300] "POST //xmlrpc.php HTTP/1.1" 200 410 "-" "Mozilla/5.0 (Windows NT 10.0; Win64; x64) AppleWebKit/537.36 (KHTML, like Gecko) Chrome/80.0.3987.149 Safari/537.36"
20.106.150.36 - - [26/Mar/2026:22:44:17 +0300] "POST //xmlrpc.php HTTP/1.1" 200 410 "-" "Mozilla/5.0 (Windows NT 10.0; Win64; x64) AppleWebKit/537.36 (KHTML, like Gecko) Chrome/80.0.3987.149 Safari/537.36"
20.106.150.36 - - [26/Mar/2026:22:44:31 +0300] "POST //xmlrpc.php HTTP/1.1" 200 410 "-" "Mozilla/5.0 (Windows NT 10.0; Win64; x64) AppleWebKit/537.36 (KHTML, like Gecko) Chrome/80.0.3987.149 Safari/537.36"
102.64.155.177 - - [26/Mar/2026:22:45:01 +0300] "GET /wp-json/wp/v2/users HTTP/1.1" 404 796 "-" "Mozilla/4.0 (compatible; Win32; WinHttp.WinHttpRequest.5)"
20.106.150.36 - - [26/Mar/2026:22:44:46 +0300] "POST //xmlrpc.php HTTP/1.1" 200 410 "-" "Mozilla/5.0 (Windows NT 10.0; Win64; x64) AppleWebKit/537.36 (KHTML, like Gecko) Chrome/80.0.3987.149 Safari/537.36"
89.252.162.138 - - [26/Mar/2026:22:45:17 +0300] "POST /wp-cron.php?doing_wp_cron=1774554317.3757259845733642578125 HTTP/1.1" 200 0 "-" "WordPress/6.8.5; https://polikistikover.net"
172.190.142.176 - - [26/Mar/2026:22:41:49 +0300] "GET /f35.php HTTP/1.1" 404 796 "-" "-"
172.190.142.176 - - [26/Mar/2026:22:41:50 +0300] "GET /mini.php HTTP/1.1" 404 796 "-" "-"
172.190.142.176 - - [26/Mar/2026:22:41:50 +0300] "GET /shell20211028.php HTTP/1.1" 404 796 "-" "-"
172.190.142.176 - - [26/Mar/2026:22:41:50 +0300] "GET /wp-content/about.php HTTP/1.1" 404 796 "-" "-"
172.190.142.176 - - [26/Mar/2026:22:41:50 +0300] "GET /readme.php HTTP/1.1" 404 796 "-" "-"
172.190.142.176 - - [26/Mar/2026:22:41:51 +0300] "GET /ar.php HTTP/1.1" 404 796 "-" "-"
89.252.162.138 - - [26/Mar/2026:22:42:16 +0300] "POST /wp-cron.php?doing_wp_cron=1774554136.6100099086761474609375 HTTP/1.1" 200 0 "-" "WordPress/6.8.5; https://polikistikover.net"
89.252.162.138 - - [26/Mar/2026:22:43:03 +0300] "POST /wp-admin/admin-ajax.php?action=async_litespeed&nonce=ib9ETIHhelxniliWUCSx9QNoODBafpDv&litespeed_type=imgoptm HTTP/1.1" 200 5 "-" "WordPress/6.8.5; https://polikistikover.net"
3.110.180.199 - - [26/Mar/2026:22:43:44 +0300] "GET / HTTP/1.1" 200 76 "-" "Mozilla/5.0 (X11; Linux x86_64) AppleWebKit/537.36 (KHTML, like Gecko) Chrome/131.0.0.0 Safari/537.36"
3.110.180.199 - - [26/Mar/2026:22:43:44 +0300] "POST / HTTP/1.1" 200 76 "-" "Mozilla/5.0 (X11; Linux x86_64) AppleWebKit/537.36 (KHTML, like Gecko) Chrome/131.0.0.0 Safari/537.36"
3.110.180.199 - - [26/Mar/2026:22:43:45 +0300] "POST / HTTP/1.1" 200 76 "-" "Mozilla/5.0 (X11; Linux x86_64) AppleWebKit/537.36 (KHTML, like Gecko) Chrome/131.0.0.0 Safari/537.36"
89.252.162.138 - - [26/Mar/2026:22:44:01 +0300] "POST /wp-cron.php?doing_wp_cron=1774554241.7522571086883544921875 HTTP/1.1" 200 0 "-" "WordPress/6.8.5; https://polikistikover.net"
209.141.49.144 - - [26/Mar/2026:22:44:13 +0300] "GET /wp-login.php HTTP/1.1" 200 10613 "-" "Mozilla/5.0 (Macintosh; Intel Mac OS X 10_9_4) AppleWebKit/537.78.2 (KHTML, like Gecko) Version/7.0.6 Safari/537.78.2"
209.141.49.144 - - [26/Mar/2026:22:44:15 +0300] "POST /wp-login.php HTTP/1.1" 200 11092 "-" "Mozilla/5.0 (Macintosh; Intel Mac OS X 10_9_4) AppleWebKit/537.78.2 (KHTML, like Gecko) Version/7.0.6 Safari/537.78.2"
89.252.162.138 - - [26/Mar/2026:22:45:01 +0300] "POST /wp-cron.php?doing_wp_cron=1774554301.5583739280700683593750 HTTP/1.1" 200 0 "-" "WordPress/6.8.5; https://polikistikover.net"
89.252.162.138 - - [26/Mar/2026:22:45:02 +0300] "POST /wp-admin/admin-ajax.php?action=async_litespeed&nonce=bfCY1ldHKCclmS7LRTuvlo3pKsV1dci4&litespeed_type=imgoptm HTTP/1.1" 200 5 "-" "WordPress/6.8.5; https://polikistikover.net"
89.252.162.138 - - [26/Mar/2026:22:46:01 +0300] "POST /wp-cron.php?doing_wp_cron=1774554361.7212541103363037109375 HTTP/1.1" 200 0 "-" "WordPress/6.8.5; https://polikistikover.net"
89.252.162.138 - - [26/Mar/2026:22:46:03 +0300] "POST /wp-admin/admin-ajax.php?action=async_litespeed&nonce=CgWZM0Hlw0mguxsjc5HNOD2nEnGysUhU&litespeed_type=imgoptm HTTP/1.1" 200 5 "-" "WordPress/6.8.5; https://polikistikover.net"
89.252.162.138 - - [26/Mar/2026:22:46:16 +0300] "POST /wp-cron.php?doing_wp_cron=1774554376.2932319641113281250000 HTTP/1.1" 200 0 "-" "WordPress/6.8.5; https://polikistikover.net"
89.252.162.138 - - [26/Mar/2026:22:47:16 +0300] "POST /wp-cron.php?doing_wp_cron=1774554436.7158980369567871093750 HTTP/1.1" 200 0 "-" "WordPress/6.8.5; https://polikistikover.net"
196.189.161.95 - - [26/Mar/2026:22:47:17 +0300] "POST /xmlrpc.php HTTP/1.1" 200 412 "-" "Mozilla/5.0 (Windows NT 6.2; arm64) AppleWebKit/537.36 (KHTML, like Gecko) Safari/14.0.0.0 Safari/537.36"
89.252.162.138 - - [26/Mar/2026:22:47:50 +0300] "POST /wp-cron.php?doing_wp_cron=1774554470.1978480815887451171875 HTTP/1.1" 200 0 "-" "WordPress/6.8.5; https://polikistikover.net"
102.64.155.177 - - [26/Mar/2026:22:47:49 +0300] "POST /xmlrpc.php HTTP/1.1" 200 412 "-" "Mozilla/5.0 (Windows NT 6.3; x64) AppleWebKit/537.36 (KHTML, like Gecko) Edge/95.0.0.0 Safari/537.36"
89.252.162.138 - - [26/Mar/2026:22:47:51 +0300] "POST /wp-admin/admin-ajax.php?action=async_litespeed&nonce=9Mf6JRWasoHZSfLtEGqeXAt6I0aQltEG&litespeed_type=imgoptm HTTP/1.1" 200 5 "-" "WordPress/6.8.5; https://polikistikover.net"
20.106.150.36 - - [26/Mar/2026:22:45:01 +0300] "POST //xmlrpc.php HTTP/1.1" 200 410 "-" "Mozilla/5.0 (Windows NT 10.0; Win64; x64) AppleWebKit/537.36 (KHTML, like Gecko) Chrome/80.0.3987.149 Safari/537.36"
196.189.161.95 - - [26/Mar/2026:22:45:15 +0300] "POST /xmlrpc.php HTTP/1.1" 200 412 "-" "Mozilla/5.0 (Linux; Android 10; x86) AppleWebKit/537.36 (KHTML, like Gecko) Safari/14.0.0.0 Safari/537.36"
20.106.150.36 - - [26/Mar/2026:22:45:17 +0300] "POST //xmlrpc.php HTTP/1.1" 200 410 "-" "Mozilla/5.0 (Windows NT 10.0; Win64; x64) AppleWebKit/537.36 (KHTML, like Gecko) Chrome/80.0.3987.149 Safari/537.36"
20.106.150.36 - - [26/Mar/2026:22:45:32 +0300] "POST //xmlrpc.php HTTP/1.1" 200 410 "-" "Mozilla/5.0 (Windows NT 10.0; Win64; x64) AppleWebKit/537.36 (KHTML, like Gecko) Chrome/80.0.3987.149 Safari/537.36"
20.106.150.36 - - [26/Mar/2026:22:45:46 +0300] "POST //xmlrpc.php HTTP/1.1" 200 410 "-" "Mozilla/5.0 (Windows NT 10.0; Win64; x64) AppleWebKit/537.36 (KHTML, like Gecko) Chrome/80.0.3987.149 Safari/537.36"
196.189.161.95 - - [26/Mar/2026:22:46:14 +0300] "POST /xmlrpc.php HTTP/1.1" 200 412 "-" "Mozilla/5.0 (Windows NT 6.2; arm64) AppleWebKit/537.36 (KHTML, like Gecko) Safari/15.0.0.0 Safari/537.36"
20.106.150.36 - - [26/Mar/2026:22:46:02 +0300] "POST //xmlrpc.php HTTP/1.1" 200 410 "-" "Mozilla/5.0 (Windows NT 10.0; Win64; x64) AppleWebKit/537.36 (KHTML, like Gecko) Chrome/80.0.3987.149 Safari/537.36"
102.64.155.177 - - [26/Mar/2026:22:46:28 +0300] "POST /xmlrpc.php HTTP/1.1" 200 412 "-" "Mozilla/5.0 (Windows NT 10.0; arm64) AppleWebKit/537.36 (KHTML, like Gecko) Firefox/87.0.0.0 Safari/537.36"
20.106.150.36 - - [26/Mar/2026:22:46:18 +0300] "POST //xmlrpc.php HTTP/1.1" 200 410 "-" "Mozilla/5.0 (Windows NT 10.0; Win64; x64) AppleWebKit/537.36 (KHTML, like Gecko) Chrome/80.0.3987.149 Safari/537.36"
20.106.150.36 - - [26/Mar/2026:22:46:32 +0300] "POST //xmlrpc.php HTTP/1.1" 200 410 "-" "Mozilla/5.0 (Windows NT 10.0; Win64; x64) AppleWebKit/537.36 (KHTML, like Gecko) Chrome/80.0.3987.149 Safari/537.36"
89.252.162.138 - - [26/Mar/2026:22:47:01 +0300] "POST /wp-cron.php?doing_wp_cron=1774554421.6875619888305664062500 HTTP/1.1" 200 0 "-" "WordPress/6.8.5; https://polikistikover.net"
20.106.150.36 - - [26/Mar/2026:22:46:47 +0300] "POST //xmlrpc.php HTTP/1.1" 200 410 "-" "Mozilla/5.0 (Windows NT 10.0; Win64; x64) AppleWebKit/537.36 (KHTML, like Gecko) Chrome/80.0.3987.149 Safari/537.36"
89.252.162.138 - - [26/Mar/2026:22:47:02 +0300] "POST /wp-admin/admin-ajax.php?action=async_litespeed&nonce=r8cM61sKwAVfqn3fmFa7HSe6FPT0M6nK&litespeed_type=imgoptm HTTP/1.1" 200 5 "-" "WordPress/6.8.5; https://polikistikover.net"
20.106.150.36 - - [26/Mar/2026:22:47:02 +0300] "POST //xmlrpc.php HTTP/1.1" 200 410 "-" "Mozilla/5.0 (Windows NT 10.0; Win64; x64) AppleWebKit/537.36 (KHTML, like Gecko) Chrome/80.0.3987.149 Safari/537.36"
43.156.232.190 - - [26/Mar/2026:22:47:21 +0300] "GET / HTTP/1.1" 200 76 "http://www.bhkadinsagligi.com" "Mozilla/5.0 (iPhone; CPU iPhone OS 13_2_3 like Mac OS X) AppleWebKit/605.1.15 (KHTML, like Gecko) Version/13.0.3 Mobile/15E148 Safari/604.1"
20.106.150.36 - - [26/Mar/2026:22:47:17 +0300] "POST //xmlrpc.php HTTP/1.1" 200 410 "-" "Mozilla/5.0 (Windows NT 10.0; Win64; x64) AppleWebKit/537.36 (KHTML, like Gecko) Chrome/80.0.3987.149 Safari/537.36"
20.106.150.36 - - [26/Mar/2026:22:47:32 +0300] "POST //xmlrpc.php HTTP/1.1" 200 410 "-" "Mozilla/5.0 (Windows NT 10.0; Win64; x64) AppleWebKit/537.36 (KHTML, like Gecko) Chrome/80.0.3987.149 Safari/537.36"
89.252.162.138 - - [26/Mar/2026:22:47:53 +0300] "POST /yeni/wp-cron.php?doing_wp_cron=1774554472.9841139316558837890625 HTTP/1.1" 200 0 "-" "WordPress/6.9.4; https://polikistikover.net/yeni"
17.22.237.148 - - [26/Mar/2026:22:47:36 +0300] "GET /yeni/tiroid-hormonlari-ve-polikistik-over-sendromu/ HTTP/1.1" 200 12978 "-" "Mozilla/5.0 (Macintosh; Intel Mac OS X 10_15_7) AppleWebKit/605.1.15 (KHTML, like Gecko) Version/17.4 Safari/605.1.15 (Applebot/0.1; +http://www.apple.com/go/applebot)"
20.106.150.36 - - [26/Mar/2026:22:47:47 +0300] "POST //xmlrpc.php HTTP/1.1" 200 410 "-" "Mozilla/5.0 (Windows NT 10.0; Win64; x64) AppleWebKit/537.36 (KHTML, like Gecko) Chrome/80.0.3987.149 Safari/537.36"
89.252.162.138 - - [26/Mar/2026:22:48:17 +0300] "POST /wp-cron.php?doing_wp_cron=1774554497.2800409793853759765625 HTTP/1.1" 200 0 "-" "WordPress/6.8.5; https://polikistikover.net"
20.106.150.36 - - [26/Mar/2026:22:48:01 +0300] "POST //xmlrpc.php HTTP/1.1" 200 410 "-" "Mozilla/5.0 (Windows NT 10.0; Win64; x64) AppleWebKit/537.36 (KHTML, like Gecko) Chrome/80.0.3987.149 Safari/537.36"
196.189.161.95 - - [26/Mar/2026:22:48:15 +0300] "POST /xmlrpc.php HTTP/1.1" 200 412 "-" "Mozilla/5.0 (Windows NT 6.3; x86) AppleWebKit/537.36 (KHTML, like Gecko) Opera/63.0.0.0 Safari/537.36"
20.106.150.36 - - [26/Mar/2026:22:48:17 +0300] "POST //xmlrpc.php HTTP/1.1" 200 410 "-" "Mozilla/5.0 (Windows NT 10.0; Win64; x64) AppleWebKit/537.36 (KHTML, like Gecko) Chrome/80.0.3987.149 Safari/537.36"
20.106.150.36 - - [26/Mar/2026:22:48:31 +0300] "POST //xmlrpc.php HTTP/1.1" 200 410 "-" "Mozilla/5.0 (Windows NT 10.0; Win64; x64) AppleWebKit/537.36 (KHTML, like Gecko) Chrome/80.0.3987.149 Safari/537.36"
20.106.150.36 - - [26/Mar/2026:22:48:46 +0300] "POST //xmlrpc.php HTTP/1.1" 200 410 "-" "Mozilla/5.0 (Windows NT 10.0; Win64; x64) AppleWebKit/537.36 (KHTML, like Gecko) Chrome/80.0.3987.149 Safari/537.36"
89.252.162.138 - - [26/Mar/2026:22:49:02 +0300] "POST /wp-admin/admin-ajax.php?action=async_litespeed&nonce=CmZFFQ3uYR1LC4HImfRwlpu9jHwe1gom&litespeed_type=imgoptm HTTP/1.1" 200 5 "-" "WordPress/6.8.5; https://polikistikover.net"
20.106.150.36 - - [26/Mar/2026:22:49:01 +0300] "POST //xmlrpc.php HTTP/1.1" 200 410 "-" "Mozilla/5.0 (Windows NT 10.0; Win64; x64) AppleWebKit/537.36 (KHTML, like Gecko) Chrome/80.0.3987.149 Safari/537.36"
20.106.150.36 - - [26/Mar/2026:22:49:17 +0300] "POST //xmlrpc.php HTTP/1.1" 200 410 "-" "Mozilla/5.0 (Windows NT 10.0; Win64; x64) AppleWebKit/537.36 (KHTML, like Gecko) Chrome/80.0.3987.149 Safari/537.36"
20.106.150.36 - - [26/Mar/2026:22:49:32 +0300] "POST //xmlrpc.php HTTP/1.1" 200 410 "-" "Mozilla/5.0 (Windows NT 10.0; Win64; x64) AppleWebKit/537.36 (KHTML, like Gecko) Chrome/80.0.3987.149 Safari/537.36"
89.252.162.138 - - [26/Mar/2026:22:50:01 +0300] "POST /wp-cron.php?doing_wp_cron=1774554601.7261190414428710937500 HTTP/1.1" 200 0 "-" "WordPress/6.8.5; https://polikistikover.net"
20.106.150.36 - - [26/Mar/2026:22:49:46 +0300] "POST //xmlrpc.php HTTP/1.1" 200 410 "-" "Mozilla/5.0 (Windows NT 10.0; Win64; x64) AppleWebKit/537.36 (KHTML, like Gecko) Chrome/80.0.3987.149 Safari/537.36"
89.252.162.138 - - [26/Mar/2026:22:50:02 +0300] "POST /wp-admin/admin-ajax.php?action=async_litespeed&nonce=TbfNaobOGCKd0f609q8PzQWHPKUiMY0y&litespeed_type=imgoptm HTTP/1.1" 200 5 "-" "WordPress/6.8.5; https://polikistikover.net"
196.189.161.95 - - [26/Mar/2026:22:50:11 +0300] "POST /xmlrpc.php HTTP/1.1" 200 412 "-" "Mozilla/5.0 (Macintosh; Intel Mac OS X 10_15_7; x86) AppleWebKit/537.36 (KHTML, like Gecko) Safari/10.0.0.0 Safari/537.36"
20.106.150.36 - - [26/Mar/2026:22:50:02 +0300] "POST //xmlrpc.php HTTP/1.1" 200 410 "-" "Mozilla/5.0 (Windows NT 10.0; Win64; x64) AppleWebKit/537.36 (KHTML, like Gecko) Chrome/80.0.3987.149 Safari/537.36"
102.64.155.177 - - [26/Mar/2026:22:50:23 +0300] "POST /xmlrpc.php HTTP/1.1" 200 412 "-" "Mozilla/5.0 (Windows NT 6.2; x64) AppleWebKit/537.36 (KHTML, like Gecko) Edge/91.0.0.0 Safari/537.36"
20.106.150.36 - - [26/Mar/2026:22:50:17 +0300] "POST //xmlrpc.php HTTP/1.1" 200 410 "-" "Mozilla/5.0 (Windows NT 10.0; Win64; x64) AppleWebKit/537.36 (KHTML, like Gecko) Chrome/80.0.3987.149 Safari/537.36"
20.106.150.36 - - [26/Mar/2026:22:50:31 +0300] "POST //xmlrpc.php HTTP/1.1" 200 410 "-" "Mozilla/5.0 (Windows NT 10.0; Win64; x64) AppleWebKit/537.36 (KHTML, like Gecko) Chrome/80.0.3987.149 Safari/537.36"
20.106.150.36 - - [26/Mar/2026:22:50:46 +0300] "POST //xmlrpc.php HTTP/1.1" 200 410 "-" "Mozilla/5.0 (Windows NT 10.0; Win64; x64) AppleWebKit/537.36 (KHTML, like Gecko) Chrome/80.0.3987.149 Safari/537.36"
89.252.162.138 - - [26/Mar/2026:22:51:02 +0300] "POST /wp-admin/admin-ajax.php?action=async_litespeed&nonce=QpQpIoOJzpp0DxlqGPSh5V7eUg406SJO&litespeed_type=imgoptm HTTP/1.1" 200 5 "-" "WordPress/6.8.5; https://polikistikover.net"
20.106.150.36 - - [26/Mar/2026:22:51:01 +0300] "POST //xmlrpc.php HTTP/1.1" 200 410 "-" "Mozilla/5.0 (Windows NT 10.0; Win64; x64) AppleWebKit/537.36 (KHTML, like Gecko) Chrome/80.0.3987.149 Safari/537.36"
196.189.161.95 - - [26/Mar/2026:22:51:17 +0300] "POST /xmlrpc.php HTTP/1.1" 200 412 "-" "Mozilla/5.0 (Windows NT 6.3; x86) AppleWebKit/537.36 (KHTML, like Gecko) Chrome/86.0.0.0 Safari/537.36"
20.106.150.36 - - [26/Mar/2026:22:51:16 +0300] "POST //xmlrpc.php HTTP/1.1" 200 410 "-" "Mozilla/5.0 (Windows NT 10.0; Win64; x64) AppleWebKit/537.36 (KHTML, like Gecko) Chrome/80.0.3987.149 Safari/537.36"
102.64.155.177 - - [26/Mar/2026:22:51:43 +0300] "POST /xmlrpc.php HTTP/1.1" 200 412 "-" "Mozilla/5.0 (Windows NT 6.3; x86) AppleWebKit/537.36 (KHTML, like Gecko) Edge/92.0.0.0 Safari/537.36"
20.106.150.36 - - [26/Mar/2026:22:51:31 +0300] "POST //xmlrpc.php HTTP/1.1" 200 410 "-" "Mozilla/5.0 (Windows NT 10.0; Win64; x64) AppleWebKit/537.36 (KHTML, like Gecko) Chrome/80.0.3987.149 Safari/537.36"
20.106.150.36 - - [26/Mar/2026:22:51:47 +0300] "POST //xmlrpc.php HTTP/1.1" 200 410 "-" "Mozilla/5.0 (Windows NT 10.0; Win64; x64) AppleWebKit/537.36 (KHTML, like Gecko) Chrome/80.0.3987.149 Safari/537.36"
196.189.161.95 - - [26/Mar/2026:22:52:10 +0300] "POST /xmlrpc.php HTTP/1.1" 200 412 "-" "Mozilla/5.0 (Windows NT 6.2; x86) AppleWebKit/537.36 (KHTML, like Gecko) Firefox/82.0.0.0 Safari/537.36"
20.106.150.36 - - [26/Mar/2026:22:52:02 +0300] "POST //xmlrpc.php HTTP/1.1" 200 410 "-" "Mozilla/5.0 (Windows NT 10.0; Win64; x64) AppleWebKit/537.36 (KHTML, like Gecko) Chrome/80.0.3987.149 Safari/537.36"
20.106.150.36 - - [26/Mar/2026:22:52:17 +0300] "POST //xmlrpc.php HTTP/1.1" 200 410 "-" "Mozilla/5.0 (Windows NT 10.0; Win64; x64) AppleWebKit/537.36 (KHTML, like Gecko) Chrome/80.0.3987.149 Safari/537.36"
20.106.150.36 - - [26/Mar/2026:22:52:32 +0300] "POST //xmlrpc.php HTTP/1.1" 200 410 "-" "Mozilla/5.0 (Windows NT 10.0; Win64; x64) AppleWebKit/537.36 (KHTML, like Gecko) Chrome/80.0.3987.149 Safari/537.36"
20.106.150.36 - - [26/Mar/2026:22:52:46 +0300] "POST //xmlrpc.php HTTP/1.1" 200 410 "-" "Mozilla/5.0 (Windows NT 10.0; Win64; x64) AppleWebKit/537.36 (KHTML, like Gecko) Chrome/80.0.3987.149 Safari/537.36"
89.252.162.138 - - [26/Mar/2026:22:53:02 +0300] "POST /wp-admin/admin-ajax.php?action=async_litespeed&nonce=6LCBNyDIv0aQ6a53eJIYVPQZzj0l8Yys&litespeed_type=imgoptm HTTP/1.1" 200 5 "-" "WordPress/6.8.5; https://polikistikover.net"
20.106.150.36 - - [26/Mar/2026:22:53:01 +0300] "POST //xmlrpc.php HTTP/1.1" 200 410 "-" "Mozilla/5.0 (Windows NT 10.0; Win64; x64) AppleWebKit/537.36 (KHTML, like Gecko) Chrome/80.0.3987.149 Safari/537.36"
20.106.150.36 - - [26/Mar/2026:22:53:16 +0300] "POST //xmlrpc.php HTTP/1.1" 200 410 "-" "Mozilla/5.0 (Windows NT 10.0; Win64; x64) AppleWebKit/537.36 (KHTML, like Gecko) Chrome/80.0.3987.149 Safari/537.36"
208.84.100.214 - - [26/Mar/2026:22:53:34 +0300] "HEAD / HTTP/1.1" 200 0 "https://polikistikover.net/" "Mozilla/5.0 (Windows NT 10.0; Win64; x64) AppleWebKit/537.36 (KHTML, like Gecko) Chrome/91.0.4472.124 Safari/537.36"
20.106.150.36 - - [26/Mar/2026:22:53:31 +0300] "POST //xmlrpc.php HTTP/1.1" 200 410 "-" "Mozilla/5.0 (Windows NT 10.0; Win64; x64) AppleWebKit/537.36 (KHTML, like Gecko) Chrome/80.0.3987.149 Safari/537.36"
89.252.162.138 - - [26/Mar/2026:22:54:01 +0300] "POST /wp-cron.php?doing_wp_cron=1774554841.5081961154937744140625 HTTP/1.1" 200 0 "-" "WordPress/6.8.5; https://polikistikover.net"
20.106.150.36 - - [26/Mar/2026:22:53:46 +0300] "POST //xmlrpc.php HTTP/1.1" 200 410 "-" "Mozilla/5.0 (Windows NT 10.0; Win64; x64) AppleWebKit/537.36 (KHTML, like Gecko) Chrome/80.0.3987.149 Safari/537.36"
89.252.162.138 - - [26/Mar/2026:22:48:01 +0300] "POST /wp-cron.php?doing_wp_cron=1774554481.3159120082855224609375 HTTP/1.1" 200 0 "-" "WordPress/6.8.5; https://polikistikover.net"
89.252.162.138 - - [26/Mar/2026:22:49:01 +0300] "POST /wp-cron.php?doing_wp_cron=1774554541.4846439361572265625000 HTTP/1.1" 200 0 "-" "WordPress/6.8.5; https://polikistikover.net"
102.64.155.177 - - [26/Mar/2026:22:49:10 +0300] "POST /xmlrpc.php HTTP/1.1" 200 412 "-" "Mozilla/5.0 (Windows NT 6.3; x86) AppleWebKit/537.36 (KHTML, like Gecko) Chrome/87.0.0.0 Safari/537.36"
89.252.162.138 - - [26/Mar/2026:22:49:16 +0300] "POST /wp-cron.php?doing_wp_cron=1774554556.6081199645996093750000 HTTP/1.1" 200 0 "-" "WordPress/6.8.5; https://polikistikover.net"
196.189.161.95 - - [26/Mar/2026:22:49:17 +0300] "POST /xmlrpc.php HTTP/1.1" 200 412 "-" "Mozilla/5.0 (Windows NT 6.2; x86) AppleWebKit/537.36 (KHTML, like Gecko) Chrome/83.0.0.0 Safari/537.36"
89.252.162.138 - - [26/Mar/2026:22:50:17 +0300] "POST /wp-cron.php?doing_wp_cron=1774554617.2953760623931884765625 HTTP/1.1" 200 0 "-" "WordPress/6.8.5; https://polikistikover.net"
89.252.162.138 - - [26/Mar/2026:22:51:01 +0300] "POST /wp-cron.php?doing_wp_cron=1774554661.2976670265197753906250 HTTP/1.1" 200 0 "-" "WordPress/6.8.5; https://polikistikover.net"
89.252.162.138 - - [26/Mar/2026:22:51:16 +0300] "POST /wp-cron.php?doing_wp_cron=1774554676.5118219852447509765625 HTTP/1.1" 200 0 "-" "WordPress/6.8.5; https://polikistikover.net"
89.252.162.138 - - [26/Mar/2026:22:52:02 +0300] "POST /wp-cron.php?doing_wp_cron=1774554722.0080819129943847656250 HTTP/1.1" 200 0 "-" "WordPress/6.8.5; https://polikistikover.net"
89.252.162.138 - - [26/Mar/2026:22:52:03 +0300] "POST /wp-admin/admin-ajax.php?action=async_litespeed&nonce=XXBxJiDuE2WwIUmidbYxBCKlcvO5cP3G&litespeed_type=imgoptm HTTP/1.1" 200 5 "-" "WordPress/6.8.5; https://polikistikover.net"
89.252.162.138 - - [26/Mar/2026:22:52:17 +0300] "POST /wp-cron.php?doing_wp_cron=1774554736.9862029552459716796875 HTTP/1.1" 200 0 "-" "WordPress/6.8.5; https://polikistikover.net"
89.252.162.138 - - [26/Mar/2026:22:53:01 +0300] "POST /wp-cron.php?doing_wp_cron=1774554781.2297430038452148437500 HTTP/1.1" 200 0 "-" "WordPress/6.8.5; https://polikistikover.net"
102.64.155.177 - - [26/Mar/2026:22:53:03 +0300] "POST /xmlrpc.php HTTP/1.1" 200 412 "-" "Mozilla/5.0 (Windows NT 6.2; arm64) AppleWebKit/537.36 (KHTML, like Gecko) Opera/75.0.0.0 Safari/537.36"
89.252.162.138 - - [26/Mar/2026:22:53:16 +0300] "POST /wp-cron.php?doing_wp_cron=1774554796.2992999553680419921875 HTTP/1.1" 200 0 "-" "WordPress/6.8.5; https://polikistikover.net"
196.189.161.95 - - [26/Mar/2026:22:53:17 +0300] "POST /xmlrpc.php HTTP/1.1" 200 412 "-" "Mozilla/5.0 (X11; Ubuntu; Linux x86_64; x86) AppleWebKit/537.36 (KHTML, like Gecko) Firefox/98.0.0.0 Safari/537.36"
208.84.100.214 - - [26/Mar/2026:22:53:33 +0300] "HEAD / HTTP/1.1" 200 0 "https://polikistikover.net/" "Mozilla/5.0 (Windows NT 10.0; Win64; x64) AppleWebKit/537.36 (KHTML, like Gecko) Chrome/91.0.4472.124 Safari/537.36"
207.46.13.151 - - [26/Mar/2026:22:53:35 +0300] "GET /wp-content/uploads/2019/04/sa%C3%A7-d%C3%96K%C3%9CLMES%C4%B0.jpg HTTP/2" 200 64359 "-" "Mozilla/5.0 AppleWebKit/537.36 (KHTML, like Gecko; compatible; bingbot/2.0; +http://www.bing.com/bingbot.htm) Chrome/116.0.1938.76 Safari/537.36"
196.189.161.95 - - [26/Mar/2026:22:54:10 +0300] "POST /xmlrpc.php HTTP/1.1" 200 412 "-" "Mozilla/5.0 (Windows NT 6.2; x86) AppleWebKit/537.36 (KHTML, like Gecko) Opera/80.0.0.0 Safari/537.36"
89.252.162.138 - - [26/Mar/2026:22:54:16 +0300] "POST /wp-cron.php?doing_wp_cron=1774554856.1223270893096923828125 HTTP/1.1" 200 0 "-" "WordPress/6.8.5; https://polikistikover.net"
88.240.180.209 - - [26/Mar/2026:22:54:17 +0300] "GET /?utm_source=ig&utm_medium=social&utm_content=link_in_bio&fbclid=PAZXh0bgNhZW0CMTEAc3J0YwZhcHBfaWQPMTI0MDI0NTc0Mjg3NDE0AAGnhOd5-BznrxEyQN4E4wxAkyUEH0Ir1VWViz_A8JATTft6rknTLhIeTAFSKn0_aem_2lohKsOiigIC-M43rC8zFA HTTP/2" 200 76 "-" "Mozilla/5.0 (iPhone; CPU iPhone OS 18_7 like Mac OS X) AppleWebKit/605.1.15 (KHTML, like Gecko) Mobile/23D8133 Instagram 421.1.6.39.52 (iPhone18,2; iOS 26_3_1; tr_TR; tr; scale=3.00; 1320x2868; IABMV/1; 910922286) Safari/604.1"
102.64.155.177 - - [26/Mar/2026:22:54:18 +0300] "POST /xmlrpc.php HTTP/1.1" 200 412 "-" "Mozilla/5.0 (Windows NT 10.0; arm64) AppleWebKit/537.36 (KHTML, like Gecko) Chrome/93.0.0.0 Safari/537.36"
88.240.180.209 - - [26/Mar/2026:22:54:17 +0300] "GET /yeni/ HTTP/2" 200 17723 "https://polikistikover.net/?utm_source=ig&utm_medium=social&utm_content=link_in_bio&fbclid=PAZXh0bgNhZW0CMTEAc3J0YwZhcHBfaWQPMTI0MDI0NTc0Mjg3NDE0AAGnhOd5-BznrxEyQN4E4wxAkyUEH0Ir1VWViz_A8JATTft6rknTLhIeTAFSKn0_aem_2lohKsOiigIC-M43rC8zFA" "Mozilla/5.0 (iPhone; CPU iPhone OS 18_7 like Mac OS X) AppleWebKit/605.1.15 (KHTML, like Gecko) Mobile/23D8133 Instagram 421.1.6.39.52 (iPhone18,2; iOS 26_3_1; tr_TR; tr; scale=3.00; 1320x2868; IABMV/1; 910922286) Safari/604.1"
88.240.180.209 - - [26/Mar/2026:22:54:30 +0300] "GET /yeni/wp-content/plugins/contact-form-7/includes/css/styles.css?ver=6.1.5 HTTP/2" 200 899 "https://polikistikover.net/yeni/" "Mozilla/5.0 (iPhone; CPU iPhone OS 18_7 like Mac OS X) AppleWebKit/605.1.15 (KHTML, like Gecko) Mobile/23D8133 Instagram 421.1.6.39.52 (iPhone18,2; iOS 26_3_1; tr_TR; tr; scale=3.00; 1320x2868; IABMV/1; 910922286) Safari/604.1"
88.240.180.209 - - [26/Mar/2026:22:54:30 +0300] "GET /yeni/wp-content/themes/narihealth/fonts/iconfont.css?ver=6.9.4 HTTP/2" 200 1856 "https://polikistikover.net/yeni/" "Mozilla/5.0 (iPhone; CPU iPhone OS 18_7 like Mac OS X) AppleWebKit/605.1.15 (KHTML, like Gecko) Mobile/23D8133 Instagram 421.1.6.39.52 (iPhone18,2; iOS 26_3_1; tr_TR; tr; scale=3.00; 1320x2868; IABMV/1; 910922286) Safari/604.1"
88.240.180.209 - - [26/Mar/2026:22:54:30 +0300] "GET /yeni/wp-content/themes/narihealth/assets/css/header-v1.css?ver=6.9.4 HTTP/2" 200 300 "https://polikistikover.net/yeni/" "Mozilla/5.0 (iPhone; CPU iPhone OS 18_7 like Mac OS X) AppleWebKit/605.1.15 (KHTML, like Gecko) Mobile/23D8133 Instagram 421.1.6.39.52 (iPhone18,2; iOS 26_3_1; tr_TR; tr; scale=3.00; 1320x2868; IABMV/1; 910922286) Safari/604.1"
88.240.180.209 - - [26/Mar/2026:22:54:30 +0300] "GET /yeni/wp-content/themes/narihealth/assets/css/custom_script.css?ver=6.9.4 HTTP/2" 200 0 "https://polikistikover.net/yeni/" "Mozilla/5.0 (iPhone; CPU iPhone OS 18_7 like Mac OS X) AppleWebKit/605.1.15 (KHTML, like Gecko) Mobile/23D8133 Instagram 421.1.6.39.52 (iPhone18,2; iOS 26_3_1; tr_TR; tr; scale=3.00; 1320x2868; IABMV/1; 910922286) Safari/604.1"
88.240.180.209 - - [26/Mar/2026:22:54:30 +0300] "GET /yeni/wp-content/themes/narihealth/assets/css/responsive.css?ver=6.9.4 HTTP/2" 200 934 "https://polikistikover.net/yeni/" "Mozilla/5.0 (iPhone; CPU iPhone OS 18_7 like Mac OS X) AppleWebKit/605.1.15 (KHTML, like Gecko) Mobile/23D8133 Instagram 421.1.6.39.52 (iPhone18,2; iOS 26_3_1; tr_TR; tr; scale=3.00; 1320x2868; IABMV/1; 910922286) Safari/604.1"
88.240.180.209 - - [26/Mar/2026:22:54:30 +0300] "GET /yeni/wp-includes/js/jquery/jquery-migrate.min.js?ver=3.4.1 HTTP/2" 200 4678 "https://polikistikover.net/yeni/" "Mozilla/5.0 (iPhone; CPU iPhone OS 18_7 like Mac OS X) AppleWebKit/605.1.15 (KHTML, like Gecko) Mobile/23D8133 Instagram 421.1.6.39.52 (iPhone18,2; iOS 26_3_1; tr_TR; tr; scale=3.00; 1320x2868; IABMV/1; 910922286) Safari/604.1"
88.240.180.209 - - [26/Mar/2026:22:54:30 +0300] "GET /yeni/wp-includes/js/dist/hooks.min.js?ver=dd5603f07f9220ed27f1 HTTP/2" 200 1852 "https://polikistikover.net/yeni/" "Mozilla/5.0 (iPhone; CPU iPhone OS 18_7 like Mac OS X) AppleWebKit/605.1.15 (KHTML, like Gecko) Mobile/23D8133 Instagram 421.1.6.39.52 (iPhone18,2; iOS 26_3_1; tr_TR; tr; scale=3.00; 1320x2868; IABMV/1; 910922286) Safari/604.1"
88.240.180.209 - - [26/Mar/2026:22:54:30 +0300] "GET /yeni/wp-includes/js/dist/i18n.min.js?ver=c26c3dc7bed366793375 HTTP/2" 200 2119 "https://polikistikover.net/yeni/" "Mozilla/5.0 (iPhone; CPU iPhone OS 18_7 like Mac OS X) AppleWebKit/605.1.15 (KHTML, like Gecko) Mobile/23D8133 Instagram 421.1.6.39.52 (iPhone18,2; iOS 26_3_1; tr_TR; tr; scale=3.00; 1320x2868; IABMV/1; 910922286) Safari/604.1"
88.240.180.209 - - [26/Mar/2026:22:54:30 +0300] "GET /yeni/wp-content/plugins/contact-form-7/includes/swv/js/index.js?ver=6.1.5 HTTP/2" 200 3369 "https://polikistikover.net/yeni/" "Mozilla/5.0 (iPhone; CPU iPhone OS 18_7 like Mac OS X) AppleWebKit/605.1.15 (KHTML, like Gecko) Mobile/23D8133 Instagram 421.1.6.39.52 (iPhone18,2; iOS 26_3_1; tr_TR; tr; scale=3.00; 1320x2868; IABMV/1; 910922286) Safari/604.1"
88.240.180.209 - - [26/Mar/2026:22:54:30 +0300] "GET /yeni/wp-content/plugins/contact-form-7/includes/js/index.js?ver=6.1.5 HTTP/2" 200 4008 "https://polikistikover.net/yeni/" "Mozilla/5.0 (iPhone; CPU iPhone OS 18_7 like Mac OS X) AppleWebKit/605.1.15 (KHTML, like Gecko) Mobile/23D8133 Instagram 421.1.6.39.52 (iPhone18,2; iOS 26_3_1; tr_TR; tr; scale=3.00; 1320x2868; IABMV/1; 910922286) Safari/604.1"
88.240.180.209 - - [26/Mar/2026:22:54:30 +0300] "GET /yeni/wp-content/themes/narihealth/assets/js/jquery.easing.js?ver=1.3.0 HTTP/2" 200 1891 "https://polikistikover.net/yeni/" "Mozilla/5.0 (iPhone; CPU iPhone OS 18_7 like Mac OS X) AppleWebKit/605.1.15 (KHTML, like Gecko) Mobile/23D8133 Instagram 421.1.6.39.52 (iPhone18,2; iOS 26_3_1; tr_TR; tr; scale=3.00; 1320x2868; IABMV/1; 910922286) Safari/604.1"
88.240.180.209 - - [26/Mar/2026:22:54:30 +0300] "GET /yeni/wp-includes/js/imagesloaded.min.js?ver=5.0.0 HTTP/2" 200 1687 "https://polikistikover.net/yeni/" "Mozilla/5.0 (iPhone; CPU iPhone OS 18_7 like Mac OS X) AppleWebKit/605.1.15 (KHTML, like Gecko) Mobile/23D8133 Instagram 421.1.6.39.52 (iPhone18,2; iOS 26_3_1; tr_TR; tr; scale=3.00; 1320x2868; IABMV/1; 910922286) Safari/604.1"
88.240.180.209 - - [26/Mar/2026:22:54:30 +0300] "GET /yeni/wp-includes/js/masonry.min.js?ver=4.2.2 HTTP/2" 200 7117 "https://polikistikover.net/yeni/" "Mozilla/5.0 (iPhone; CPU iPhone OS 18_7 like Mac OS X) AppleWebKit/605.1.15 (KHTML, like Gecko) Mobile/23D8133 Instagram 421.1.6.39.52 (iPhone18,2; iOS 26_3_1; tr_TR; tr; scale=3.00; 1320x2868; IABMV/1; 910922286) Safari/604.1"
88.240.180.209 - - [26/Mar/2026:22:54:30 +0300] "GET /yeni/wp-content/themes/narihealth/assets/js/jquery.slicknav.js?ver=1.0.10 HTTP/2" 200 4556 "https://polikistikover.net/yeni/" "Mozilla/5.0 (iPhone; CPU iPhone OS 18_7 like Mac OS X) AppleWebKit/605.1.15 (KHTML, like Gecko) Mobile/23D8133 Instagram 421.1.6.39.52 (iPhone18,2; iOS 26_3_1; tr_TR; tr; scale=3.00; 1320x2868; IABMV/1; 910922286) Safari/604.1"
88.240.180.209 - - [26/Mar/2026:22:54:30 +0300] "GET /yeni/wp-includes/js/hoverIntent.min.js?ver=1.10.2 HTTP/2" 200 668 "https://polikistikover.net/yeni/" "Mozilla/5.0 (iPhone; CPU iPhone OS 18_7 like Mac OS X) AppleWebKit/605.1.15 (KHTML, like Gecko) Mobile/23D8133 Instagram 421.1.6.39.52 (iPhone18,2; iOS 26_3_1; tr_TR; tr; scale=3.00; 1320x2868; IABMV/1; 910922286) Safari/604.1"
88.240.180.209 - - [26/Mar/2026:22:54:30 +0300] "GET /yeni/wp-content/themes/narihealth/assets/js/superfish.js?ver=1.7.10 HTTP/2" 200 2346 "https://polikistikover.net/yeni/" "Mozilla/5.0 (iPhone; CPU iPhone OS 18_7 like Mac OS X) AppleWebKit/605.1.15 (KHTML, like Gecko) Mobile/23D8133 Instagram 421.1.6.39.52 (iPhone18,2; iOS 26_3_1; tr_TR; tr; scale=3.00; 1320x2868; IABMV/1; 910922286) Safari/604.1"
88.240.180.209 - - [26/Mar/2026:22:54:30 +0300] "GET /yeni/wp-content/themes/narihealth/assets/js/custom.js?ver=1.0.0 HTTP/2" 200 2150 "https://polikistikover.net/yeni/" "Mozilla/5.0 (iPhone; CPU iPhone OS 18_7 like Mac OS X) AppleWebKit/605.1.15 (KHTML, like Gecko) Mobile/23D8133 Instagram 421.1.6.39.52 (iPhone18,2; iOS 26_3_1; tr_TR; tr; scale=3.00; 1320x2868; IABMV/1; 910922286) Safari/604.1"
88.240.180.209 - - [26/Mar/2026:22:54:30 +0300] "GET /yeni/wp-content/themes/narihealth/style.css?ver=6.9.4 HTTP/2" 200 15803 "https://polikistikover.net/yeni/" "Mozilla/5.0 (iPhone; CPU iPhone OS 18_7 like Mac OS X) AppleWebKit/605.1.15 (KHTML, like Gecko) Mobile/23D8133 Instagram 421.1.6.39.52 (iPhone18,2; iOS 26_3_1; tr_TR; tr; scale=3.00; 1320x2868; IABMV/1; 910922286) Safari/604.1"
88.240.180.209 - - [26/Mar/2026:22:54:30 +0300] "GET /yeni/wp-content/uploads/2023/10/img-10.jpg HTTP/2" 200 163480 "https://polikistikover.net/yeni/" "Mozilla/5.0 (iPhone; CPU iPhone OS 18_7 like Mac OS X) AppleWebKit/605.1.15 (KHTML, like Gecko) Mobile/23D8133 Instagram 421.1.6.39.52 (iPhone18,2; iOS 26_3_1; tr_TR; tr; scale=3.00; 1320x2868; IABMV/1; 910922286) Safari/604.1"
88.240.180.209 - - [26/Mar/2026:22:54:30 +0300] "GET /yeni/wp-content/themes/narihealth/assets/css/bootstrap.min.css?ver=6.9.4 HTTP/2" 200 24644 "https://polikistikover.net/yeni/" "Mozilla/5.0 (iPhone; CPU iPhone OS 18_7 like Mac OS X) AppleWebKit/605.1.15 (KHTML, like Gecko) Mobile/23D8133 Instagram 421.1.6.39.52 (iPhone18,2; iOS 26_3_1; tr_TR; tr; scale=3.00; 1320x2868; IABMV/1; 910922286) Safari/604.1"
88.240.180.209 - - [26/Mar/2026:22:54:30 +0300] "GET /yeni/wp-includes/js/jquery/jquery.min.js?ver=3.7.1 HTTP/2" 200 29744 "https://polikistikover.net/yeni/" "Mozilla/5.0 (iPhone; CPU iPhone OS 18_7 like Mac OS X) AppleWebKit/605.1.15 (KHTML, like Gecko) Mobile/23D8133 Instagram 421.1.6.39.52 (iPhone18,2; iOS 26_3_1; tr_TR; tr; scale=3.00; 1320x2868; IABMV/1; 910922286) Safari/604.1"
88.240.180.209 - - [26/Mar/2026:22:54:30 +0300] "GET /yeni/wp-content/themes/narihealth/assets/js/isotope.js?ver=3.0.6 HTTP/2" 200 9603 "https://polikistikover.net/yeni/" "Mozilla/5.0 (iPhone; CPU iPhone OS 18_7 like Mac OS X) AppleWebKit/605.1.15 (KHTML, like Gecko) Mobile/23D8133 Instagram 421.1.6.39.52 (iPhone18,2; iOS 26_3_1; tr_TR; tr; scale=3.00; 1320x2868; IABMV/1; 910922286) Safari/604.1"
88.240.180.209 - - [26/Mar/2026:22:54:30 +0300] "GET /yeni/wp-content/uploads/2025/10/sac.jpg HTTP/2" 200 9199 "https://polikistikover.net/yeni/" "Mozilla/5.0 (iPhone; CPU iPhone OS 18_7 like Mac OS X) AppleWebKit/605.1.15 (KHTML, like Gecko) Mobile/23D8133 Instagram 421.1.6.39.52 (iPhone18,2; iOS 26_3_1; tr_TR; tr; scale=3.00; 1320x2868; IABMV/1; 910922286) Safari/604.1"
