4.206.17.96 - - [27/Mar/2026:05:59:08 +0300] "GET /wp-content/uploads/de_fb_uploads/b.php HTTP/1.1" 404 796 "-" "Mozilla/5.0 (Windows NT 10.0; Win64; x64) AppleWebKit/537.36 (KHTML, like Gecko) Chrome/120.0.0.0 Safari/537.36"
4.206.17.96 - - [27/Mar/2026:05:59:09 +0300] "GET /mariju.php HTTP/1.1" 404 796 "-" "Mozilla/5.0 (Windows NT 10.0; Win64; x64) AppleWebKit/537.36 (KHTML, like Gecko) Chrome/120.0.0.0 Safari/537.36"
4.206.17.96 - - [27/Mar/2026:05:59:09 +0300] "GET /ab.php HTTP/1.1" 404 796 "-" "Mozilla/5.0 (Windows NT 10.0; Win64; x64) AppleWebKit/537.36 (KHTML, like Gecko) Chrome/120.0.0.0 Safari/537.36"
4.206.17.96 - - [27/Mar/2026:05:59:09 +0300] "GET /wp-admin/css/admin.php HTTP/1.1" 404 796 "-" "Mozilla/5.0 (Windows NT 10.0; Win64; x64) AppleWebKit/537.36 (KHTML, like Gecko) Chrome/120.0.0.0 Safari/537.36"
4.206.17.96 - - [27/Mar/2026:05:59:09 +0300] "GET /xl.php HTTP/1.1" 404 796 "-" "Mozilla/5.0 (Windows NT 10.0; Win64; x64) AppleWebKit/537.36 (KHTML, like Gecko) Chrome/120.0.0.0 Safari/537.36"
4.206.17.96 - - [27/Mar/2026:05:59:09 +0300] "GET /123.php HTTP/1.1" 404 796 "-" "Mozilla/5.0 (Windows NT 10.0; Win64; x64) AppleWebKit/537.36 (KHTML, like Gecko) Chrome/120.0.0.0 Safari/537.36"
4.206.17.96 - - [27/Mar/2026:05:59:09 +0300] "GET /m.php HTTP/1.1" 404 796 "-" "Mozilla/5.0 (Windows NT 10.0; Win64; x64) AppleWebKit/537.36 (KHTML, like Gecko) Chrome/120.0.0.0 Safari/537.36"
4.206.17.96 - - [27/Mar/2026:05:59:09 +0300] "GET /wp-admin/user/ HTTP/1.1" 302 0 "-" "Mozilla/5.0 (Windows NT 10.0; Win64; x64) AppleWebKit/537.36 (KHTML, like Gecko) Chrome/120.0.0.0 Safari/537.36"
4.206.17.96 - - [27/Mar/2026:05:59:11 +0300] "GET /r.php HTTP/1.1" 404 796 "-" "Mozilla/5.0 (Windows NT 10.0; Win64; x64) AppleWebKit/537.36 (KHTML, like Gecko) Chrome/120.0.0.0 Safari/537.36"
4.206.17.96 - - [27/Mar/2026:05:59:11 +0300] "GET /files.php HTTP/1.1" 404 796 "-" "Mozilla/5.0 (Windows NT 10.0; Win64; x64) AppleWebKit/537.36 (KHTML, like Gecko) Chrome/120.0.0.0 Safari/537.36"
4.206.17.96 - - [27/Mar/2026:05:59:11 +0300] "GET /system_log.php HTTP/1.1" 404 796 "-" "Mozilla/5.0 (Windows NT 10.0; Win64; x64) AppleWebKit/537.36 (KHTML, like Gecko) Chrome/120.0.0.0 Safari/537.36"
4.206.17.96 - - [27/Mar/2026:05:59:11 +0300] "GET /cc.php HTTP/1.1" 404 796 "-" "Mozilla/5.0 (Windows NT 10.0; Win64; x64) AppleWebKit/537.36 (KHTML, like Gecko) Chrome/120.0.0.0 Safari/537.36"
4.206.17.96 - - [27/Mar/2026:05:59:11 +0300] "GET /wp-admin/css/about.php HTTP/1.1" 404 796 "-" "Mozilla/5.0 (Windows NT 10.0; Win64; x64) AppleWebKit/537.36 (KHTML, like Gecko) Chrome/120.0.0.0 Safari/537.36"
4.206.17.96 - - [27/Mar/2026:05:59:11 +0300] "GET /test.php7 HTTP/1.1" 404 796 "-" "Mozilla/5.0 (Windows NT 10.0; Win64; x64) AppleWebKit/537.36 (KHTML, like Gecko) Chrome/120.0.0.0 Safari/537.36"
4.206.17.96 - - [27/Mar/2026:05:59:11 +0300] "GET /wp-content/plugins/dummyyummy/wp-signup.php HTTP/1.1" 404 796 "-" "Mozilla/5.0 (Windows NT 10.0; Win64; x64) AppleWebKit/537.36 (KHTML, like Gecko) Chrome/120.0.0.0 Safari/537.36"
4.206.17.96 - - [27/Mar/2026:05:59:12 +0300] "GET /wp-admin/about.php HTTP/1.1" 302 0 "-" "Mozilla/5.0 (Windows NT 10.0; Win64; x64) AppleWebKit/537.36 (KHTML, like Gecko) Chrome/120.0.0.0 Safari/537.36"
4.206.17.96 - - [27/Mar/2026:05:59:12 +0300] "GET /update.php HTTP/1.1" 404 796 "-" "Mozilla/5.0 (Windows NT 10.0; Win64; x64) AppleWebKit/537.36 (KHTML, like Gecko) Chrome/120.0.0.0 Safari/537.36"
4.206.17.96 - - [27/Mar/2026:05:59:13 +0300] "GET /w.php HTTP/1.1" 404 796 "-" "Mozilla/5.0 (Windows NT 10.0; Win64; x64) AppleWebKit/537.36 (KHTML, like Gecko) Chrome/120.0.0.0 Safari/537.36"
4.206.17.96 - - [27/Mar/2026:05:59:13 +0300] "GET /cgi-bin/index.php HTTP/1.1" 404 796 "-" "Mozilla/5.0 (Windows NT 10.0; Win64; x64) AppleWebKit/537.36 (KHTML, like Gecko) Chrome/120.0.0.0 Safari/537.36"
4.206.17.96 - - [27/Mar/2026:05:59:13 +0300] "GET /classwithtostring.phpl HTTP/1.1" 404 796 "-" "Mozilla/5.0 (Windows NT 10.0; Win64; x64) AppleWebKit/537.36 (KHTML, like Gecko) Chrome/120.0.0.0 Safari/537.36"
4.206.17.96 - - [27/Mar/2026:05:59:13 +0300] "GET /wp-admin/network/network.php HTTP/1.1" 404 796 "-" "Mozilla/5.0 (Windows NT 10.0; Win64; x64) AppleWebKit/537.36 (KHTML, like Gecko) Chrome/120.0.0.0 Safari/537.36"
4.206.17.96 - - [27/Mar/2026:05:59:13 +0300] "GET /ini.php HTTP/1.1" 404 796 "-" "Mozilla/5.0 (Windows NT 10.0; Win64; x64) AppleWebKit/537.36 (KHTML, like Gecko) Chrome/120.0.0.0 Safari/537.36"
4.206.17.96 - - [27/Mar/2026:05:59:13 +0300] "GET /wp-admin/x.php HTTP/1.1" 404 796 "-" "Mozilla/5.0 (Windows NT 10.0; Win64; x64) AppleWebKit/537.36 (KHTML, like Gecko) Chrome/120.0.0.0 Safari/537.36"
4.206.17.96 - - [27/Mar/2026:05:59:14 +0300] "GET /wp-content/plugins/wp-help/admin/wp-fclass.php HTTP/1.1" 404 796 "-" "Mozilla/5.0 (Windows NT 10.0; Win64; x64) AppleWebKit/537.36 (KHTML, like Gecko) Chrome/120.0.0.0 Safari/537.36"
4.206.17.96 - - [27/Mar/2026:05:59:14 +0300] "GET /10.php HTTP/1.1" 404 796 "-" "Mozilla/5.0 (Windows NT 10.0; Win64; x64) AppleWebKit/537.36 (KHTML, like Gecko) Chrome/120.0.0.0 Safari/537.36"
4.206.17.96 - - [27/Mar/2026:05:59:14 +0300] "GET /language/cron.php HTTP/1.1" 404 796 "-" "Mozilla/5.0 (Windows NT 10.0; Win64; x64) AppleWebKit/537.36 (KHTML, like Gecko) Chrome/120.0.0.0 Safari/537.36"
4.206.17.96 - - [27/Mar/2026:05:59:14 +0300] "GET /delpaths.php HTTP/1.1" 404 796 "-" "Mozilla/5.0 (Windows NT 10.0; Win64; x64) AppleWebKit/537.36 (KHTML, like Gecko) Chrome/120.0.0.0 Safari/537.36"
4.206.17.96 - - [27/Mar/2026:05:59:14 +0300] "GET /admin/controller/extension/extension/admin.php HTTP/1.1" 404 796 "-" "Mozilla/5.0 (Windows NT 10.0; Win64; x64) AppleWebKit/537.36 (KHTML, like Gecko) Chrome/120.0.0.0 Safari/537.36"
4.206.17.96 - - [27/Mar/2026:05:59:14 +0300] "GET /wp-info.php HTTP/1.1" 404 796 "-" "Mozilla/5.0 (Windows NT 10.0; Win64; x64) AppleWebKit/537.36 (KHTML, like Gecko) Chrome/120.0.0.0 Safari/537.36"
4.206.17.96 - - [27/Mar/2026:05:59:14 +0300] "GET /wp-content/plugins/ubh/1.php HTTP/1.1" 404 796 "-" "Mozilla/5.0 (Windows NT 10.0; Win64; x64) AppleWebKit/537.36 (KHTML, like Gecko) Chrome/120.0.0.0 Safari/537.36"
4.206.17.96 - - [27/Mar/2026:05:59:15 +0300] "GET /header.php HTTP/1.1" 404 796 "-" "Mozilla/5.0 (Windows NT 10.0; Win64; x64) AppleWebKit/537.36 (KHTML, like Gecko) Chrome/120.0.0.0 Safari/537.36"
4.206.17.96 - - [27/Mar/2026:05:59:15 +0300] "GET /admin/wp-signup.php HTTP/1.1" 404 796 "-" "Mozilla/5.0 (Windows NT 10.0; Win64; x64) AppleWebKit/537.36 (KHTML, like Gecko) Chrome/120.0.0.0 Safari/537.36"
4.206.17.96 - - [27/Mar/2026:05:59:15 +0300] "GET /kk.php HTTP/1.1" 404 796 "-" "Mozilla/5.0 (Windows NT 10.0; Win64; x64) AppleWebKit/537.36 (KHTML, like Gecko) Chrome/120.0.0.0 Safari/537.36"
4.206.17.96 - - [27/Mar/2026:05:59:15 +0300] "GET /ioxi001.PhP7 HTTP/1.1" 404 796 "-" "Mozilla/5.0 (Windows NT 10.0; Win64; x64) AppleWebKit/537.36 (KHTML, like Gecko) Chrome/120.0.0.0 Safari/537.36"
4.206.17.96 - - [27/Mar/2026:05:59:15 +0300] "GET /perodua-malaysia//classwithtostring.php HTTP/1.1" 404 796 "-" "Mozilla/5.0 (Windows NT 10.0; Win64; x64) AppleWebKit/537.36 (KHTML, like Gecko) Chrome/120.0.0.0 Safari/537.36"
4.206.17.96 - - [27/Mar/2026:05:59:15 +0300] "GET /js/atomlib.php HTTP/1.1" 404 796 "-" "Mozilla/5.0 (Windows NT 10.0; Win64; x64) AppleWebKit/537.36 (KHTML, like Gecko) Chrome/120.0.0.0 Safari/537.36"
4.206.17.96 - - [27/Mar/2026:05:59:15 +0300] "GET /p.php HTTP/1.1" 404 796 "-" "Mozilla/5.0 (Windows NT 10.0; Win64; x64) AppleWebKit/537.36 (KHTML, like Gecko) Chrome/120.0.0.0 Safari/537.36"
4.206.17.96 - - [27/Mar/2026:05:59:16 +0300] "GET /wp-admin/css/colors/blue/about.php HTTP/1.1" 404 796 "-" "Mozilla/5.0 (Windows NT 10.0; Win64; x64) AppleWebKit/537.36 (KHTML, like Gecko) Chrome/120.0.0.0 Safari/537.36"
4.206.17.96 - - [27/Mar/2026:05:59:16 +0300] "GET /alfashell.php HTTP/1.1" 404 796 "-" "Mozilla/5.0 (Windows NT 10.0; Win64; x64) AppleWebKit/537.36 (KHTML, like Gecko) Chrome/120.0.0.0 Safari/537.36"
4.206.17.96 - - [27/Mar/2026:05:59:17 +0300] "GET /contacts.php HTTP/1.1" 404 796 "-" "Mozilla/5.0 (Windows NT 10.0; Win64; x64) AppleWebKit/537.36 (KHTML, like Gecko) Chrome/120.0.0.0 Safari/537.36"
4.206.17.96 - - [27/Mar/2026:05:59:17 +0300] "GET /wso2.php HTTP/1.1" 404 796 "-" "Mozilla/5.0 (Windows NT 10.0; Win64; x64) AppleWebKit/537.36 (KHTML, like Gecko) Chrome/120.0.0.0 Safari/537.36"
4.206.17.96 - - [27/Mar/2026:05:59:17 +0300] "GET /wp-includes/ID3/admin.php HTTP/1.1" 404 796 "-" "Mozilla/5.0 (Windows NT 10.0; Win64; x64) AppleWebKit/537.36 (KHTML, like Gecko) Chrome/120.0.0.0 Safari/537.36"
45.84.162.32 - - [27/Mar/2026:05:59:15 +0300] "GET /yeni/polikistik-over-sendromunda-vucut-kas-ve-yag-miktarlari-ve-dagilimlari/ HTTP/2" 200 12517 "-" "Mozilla/5.0 (Macintosh; Intel Mac OS X 10_15_7) AppleWebKit/537.36 (KHTML, like Gecko) Chrome/142.0.0.0 Safari/537.36"
4.206.17.96 - - [27/Mar/2026:05:59:17 +0300] "GET /wp-includes/css/admin.php HTTP/1.1" 404 796 "-" "Mozilla/5.0 (Windows NT 10.0; Win64; x64) AppleWebKit/537.36 (KHTML, like Gecko) Chrome/120.0.0.0 Safari/537.36"
4.206.17.96 - - [27/Mar/2026:05:59:17 +0300] "GET /images/k.php HTTP/1.1" 404 796 "-" "Mozilla/5.0 (Windows NT 10.0; Win64; x64) AppleWebKit/537.36 (KHTML, like Gecko) Chrome/120.0.0.0 Safari/537.36"
4.206.17.96 - - [27/Mar/2026:05:59:18 +0300] "GET /css/dmtixucz/golden-access/ HTTP/1.1" 404 796 "-" "Mozilla/5.0 (Windows NT 10.0; Win64; x64) AppleWebKit/537.36 (KHTML, like Gecko) Chrome/120.0.0.0 Safari/537.36"
4.206.17.96 - - [27/Mar/2026:05:59:18 +0300] "GET /wp-admin/radio.php HTTP/1.1" 404 796 "-" "Mozilla/5.0 (Windows NT 10.0; Win64; x64) AppleWebKit/537.36 (KHTML, like Gecko) Chrome/120.0.0.0 Safari/537.36"
4.206.17.96 - - [27/Mar/2026:05:59:18 +0300] "GET /100.php HTTP/1.1" 404 796 "-" "Mozilla/5.0 (Windows NT 10.0; Win64; x64) AppleWebKit/537.36 (KHTML, like Gecko) Chrome/120.0.0.0 Safari/537.36"
207.174.9.123 - - [27/Mar/2026:05:56:24 +0300] "GET /yeni/polikistik-over-sendromu-ve-kan-basinci-yuksekligi-hipertansiyon/ HTTP/2" 200 11823 "-" "Mozilla/5.0 (Macintosh; Intel Mac OS X 10_15_7) AppleWebKit/537.36 (KHTML, like Gecko) Chrome/142.0.0.0 Safari/537.36"
154.30.78.217 - - [27/Mar/2026:05:56:28 +0300] "GET /yeni/polikistik-over-sendromunda-yumurta-gelisimi-ve-yumurtlama/ HTTP/2" 200 11543 "-" "Mozilla/5.0 (Macintosh; Intel Mac OS X 10_15_7) AppleWebKit/537.36 (KHTML, like Gecko) Chrome/142.0.0.0 Safari/537.36"
23.26.236.13 - - [27/Mar/2026:05:56:42 +0300] "GET /yeni/plastik-su-bidonlari-pet-siseler-plastik-bardak-tabak-gibi-urunlere-dikkat/ HTTP/2" 200 9845 "-" "Mozilla/5.0 (Macintosh; Intel Mac OS X 10_15_7) AppleWebKit/537.36 (KHTML, like Gecko) Chrome/142.0.0.0 Safari/537.36"
89.252.162.138 - - [27/Mar/2026:05:56:45 +0300] "POST /yeni/wp-cron.php?doing_wp_cron=1774580205.2168490886688232421875 HTTP/1.1" 200 0 "-" "WordPress/6.9.4; https://polikistikover.net/yeni"
170.23.18.33 - - [27/Mar/2026:05:56:43 +0300] "GET /yeni/alkol-ve-cocuk-istegi/ HTTP/2" 200 12357 "-" "Mozilla/5.0 (Macintosh; Intel Mac OS X 10_15_7) AppleWebKit/537.36 (KHTML, like Gecko) Chrome/142.0.0.0 Safari/537.36"
88.216.42.252 - - [27/Mar/2026:05:57:08 +0300] "GET /yeni/polikistik-over-sendromu/ HTTP/2" 200 13892 "-" "Mozilla/5.0 (Macintosh; Intel Mac OS X 10_15_7) AppleWebKit/537.36 (KHTML, like Gecko) Chrome/142.0.0.0 Safari/537.36"
89.252.162.138 - - [27/Mar/2026:05:57:36 +0300] "POST /yeni/wp-cron.php?doing_wp_cron=1774580256.7604260444641113281250 HTTP/1.1" 200 0 "-" "WordPress/6.9.4; https://polikistikover.net/yeni"
84.32.68.67 - - [27/Mar/2026:05:57:36 +0300] "GET /yeni/rahim-ici-arac-spiral-kullanimi-ve-polikistik-over-sendromu/ HTTP/2" 200 17796 "-" "Mozilla/5.0 (Macintosh; Intel Mac OS X 10_15_7) AppleWebKit/537.36 (KHTML, like Gecko) Chrome/142.0.0.0 Safari/537.36"
147.136.68.43 - - [27/Mar/2026:05:57:48 +0300] "GET /dogum-kontrol-hapi-kullanimi-ve-polikistik-over-sendromu-2/ HTTP/2" 404 796 "-" "Mozilla/5.0 (Macintosh; Intel Mac OS X 10_15_7) AppleWebKit/537.36 (KHTML, like Gecko) Chrome/142.0.0.0 Safari/537.36"
142.147.174.185 - - [27/Mar/2026:05:58:29 +0300] "GET /yeni/polikistik-over-sendromunda-gebelikte-karsilasilan-sorunlar/ HTTP/2" 200 11443 "-" "Mozilla/5.0 (Macintosh; Intel Mac OS X 10_15_7) AppleWebKit/537.36 (KHTML, like Gecko) Chrome/142.0.0.0 Safari/537.36"
114.119.133.201 - - [27/Mar/2026:05:58:33 +0300] "GET /zquzbk/felix-mitchell-family HTTP/1.1" 404 796 "-" "Mozilla/5.0 (Linux; Android 7.0;) AppleWebKit/537.36 (KHTML, like Gecko) Mobile Safari/537.36 (compatible; PetalBot;+https://webmaster.petalsearch.com/site/petalbot)"
144.91.86.124 - - [27/Mar/2026:05:58:57 +0300] "POST /wp-login.php HTTP/1.1" 200 3587 "-" "Mozilla/5.0 (Windows NT 10.0; WOW64) AppleWebKit/537.43 (KHTML, like Gecko) Chrome/135.0.0.0 Safari/537.36 OPR/120.0.0.0"
89.252.162.138 - - [27/Mar/2026:05:59:07 +0300] "POST /wp-admin/admin-ajax.php?action=async_litespeed&nonce=eM192SaOyrcNTPmAUDc3LpIo8vSBssqI&litespeed_type=imgoptm HTTP/1.1" 200 5 "-" "WordPress/6.8.5; https://polikistikover.net"
45.131.216.57 - - [27/Mar/2026:05:59:09 +0300] "GET /yeni/tup-bebek-ve-polikistik-over/ HTTP/2" 200 12980 "-" "Mozilla/5.0 (Macintosh; Intel Mac OS X 10_15_7) AppleWebKit/537.36 (KHTML, like Gecko) Chrome/142.0.0.0 Safari/537.36"
45.39.59.50 - - [27/Mar/2026:06:00:08 +0300] "GET /yeni/polikistik-over-olan-kadinlarda-vucut-yapisi/ HTTP/2" 200 10483 "-" "Mozilla/5.0 (Macintosh; Intel Mac OS X 10_15_7) AppleWebKit/537.36 (KHTML, like Gecko) Chrome/142.0.0.0 Safari/537.36"
142.147.197.143 - - [27/Mar/2026:06:00:13 +0300] "GET /yeni/meme-kanseri-ve-polikistik-over-sendromu/ HTTP/2" 200 13761 "-" "Mozilla/5.0 (Macintosh; Intel Mac OS X 10_15_7) AppleWebKit/537.36 (KHTML, like Gecko) Chrome/142.0.0.0 Safari/537.36"
89.252.162.138 - - [27/Mar/2026:06:00:44 +0300] "POST /yeni/wp-cron.php?doing_wp_cron=1774580444.2607378959655761718750 HTTP/1.1" 200 0 "-" "WordPress/6.9.4; https://polikistikover.net/yeni"
4.206.17.96 - - [27/Mar/2026:05:59:18 +0300] "GET /alfanew.PHP7 HTTP/1.1" 404 796 "-" "Mozilla/5.0 (Windows NT 10.0; Win64; x64) AppleWebKit/537.36 (KHTML, like Gecko) Chrome/120.0.0.0 Safari/537.36"
4.206.17.96 - - [27/Mar/2026:05:59:18 +0300] "GET /.well-known/pki-validation/admin.php HTTP/1.1" 404 796 "-" "Mozilla/5.0 (Windows NT 10.0; Win64; x64) AppleWebKit/537.36 (KHTML, like Gecko) Chrome/120.0.0.0 Safari/537.36"
4.206.17.96 - - [27/Mar/2026:05:59:19 +0300] "GET /images.php HTTP/1.1" 404 796 "-" "Mozilla/5.0 (Windows NT 10.0; Win64; x64) AppleWebKit/537.36 (KHTML, like Gecko) Chrome/120.0.0.0 Safari/537.36"
4.206.17.96 - - [27/Mar/2026:05:59:19 +0300] "GET /dav.php HTTP/1.1" 404 796 "-" "Mozilla/5.0 (Windows NT 10.0; Win64; x64) AppleWebKit/537.36 (KHTML, like Gecko) Chrome/120.0.0.0 Safari/537.36"
4.206.17.96 - - [27/Mar/2026:05:59:19 +0300] "GET /settings.php HTTP/1.1" 404 796 "-" "Mozilla/5.0 (Windows NT 10.0; Win64; x64) AppleWebKit/537.36 (KHTML, like Gecko) Chrome/120.0.0.0 Safari/537.36"
89.252.162.138 - - [27/Mar/2026:05:59:43 +0300] "POST /yeni/wp-cron.php?doing_wp_cron=1774580383.9421820640563964843750 HTTP/1.1" 200 0 "-" "WordPress/6.9.4; https://polikistikover.net/yeni"
142.147.160.64 - - [27/Mar/2026:05:59:43 +0300] "GET /yeni/dar-kalcali-vucut-yapisi-insulin-direnci-yapmaktadir/ HTTP/2" 200 10765 "-" "Mozilla/5.0 (Macintosh; Intel Mac OS X 10_15_7) AppleWebKit/537.36 (KHTML, like Gecko) Chrome/142.0.0.0 Safari/537.36"
199.120.15.107 - - [27/Mar/2026:05:59:51 +0300] "GET /yeni/grup-a-polikistik-over-sendromu/ HTTP/2" 200 10567 "-" "Mozilla/5.0 (Macintosh; Intel Mac OS X 10_15_7) AppleWebKit/537.36 (KHTML, like Gecko) Chrome/142.0.0.0 Safari/537.36"
114.119.154.253 - - [27/Mar/2026:06:00:58 +0300] "GET /yeni/polikistik-over-sendromunda-sivilce-ve-tedavisi/ HTTP/1.1" 200 59145 "http://polycysticovary.net" "Mozilla/5.0 (Linux; Android 7.0;) AppleWebKit/537.36 (KHTML, like Gecko) Mobile Safari/537.36 (compatible; PetalBot;+https://webmaster.petalsearch.com/site/petalbot)"
204.217.220.49 - - [27/Mar/2026:06:01:11 +0300] "GET /yeni/grup-c-polikistik-over-sendromu/ HTTP/2" 200 10229 "-" "Mozilla/5.0 (Macintosh; Intel Mac OS X 10_15_7) AppleWebKit/537.36 (KHTML, like Gecko) Chrome/142.0.0.0 Safari/537.36"
142.147.180.200 - - [27/Mar/2026:06:01:22 +0300] "GET /yeni/beyin-hipotalamus-hipofiz-ve-polikistik-over-sendromu/ HTTP/2" 200 16766 "-" "Mozilla/5.0 (Macintosh; Intel Mac OS X 10_15_7) AppleWebKit/537.36 (KHTML, like Gecko) Chrome/142.0.0.0 Safari/537.36"
89.252.162.138 - - [27/Mar/2026:06:01:38 +0300] "POST /yeni/wp-cron.php?doing_wp_cron=1774580498.8226950168609619140625 HTTP/1.1" 200 0 "-" "WordPress/6.9.4; https://polikistikover.net/yeni"
185.170.111.234 - - [27/Mar/2026:06:01:38 +0300] "GET /yeni/40-yasindan-sonra-polikistik-over-sendromu/ HTTP/2" 200 12847 "-" "Mozilla/5.0 (Macintosh; Intel Mac OS X 10_15_7) AppleWebKit/537.36 (KHTML, like Gecko) Chrome/142.0.0.0 Safari/537.36"
84.37.232.91 - - [27/Mar/2026:06:02:11 +0300] "GET /zayif-veya-normal-kilolu-polikistik-overi-olan-kadinlarda-insulin-direnci/ HTTP/2" 404 796 "-" "Mozilla/5.0 (Macintosh; Intel Mac OS X 10_15_7) AppleWebKit/537.36 (KHTML, like Gecko) Chrome/142.0.0.0 Safari/537.36"
154.30.74.73 - - [27/Mar/2026:06:02:40 +0300] "GET /cinsel-istek-libido-ve-polikistik-over-sendromu/ HTTP/2" 404 796 "-" "Mozilla/5.0 (Macintosh; Intel Mac OS X 10_15_7) AppleWebKit/537.36 (KHTML, like Gecko) Chrome/142.0.0.0 Safari/537.36"
89.252.162.138 - - [27/Mar/2026:06:02:57 +0300] "POST /yeni/wp-cron.php?doing_wp_cron=1774580577.8259959220886230468750 HTTP/1.1" 200 0 "-" "WordPress/6.9.4; https://polikistikover.net/yeni"
45.41.165.206 - - [27/Mar/2026:06:02:56 +0300] "GET /yeni/polikistik-over-ameliyati/ HTTP/2" 200 11191 "-" "Mozilla/5.0 (Macintosh; Intel Mac OS X 10_15_7) AppleWebKit/537.36 (KHTML, like Gecko) Chrome/142.0.0.0 Safari/537.36"
45.56.185.153 - - [27/Mar/2026:06:03:21 +0300] "GET /yeni/polikistik-over-sendromuna-en-cok-benzeyen-hastalik-adrenal-hiperplazi/ HTTP/2" 200 15008 "-" "Mozilla/5.0 (Macintosh; Intel Mac OS X 10_15_7) AppleWebKit/537.36 (KHTML, like Gecko) Chrome/142.0.0.0 Safari/537.36"
104.252.247.240 - - [27/Mar/2026:06:03:31 +0300] "GET /category/makaleler/ HTTP/2" 404 796 "-" "Mozilla/5.0 (Macintosh; Intel Mac OS X 10_15_7) AppleWebKit/537.36 (KHTML, like Gecko) Chrome/142.0.0.0 Safari/537.36"
114.119.133.201 - - [27/Mar/2026:06:04:51 +0300] "GET /akw716so/how-long-did-it-take-to-sequence-covid-19 HTTP/1.1" 404 796 "https://polikistikover.net/akw716so/how-to-get-to-darling-harbour-from-circular-quay" "Mozilla/5.0 (Linux; Android 7.0;) AppleWebKit/537.36 (KHTML, like Gecko) Mobile Safari/537.36 (compatible; PetalBot;+https://webmaster.petalsearch.com/site/petalbot)"
114.119.151.14 - - [27/Mar/2026:06:07:31 +0300] "GET /zquzbk/chemist-warehouse-baby-bundle-of-joy-2022 HTTP/1.1" 404 796 "https://polikistikover.net/zquzbk/best-restaurants-mykonos" "Mozilla/5.0 (Linux; Android 7.0;) AppleWebKit/537.36 (KHTML, like Gecko) Mobile Safari/537.36 (compatible; PetalBot;+https://webmaster.petalsearch.com/site/petalbot)"
114.119.136.68 - - [27/Mar/2026:06:09:39 +0300] "GET /wp-content/uploads/2017/03/?NA HTTP/1.1" 200 21145 "https://polikistikover.net/wp-content/uploads/2017/03/?ND" "Mozilla/5.0 (Linux; Android 7.0;) AppleWebKit/537.36 (KHTML, like Gecko) Mobile Safari/537.36 (compatible; PetalBot;+https://webmaster.petalsearch.com/site/petalbot)"
114.119.134.3 - - [27/Mar/2026:06:10:50 +0300] "GET /fgejhqde/why-is-rate-of-reaction-important-in-industry HTTP/1.1" 404 796 "-" "Mozilla/5.0 (Linux; Android 7.0;) AppleWebKit/537.36 (KHTML, like Gecko) Mobile Safari/537.36 (compatible; PetalBot;+https://webmaster.petalsearch.com/site/petalbot)"
20.63.103.30 - - [27/Mar/2026:06:11:01 +0300] "GET /backup.php HTTP/1.1" 401 53 "-" "Mozilla/5.0 (Windows NT 10.0; Win64; x64) AppleWebKit/537.36 (KHTML, like Gecko) Chrome/120.0.0.0 Safari/537.36"
20.63.103.30 - - [27/Mar/2026:06:11:01 +0300] "GET /css.php HTTP/1.1" 401 53 "-" "Mozilla/5.0 (Windows NT 10.0; Win64; x64) AppleWebKit/537.36 (KHTML, like Gecko) Chrome/120.0.0.0 Safari/537.36"
20.63.103.30 - - [27/Mar/2026:06:11:01 +0300] "GET /x.php HTTP/1.1" 401 53 "-" "Mozilla/5.0 (Windows NT 10.0; Win64; x64) AppleWebKit/537.36 (KHTML, like Gecko) Chrome/120.0.0.0 Safari/537.36"
20.63.103.30 - - [27/Mar/2026:06:11:02 +0300] "GET /mail.php HTTP/1.1" 401 53 "-" "Mozilla/5.0 (Windows NT 10.0; Win64; x64) AppleWebKit/537.36 (KHTML, like Gecko) Chrome/120.0.0.0 Safari/537.36"
20.63.103.30 - - [27/Mar/2026:06:11:02 +0300] "GET /wp-index.php HTTP/1.1" 401 53 "-" "Mozilla/5.0 (Windows NT 10.0; Win64; x64) AppleWebKit/537.36 (KHTML, like Gecko) Chrome/120.0.0.0 Safari/537.36"
20.63.103.30 - - [27/Mar/2026:06:11:02 +0300] "GET /wp-admin/license.php HTTP/1.1" 401 53 "-" "Mozilla/5.0 (Windows NT 10.0; Win64; x64) AppleWebKit/537.36 (KHTML, like Gecko) Chrome/120.0.0.0 Safari/537.36"
20.63.103.30 - - [27/Mar/2026:06:11:02 +0300] "GET /wp-content/plugins/envato-market/inc/class-envato-market-github.php HTTP/1.1" 401 53 "-" "Mozilla/5.0 (Windows NT 10.0; Win64; x64) AppleWebKit/537.36 (KHTML, like Gecko) Chrome/120.0.0.0 Safari/537.36"
20.63.103.30 - - [27/Mar/2026:06:11:02 +0300] "GET /init.php HTTP/1.1" 401 53 "-" "Mozilla/5.0 (Windows NT 10.0; Win64; x64) AppleWebKit/537.36 (KHTML, like Gecko) Chrome/120.0.0.0 Safari/537.36"
20.63.103.30 - - [27/Mar/2026:06:11:03 +0300] "GET /makeasmtp.php HTTP/1.1" 401 53 "-" "Mozilla/5.0 (Windows NT 10.0; Win64; x64) AppleWebKit/537.36 (KHTML, like Gecko) Chrome/120.0.0.0 Safari/537.36"
20.63.103.30 - - [27/Mar/2026:06:11:03 +0300] "GET /wp-includes/PHPMailer/admin.php HTTP/1.1" 401 53 "-" "Mozilla/5.0 (Windows NT 10.0; Win64; x64) AppleWebKit/537.36 (KHTML, like Gecko) Chrome/120.0.0.0 Safari/537.36"
20.63.103.30 - - [27/Mar/2026:06:11:03 +0300] "GET /raf.php HTTP/1.1" 401 53 "-" "Mozilla/5.0 (Windows NT 10.0; Win64; x64) AppleWebKit/537.36 (KHTML, like Gecko) Chrome/120.0.0.0 Safari/537.36"
20.63.103.30 - - [27/Mar/2026:06:11:03 +0300] "GET /lv.php HTTP/1.1" 401 53 "-" "Mozilla/5.0 (Windows NT 10.0; Win64; x64) AppleWebKit/537.36 (KHTML, like Gecko) Chrome/120.0.0.0 Safari/537.36"
20.63.103.30 - - [27/Mar/2026:06:11:03 +0300] "GET /we.php HTTP/1.1" 401 53 "-" "Mozilla/5.0 (Windows NT 10.0; Win64; x64) AppleWebKit/537.36 (KHTML, like Gecko) Chrome/120.0.0.0 Safari/537.36"
20.63.103.30 - - [27/Mar/2026:06:11:04 +0300] "GET /wp-includes/css/dist/block-library/admin.php HTTP/1.1" 401 53 "-" "Mozilla/5.0 (Windows NT 10.0; Win64; x64) AppleWebKit/537.36 (KHTML, like Gecko) Chrome/120.0.0.0 Safari/537.36"
20.63.103.30 - - [27/Mar/2026:06:11:04 +0300] "GET /wp-content/uploads/de_fb_uploads/b.php HTTP/1.1" 401 53 "-" "Mozilla/5.0 (Windows NT 10.0; Win64; x64) AppleWebKit/537.36 (KHTML, like Gecko) Chrome/120.0.0.0 Safari/537.36"
20.63.103.30 - - [27/Mar/2026:06:11:04 +0300] "GET /mariju.php HTTP/1.1" 401 53 "-" "Mozilla/5.0 (Windows NT 10.0; Win64; x64) AppleWebKit/537.36 (KHTML, like Gecko) Chrome/120.0.0.0 Safari/537.36"
20.63.103.30 - - [27/Mar/2026:06:11:04 +0300] "GET /ab.php HTTP/1.1" 401 53 "-" "Mozilla/5.0 (Windows NT 10.0; Win64; x64) AppleWebKit/537.36 (KHTML, like Gecko) Chrome/120.0.0.0 Safari/537.36"
20.63.103.30 - - [27/Mar/2026:06:11:04 +0300] "GET /wp-admin/css/admin.php HTTP/1.1" 401 53 "-" "Mozilla/5.0 (Windows NT 10.0; Win64; x64) AppleWebKit/537.36 (KHTML, like Gecko) Chrome/120.0.0.0 Safari/537.36"
20.63.103.30 - - [27/Mar/2026:06:11:05 +0300] "GET /xl.php HTTP/1.1" 401 53 "-" "Mozilla/5.0 (Windows NT 10.0; Win64; x64) AppleWebKit/537.36 (KHTML, like Gecko) Chrome/120.0.0.0 Safari/537.36"
20.63.103.30 - - [27/Mar/2026:06:11:05 +0300] "GET /123.php HTTP/1.1" 401 53 "-" "Mozilla/5.0 (Windows NT 10.0; Win64; x64) AppleWebKit/537.36 (KHTML, like Gecko) Chrome/120.0.0.0 Safari/537.36"
20.63.103.30 - - [27/Mar/2026:06:11:05 +0300] "GET /m.php HTTP/1.1" 401 53 "-" "Mozilla/5.0 (Windows NT 10.0; Win64; x64) AppleWebKit/537.36 (KHTML, like Gecko) Chrome/120.0.0.0 Safari/537.36"
20.63.103.30 - - [27/Mar/2026:06:11:05 +0300] "GET /wp-admin/user/ HTTP/1.1" 401 53 "-" "Mozilla/5.0 (Windows NT 10.0; Win64; x64) AppleWebKit/537.36 (KHTML, like Gecko) Chrome/120.0.0.0 Safari/537.36"
20.63.103.30 - - [27/Mar/2026:06:11:05 +0300] "GET /r.php HTTP/1.1" 401 53 "-" "Mozilla/5.0 (Windows NT 10.0; Win64; x64) AppleWebKit/537.36 (KHTML, like Gecko) Chrome/120.0.0.0 Safari/537.36"
20.63.103.30 - - [27/Mar/2026:06:11:06 +0300] "GET /files.php HTTP/1.1" 401 53 "-" "Mozilla/5.0 (Windows NT 10.0; Win64; x64) AppleWebKit/537.36 (KHTML, like Gecko) Chrome/120.0.0.0 Safari/537.36"
20.63.103.30 - - [27/Mar/2026:06:11:06 +0300] "GET /system_log.php HTTP/1.1" 401 53 "-" "Mozilla/5.0 (Windows NT 10.0; Win64; x64) AppleWebKit/537.36 (KHTML, like Gecko) Chrome/120.0.0.0 Safari/537.36"
20.63.103.30 - - [27/Mar/2026:06:11:06 +0300] "GET /cc.php HTTP/1.1" 401 53 "-" "Mozilla/5.0 (Windows NT 10.0; Win64; x64) AppleWebKit/537.36 (KHTML, like Gecko) Chrome/120.0.0.0 Safari/537.36"
20.63.103.30 - - [27/Mar/2026:06:11:06 +0300] "GET /wp-admin/css/about.php HTTP/1.1" 401 53 "-" "Mozilla/5.0 (Windows NT 10.0; Win64; x64) AppleWebKit/537.36 (KHTML, like Gecko) Chrome/120.0.0.0 Safari/537.36"
20.63.103.30 - - [27/Mar/2026:06:11:06 +0300] "GET /test.php7 HTTP/1.1" 401 53 "-" "Mozilla/5.0 (Windows NT 10.0; Win64; x64) AppleWebKit/537.36 (KHTML, like Gecko) Chrome/120.0.0.0 Safari/537.36"
20.63.103.30 - - [27/Mar/2026:06:11:07 +0300] "GET /wp-content/plugins/dummyyummy/wp-signup.php HTTP/1.1" 401 53 "-" "Mozilla/5.0 (Windows NT 10.0; Win64; x64) AppleWebKit/537.36 (KHTML, like Gecko) Chrome/120.0.0.0 Safari/537.36"
20.63.103.30 - - [27/Mar/2026:06:11:07 +0300] "GET /wp-admin/about.php HTTP/1.1" 401 53 "-" "Mozilla/5.0 (Windows NT 10.0; Win64; x64) AppleWebKit/537.36 (KHTML, like Gecko) Chrome/120.0.0.0 Safari/537.36"
20.63.103.30 - - [27/Mar/2026:06:11:07 +0300] "GET /update.php HTTP/1.1" 401 53 "-" "Mozilla/5.0 (Windows NT 10.0; Win64; x64) AppleWebKit/537.36 (KHTML, like Gecko) Chrome/120.0.0.0 Safari/537.36"
20.63.103.30 - - [27/Mar/2026:06:11:07 +0300] "GET /w.php HTTP/1.1" 401 53 "-" "Mozilla/5.0 (Windows NT 10.0; Win64; x64) AppleWebKit/537.36 (KHTML, like Gecko) Chrome/120.0.0.0 Safari/537.36"
20.63.103.30 - - [27/Mar/2026:06:11:07 +0300] "GET /cgi-bin/index.php HTTP/1.1" 401 53 "-" "Mozilla/5.0 (Windows NT 10.0; Win64; x64) AppleWebKit/537.36 (KHTML, like Gecko) Chrome/120.0.0.0 Safari/537.36"
20.63.103.30 - - [27/Mar/2026:06:11:08 +0300] "GET /classwithtostring.phpl HTTP/1.1" 401 53 "-" "Mozilla/5.0 (Windows NT 10.0; Win64; x64) AppleWebKit/537.36 (KHTML, like Gecko) Chrome/120.0.0.0 Safari/537.36"
20.63.103.30 - - [27/Mar/2026:06:11:08 +0300] "GET /wp-admin/network/network.php HTTP/1.1" 401 53 "-" "Mozilla/5.0 (Windows NT 10.0; Win64; x64) AppleWebKit/537.36 (KHTML, like Gecko) Chrome/120.0.0.0 Safari/537.36"
20.63.103.30 - - [27/Mar/2026:06:11:08 +0300] "GET /ini.php HTTP/1.1" 401 53 "-" "Mozilla/5.0 (Windows NT 10.0; Win64; x64) AppleWebKit/537.36 (KHTML, like Gecko) Chrome/120.0.0.0 Safari/537.36"
20.63.103.30 - - [27/Mar/2026:06:11:08 +0300] "GET /wp-admin/x.php HTTP/1.1" 401 53 "-" "Mozilla/5.0 (Windows NT 10.0; Win64; x64) AppleWebKit/537.36 (KHTML, like Gecko) Chrome/120.0.0.0 Safari/537.36"
20.63.103.30 - - [27/Mar/2026:06:11:08 +0300] "GET /wp-content/plugins/wp-help/admin/wp-fclass.php HTTP/1.1" 401 53 "-" "Mozilla/5.0 (Windows NT 10.0; Win64; x64) AppleWebKit/537.36 (KHTML, like Gecko) Chrome/120.0.0.0 Safari/537.36"
20.63.103.30 - - [27/Mar/2026:06:11:09 +0300] "GET /10.php HTTP/1.1" 401 53 "-" "Mozilla/5.0 (Windows NT 10.0; Win64; x64) AppleWebKit/537.36 (KHTML, like Gecko) Chrome/120.0.0.0 Safari/537.36"
20.63.103.30 - - [27/Mar/2026:06:11:09 +0300] "GET /language/cron.php HTTP/1.1" 401 53 "-" "Mozilla/5.0 (Windows NT 10.0; Win64; x64) AppleWebKit/537.36 (KHTML, like Gecko) Chrome/120.0.0.0 Safari/537.36"
20.63.103.30 - - [27/Mar/2026:06:11:09 +0300] "GET /delpaths.php HTTP/1.1" 401 53 "-" "Mozilla/5.0 (Windows NT 10.0; Win64; x64) AppleWebKit/537.36 (KHTML, like Gecko) Chrome/120.0.0.0 Safari/537.36"
20.63.103.30 - - [27/Mar/2026:06:11:09 +0300] "GET /admin/controller/extension/extension/admin.php HTTP/1.1" 401 53 "-" "Mozilla/5.0 (Windows NT 10.0; Win64; x64) AppleWebKit/537.36 (KHTML, like Gecko) Chrome/120.0.0.0 Safari/537.36"
20.63.103.30 - - [27/Mar/2026:06:11:09 +0300] "GET /wp-info.php HTTP/1.1" 401 53 "-" "Mozilla/5.0 (Windows NT 10.0; Win64; x64) AppleWebKit/537.36 (KHTML, like Gecko) Chrome/120.0.0.0 Safari/537.36"
20.63.103.30 - - [27/Mar/2026:06:11:10 +0300] "GET /wp-content/plugins/ubh/1.php HTTP/1.1" 401 53 "-" "Mozilla/5.0 (Windows NT 10.0; Win64; x64) AppleWebKit/537.36 (KHTML, like Gecko) Chrome/120.0.0.0 Safari/537.36"
20.63.103.30 - - [27/Mar/2026:06:11:10 +0300] "GET /header.php HTTP/1.1" 401 53 "-" "Mozilla/5.0 (Windows NT 10.0; Win64; x64) AppleWebKit/537.36 (KHTML, like Gecko) Chrome/120.0.0.0 Safari/537.36"
20.63.103.30 - - [27/Mar/2026:06:11:10 +0300] "GET /admin/wp-signup.php HTTP/1.1" 401 53 "-" "Mozilla/5.0 (Windows NT 10.0; Win64; x64) AppleWebKit/537.36 (KHTML, like Gecko) Chrome/120.0.0.0 Safari/537.36"
20.63.103.30 - - [27/Mar/2026:06:11:10 +0300] "GET /kk.php HTTP/1.1" 401 53 "-" "Mozilla/5.0 (Windows NT 10.0; Win64; x64) AppleWebKit/537.36 (KHTML, like Gecko) Chrome/120.0.0.0 Safari/537.36"
20.63.103.30 - - [27/Mar/2026:06:11:10 +0300] "GET /ioxi001.PhP7 HTTP/1.1" 401 53 "-" "Mozilla/5.0 (Windows NT 10.0; Win64; x64) AppleWebKit/537.36 (KHTML, like Gecko) Chrome/120.0.0.0 Safari/537.36"
20.63.103.30 - - [27/Mar/2026:06:11:11 +0300] "GET /perodua-malaysia//classwithtostring.php HTTP/1.1" 401 53 "-" "Mozilla/5.0 (Windows NT 10.0; Win64; x64) AppleWebKit/537.36 (KHTML, like Gecko) Chrome/120.0.0.0 Safari/537.36"
20.63.103.30 - - [27/Mar/2026:06:11:11 +0300] "GET /js/atomlib.php HTTP/1.1" 401 53 "-" "Mozilla/5.0 (Windows NT 10.0; Win64; x64) AppleWebKit/537.36 (KHTML, like Gecko) Chrome/120.0.0.0 Safari/537.36"
20.63.103.30 - - [27/Mar/2026:06:11:11 +0300] "GET /p.php HTTP/1.1" 401 53 "-" "Mozilla/5.0 (Windows NT 10.0; Win64; x64) AppleWebKit/537.36 (KHTML, like Gecko) Chrome/120.0.0.0 Safari/537.36"
20.63.103.30 - - [27/Mar/2026:06:11:11 +0300] "GET /wp-admin/css/colors/blue/about.php HTTP/1.1" 401 53 "-" "Mozilla/5.0 (Windows NT 10.0; Win64; x64) AppleWebKit/537.36 (KHTML, like Gecko) Chrome/120.0.0.0 Safari/537.36"
20.63.103.30 - - [27/Mar/2026:06:11:11 +0300] "GET /alfashell.php HTTP/1.1" 401 53 "-" "Mozilla/5.0 (Windows NT 10.0; Win64; x64) AppleWebKit/537.36 (KHTML, like Gecko) Chrome/120.0.0.0 Safari/537.36"
20.63.103.30 - - [27/Mar/2026:06:11:12 +0300] "GET /contacts.php HTTP/1.1" 401 53 "-" "Mozilla/5.0 (Windows NT 10.0; Win64; x64) AppleWebKit/537.36 (KHTML, like Gecko) Chrome/120.0.0.0 Safari/537.36"
20.63.103.30 - - [27/Mar/2026:06:11:12 +0300] "GET /wso2.php HTTP/1.1" 401 53 "-" "Mozilla/5.0 (Windows NT 10.0; Win64; x64) AppleWebKit/537.36 (KHTML, like Gecko) Chrome/120.0.0.0 Safari/537.36"
20.63.103.30 - - [27/Mar/2026:06:11:12 +0300] "GET /wp-includes/ID3/admin.php HTTP/1.1" 401 53 "-" "Mozilla/5.0 (Windows NT 10.0; Win64; x64) AppleWebKit/537.36 (KHTML, like Gecko) Chrome/120.0.0.0 Safari/537.36"
20.63.103.30 - - [27/Mar/2026:06:11:12 +0300] "GET /wp-includes/css/admin.php HTTP/1.1" 401 53 "-" "Mozilla/5.0 (Windows NT 10.0; Win64; x64) AppleWebKit/537.36 (KHTML, like Gecko) Chrome/120.0.0.0 Safari/537.36"
20.63.103.30 - - [27/Mar/2026:06:11:12 +0300] "GET /images/k.php HTTP/1.1" 401 53 "-" "Mozilla/5.0 (Windows NT 10.0; Win64; x64) AppleWebKit/537.36 (KHTML, like Gecko) Chrome/120.0.0.0 Safari/537.36"
20.63.103.30 - - [27/Mar/2026:06:11:13 +0300] "GET /css/dmtixucz/golden-access/ HTTP/1.1" 401 53 "-" "Mozilla/5.0 (Windows NT 10.0; Win64; x64) AppleWebKit/537.36 (KHTML, like Gecko) Chrome/120.0.0.0 Safari/537.36"
20.63.103.30 - - [27/Mar/2026:06:11:13 +0300] "GET /wp-admin/radio.php HTTP/1.1" 401 53 "-" "Mozilla/5.0 (Windows NT 10.0; Win64; x64) AppleWebKit/537.36 (KHTML, like Gecko) Chrome/120.0.0.0 Safari/537.36"
20.63.103.30 - - [27/Mar/2026:06:11:13 +0300] "GET /100.php HTTP/1.1" 401 53 "-" "Mozilla/5.0 (Windows NT 10.0; Win64; x64) AppleWebKit/537.36 (KHTML, like Gecko) Chrome/120.0.0.0 Safari/537.36"
20.63.103.30 - - [27/Mar/2026:06:11:13 +0300] "GET /alfanew.PHP7 HTTP/1.1" 401 53 "-" "Mozilla/5.0 (Windows NT 10.0; Win64; x64) AppleWebKit/537.36 (KHTML, like Gecko) Chrome/120.0.0.0 Safari/537.36"
20.63.103.30 - - [27/Mar/2026:06:11:13 +0300] "GET /.well-known/pki-validation/admin.php HTTP/1.1" 401 53 "-" "Mozilla/5.0 (Windows NT 10.0; Win64; x64) AppleWebKit/537.36 (KHTML, like Gecko) Chrome/120.0.0.0 Safari/537.36"
20.63.103.30 - - [27/Mar/2026:06:11:14 +0300] "GET /images.php HTTP/1.1" 401 53 "-" "Mozilla/5.0 (Windows NT 10.0; Win64; x64) AppleWebKit/537.36 (KHTML, like Gecko) Chrome/120.0.0.0 Safari/537.36"
20.63.103.30 - - [27/Mar/2026:06:11:14 +0300] "GET /dav.php HTTP/1.1" 401 53 "-" "Mozilla/5.0 (Windows NT 10.0; Win64; x64) AppleWebKit/537.36 (KHTML, like Gecko) Chrome/120.0.0.0 Safari/537.36"
20.63.103.30 - - [27/Mar/2026:06:11:14 +0300] "GET /settings.php HTTP/1.1" 401 53 "-" "Mozilla/5.0 (Windows NT 10.0; Win64; x64) AppleWebKit/537.36 (KHTML, like Gecko) Chrome/120.0.0.0 Safari/537.36"
114.119.134.3 - - [27/Mar/2026:06:11:42 +0300] "GET /akw716so/warehouse-jobs-in-houston,-texas HTTP/1.1" 404 796 "-" "Mozilla/5.0 (Linux; Android 7.0;) AppleWebKit/537.36 (KHTML, like Gecko) Mobile Safari/537.36 (compatible; PetalBot;+https://webmaster.petalsearch.com/site/petalbot)"
114.119.152.139 - - [27/Mar/2026:06:15:23 +0300] "GET /akw716so/a-brief-overview-on-current-environmental-issues-in-iran HTTP/1.1" 404 796 "-" "Mozilla/5.0 (Linux; Android 7.0;) AppleWebKit/537.36 (KHTML, like Gecko) Mobile Safari/537.36 (compatible; PetalBot;+https://webmaster.petalsearch.com/site/petalbot)"
89.248.172.183 - - [27/Mar/2026:06:25:55 +0300] "POST /wp-json/litespeed/v1/cdn_status HTTP/1.1" 404 796 "-" "Mozilla/5.0 (X11; Linux x86_64; rv:109.0) Gecko/20100101 Firefox/114.3"
89.248.172.183 - - [27/Mar/2026:06:25:59 +0300] "POST /wp-json/litespeed/v1/cdn_status HTTP/1.1" 404 796 "-" "Mozilla/5.0 (X11; Linux x86_64; rv:109.0) Gecko/20100101 Firefox/114.3"
89.252.162.138 - - [27/Mar/2026:06:31:39 +0300] "POST /wp-cron.php?doing_wp_cron=1774582298.7839291095733642578125 HTTP/1.1" 200 0 "-" "WordPress/6.8.5; https://polikistikover.net"
217.216.106.82 - - [27/Mar/2026:06:31:11 +0300] "POST /xmlrpc.php HTTP/1.1" 200 412 "-" "Mozilla/5.0 (Windows NT 6.3; x86) AppleWebKit/537.36 (KHTML, like Gecko) Chrome/92.0.0.0 Safari/537.36"
89.252.162.138 - - [27/Mar/2026:06:31:39 +0300] "POST /wp-admin/admin-ajax.php?action=async_litespeed&nonce=9MkwBdUTMSOjgFYFsGlUa9xKUedJRwUc&litespeed_type=imgoptm HTTP/1.1" 200 5 "-" "WordPress/6.8.5; https://polikistikover.net"
54.204.236.199 - - [27/Mar/2026:06:34:57 +0300] "GET /beyin-hipotalamus-hipofiz-ve-polikistik-over-sendromu/ HTTP/1.1" 404 796 "-" "Grammarly/1.0 (http://www.grammarly.com)"
209.141.49.119 - - [27/Mar/2026:06:39:11 +0300] "GET /wp-login.php HTTP/1.1" 200 3152 "-" "Mozilla/5.0 (Windows NT 10.0; Win64; x64) AppleWebKit/537.36 (KHTML, like Gecko) Chrome/134.0.0.0 Safari/537.36"
114.119.133.201 - - [27/Mar/2026:06:41:48 +0300] "GET /jlwcrqw/church-upper-west-side HTTP/1.1" 404 796 "-" "Mozilla/5.0 (Linux; Android 7.0;) AppleWebKit/537.36 (KHTML, like Gecko) Mobile Safari/537.36 (compatible; PetalBot;+https://webmaster.petalsearch.com/site/petalbot)"
107.189.2.171 - - [27/Mar/2026:06:42:12 +0300] "GET /wp-login.php HTTP/1.1" 200 3113 "-" "Mozilla/5.0 (Windows NT 10.0; Win64; x64) AppleWebKit/537.36 (KHTML, like Gecko) Chrome/134.0.0.0 Safari/537.36"
114.119.156.131 - - [27/Mar/2026:06:43:18 +0300] "GET /irvns/jack-daniel's-single-barrel-select-2011 HTTP/1.1" 404 796 "https://polikistikover.net/irvns/no-contract-pest-control" "Mozilla/5.0 (Linux; Android 7.0;) AppleWebKit/537.36 (KHTML, like Gecko) Mobile Safari/537.36 (compatible; PetalBot;+https://webmaster.petalsearch.com/site/petalbot)"
212.253.195.211 - - [27/Mar/2026:06:44:10 +0300] "GET /polikistik-over-sendromunda-sivilce-ve-tedavisi/ HTTP/2" 404 796 "-" "Mozilla/5.0 (iPhone; CPU iPhone OS 18_7 like Mac OS X) AppleWebKit/605.1.15 (KHTML, like Gecko) Version/26.4 Mobile/15E148 Safari/604.1"
212.253.195.211 - - [27/Mar/2026:06:44:10 +0300] "GET /apple-touch-icon-120x120-precomposed.png HTTP/2" 404 796 "-" "Mozilla/5.0 (iPhone; CPU iPhone OS 18_7 like Mac OS X) AppleWebKit/605.1.15 (KHTML, like Gecko) Safari"
212.253.195.211 - - [27/Mar/2026:06:44:10 +0300] "GET /apple-touch-icon-120x120.png HTTP/2" 404 796 "-" "Mozilla/5.0 (iPhone; CPU iPhone OS 18_7 like Mac OS X) AppleWebKit/605.1.15 (KHTML, like Gecko) Safari"
212.253.195.211 - - [27/Mar/2026:06:44:10 +0300] "GET /apple-touch-icon-precomposed.png HTTP/2" 404 796 "-" "Mozilla/5.0 (iPhone; CPU iPhone OS 18_7 like Mac OS X) AppleWebKit/605.1.15 (KHTML, like Gecko) Safari"
212.253.195.211 - - [27/Mar/2026:06:44:10 +0300] "GET /apple-touch-icon.png HTTP/2" 404 796 "-" "Mozilla/5.0 (iPhone; CPU iPhone OS 18_7 like Mac OS X) AppleWebKit/605.1.15 (KHTML, like Gecko) Safari"
212.253.195.211 - - [27/Mar/2026:06:44:11 +0300] "GET /favicon.ico HTTP/2" 404 796 "-" "Mozilla/5.0 (iPhone; CPU iPhone OS 18_7 like Mac OS X) AppleWebKit/605.1.15 (KHTML, like Gecko) Safari"
212.253.195.211 - - [27/Mar/2026:06:44:11 +0300] "GET /apple-touch-icon-120x120-precomposed.png HTTP/2" 404 796 "-" "Mozilla/5.0 (iPhone; CPU iPhone OS 18_7 like Mac OS X) AppleWebKit/605.1.15 (KHTML, like Gecko) Safari"
212.253.195.211 - - [27/Mar/2026:06:44:11 +0300] "GET /apple-touch-icon-120x120.png HTTP/2" 404 796 "-" "Mozilla/5.0 (iPhone; CPU iPhone OS 18_7 like Mac OS X) AppleWebKit/605.1.15 (KHTML, like Gecko) Safari"
154.29.225.152 - - [27/Mar/2026:06:00:42 +0300] "GET /yeni/polikistik-over-sendromunda-erken-teshis/ HTTP/2" 200 13627 "-" "Mozilla/5.0 (Macintosh; Intel Mac OS X 10_15_7) AppleWebKit/537.36 (KHTML, like Gecko) Chrome/142.0.0.0 Safari/537.36"
114.119.156.131 - - [27/Mar/2026:06:01:56 +0300] "GET /jlwcrqw/major-or-minor-music-game HTTP/1.1" 404 796 "https://polikistikover.net/jlwcrqw/cake-topper-happy-birthday-printable" "Mozilla/5.0 (Linux; Android 7.0;) AppleWebKit/537.36 (KHTML, like Gecko) Mobile Safari/537.36 (compatible; PetalBot;+https://webmaster.petalsearch.com/site/petalbot)"
54.236.119.214 - - [27/Mar/2026:06:09:43 +0300] "GET /beyin-hipotalamus-hipofiz-ve-polikistik-over-sendromu/ HTTP/1.1" 404 796 "-" "Grammarly/1.0 (http://www.grammarly.com)"
114.119.133.201 - - [27/Mar/2026:06:16:49 +0300] "GET /akw716so/target-workday-vaccination-status HTTP/1.1" 404 796 "https://polikistikover.net/akw716so/drug-discovery-deep-learning-github" "Mozilla/5.0 (Linux; Android 7.0;) AppleWebKit/537.36 (KHTML, like Gecko) Mobile Safari/537.36 (compatible; PetalBot;+https://webmaster.petalsearch.com/site/petalbot)"
40.77.167.219 - - [27/Mar/2026:06:17:29 +0300] "GET /robots.txt HTTP/2" 404 796 "-" "Mozilla/5.0 AppleWebKit/537.36 (KHTML, like Gecko; compatible; bingbot/2.0; +http://www.bing.com/bingbot.htm) Chrome/116.0.1938.76 Safari/537.36"
52.167.144.163 - - [27/Mar/2026:06:17:33 +0300] "GET / HTTP/2" 304 0 "-" "Mozilla/5.0 AppleWebKit/537.36 (KHTML, like Gecko; compatible; bingbot/2.0; +http://www.bing.com/bingbot.htm) Chrome/116.0.1938.76 Safari/537.36"
209.141.43.33 - - [27/Mar/2026:06:22:44 +0300] "GET /wp-login.php HTTP/1.1" 200 3152 "-" "Mozilla/5.0 (Windows NT 10.0; Win64; x64) AppleWebKit/537.36 (KHTML, like Gecko) Chrome/134.0.0.0 Safari/537.36"
209.141.43.172 - - [27/Mar/2026:06:24:56 +0300] "GET /wp-login.php HTTP/1.1" 200 3166 "-" "Mozilla/5.0 (Windows NT 10.0; Win64; x64) AppleWebKit/537.36 (KHTML, like Gecko) Chrome/134.0.0.0 Safari/537.36"
107.189.2.171 - - [27/Mar/2026:06:30:27 +0300] "GET /wp-login.php HTTP/1.1" 200 3113 "-" "Mozilla/5.0 (Windows NT 10.0; Win64; x64) AppleWebKit/537.36 (KHTML, like Gecko) Chrome/134.0.0.0 Safari/537.36"
114.119.152.139 - - [27/Mar/2026:06:37:16 +0300] "GET /zquzbk/university-of-illinois-college-of-veterinary-medicine HTTP/1.1" 404 796 "-" "Mozilla/5.0 (Linux; Android 7.0;) AppleWebKit/537.36 (KHTML, like Gecko) Mobile Safari/537.36 (compatible; PetalBot;+https://webmaster.petalsearch.com/site/petalbot)"
114.119.134.3 - - [27/Mar/2026:06:38:42 +0300] "GET /polikistik-over-sendromu-olan-genc-kizlarda-meme-gelisimi-ve-buyumesi/ HTTP/1.1" 404 796 "https://polikistikover.net/polikistik-over-sendromu-olan-genc-kizlarda-meme-gelisimi-ve-buyumesi" "Mozilla/5.0 (Linux; Android 7.0;) AppleWebKit/537.36 (KHTML, like Gecko) Mobile Safari/537.36 (compatible; PetalBot;+https://webmaster.petalsearch.com/site/petalbot)"
114.119.134.3 - - [27/Mar/2026:06:40:39 +0300] "GET /jlwcrqw/how-to-walk-down-the-aisle-alone HTTP/1.1" 404 796 "-" "Mozilla/5.0 (Linux; Android 7.0;) AppleWebKit/537.36 (KHTML, like Gecko) Mobile Safari/537.36 (compatible; PetalBot;+https://webmaster.petalsearch.com/site/petalbot)"
46.105.42.96 - - [27/Mar/2026:06:45:41 +0300] "GET /robots.txt HTTP/1.1" 404 796 "-" "Mozilla/5.0 (compatible; MJ12bot/v2.0.5; http://mj12bot.com/)"
46.105.42.96 - - [27/Mar/2026:06:45:41 +0300] "GET / HTTP/1.1" 200 76 "-" "Mozilla/5.0 (compatible; MJ12bot/v2.0.5; http://mj12bot.com/)"
54.204.236.199 - - [27/Mar/2026:06:46:20 +0300] "GET /beyin-hipotalamus-hipofiz-ve-polikistik-over-sendromu/ HTTP/1.1" 404 796 "-" "Grammarly/1.0 (http://www.grammarly.com)"
47.128.56.44 - - [27/Mar/2026:06:47:57 +0300] "GET /robots.txt HTTP/1.1" 404 796 "-" "Mozilla/5.0 (Linux; Android 5.0) AppleWebKit/537.36 (KHTML, like Gecko) Mobile Safari/537.36 (compatible; Bytespider; spider-feedback@bytedance.com)"
212.253.195.211 - - [27/Mar/2026:06:44:11 +0300] "GET /apple-touch-icon-precomposed.png HTTP/2" 404 796 "-" "Mozilla/5.0 (iPhone; CPU iPhone OS 18_7 like Mac OS X) AppleWebKit/605.1.15 (KHTML, like Gecko) Safari"
212.253.195.211 - - [27/Mar/2026:06:44:11 +0300] "GET /apple-touch-icon.png HTTP/2" 404 796 "-" "Mozilla/5.0 (iPhone; CPU iPhone OS 18_7 like Mac OS X) AppleWebKit/605.1.15 (KHTML, like Gecko) Safari"
212.253.195.211 - - [27/Mar/2026:06:44:11 +0300] "GET /favicon.ico HTTP/2" 404 796 "-" "Mozilla/5.0 (iPhone; CPU iPhone OS 18_7 like Mac OS X) AppleWebKit/605.1.15 (KHTML, like Gecko) Safari"
114.119.151.14 - - [27/Mar/2026:06:44:40 +0300] "GET /irvns/box-truck-for-sale-craigslist-los-angeles HTTP/1.1" 404 796 "https://polikistikover.net/irvns/tsunami-warning-signs-pictures" "Mozilla/5.0 (Linux; Android 7.0;) AppleWebKit/537.36 (KHTML, like Gecko) Mobile Safari/537.36 (compatible; PetalBot;+https://webmaster.petalsearch.com/site/petalbot)"
114.119.154.253 - - [27/Mar/2026:06:46:25 +0300] "GET /fgejhqde/work-experience-for-civil-engineering-students HTTP/1.1" 404 796 "https://polikistikover.net/fgejhqde/work-experience-for-civil-engineering-students" "Mozilla/5.0 (Linux; Android 7.0;) AppleWebKit/537.36 (KHTML, like Gecko) Mobile Safari/537.36 (compatible; PetalBot;+https://webmaster.petalsearch.com/site/petalbot)"
54.36.44.129 - - [27/Mar/2026:06:47:25 +0300] "POST /wp-login.php HTTP/1.1" 200 0 "-" "Mozilla/5.0 (Windows NT 10.0; WOW64) AppleWebKit/537.43 (KHTML, like Gecko) Chrome/140.0.0.0 Safari/537.36 OPR/124.0.0.0"
114.119.139.86 - - [27/Mar/2026:06:48:56 +0300] "GET /fgejhqde/gordon-ramsay:-uncharted-portugal-wine HTTP/1.1" 404 796 "-" "Mozilla/5.0 (Linux; Android 7.0;) AppleWebKit/537.36 (KHTML, like Gecko) Mobile Safari/537.36 (compatible; PetalBot;+https://webmaster.petalsearch.com/site/petalbot)"
207.46.13.63 - - [27/Mar/2026:06:49:43 +0300] "GET /yeni/category/surgery/ HTTP/2" 200 9521 "-" "Mozilla/5.0 AppleWebKit/537.36 (KHTML, like Gecko; compatible; bingbot/2.0; +http://www.bing.com/bingbot.htm) Chrome/116.0.1938.76 Safari/537.36"
207.46.13.63 - - [27/Mar/2026:06:50:11 +0300] "GET /yeni/wp-includes/js/jquery/jquery-migrate.min.js?ver=3.4.1 HTTP/2" 200 4678 "-" "Mozilla/5.0 AppleWebKit/537.36 (KHTML, like Gecko; compatible; bingbot/2.0; +http://www.bing.com/bingbot.htm) Chrome/116.0.1938.76 Safari/537.36"
207.46.13.63 - - [27/Mar/2026:06:50:11 +0300] "GET /yeni/wp-content/fonts/inter/UcC73FwrK3iLTeHuS_nVMrMxCp50SjIa1ZL7.woff2 HTTP/2" 200 48256 "-" "Mozilla/5.0 AppleWebKit/537.36 (KHTML, like Gecko; compatible; bingbot/2.0; +http://www.bing.com/bingbot.htm) Chrome/116.0.1938.76 Safari/537.36"
207.46.13.63 - - [27/Mar/2026:06:50:12 +0300] "GET /yeni/wp-content/themes/narihealth/assets/js/custom.js?ver=1.0.0 HTTP/2" 200 2150 "-" "Mozilla/5.0 AppleWebKit/537.36 (KHTML, like Gecko; compatible; bingbot/2.0; +http://www.bing.com/bingbot.htm) Chrome/116.0.1938.76 Safari/537.36"
40.77.167.70 - - [27/Mar/2026:06:50:15 +0300] "GET /yeni/wp-includes/js/dist/i18n.min.js?ver=c26c3dc7bed366793375 HTTP/2" 200 2119 "-" "Mozilla/5.0 AppleWebKit/537.36 (KHTML, like Gecko; compatible; bingbot/2.0; +http://www.bing.com/bingbot.htm) Chrome/116.0.1938.76 Safari/537.36"
40.77.167.70 - - [27/Mar/2026:06:50:16 +0300] "GET /yeni/wp-content/themes/narihealth/assets/js/jquery.slicknav.js?ver=1.0.10 HTTP/2" 200 4556 "-" "Mozilla/5.0 AppleWebKit/537.36 (KHTML, like Gecko; compatible; bingbot/2.0; +http://www.bing.com/bingbot.htm) Chrome/116.0.1938.76 Safari/537.36"
40.77.167.70 - - [27/Mar/2026:06:50:16 +0300] "GET /yeni/wp-content/plugins/contact-form-7/includes/js/index.js?ver=6.1.5 HTTP/2" 200 4008 "-" "Mozilla/5.0 AppleWebKit/537.36 (KHTML, like Gecko; compatible; bingbot/2.0; +http://www.bing.com/bingbot.htm) Chrome/116.0.1938.76 Safari/537.36"
114.119.136.68 - - [27/Mar/2026:06:50:27 +0300] "GET /fgejhqde/former-cardinals-manager HTTP/1.1" 404 796 "-" "Mozilla/5.0 (Linux; Android 7.0;) AppleWebKit/537.36 (KHTML, like Gecko) Mobile Safari/537.36 (compatible; PetalBot;+https://webmaster.petalsearch.com/site/petalbot)"
184.32.184.203 - - [27/Mar/2026:06:50:40 +0300] "GET / HTTP/1.1" 200 76 "-" "Mozilla/5.0 (Windows NT 10.0; Win64; x64) AppleWebKit/537.36 (KHTML, like Gecko) Chrome/80.0.3987.149 Safari/537.36"
184.32.184.203 - - [27/Mar/2026:06:50:40 +0300] "GET //wp-includes/wlwmanifest.xml HTTP/1.1" 404 796 "-" "Mozilla/5.0 (Windows NT 10.0; Win64; x64) AppleWebKit/537.36 (KHTML, like Gecko) Chrome/80.0.3987.149 Safari/537.36"
184.32.184.203 - - [27/Mar/2026:06:50:40 +0300] "GET //xmlrpc.php?rsd HTTP/1.1" 200 822 "-" "Mozilla/5.0 (Windows NT 10.0; Win64; x64) AppleWebKit/537.36 (KHTML, like Gecko) Chrome/80.0.3987.149 Safari/537.36"
184.32.184.203 - - [27/Mar/2026:06:50:55 +0300] "GET //?author=1 HTTP/1.1" 200 76 "-" "Mozilla/5.0 (Windows NT 10.0; Win64; x64) AppleWebKit/537.36 (KHTML, like Gecko) Chrome/80.0.3987.149 Safari/537.36"
184.32.184.203 - - [27/Mar/2026:06:50:56 +0300] "GET //?author=2 HTTP/1.1" 200 76 "-" "Mozilla/5.0 (Windows NT 10.0; Win64; x64) AppleWebKit/537.36 (KHTML, like Gecko) Chrome/80.0.3987.149 Safari/537.36"
184.32.184.203 - - [27/Mar/2026:06:50:56 +0300] "GET //wp-json/wp/v2/users/ HTTP/1.1" 404 796 "-" "Mozilla/5.0 (Windows NT 10.0; Win64; x64) AppleWebKit/537.36 (KHTML, like Gecko) Chrome/80.0.3987.149 Safari/537.36"
184.32.184.203 - - [27/Mar/2026:06:50:56 +0300] "GET //wp-json/oembed/1.0/embed?url=https://bhkadinsagligi.com/ HTTP/1.1" 404 796 "-" "Mozilla/5.0 (Windows NT 10.0; Win64; x64) AppleWebKit/537.36 (KHTML, like Gecko) Chrome/80.0.3987.149 Safari/537.36"
89.252.162.138 - - [27/Mar/2026:06:51:16 +0300] "POST /wp-cron.php?doing_wp_cron=1774583476.9452650547027587890625 HTTP/1.1" 200 0 "-" "WordPress/6.8.5; https://polikistikover.net"
184.32.184.203 - - [27/Mar/2026:06:50:56 +0300] "POST //xmlrpc.php HTTP/1.1" 200 403 "-" "Mozilla/5.0 (Windows NT 10.0; Win64; x64) AppleWebKit/537.36 (KHTML, like Gecko) Chrome/80.0.3987.149 Safari/537.36"
184.32.184.203 - - [27/Mar/2026:06:51:17 +0300] "POST //xmlrpc.php HTTP/1.1" 200 410 "-" "Mozilla/5.0 (Windows NT 10.0; Win64; x64) AppleWebKit/537.36 (KHTML, like Gecko) Chrome/80.0.3987.149 Safari/537.36"
89.252.162.138 - - [27/Mar/2026:06:52:02 +0300] "POST /wp-cron.php?doing_wp_cron=1774583522.4766290187835693359375 HTTP/1.1" 200 0 "-" "WordPress/6.8.5; https://polikistikover.net"
184.32.184.203 - - [27/Mar/2026:06:51:34 +0300] "POST //xmlrpc.php HTTP/1.1" 200 403 "-" "Mozilla/5.0 (Windows NT 10.0; Win64; x64) AppleWebKit/537.36 (KHTML, like Gecko) Chrome/80.0.3987.149 Safari/537.36"
89.252.162.138 - - [27/Mar/2026:06:52:03 +0300] "POST /wp-admin/admin-ajax.php?action=async_litespeed&nonce=ZI9rSIaGvytEkRC5o4ZA48Y2DrKTpzHc&litespeed_type=imgoptm HTTP/1.1" 200 5 "-" "WordPress/6.8.5; https://polikistikover.net"
114.119.134.3 - - [27/Mar/2026:06:52:14 +0300] "GET /akw716so/everything-is-always-my-fault-in-my-relationship HTTP/1.1" 404 796 "-" "Mozilla/5.0 (Linux; Android 7.0;) AppleWebKit/537.36 (KHTML, like Gecko) Mobile Safari/537.36 (compatible; PetalBot;+https://webmaster.petalsearch.com/site/petalbot)"
89.252.162.138 - - [27/Mar/2026:06:52:16 +0300] "POST /wp-cron.php?doing_wp_cron=1774583536.8785259723663330078125 HTTP/1.1" 200 0 "-" "WordPress/6.8.5; https://polikistikover.net"
184.32.184.203 - - [27/Mar/2026:06:52:03 +0300] "POST //xmlrpc.php HTTP/1.1" 200 410 "-" "Mozilla/5.0 (Windows NT 10.0; Win64; x64) AppleWebKit/537.36 (KHTML, like Gecko) Chrome/80.0.3987.149 Safari/537.36"
184.32.184.203 - - [27/Mar/2026:06:52:17 +0300] "POST //xmlrpc.php HTTP/1.1" 200 410 "-" "Mozilla/5.0 (Windows NT 10.0; Win64; x64) AppleWebKit/537.36 (KHTML, like Gecko) Chrome/80.0.3987.149 Safari/537.36"
184.32.184.203 - - [27/Mar/2026:06:52:47 +0300] "POST //xmlrpc.php HTTP/1.1" 200 410 "-" "Mozilla/5.0 (Windows NT 10.0; Win64; x64) AppleWebKit/537.36 (KHTML, like Gecko) Chrome/80.0.3987.149 Safari/537.36"
89.252.162.138 - - [27/Mar/2026:06:53:32 +0300] "POST /wp-cron.php?doing_wp_cron=1774583612.0194530487060546875000 HTTP/1.1" 200 0 "-" "WordPress/6.8.5; https://polikistikover.net"
184.32.184.203 - - [27/Mar/2026:06:53:02 +0300] "POST //xmlrpc.php HTTP/1.1" 200 410 "-" "Mozilla/5.0 (Windows NT 10.0; Win64; x64) AppleWebKit/537.36 (KHTML, like Gecko) Chrome/80.0.3987.149 Safari/537.36"
