20.151.201.236 - - [26/Mar/2026:23:21:50 +0300] "GET /wp-admin/maint/admin.php HTTP/1.1" 404 796 "-" "-"
20.151.201.236 - - [26/Mar/2026:23:21:50 +0300] "GET /article.php HTTP/1.1" 404 796 "-" "-"
20.151.201.236 - - [26/Mar/2026:23:21:51 +0300] "GET /alfa.php HTTP/1.1" 404 796 "-" "-"
20.151.201.236 - - [26/Mar/2026:23:21:51 +0300] "GET /1.php HTTP/1.1" 404 796 "-" "-"
20.151.201.236 - - [26/Mar/2026:23:21:51 +0300] "GET /403.php HTTP/1.1" 404 796 "-" "-"
20.151.201.236 - - [26/Mar/2026:23:21:51 +0300] "GET /link.php HTTP/1.1" 404 796 "-" "-"
20.151.201.236 - - [26/Mar/2026:23:21:52 +0300] "GET /byp.php HTTP/1.1" 404 796 "-" "-"
20.151.201.236 - - [26/Mar/2026:23:21:52 +0300] "GET /bak.php HTTP/1.1" 404 796 "-" "-"
20.151.201.236 - - [26/Mar/2026:23:21:52 +0300] "GET /ini.php HTTP/1.1" 404 796 "-" "-"
20.151.201.236 - - [26/Mar/2026:23:21:53 +0300] "GET /ws.php HTTP/1.1" 404 796 "-" "-"
20.151.201.236 - - [26/Mar/2026:23:21:53 +0300] "GET /wp-trackback.php HTTP/1.1" 404 152 "-" "-"
20.151.201.236 - - [26/Mar/2026:23:21:53 +0300] "GET /class.php HTTP/1.1" 404 796 "-" "-"
20.151.201.236 - - [26/Mar/2026:23:21:54 +0300] "GET /bless.php HTTP/1.1" 404 796 "-" "-"
20.151.201.236 - - [26/Mar/2026:23:21:54 +0300] "GET /lock360.php HTTP/1.1" 404 796 "-" "-"
89.252.162.138 - - [26/Mar/2026:23:22:01 +0300] "POST /wp-cron.php?doing_wp_cron=1774556521.5970809459686279296875 HTTP/1.1" 200 0 "-" "WordPress/6.8.5; https://polikistikover.net"
20.106.150.36 - - [26/Mar/2026:23:21:46 +0300] "POST //xmlrpc.php HTTP/1.1" 200 410 "-" "Mozilla/5.0 (Windows NT 10.0; Win64; x64) AppleWebKit/537.36 (KHTML, like Gecko) Chrome/80.0.3987.149 Safari/537.36"
89.252.162.138 - - [26/Mar/2026:23:22:03 +0300] "POST /wp-admin/admin-ajax.php?action=async_litespeed&nonce=gQfUGjRO96FBRna3hiY8uWBGkpq2nb2N&litespeed_type=imgoptm HTTP/1.1" 200 5 "-" "WordPress/6.8.5; https://polikistikover.net"
20.106.150.36 - - [26/Mar/2026:23:22:02 +0300] "POST //xmlrpc.php HTTP/1.1" 200 410 "-" "Mozilla/5.0 (Windows NT 10.0; Win64; x64) AppleWebKit/537.36 (KHTML, like Gecko) Chrome/80.0.3987.149 Safari/537.36"
173.252.95.47 - - [26/Mar/2026:23:22:18 +0300] "GET / HTTP/2" 200 76 "-" "facebookexternalhit/1.1 (+http://www.facebook.com/externalhit_uatext.php)"
20.106.150.36 - - [26/Mar/2026:23:22:17 +0300] "POST //xmlrpc.php HTTP/1.1" 200 410 "-" "Mozilla/5.0 (Windows NT 10.0; Win64; x64) AppleWebKit/537.36 (KHTML, like Gecko) Chrome/80.0.3987.149 Safari/537.36"
102.64.155.177 - - [26/Mar/2026:23:22:31 +0300] "POST /xmlrpc.php HTTP/1.1" 200 412 "-" "Mozilla/5.0 (Macintosh; Intel Mac OS X 10_15_7; arm64) AppleWebKit/537.36 (KHTML, like Gecko) Opera/61.0.0.0 Safari/537.36"
20.106.150.36 - - [26/Mar/2026:23:22:32 +0300] "POST //xmlrpc.php HTTP/1.1" 200 410 "-" "Mozilla/5.0 (Windows NT 10.0; Win64; x64) AppleWebKit/537.36 (KHTML, like Gecko) Chrome/80.0.3987.149 Safari/537.36"
20.106.150.36 - - [26/Mar/2026:23:22:46 +0300] "POST //xmlrpc.php HTTP/1.1" 200 410 "-" "Mozilla/5.0 (Windows NT 10.0; Win64; x64) AppleWebKit/537.36 (KHTML, like Gecko) Chrome/80.0.3987.149 Safari/537.36"
89.252.162.138 - - [26/Mar/2026:23:23:16 +0300] "POST /wp-cron.php?doing_wp_cron=1774556596.2705430984497070312500 HTTP/1.1" 200 0 "-" "WordPress/6.8.5; https://polikistikover.net"
20.106.150.36 - - [26/Mar/2026:23:23:01 +0300] "POST //xmlrpc.php HTTP/1.1" 200 410 "-" "Mozilla/5.0 (Windows NT 10.0; Win64; x64) AppleWebKit/537.36 (KHTML, like Gecko) Chrome/80.0.3987.149 Safari/537.36"
20.106.150.36 - - [26/Mar/2026:23:23:16 +0300] "POST //xmlrpc.php HTTP/1.1" 200 410 "-" "Mozilla/5.0 (Windows NT 10.0; Win64; x64) AppleWebKit/537.36 (KHTML, like Gecko) Chrome/80.0.3987.149 Safari/537.36"
20.106.150.36 - - [26/Mar/2026:23:23:31 +0300] "POST //xmlrpc.php HTTP/1.1" 200 410 "-" "Mozilla/5.0 (Windows NT 10.0; Win64; x64) AppleWebKit/537.36 (KHTML, like Gecko) Chrome/80.0.3987.149 Safari/537.36"
89.252.162.138 - - [26/Mar/2026:23:24:01 +0300] "POST /wp-cron.php?doing_wp_cron=1774556641.2891259193420410156250 HTTP/1.1" 200 0 "-" "WordPress/6.8.5; https://polikistikover.net"
20.106.150.36 - - [26/Mar/2026:23:23:46 +0300] "POST //xmlrpc.php HTTP/1.1" 200 410 "-" "Mozilla/5.0 (Windows NT 10.0; Win64; x64) AppleWebKit/537.36 (KHTML, like Gecko) Chrome/80.0.3987.149 Safari/537.36"
89.252.162.138 - - [26/Mar/2026:23:24:02 +0300] "POST /wp-admin/admin-ajax.php?action=async_litespeed&nonce=87xtgHLAcmksSxkiQ0mpA8KueiA58SUN&litespeed_type=imgoptm HTTP/1.1" 200 5 "-" "WordPress/6.8.5; https://polikistikover.net"
89.252.162.138 - - [26/Mar/2026:23:24:16 +0300] "POST /wp-cron.php?doing_wp_cron=1774556656.6942629814147949218750 HTTP/1.1" 200 0 "-" "WordPress/6.8.5; https://polikistikover.net"
20.106.150.36 - - [26/Mar/2026:23:24:01 +0300] "POST //xmlrpc.php HTTP/1.1" 200 410 "-" "Mozilla/5.0 (Windows NT 10.0; Win64; x64) AppleWebKit/537.36 (KHTML, like Gecko) Chrome/80.0.3987.149 Safari/537.36"
20.106.150.36 - - [26/Mar/2026:23:24:17 +0300] "POST //xmlrpc.php HTTP/1.1" 200 410 "-" "Mozilla/5.0 (Windows NT 10.0; Win64; x64) AppleWebKit/537.36 (KHTML, like Gecko) Chrome/80.0.3987.149 Safari/537.36"
20.106.150.36 - - [26/Mar/2026:23:24:33 +0300] "POST //xmlrpc.php HTTP/1.1" 200 410 "-" "Mozilla/5.0 (Windows NT 10.0; Win64; x64) AppleWebKit/537.36 (KHTML, like Gecko) Chrome/80.0.3987.149 Safari/537.36"
102.64.155.177 - - [26/Mar/2026:23:24:49 +0300] "POST /xmlrpc.php HTTP/1.1" 200 412 "-" "Mozilla/5.0 (Macintosh; Intel Mac OS X 10_15_7; x64) AppleWebKit/537.36 (KHTML, like Gecko) Edge/96.0.0.0 Safari/537.36"
89.252.162.138 - - [26/Mar/2026:23:25:01 +0300] "POST /wp-cron.php?doing_wp_cron=1774556701.5096960067749023437500 HTTP/1.1" 200 0 "-" "WordPress/6.8.5; https://polikistikover.net"
20.106.150.36 - - [26/Mar/2026:23:24:46 +0300] "POST //xmlrpc.php HTTP/1.1" 200 410 "-" "Mozilla/5.0 (Windows NT 10.0; Win64; x64) AppleWebKit/537.36 (KHTML, like Gecko) Chrome/80.0.3987.149 Safari/537.36"
20.106.150.36 - - [26/Mar/2026:23:25:01 +0300] "POST //xmlrpc.php HTTP/1.1" 200 410 "-" "Mozilla/5.0 (Windows NT 10.0; Win64; x64) AppleWebKit/537.36 (KHTML, like Gecko) Chrome/80.0.3987.149 Safari/537.36"
20.106.150.36 - - [26/Mar/2026:23:25:16 +0300] "POST //xmlrpc.php HTTP/1.1" 200 410 "-" "Mozilla/5.0 (Windows NT 10.0; Win64; x64) AppleWebKit/537.36 (KHTML, like Gecko) Chrome/80.0.3987.149 Safari/537.36"
89.252.162.138 - - [26/Mar/2026:23:25:59 +0300] "POST /wp-cron.php?doing_wp_cron=1774556759.5193870067596435546875 HTTP/1.1" 200 0 "-" "WordPress/6.8.5; https://polikistikover.net"
20.106.150.36 - - [26/Mar/2026:23:25:46 +0300] "POST //xmlrpc.php HTTP/1.1" 200 410 "-" "Mozilla/5.0 (Windows NT 10.0; Win64; x64) AppleWebKit/537.36 (KHTML, like Gecko) Chrome/80.0.3987.149 Safari/537.36"
89.252.162.138 - - [26/Mar/2026:23:26:00 +0300] "POST /wp-admin/admin-ajax.php?action=async_litespeed&nonce=r1rLM8SbPffiTkXtmsK4MpciHs6yNwwF&litespeed_type=imgoptm HTTP/1.1" 200 5 "-" "WordPress/6.8.5; https://polikistikover.net"
95.2.12.132 - - [26/Mar/2026:23:26:10 +0300] "GET /favicon.ico HTTP/1.1" 404 796 "https://polikistikover.net/yeni/" "Mozilla/5.0 (Linux; Android 10; K) AppleWebKit/537.36 (KHTML, like Gecko) Chrome/146.0.0.0 Mobile Safari/537.36"
205.185.123.125 - - [26/Mar/2026:23:26:31 +0300] "GET /wp-login.php HTTP/1.1" 200 10613 "-" "Mozilla/5.0 (Macintosh; Intel Mac OS X 10_9_4) AppleWebKit/537.77.4 (KHTML, like Gecko) Version/7.0.5 Safari/537.77.4"
20.106.150.36 - - [26/Mar/2026:23:26:02 +0300] "POST //xmlrpc.php HTTP/1.1" 200 410 "-" "Mozilla/5.0 (Windows NT 10.0; Win64; x64) AppleWebKit/537.36 (KHTML, like Gecko) Chrome/80.0.3987.149 Safari/537.36"
205.185.123.125 - - [26/Mar/2026:23:26:31 +0300] "POST /wp-login.php HTTP/1.1" 200 11114 "-" "Mozilla/5.0 (Macintosh; Intel Mac OS X 10_9_4) AppleWebKit/537.77.4 (KHTML, like Gecko) Version/7.0.5 Safari/537.77.4"
95.2.12.132 - - [26/Mar/2026:23:26:35 +0300] "GET /yeni/ HTTP/1.1" 200 0 "https://polikistikover.net/" "Mozilla/5.0 (Linux; Android 10; K) AppleWebKit/537.36 (KHTML, like Gecko) Chrome/146.0.0.0 Mobile Safari/537.36"
20.106.150.36 - - [26/Mar/2026:23:26:32 +0300] "POST //xmlrpc.php HTTP/1.1" 200 410 "-" "Mozilla/5.0 (Windows NT 10.0; Win64; x64) AppleWebKit/537.36 (KHTML, like Gecko) Chrome/80.0.3987.149 Safari/537.36"
95.2.12.132 - - [26/Mar/2026:23:26:41 +0300] "GET /yeni/polikistik-over-sendromunda-adet-duzensizligi-ve-tedavisi/ HTTP/1.1" 200 0 "https://polikistikover.net/yeni/" "Mozilla/5.0 (Linux; Android 10; K) AppleWebKit/537.36 (KHTML, like Gecko) Chrome/146.0.0.0 Mobile Safari/537.36"
95.2.12.132 - - [26/Mar/2026:23:26:51 +0300] "GET /yeni/polikistik-over-sendromunda-adet-duzensizligi-ve-tedavisi/ HTTP/1.1" 200 38166 "https://polikistikover.net/yeni/" "Mozilla/5.0 (Linux; Android 10; K) AppleWebKit/537.36 (KHTML, like Gecko) Chrome/146.0.0.0 Mobile Safari/537.36"
95.2.12.132 - - [26/Mar/2026:23:26:52 +0300] "GET /yeni/wp-content/uploads/2025/09/image-17.png HTTP/1.1" 200 93206 "https://polikistikover.net/yeni/polikistik-over-sendromunda-adet-duzensizligi-ve-tedavisi/" "Mozilla/5.0 (Linux; Android 10; K) AppleWebKit/537.36 (KHTML, like Gecko) Chrome/146.0.0.0 Mobile Safari/537.36"
95.2.12.132 - - [26/Mar/2026:23:26:52 +0300] "GET /yeni/wp-content/uploads/2025/09/image-19.png HTTP/1.1" 200 89547 "https://polikistikover.net/yeni/polikistik-over-sendromunda-adet-duzensizligi-ve-tedavisi/" "Mozilla/5.0 (Linux; Android 10; K) AppleWebKit/537.36 (KHTML, like Gecko) Chrome/146.0.0.0 Mobile Safari/537.36"
95.2.12.132 - - [26/Mar/2026:23:26:52 +0300] "GET /yeni/wp-content/uploads/2025/09/image-18.png HTTP/1.1" 200 212182 "https://polikistikover.net/yeni/polikistik-over-sendromunda-adet-duzensizligi-ve-tedavisi/" "Mozilla/5.0 (Linux; Android 10; K) AppleWebKit/537.36 (KHTML, like Gecko) Chrome/146.0.0.0 Mobile Safari/537.36"
151.135.169.151 - - [26/Mar/2026:23:20:07 +0300] "GET /yeni/wp-content/uploads/2025/09/image-95.png HTTP/2" 200 44922 "https://polikistikover.net/yeni/polikistik-over-sendromu-olan-kadinlarin-bir-kismi-neden-gebe-kalamiyor/" "Mozilla/5.0 (Linux; Android 14; RMX3890 Build/UKQ1.230917.001; wv) AppleWebKit/537.36 (KHTML, like Gecko) Version/4.0 Chrome/146.0.7680.157 Mobile Safari/537.36 Instagram 422.0.0.44.64 Android (34/14; 480dpi; 1080x2400; realme; RMX3890; RE5C91L1; qcom; tr_TR; 916494010; IABMV/1)"
102.64.155.177 - - [26/Mar/2026:23:20:18 +0300] "POST /xmlrpc.php HTTP/1.1" 200 412 "-" "Mozilla/5.0 (Windows NT 6.3; x64) AppleWebKit/537.36 (KHTML, like Gecko) Opera/76.0.0.0 Safari/537.36"
89.252.162.138 - - [26/Mar/2026:23:21:02 +0300] "POST /wp-cron.php?doing_wp_cron=1774556462.0091319084167480468750 HTTP/1.1" 200 0 "-" "WordPress/6.8.5; https://polikistikover.net"
89.252.162.138 - - [26/Mar/2026:23:22:16 +0300] "POST /wp-cron.php?doing_wp_cron=1774556536.7070100307464599609375 HTTP/1.1" 200 0 "-" "WordPress/6.8.5; https://polikistikover.net"
89.252.162.138 - - [26/Mar/2026:23:23:01 +0300] "POST /wp-cron.php?doing_wp_cron=1774556580.9874460697174072265625 HTTP/1.1" 200 0 "-" "WordPress/6.8.5; https://polikistikover.net"
89.252.162.138 - - [26/Mar/2026:23:23:01 +0300] "POST /wp-admin/admin-ajax.php?action=async_litespeed&nonce=ya0ZvrFdG7Jc2v5NfFNmoAT0oannpI8M&litespeed_type=imgoptm HTTP/1.1" 200 5 "-" "WordPress/6.8.5; https://polikistikover.net"
102.64.155.177 - - [26/Mar/2026:23:23:40 +0300] "POST /xmlrpc.php HTTP/1.1" 200 412 "-" "Mozilla/5.0 (Macintosh; Intel Mac OS X 10_15_7; arm64) AppleWebKit/537.36 (KHTML, like Gecko) Opera/68.0.0.0 Safari/537.36"
89.252.162.138 - - [26/Mar/2026:23:24:49 +0300] "POST /wp-cron.php?doing_wp_cron=1774556689.8854160308837890625000 HTTP/1.1" 200 0 "-" "WordPress/6.8.5; https://polikistikover.net"
89.252.162.138 - - [26/Mar/2026:23:24:50 +0300] "POST /wp-admin/admin-ajax.php?action=async_litespeed&nonce=LGo1lPQ9bcAwptNUiKA7aAARP5MPBJFX&litespeed_type=imgoptm HTTP/1.1" 200 5 "-" "WordPress/6.8.5; https://polikistikover.net"
89.252.162.138 - - [26/Mar/2026:23:25:16 +0300] "POST /wp-cron.php?doing_wp_cron=1774556716.0109250545501708984375 HTTP/1.1" 200 0 "-" "WordPress/6.8.5; https://polikistikover.net"
102.64.155.177 - - [26/Mar/2026:23:25:58 +0300] "POST /xmlrpc.php HTTP/1.1" 200 412 "-" "Mozilla/5.0 (Windows NT 6.3; x64) AppleWebKit/537.36 (KHTML, like Gecko) Safari/10.0.0.0 Safari/537.36"
89.252.162.138 - - [26/Mar/2026:23:26:31 +0300] "POST /wp-cron.php?doing_wp_cron=1774556791.6841220855712890625000 HTTP/1.1" 200 0 "-" "WordPress/6.8.5; https://polikistikover.net"
89.252.162.138 - - [26/Mar/2026:23:27:02 +0300] "POST /wp-cron.php?doing_wp_cron=1774556822.5388960838317871093750 HTTP/1.1" 200 0 "-" "WordPress/6.8.5; https://polikistikover.net"
102.64.155.177 - - [26/Mar/2026:23:27:02 +0300] "POST /xmlrpc.php HTTP/1.1" 200 412 "-" "Mozilla/5.0 (Windows NT 10.0; arm64) AppleWebKit/537.36 (KHTML, like Gecko) Chrome/81.0.0.0 Safari/537.36"
89.252.162.138 - - [26/Mar/2026:23:27:03 +0300] "POST /wp-admin/admin-ajax.php?action=async_litespeed&nonce=XGeDVBOJMKVJxCNtqe3lcSXXE8wnCr1n&litespeed_type=imgoptm HTTP/1.1" 200 5 "-" "WordPress/6.8.5; https://polikistikover.net"
89.252.162.138 - - [26/Mar/2026:23:27:16 +0300] "POST /wp-cron.php?doing_wp_cron=1774556836.3672800064086914062500 HTTP/1.1" 200 0 "-" "WordPress/6.8.5; https://polikistikover.net"
89.252.162.138 - - [26/Mar/2026:23:28:01 +0300] "POST /wp-admin/admin-ajax.php?action=async_litespeed&nonce=NiFSrWvbqBuPPxhCiKps7MqCGXtxjsCT&litespeed_type=imgoptm HTTP/1.1" 200 5 "-" "WordPress/6.8.5; https://polikistikover.net"
102.64.155.177 - - [26/Mar/2026:23:28:05 +0300] "POST /xmlrpc.php HTTP/1.1" 200 412 "-" "Mozilla/5.0 (Linux; Android 10; x86) AppleWebKit/537.36 (KHTML, like Gecko) Chrome/104.0.0.0 Safari/537.36"
89.252.162.138 - - [26/Mar/2026:23:28:16 +0300] "POST /wp-cron.php?doing_wp_cron=1774556896.2220239639282226562500 HTTP/1.1" 200 0 "-" "WordPress/6.8.5; https://polikistikover.net"
20.106.150.36 - - [26/Mar/2026:23:26:46 +0300] "POST //xmlrpc.php HTTP/1.1" 200 410 "-" "Mozilla/5.0 (Windows NT 10.0; Win64; x64) AppleWebKit/537.36 (KHTML, like Gecko) Chrome/80.0.3987.149 Safari/537.36"
20.106.150.36 - - [26/Mar/2026:23:27:16 +0300] "POST //xmlrpc.php HTTP/1.1" 200 410 "-" "Mozilla/5.0 (Windows NT 10.0; Win64; x64) AppleWebKit/537.36 (KHTML, like Gecko) Chrome/80.0.3987.149 Safari/537.36"
89.252.162.138 - - [26/Mar/2026:23:28:01 +0300] "POST /wp-cron.php?doing_wp_cron=1774556881.2081360816955566406250 HTTP/1.1" 200 0 "-" "WordPress/6.8.5; https://polikistikover.net"
20.106.150.36 - - [26/Mar/2026:23:27:31 +0300] "POST //xmlrpc.php HTTP/1.1" 200 410 "-" "Mozilla/5.0 (Windows NT 10.0; Win64; x64) AppleWebKit/537.36 (KHTML, like Gecko) Chrome/80.0.3987.149 Safari/537.36"
20.106.150.36 - - [26/Mar/2026:23:28:01 +0300] "POST //xmlrpc.php HTTP/1.1" 200 410 "-" "Mozilla/5.0 (Windows NT 10.0; Win64; x64) AppleWebKit/537.36 (KHTML, like Gecko) Chrome/80.0.3987.149 Safari/537.36"
20.106.150.36 - - [26/Mar/2026:23:28:16 +0300] "POST //xmlrpc.php HTTP/1.1" 200 410 "-" "Mozilla/5.0 (Windows NT 10.0; Win64; x64) AppleWebKit/537.36 (KHTML, like Gecko) Chrome/80.0.3987.149 Safari/537.36"
89.252.162.138 - - [26/Mar/2026:23:29:01 +0300] "POST /wp-cron.php?doing_wp_cron=1774556941.2998440265655517578125 HTTP/1.1" 200 0 "-" "WordPress/6.8.5; https://polikistikover.net"
20.106.150.36 - - [26/Mar/2026:23:28:46 +0300] "POST //xmlrpc.php HTTP/1.1" 200 410 "-" "Mozilla/5.0 (Windows NT 10.0; Win64; x64) AppleWebKit/537.36 (KHTML, like Gecko) Chrome/80.0.3987.149 Safari/537.36"
89.252.162.138 - - [26/Mar/2026:23:29:26 +0300] "POST /wp-cron.php?doing_wp_cron=1774556966.2154569625854492187500 HTTP/1.1" 200 0 "-" "WordPress/6.8.5; https://polikistikover.net"
20.106.150.36 - - [26/Mar/2026:23:29:01 +0300] "POST //xmlrpc.php HTTP/1.1" 200 410 "-" "Mozilla/5.0 (Windows NT 10.0; Win64; x64) AppleWebKit/537.36 (KHTML, like Gecko) Chrome/80.0.3987.149 Safari/537.36"
20.106.150.36 - - [26/Mar/2026:23:29:31 +0300] "POST //xmlrpc.php HTTP/1.1" 200 410 "-" "Mozilla/5.0 (Windows NT 10.0; Win64; x64) AppleWebKit/537.36 (KHTML, like Gecko) Chrome/80.0.3987.149 Safari/537.36"
95.2.12.132 - - [26/Mar/2026:23:29:44 +0300] "GET /yeni/wp-content/uploads/2025/09/image-21.png HTTP/1.1" 200 311765 "https://polikistikover.net/yeni/polikistik-over-sendromunda-adet-duzensizligi-ve-tedavisi/" "Mozilla/5.0 (Linux; Android 10; K) AppleWebKit/537.36 (KHTML, like Gecko) Chrome/146.0.0.0 Mobile Safari/537.36"
89.252.162.138 - - [26/Mar/2026:23:30:16 +0300] "POST /wp-cron.php?doing_wp_cron=1774557016.3548460006713867187500 HTTP/1.1" 200 0 "-" "WordPress/6.8.5; https://polikistikover.net"
20.106.150.36 - - [26/Mar/2026:23:29:46 +0300] "POST //xmlrpc.php HTTP/1.1" 200 410 "-" "Mozilla/5.0 (Windows NT 10.0; Win64; x64) AppleWebKit/537.36 (KHTML, like Gecko) Chrome/80.0.3987.149 Safari/537.36"
20.106.150.36 - - [26/Mar/2026:23:30:16 +0300] "POST //xmlrpc.php HTTP/1.1" 200 410 "-" "Mozilla/5.0 (Windows NT 10.0; Win64; x64) AppleWebKit/537.36 (KHTML, like Gecko) Chrome/80.0.3987.149 Safari/537.36"
95.2.12.132 - - [26/Mar/2026:23:30:49 +0300] "GET /yeni/wp-content/uploads/2025/09/image-22.png HTTP/1.1" 200 273570 "https://polikistikover.net/yeni/polikistik-over-sendromunda-adet-duzensizligi-ve-tedavisi/" "Mozilla/5.0 (Linux; Android 10; K) AppleWebKit/537.36 (KHTML, like Gecko) Chrome/146.0.0.0 Mobile Safari/537.36"
20.106.150.36 - - [26/Mar/2026:23:30:31 +0300] "POST //xmlrpc.php HTTP/1.1" 200 410 "-" "Mozilla/5.0 (Windows NT 10.0; Win64; x64) AppleWebKit/537.36 (KHTML, like Gecko) Chrome/80.0.3987.149 Safari/537.36"
20.106.150.36 - - [26/Mar/2026:23:31:01 +0300] "POST //xmlrpc.php HTTP/1.1" 200 410 "-" "Mozilla/5.0 (Windows NT 10.0; Win64; x64) AppleWebKit/537.36 (KHTML, like Gecko) Chrome/80.0.3987.149 Safari/537.36"
95.2.12.132 - - [26/Mar/2026:23:31:25 +0300] "GET /yeni/wp-content/uploads/2025/09/image-24-1024x576.png HTTP/1.1" 200 357822 "https://polikistikover.net/yeni/polikistik-over-sendromunda-adet-duzensizligi-ve-tedavisi/" "Mozilla/5.0 (Linux; Android 10; K) AppleWebKit/537.36 (KHTML, like Gecko) Chrome/146.0.0.0 Mobile Safari/537.36"
20.106.150.36 - - [26/Mar/2026:23:31:06 +0300] "POST //xmlrpc.php HTTP/1.1" 200 410 "-" "Mozilla/5.0 (Windows NT 10.0; Win64; x64) AppleWebKit/537.36 (KHTML, like Gecko) Chrome/80.0.3987.149 Safari/537.36"
102.64.155.177 - - [26/Mar/2026:23:31:38 +0300] "POST /xmlrpc.php HTTP/1.1" 200 412 "-" "Mozilla/5.0 (Linux; Android 10; x86) AppleWebKit/537.36 (KHTML, like Gecko) Chrome/90.0.0.0 Safari/537.36"
20.106.150.36 - - [26/Mar/2026:23:31:31 +0300] "POST //xmlrpc.php HTTP/1.1" 200 410 "-" "Mozilla/5.0 (Windows NT 10.0; Win64; x64) AppleWebKit/537.36 (KHTML, like Gecko) Chrome/80.0.3987.149 Safari/537.36"
95.2.12.132 - - [26/Mar/2026:23:31:46 +0300] "GET /yeni/wp-content/uploads/2025/09/image-25.png HTTP/1.1" 200 145764 "https://polikistikover.net/yeni/polikistik-over-sendromunda-adet-duzensizligi-ve-tedavisi/" "Mozilla/5.0 (Linux; Android 10; K) AppleWebKit/537.36 (KHTML, like Gecko) Chrome/146.0.0.0 Mobile Safari/537.36"
89.252.162.138 - - [26/Mar/2026:23:32:23 +0300] "POST /wp-cron.php?doing_wp_cron=1774557143.8132550716400146484375 HTTP/1.1" 200 0 "-" "WordPress/6.8.5; https://polikistikover.net"
20.106.150.36 - - [26/Mar/2026:23:31:46 +0300] "POST //xmlrpc.php HTTP/1.1" 200 410 "-" "Mozilla/5.0 (Windows NT 10.0; Win64; x64) AppleWebKit/537.36 (KHTML, like Gecko) Chrome/80.0.3987.149 Safari/537.36"
89.252.162.138 - - [26/Mar/2026:23:32:24 +0300] "POST /wp-admin/admin-ajax.php?action=async_litespeed&nonce=0pJznDmsl5fanpNPKQyubKZ7Ol2k61o0&litespeed_type=imgoptm HTTP/1.1" 200 5 "-" "WordPress/6.8.5; https://polikistikover.net"
20.106.150.36 - - [26/Mar/2026:23:32:24 +0300] "POST //xmlrpc.php HTTP/1.1" 200 410 "-" "Mozilla/5.0 (Windows NT 10.0; Win64; x64) AppleWebKit/537.36 (KHTML, like Gecko) Chrome/80.0.3987.149 Safari/537.36"
89.252.162.138 - - [26/Mar/2026:23:33:01 +0300] "POST /wp-cron.php?doing_wp_cron=1774557181.1963889598846435546875 HTTP/1.1" 200 0 "-" "WordPress/6.8.5; https://polikistikover.net"
20.106.150.36 - - [26/Mar/2026:23:32:31 +0300] "POST //xmlrpc.php HTTP/1.1" 200 410 "-" "Mozilla/5.0 (Windows NT 10.0; Win64; x64) AppleWebKit/537.36 (KHTML, like Gecko) Chrome/80.0.3987.149 Safari/537.36"
89.252.162.138 - - [26/Mar/2026:23:33:01 +0300] "POST /wp-admin/admin-ajax.php?action=async_litespeed&nonce=Z2iy26jSE10aX3S4Xae5tBTVVko7asEy&litespeed_type=imgoptm HTTP/1.1" 200 5 "-" "WordPress/6.8.5; https://polikistikover.net"
20.106.150.36 - - [26/Mar/2026:23:33:01 +0300] "POST //xmlrpc.php HTTP/1.1" 200 410 "-" "Mozilla/5.0 (Windows NT 10.0; Win64; x64) AppleWebKit/537.36 (KHTML, like Gecko) Chrome/80.0.3987.149 Safari/537.36"
95.2.12.132 - - [26/Mar/2026:23:33:30 +0300] "GET /yeni/wp-content/uploads/2025/09/image-26.png HTTP/1.1" 200 62915 "https://polikistikover.net/yeni/polikistik-over-sendromunda-adet-duzensizligi-ve-tedavisi/" "Mozilla/5.0 (Linux; Android 10; K) AppleWebKit/537.36 (KHTML, like Gecko) Chrome/146.0.0.0 Mobile Safari/537.36"
102.64.155.177 - - [26/Mar/2026:23:33:40 +0300] "POST /xmlrpc.php HTTP/1.1" 200 412 "-" "Mozilla/5.0 (Windows NT 6.2; x64) AppleWebKit/537.36 (KHTML, like Gecko) Chrome/111.0.0.0 Safari/537.36"
20.106.150.36 - - [26/Mar/2026:23:33:16 +0300] "POST //xmlrpc.php HTTP/1.1" 200 410 "-" "Mozilla/5.0 (Windows NT 10.0; Win64; x64) AppleWebKit/537.36 (KHTML, like Gecko) Chrome/80.0.3987.149 Safari/537.36"
20.106.150.36 - - [26/Mar/2026:23:33:46 +0300] "POST //xmlrpc.php HTTP/1.1" 200 410 "-" "Mozilla/5.0 (Windows NT 10.0; Win64; x64) AppleWebKit/537.36 (KHTML, like Gecko) Chrome/80.0.3987.149 Safari/537.36"
89.252.162.138 - - [26/Mar/2026:23:34:02 +0300] "POST /wp-admin/admin-ajax.php?action=async_litespeed&nonce=cHB99ZCiR2EZi0JewNAL9xSenET0PmqE&litespeed_type=imgoptm HTTP/1.1" 200 5 "-" "WordPress/6.8.5; https://polikistikover.net"
89.252.162.138 - - [26/Mar/2026:23:29:02 +0300] "POST /wp-admin/admin-ajax.php?action=async_litespeed&nonce=4a9V6Cha1jXzKJoQER78Xh3pUnWWTb5V&litespeed_type=imgoptm HTTP/1.1" 200 5 "-" "WordPress/6.8.5; https://polikistikover.net"
102.64.155.177 - - [26/Mar/2026:23:29:25 +0300] "POST /xmlrpc.php HTTP/1.1" 200 412 "-" "Mozilla/5.0 (X11; Ubuntu; Linux x86_64; arm64) AppleWebKit/537.36 (KHTML, like Gecko) Safari/15.0.0.0 Safari/537.36"
89.252.162.138 - - [26/Mar/2026:23:30:17 +0300] "POST /wp-admin/admin-ajax.php?action=async_litespeed&nonce=Q1oxTUSsU0r4sL7cNwIswRB7vSXnRrrt&litespeed_type=imgoptm HTTP/1.1" 200 5 "-" "WordPress/6.8.5; https://polikistikover.net"
102.64.155.177 - - [26/Mar/2026:23:30:33 +0300] "POST /xmlrpc.php HTTP/1.1" 200 412 "-" "Mozilla/5.0 (X11; Ubuntu; Linux x86_64; x64) AppleWebKit/537.36 (KHTML, like Gecko) Safari/14.0.0.0 Safari/537.36"
89.252.162.138 - - [26/Mar/2026:23:31:01 +0300] "POST /wp-cron.php?doing_wp_cron=1774557061.4265670776367187500000 HTTP/1.1" 200 0 "-" "WordPress/6.8.5; https://polikistikover.net"
89.252.162.138 - - [26/Mar/2026:23:31:02 +0300] "POST /wp-admin/admin-ajax.php?action=async_litespeed&nonce=hdyLeAJOuVHRlqJ52rf7CqInEV3EWxGb&litespeed_type=imgoptm HTTP/1.1" 200 5 "-" "WordPress/6.8.5; https://polikistikover.net"
89.252.162.138 - - [26/Mar/2026:23:31:31 +0300] "POST /wp-cron.php?doing_wp_cron=1774557091.1943809986114501953125 HTTP/1.1" 200 0 "-" "WordPress/6.8.5; https://polikistikover.net"
102.64.155.177 - - [26/Mar/2026:23:32:42 +0300] "POST /xmlrpc.php HTTP/1.1" 200 412 "-" "Mozilla/5.0 (Linux; Android 10; x86) AppleWebKit/537.36 (KHTML, like Gecko) Opera/63.0.0.0 Safari/537.36"
89.252.162.138 - - [26/Mar/2026:23:33:16 +0300] "POST /wp-cron.php?doing_wp_cron=1774557196.3682799339294433593750 HTTP/1.1" 200 0 "-" "WordPress/6.8.5; https://polikistikover.net"
89.252.162.138 - - [26/Mar/2026:23:34:01 +0300] "POST /wp-cron.php?doing_wp_cron=1774557241.3012080192565917968750 HTTP/1.1" 200 0 "-" "WordPress/6.8.5; https://polikistikover.net"
43.135.36.201 - - [26/Mar/2026:23:34:36 +0300] "GET /3-%CE%B1-androstanediol-glucuronide/ HTTP/1.1" 404 796 "http://polikistikover.net/3-%CE%B1-androstanediol-glucuronide/" "Mozilla/5.0 (iPhone; CPU iPhone OS 13_2_3 like Mac OS X) AppleWebKit/605.1.15 (KHTML, like Gecko) Version/13.0.3 Mobile/15E148 Safari/604.1"
102.64.155.177 - - [26/Mar/2026:23:34:37 +0300] "POST /xmlrpc.php HTTP/1.1" 200 412 "-" "Mozilla/5.0 (X11; Ubuntu; Linux x86_64; x64) AppleWebKit/537.36 (KHTML, like Gecko) Safari/13.0.0.0 Safari/537.36"
89.252.162.138 - - [26/Mar/2026:23:35:16 +0300] "POST /wp-admin/admin-ajax.php?action=async_litespeed&nonce=SfmMOkgQs8JpopEYVo0J9NRDntkzryhi&litespeed_type=imgoptm HTTP/1.1" 200 5 "-" "WordPress/6.8.5; https://polikistikover.net"
209.141.59.141 - - [26/Mar/2026:23:35:25 +0300] "GET /wp-login.php HTTP/1.1" 200 10669 "-" "Mozilla/5.0 (Windows NT 6.2; WOW64; rv:31.0) Gecko/20100101 Firefox/31.0"
209.141.59.141 - - [26/Mar/2026:23:35:25 +0300] "POST /wp-login.php HTTP/1.1" 200 11170 "-" "Mozilla/5.0 (Windows NT 6.2; WOW64; rv:31.0) Gecko/20100101 Firefox/31.0"
89.252.162.138 - - [26/Mar/2026:23:36:01 +0300] "POST /wp-cron.php?doing_wp_cron=1774557361.4933509826660156250000 HTTP/1.1" 200 0 "-" "WordPress/6.8.5; https://polikistikover.net"
89.252.162.138 - - [26/Mar/2026:23:36:02 +0300] "POST /wp-admin/admin-ajax.php?action=async_litespeed&nonce=b7yUsGtjZKaXYe75Z0qVPPDI6nSkgjbK&litespeed_type=imgoptm HTTP/1.1" 200 5 "-" "WordPress/6.8.5; https://polikistikover.net"
89.252.162.138 - - [26/Mar/2026:23:37:01 +0300] "POST /wp-admin/admin-ajax.php?action=async_litespeed&nonce=9lDJxS8k5gCNpkGAhnDjFnM6JP5metT9&litespeed_type=imgoptm HTTP/1.1" 200 5 "-" "WordPress/6.8.5; https://polikistikover.net"
89.252.162.138 - - [26/Mar/2026:23:37:31 +0300] "POST /wp-cron.php?doing_wp_cron=1774557451.2508521080017089843750 HTTP/1.1" 200 0 "-" "WordPress/6.8.5; https://polikistikover.net"
89.252.162.138 - - [26/Mar/2026:23:34:31 +0300] "POST /wp-cron.php?doing_wp_cron=1774557271.2023859024047851562500 HTTP/1.1" 200 0 "-" "WordPress/6.8.5; https://polikistikover.net"
20.106.150.36 - - [26/Mar/2026:23:34:01 +0300] "POST //xmlrpc.php HTTP/1.1" 200 410 "-" "Mozilla/5.0 (Windows NT 10.0; Win64; x64) AppleWebKit/537.36 (KHTML, like Gecko) Chrome/80.0.3987.149 Safari/537.36"
20.106.150.36 - - [26/Mar/2026:23:34:31 +0300] "POST //xmlrpc.php HTTP/1.1" 200 410 "-" "Mozilla/5.0 (Windows NT 10.0; Win64; x64) AppleWebKit/537.36 (KHTML, like Gecko) Chrome/80.0.3987.149 Safari/537.36"
89.252.162.138 - - [26/Mar/2026:23:35:16 +0300] "POST /wp-cron.php?doing_wp_cron=1774557316.1438069343566894531250 HTTP/1.1" 200 0 "-" "WordPress/6.8.5; https://polikistikover.net"
20.106.150.36 - - [26/Mar/2026:23:34:46 +0300] "POST //xmlrpc.php HTTP/1.1" 200 410 "-" "Mozilla/5.0 (Windows NT 10.0; Win64; x64) AppleWebKit/537.36 (KHTML, like Gecko) Chrome/80.0.3987.149 Safari/537.36"
20.106.150.36 - - [26/Mar/2026:23:35:16 +0300] "POST //xmlrpc.php HTTP/1.1" 200 410 "-" "Mozilla/5.0 (Windows NT 10.0; Win64; x64) AppleWebKit/537.36 (KHTML, like Gecko) Chrome/80.0.3987.149 Safari/537.36"
20.106.150.36 - - [26/Mar/2026:23:35:31 +0300] "POST //xmlrpc.php HTTP/1.1" 200 410 "-" "Mozilla/5.0 (Windows NT 10.0; Win64; x64) AppleWebKit/537.36 (KHTML, like Gecko) Chrome/80.0.3987.149 Safari/537.36"
89.252.162.138 - - [26/Mar/2026:23:36:16 +0300] "POST /wp-cron.php?doing_wp_cron=1774557376.1462419033050537109375 HTTP/1.1" 200 0 "-" "WordPress/6.8.5; https://polikistikover.net"
20.106.150.36 - - [26/Mar/2026:23:36:01 +0300] "POST //xmlrpc.php HTTP/1.1" 200 410 "-" "Mozilla/5.0 (Windows NT 10.0; Win64; x64) AppleWebKit/537.36 (KHTML, like Gecko) Chrome/80.0.3987.149 Safari/537.36"
103.77.107.178 - - [26/Mar/2026:23:36:38 +0300] "GET /sftp-config.json HTTP/1.1" 404 796 "-" "Mozilla/5.0 (Macintosh; Intel Mac OS X 10.15; rv:77.0) Gecko/20100101 Firefox/77.0"
103.77.107.178 - - [26/Mar/2026:23:36:39 +0300] "GET /.vscode/sftp.json HTTP/1.1" 404 796 "-" "Mozilla/5.0 (Macintosh; Intel Mac OS X 10.15; rv:77.0) Gecko/20100101 Firefox/77.0"
20.106.150.36 - - [26/Mar/2026:23:36:16 +0300] "POST //xmlrpc.php HTTP/1.1" 200 410 "-" "Mozilla/5.0 (Windows NT 10.0; Win64; x64) AppleWebKit/537.36 (KHTML, like Gecko) Chrome/80.0.3987.149 Safari/537.36"
89.252.162.138 - - [26/Mar/2026:23:37:01 +0300] "POST /wp-cron.php?doing_wp_cron=1774557421.1178150177001953125000 HTTP/1.1" 200 0 "-" "WordPress/6.8.5; https://polikistikover.net"
20.106.150.36 - - [26/Mar/2026:23:36:46 +0300] "POST //xmlrpc.php HTTP/1.1" 200 410 "-" "Mozilla/5.0 (Windows NT 10.0; Win64; x64) AppleWebKit/537.36 (KHTML, like Gecko) Chrome/80.0.3987.149 Safari/537.36"
20.106.150.36 - - [26/Mar/2026:23:37:01 +0300] "POST //xmlrpc.php HTTP/1.1" 200 410 "-" "Mozilla/5.0 (Windows NT 10.0; Win64; x64) AppleWebKit/537.36 (KHTML, like Gecko) Chrome/80.0.3987.149 Safari/537.36"
20.106.150.36 - - [26/Mar/2026:23:37:31 +0300] "POST //xmlrpc.php HTTP/1.1" 200 410 "-" "Mozilla/5.0 (Windows NT 10.0; Win64; x64) AppleWebKit/537.36 (KHTML, like Gecko) Chrome/80.0.3987.149 Safari/537.36"
89.252.162.138 - - [26/Mar/2026:23:38:13 +0300] "POST /yeni/wp-cron.php?doing_wp_cron=1774557493.1809239387512207031250 HTTP/1.1" 200 0 "-" "WordPress/6.9.4; https://polikistikover.net/yeni"
20.106.150.36 - - [26/Mar/2026:23:37:46 +0300] "POST //xmlrpc.php HTTP/1.1" 200 410 "-" "Mozilla/5.0 (Windows NT 10.0; Win64; x64) AppleWebKit/537.36 (KHTML, like Gecko) Chrome/80.0.3987.149 Safari/537.36"
89.252.162.138 - - [26/Mar/2026:23:38:16 +0300] "POST /wp-admin/admin-ajax.php?action=async_litespeed&nonce=1l616Y0ebrIYnN3ThO0NCpPah0COYXlk&litespeed_type=imgoptm HTTP/1.1" 200 5 "-" "WordPress/6.8.5; https://polikistikover.net"
20.106.150.36 - - [26/Mar/2026:23:38:16 +0300] "POST //xmlrpc.php HTTP/1.1" 200 410 "-" "Mozilla/5.0 (Windows NT 10.0; Win64; x64) AppleWebKit/537.36 (KHTML, like Gecko) Chrome/80.0.3987.149 Safari/537.36"
89.252.162.138 - - [26/Mar/2026:23:39:01 +0300] "POST /wp-cron.php?doing_wp_cron=1774557541.1526639461517333984375 HTTP/1.1" 200 0 "-" "WordPress/6.8.5; https://polikistikover.net"
20.106.150.36 - - [26/Mar/2026:23:38:31 +0300] "POST //xmlrpc.php HTTP/1.1" 200 410 "-" "Mozilla/5.0 (Windows NT 10.0; Win64; x64) AppleWebKit/537.36 (KHTML, like Gecko) Chrome/80.0.3987.149 Safari/537.36"
89.252.162.138 - - [26/Mar/2026:23:39:01 +0300] "POST /wp-admin/admin-ajax.php?action=async_litespeed&nonce=jXgx2WEzHnmh9cePzsHyW3tETdwKU1wY&litespeed_type=imgoptm HTTP/1.1" 200 5 "-" "WordPress/6.8.5; https://polikistikover.net"
20.106.150.36 - - [26/Mar/2026:23:39:01 +0300] "POST //xmlrpc.php HTTP/1.1" 200 410 "-" "Mozilla/5.0 (Windows NT 10.0; Win64; x64) AppleWebKit/537.36 (KHTML, like Gecko) Chrome/80.0.3987.149 Safari/537.36"
20.106.150.36 - - [26/Mar/2026:23:39:16 +0300] "POST //xmlrpc.php HTTP/1.1" 200 410 "-" "Mozilla/5.0 (Windows NT 10.0; Win64; x64) AppleWebKit/537.36 (KHTML, like Gecko) Chrome/80.0.3987.149 Safari/537.36"
89.252.162.138 - - [26/Mar/2026:23:40:01 +0300] "POST /wp-cron.php?doing_wp_cron=1774557601.3331809043884277343750 HTTP/1.1" 200 0 "-" "WordPress/6.8.5; https://polikistikover.net"
20.106.150.36 - - [26/Mar/2026:23:39:46 +0300] "POST //xmlrpc.php HTTP/1.1" 200 410 "-" "Mozilla/5.0 (Windows NT 10.0; Win64; x64) AppleWebKit/537.36 (KHTML, like Gecko) Chrome/80.0.3987.149 Safari/537.36"
89.252.162.138 - - [26/Mar/2026:23:40:31 +0300] "POST /wp-cron.php?doing_wp_cron=1774557631.2643001079559326171875 HTTP/1.1" 200 0 "-" "WordPress/6.8.5; https://polikistikover.net"
20.106.150.36 - - [26/Mar/2026:23:40:01 +0300] "POST //xmlrpc.php HTTP/1.1" 200 410 "-" "Mozilla/5.0 (Windows NT 10.0; Win64; x64) AppleWebKit/537.36 (KHTML, like Gecko) Chrome/80.0.3987.149 Safari/537.36"
20.106.150.36 - - [26/Mar/2026:23:40:31 +0300] "POST //xmlrpc.php HTTP/1.1" 200 410 "-" "Mozilla/5.0 (Windows NT 10.0; Win64; x64) AppleWebKit/537.36 (KHTML, like Gecko) Chrome/80.0.3987.149 Safari/537.36"
95.2.12.132 - - [26/Mar/2026:23:41:05 +0300] "GET /yeni/wp-content/uploads/elementor/thumbs/post-img6-rbng6ml2rm7jly47m9is4mj7jns7ki7i3joga7fxog.jpg HTTP/1.1" 200 104955 "https://polikistikover.net/yeni/" "Mozilla/5.0 (Linux; Android 10; K) AppleWebKit/537.36 (KHTML, like Gecko) Chrome/146.0.0.0 Mobile Safari/537.36"
95.2.12.132 - - [26/Mar/2026:23:41:10 +0300] "GET /yeni/wp-content/uploads/elementor/thumbs/post-img7-rbng6ogr5aa4961hbac19m24qfixzweyrszf8rd5c0.jpg HTTP/1.1" 200 69532 "https://polikistikover.net/yeni/" "Mozilla/5.0 (Linux; Android 10; K) AppleWebKit/537.36 (KHTML, like Gecko) Chrome/146.0.0.0 Mobile Safari/537.36"
89.252.162.138 - - [26/Mar/2026:23:41:16 +0300] "POST /wp-cron.php?doing_wp_cron=1774557676.1691229343414306640625 HTTP/1.1" 200 0 "-" "WordPress/6.8.5; https://polikistikover.net"
20.106.150.36 - - [26/Mar/2026:23:40:46 +0300] "POST //xmlrpc.php HTTP/1.1" 200 410 "-" "Mozilla/5.0 (Windows NT 10.0; Win64; x64) AppleWebKit/537.36 (KHTML, like Gecko) Chrome/80.0.3987.149 Safari/537.36"
95.2.12.132 - - [26/Mar/2026:23:41:20 +0300] "GET /yeni/wp-content/uploads/2025/09/image-84-150x150.png HTTP/1.1" 200 5889 "https://polikistikover.net/yeni/" "Mozilla/5.0 (Linux; Android 10; K) AppleWebKit/537.36 (KHTML, like Gecko) Chrome/146.0.0.0 Mobile Safari/537.36"
95.2.12.132 - - [26/Mar/2026:23:41:20 +0300] "GET /yeni/wp-content/uploads/2025/09/image-18-150x150.png HTTP/1.1" 200 18953 "https://polikistikover.net/yeni/" "Mozilla/5.0 (Linux; Android 10; K) AppleWebKit/537.36 (KHTML, like Gecko) Chrome/146.0.0.0 Mobile Safari/537.36"
95.2.12.132 - - [26/Mar/2026:23:41:15 +0300] "GET /yeni/wp-content/uploads/elementor/thumbs/image-67-rcb2xa5cuvsgtr6xgsyio3guuwwgm3wjjeud5ozv34.png HTTP/1.1" 200 677319 "https://polikistikover.net/yeni/" "Mozilla/5.0 (Linux; Android 10; K) AppleWebKit/537.36 (KHTML, like Gecko) Chrome/146.0.0.0 Mobile Safari/537.36"
20.106.150.36 - - [26/Mar/2026:23:41:16 +0300] "POST //xmlrpc.php HTTP/1.1" 200 410 "-" "Mozilla/5.0 (Windows NT 10.0; Win64; x64) AppleWebKit/537.36 (KHTML, like Gecko) Chrome/80.0.3987.149 Safari/537.36"
95.2.12.132 - - [26/Mar/2026:23:41:32 +0300] "GET /yeni/wp-content/uploads/2025/10/image-8-150x150.png HTTP/1.1" 200 17934 "https://polikistikover.net/yeni/" "Mozilla/5.0 (Linux; Android 10; K) AppleWebKit/537.36 (KHTML, like Gecko) Chrome/146.0.0.0 Mobile Safari/537.36"
95.2.12.132 - - [26/Mar/2026:23:41:24 +0300] "GET /yeni/polikistik-over-sendromuna-en-cok-benzeyen-hastalik-adrenal-hiperplazi/ HTTP/1.1" 200 0 "https://polikistikover.net/yeni/" "Mozilla/5.0 (Linux; Android 10; K) AppleWebKit/537.36 (KHTML, like Gecko) Chrome/146.0.0.0 Mobile Safari/537.36"
95.2.12.132 - - [26/Mar/2026:23:41:35 +0300] "GET /yeni/wp-content/uploads/elementor/thumbs/post-img8-rbng6pelc4beks045sqnu3tlbteb7lip3xmwq1br5s.jpg HTTP/1.1" 200 86861 "https://polikistikover.net/yeni/" "Mozilla/5.0 (Linux; Android 10; K) AppleWebKit/537.36 (KHTML, like Gecko) Chrome/146.0.0.0 Mobile Safari/537.36"
95.2.12.132 - - [26/Mar/2026:23:41:36 +0300] "GET /yeni/wp-content/uploads/elementor/thumbs/post-img5-rbng6ln8ks69ac5krr45k4rqy9wuct3rrf0ysxhbuo.jpg HTTP/1.1" 200 72184 "https://polikistikover.net/yeni/" "Mozilla/5.0 (Linux; Android 10; K) AppleWebKit/537.36 (KHTML, like Gecko) Chrome/146.0.0.0 Mobile Safari/537.36"
95.2.12.132 - - [26/Mar/2026:23:41:39 +0300] "GET /yeni/wp-content/uploads/2025/09/benzeyen.jpg HTTP/1.1" 200 16627 "https://polikistikover.net/yeni/polikistik-over-sendromuna-en-cok-benzeyen-hastalik-adrenal-hiperplazi/" "Mozilla/5.0 (Linux; Android 10; K) AppleWebKit/537.36 (KHTML, like Gecko) Chrome/146.0.0.0 Mobile Safari/537.36"
95.2.12.132 - - [26/Mar/2026:23:41:34 +0300] "GET /yeni/polikistik-over-sendromuna-en-cok-benzeyen-hastalik-adrenal-hiperplazi/ HTTP/1.1" 200 15008 "https://polikistikover.net/yeni/" "Mozilla/5.0 (Linux; Android 10; K) AppleWebKit/537.36 (KHTML, like Gecko) Chrome/146.0.0.0 Mobile Safari/537.36"
95.2.12.132 - - [26/Mar/2026:23:41:38 +0300] "GET /yeni/polikistik-over-sendromuna-en-cok-benzeyen-hastalik-adrenal-hiperplazi/ HTTP/1.1" 200 15008 "https://polikistikover.net/yeni/" "Mozilla/5.0 (Linux; Android 10; K) AppleWebKit/537.36 (KHTML, like Gecko) Chrome/146.0.0.0 Mobile Safari/537.36"
95.2.12.132 - - [26/Mar/2026:23:41:45 +0300] "GET /yeni/wp-content/uploads/elementor/thumbs/post-img9-rbng6ra9psdz7zxdutjwz3ciil51mzq5s6xvol8ytc.jpg HTTP/1.1" 200 73516 "https://polikistikover.net/yeni/" "Mozilla/5.0 (Linux; Android 10; K) AppleWebKit/537.36 (KHTML, like Gecko) Chrome/146.0.0.0 Mobile Safari/537.36"
95.2.12.132 - - [26/Mar/2026:23:41:47 +0300] "GET /yeni/wp-content/uploads/2025/10/sac-150x150.jpg HTTP/1.1" 200 7476 "https://polikistikover.net/yeni/" "Mozilla/5.0 (Linux; Android 10; K) AppleWebKit/537.36 (KHTML, like Gecko) Chrome/146.0.0.0 Mobile Safari/537.36"
95.2.12.132 - - [26/Mar/2026:23:41:54 +0300] "GET /yeni/wp-content/uploads/2025/09/image-90-150x150.png HTTP/1.1" 200 28239 "https://polikistikover.net/yeni/" "Mozilla/5.0 (Linux; Android 10; K) AppleWebKit/537.36 (KHTML, like Gecko) Chrome/146.0.0.0 Mobile Safari/537.36"
89.252.162.138 - - [26/Mar/2026:23:42:01 +0300] "POST /wp-cron.php?doing_wp_cron=1774557721.1763989925384521484375 HTTP/1.1" 200 0 "-" "WordPress/6.8.5; https://polikistikover.net"
20.106.150.36 - - [26/Mar/2026:23:41:31 +0300] "POST //xmlrpc.php HTTP/1.1" 200 410 "-" "Mozilla/5.0 (Windows NT 10.0; Win64; x64) AppleWebKit/537.36 (KHTML, like Gecko) Chrome/80.0.3987.149 Safari/537.36"
89.252.162.138 - - [26/Mar/2026:23:42:01 +0300] "POST /wp-admin/admin-ajax.php?action=async_litespeed&nonce=WfBDie4oArJQBmH7yKk0W85ChDK3OwXF&litespeed_type=imgoptm HTTP/1.1" 200 5 "-" "WordPress/6.8.5; https://polikistikover.net"
20.106.150.36 - - [26/Mar/2026:23:42:01 +0300] "POST //xmlrpc.php HTTP/1.1" 200 410 "-" "Mozilla/5.0 (Windows NT 10.0; Win64; x64) AppleWebKit/537.36 (KHTML, like Gecko) Chrome/80.0.3987.149 Safari/537.36"
20.106.150.36 - - [26/Mar/2026:23:42:16 +0300] "POST //xmlrpc.php HTTP/1.1" 200 410 "-" "Mozilla/5.0 (Windows NT 10.0; Win64; x64) AppleWebKit/537.36 (KHTML, like Gecko) Chrome/80.0.3987.149 Safari/537.36"
89.252.162.138 - - [26/Mar/2026:23:43:01 +0300] "POST /wp-cron.php?doing_wp_cron=1774557781.2080590724945068359375 HTTP/1.1" 200 0 "-" "WordPress/6.8.5; https://polikistikover.net"
20.106.150.36 - - [26/Mar/2026:23:42:46 +0300] "POST //xmlrpc.php HTTP/1.1" 200 410 "-" "Mozilla/5.0 (Windows NT 10.0; Win64; x64) AppleWebKit/537.36 (KHTML, like Gecko) Chrome/80.0.3987.149 Safari/537.36"
89.252.162.138 - - [26/Mar/2026:23:43:01 +0300] "POST /wp-admin/admin-ajax.php?action=async_litespeed&nonce=Q6hckJS1aOysDvZsLuNqw0GjbBOZqMWR&litespeed_type=imgoptm HTTP/1.1" 200 5 "-" "WordPress/6.8.5; https://polikistikover.net"
20.106.150.36 - - [26/Mar/2026:23:43:01 +0300] "POST //xmlrpc.php HTTP/1.1" 200 410 "-" "Mozilla/5.0 (Windows NT 10.0; Win64; x64) AppleWebKit/537.36 (KHTML, like Gecko) Chrome/80.0.3987.149 Safari/537.36"
20.106.150.36 - - [26/Mar/2026:23:43:31 +0300] "POST //xmlrpc.php HTTP/1.1" 200 410 "-" "Mozilla/5.0 (Windows NT 10.0; Win64; x64) AppleWebKit/537.36 (KHTML, like Gecko) Chrome/80.0.3987.149 Safari/537.36"
20.106.150.36 - - [26/Mar/2026:23:43:46 +0300] "POST //xmlrpc.php HTTP/1.1" 200 410 "-" "Mozilla/5.0 (Windows NT 10.0; Win64; x64) AppleWebKit/537.36 (KHTML, like Gecko) Chrome/80.0.3987.149 Safari/537.36"
20.106.150.36 - - [26/Mar/2026:23:44:16 +0300] "POST //xmlrpc.php HTTP/1.1" 200 410 "-" "Mozilla/5.0 (Windows NT 10.0; Win64; x64) AppleWebKit/537.36 (KHTML, like Gecko) Chrome/80.0.3987.149 Safari/537.36"
89.252.162.138 - - [26/Mar/2026:23:45:01 +0300] "POST /wp-cron.php?doing_wp_cron=1774557901.5223979949951171875000 HTTP/1.1" 200 0 "-" "WordPress/6.8.5; https://polikistikover.net"
20.106.150.36 - - [26/Mar/2026:23:44:31 +0300] "POST //xmlrpc.php HTTP/1.1" 200 410 "-" "Mozilla/5.0 (Windows NT 10.0; Win64; x64) AppleWebKit/537.36 (KHTML, like Gecko) Chrome/80.0.3987.149 Safari/537.36"
89.252.162.138 - - [26/Mar/2026:23:45:02 +0300] "POST /wp-admin/admin-ajax.php?action=async_litespeed&nonce=4vGgjJZaHJ5OUN9mIBZEMR0ESHDRMZU6&litespeed_type=imgoptm HTTP/1.1" 200 5 "-" "WordPress/6.8.5; https://polikistikover.net"
20.106.150.36 - - [26/Mar/2026:23:45:01 +0300] "POST //xmlrpc.php HTTP/1.1" 200 410 "-" "Mozilla/5.0 (Windows NT 10.0; Win64; x64) AppleWebKit/537.36 (KHTML, like Gecko) Chrome/80.0.3987.149 Safari/537.36"
20.106.150.36 - - [26/Mar/2026:23:45:17 +0300] "POST //xmlrpc.php HTTP/1.1" 200 410 "-" "Mozilla/5.0 (Windows NT 10.0; Win64; x64) AppleWebKit/537.36 (KHTML, like Gecko) Chrome/80.0.3987.149 Safari/537.36"
89.252.162.138 - - [26/Mar/2026:23:46:01 +0300] "POST /wp-cron.php?doing_wp_cron=1774557961.5957260131835937500000 HTTP/1.1" 200 0 "-" "WordPress/6.8.5; https://polikistikover.net"
20.106.150.36 - - [26/Mar/2026:23:45:46 +0300] "POST //xmlrpc.php HTTP/1.1" 200 410 "-" "Mozilla/5.0 (Windows NT 10.0; Win64; x64) AppleWebKit/537.36 (KHTML, like Gecko) Chrome/80.0.3987.149 Safari/537.36"
89.252.162.138 - - [26/Mar/2026:23:46:31 +0300] "POST /wp-cron.php?doing_wp_cron=1774557991.1569979190826416015625 HTTP/1.1" 200 0 "-" "WordPress/6.8.5; https://polikistikover.net"
20.106.150.36 - - [26/Mar/2026:23:46:02 +0300] "POST //xmlrpc.php HTTP/1.1" 200 410 "-" "Mozilla/5.0 (Windows NT 10.0; Win64; x64) AppleWebKit/537.36 (KHTML, like Gecko) Chrome/80.0.3987.149 Safari/537.36"
20.106.150.36 - - [26/Mar/2026:23:46:31 +0300] "POST //xmlrpc.php HTTP/1.1" 200 410 "-" "Mozilla/5.0 (Windows NT 10.0; Win64; x64) AppleWebKit/537.36 (KHTML, like Gecko) Chrome/80.0.3987.149 Safari/537.36"
89.252.162.138 - - [26/Mar/2026:23:47:16 +0300] "POST /wp-cron.php?doing_wp_cron=1774558036.4902889728546142578125 HTTP/1.1" 200 0 "-" "WordPress/6.8.5; https://polikistikover.net"
20.106.150.36 - - [26/Mar/2026:23:46:46 +0300] "POST //xmlrpc.php HTTP/1.1" 200 410 "-" "Mozilla/5.0 (Windows NT 10.0; Win64; x64) AppleWebKit/537.36 (KHTML, like Gecko) Chrome/80.0.3987.149 Safari/537.36"
95.2.12.132 - - [26/Mar/2026:23:37:49 +0300] "GET /yeni/ HTTP/1.1" 200 0 "https://polikistikover.net/" "Mozilla/5.0 (Linux; Android 10; K) AppleWebKit/537.36 (KHTML, like Gecko) Chrome/146.0.0.0 Mobile Safari/537.36"
89.252.162.138 - - [26/Mar/2026:23:38:13 +0300] "POST /yeni/wp-cron.php?doing_wp_cron=1774557493.1843299865722656250000 HTTP/1.1" 200 0 "-" "WordPress/6.9.4; https://polikistikover.net/yeni"
95.2.12.132 - - [26/Mar/2026:23:37:52 +0300] "GET /yeni/ HTTP/1.1" 200 17723 "https://polikistikover.net/" "Mozilla/5.0 (Linux; Android 10; K) AppleWebKit/537.36 (KHTML, like Gecko) Chrome/146.0.0.0 Mobile Safari/537.36"
89.252.162.138 - - [26/Mar/2026:23:38:16 +0300] "POST /wp-cron.php?doing_wp_cron=1774557496.0338981151580810546875 HTTP/1.1" 200 0 "-" "WordPress/6.8.5; https://polikistikover.net"
69.63.189.33 - - [26/Mar/2026:23:38:57 +0300] "GET / HTTP/2" 200 76 "-" "facebookexternalhit/1.1 (+http://www.facebook.com/externalhit_uatext.php)"
89.252.162.138 - - [26/Mar/2026:23:39:16 +0300] "POST /wp-cron.php?doing_wp_cron=1774557556.0295488834381103515625 HTTP/1.1" 200 0 "-" "WordPress/6.8.5; https://polikistikover.net"
89.252.162.138 - - [26/Mar/2026:23:40:02 +0300] "POST /wp-admin/admin-ajax.php?action=async_litespeed&nonce=WvqvgylWxUE7Fl3NiuqTqloeIiFvlnV1&litespeed_type=imgoptm HTTP/1.1" 200 5 "-" "WordPress/6.8.5; https://polikistikover.net"
89.252.162.138 - - [26/Mar/2026:23:41:16 +0300] "POST /wp-admin/admin-ajax.php?action=async_litespeed&nonce=53SX7nD4hEl9MzqNy9qv6Ynj26tcxQPK&litespeed_type=imgoptm HTTP/1.1" 200 5 "-" "WordPress/6.8.5; https://polikistikover.net"
89.252.162.138 - - [26/Mar/2026:23:41:39 +0300] "POST /yeni/wp-cron.php?doing_wp_cron=1774557698.8273360729217529296875 HTTP/1.1" 200 0 "-" "WordPress/6.9.4; https://polikistikover.net/yeni"
89.252.162.138 - - [26/Mar/2026:23:42:16 +0300] "POST /wp-cron.php?doing_wp_cron=1774557736.3813691139221191406250 HTTP/1.1" 200 0 "-" "WordPress/6.8.5; https://polikistikover.net"
89.252.162.138 - - [26/Mar/2026:23:43:31 +0300] "POST /wp-cron.php?doing_wp_cron=1774557811.3416979312896728515625 HTTP/1.1" 200 0 "-" "WordPress/6.8.5; https://polikistikover.net"
89.252.162.138 - - [26/Mar/2026:23:44:16 +0300] "POST /wp-cron.php?doing_wp_cron=1774557856.3868699073791503906250 HTTP/1.1" 200 0 "-" "WordPress/6.8.5; https://polikistikover.net"
89.252.162.138 - - [26/Mar/2026:23:44:17 +0300] "POST /wp-admin/admin-ajax.php?action=async_litespeed&nonce=va40qarHnvWJXoyrpqgmSWyrdU0UqrsA&litespeed_type=imgoptm HTTP/1.1" 200 5 "-" "WordPress/6.8.5; https://polikistikover.net"
69.63.184.43 - - [26/Mar/2026:23:44:50 +0300] "GET / HTTP/2" 200 76 "-" "facebookexternalhit/1.1 (+http://www.facebook.com/externalhit_uatext.php)"
89.252.162.138 - - [26/Mar/2026:23:45:16 +0300] "POST /wp-cron.php?doing_wp_cron=1774557916.7758619785308837890625 HTTP/1.1" 200 0 "-" "WordPress/6.8.5; https://polikistikover.net"
89.252.162.138 - - [26/Mar/2026:23:46:02 +0300] "POST /wp-admin/admin-ajax.php?action=async_litespeed&nonce=c5xPJ4oGSmeohqixzYno9PYj6lWvgBWc&litespeed_type=imgoptm HTTP/1.1" 200 5 "-" "WordPress/6.8.5; https://polikistikover.net"
52.167.144.166 - - [26/Mar/2026:23:46:03 +0300] "GET /products/333998303 HTTP/2" 404 796 "-" "Mozilla/5.0 AppleWebKit/537.36 (KHTML, like Gecko; compatible; bingbot/2.0; +http://www.bing.com/bingbot.htm) Chrome/116.0.1938.76 Safari/537.36"
89.252.162.138 - - [26/Mar/2026:23:48:01 +0300] "POST /wp-cron.php?doing_wp_cron=1774558081.2355220317840576171875 HTTP/1.1" 200 0 "-" "WordPress/6.8.5; https://polikistikover.net"
89.252.162.138 - - [26/Mar/2026:23:48:01 +0300] "POST /wp-admin/admin-ajax.php?action=async_litespeed&nonce=BuYiyR2tCeSekNtgtfylcoNRWOFznxQ9&litespeed_type=imgoptm HTTP/1.1" 200 5 "-" "WordPress/6.8.5; https://polikistikover.net"
89.252.162.138 - - [26/Mar/2026:23:48:16 +0300] "POST /wp-cron.php?doing_wp_cron=1774558096.0831279754638671875000 HTTP/1.1" 200 0 "-" "WordPress/6.8.5; https://polikistikover.net"
89.252.162.138 - - [26/Mar/2026:23:47:17 +0300] "POST /wp-admin/admin-ajax.php?action=async_litespeed&nonce=7IWVKcf54DmCkaXxL8KoPcbABuALAaWv&litespeed_type=imgoptm HTTP/1.1" 200 5 "-" "WordPress/6.8.5; https://polikistikover.net"
20.106.150.36 - - [26/Mar/2026:23:47:16 +0300] "POST //xmlrpc.php HTTP/1.1" 200 410 "-" "Mozilla/5.0 (Windows NT 10.0; Win64; x64) AppleWebKit/537.36 (KHTML, like Gecko) Chrome/80.0.3987.149 Safari/537.36"
20.106.150.36 - - [26/Mar/2026:23:47:32 +0300] "POST //xmlrpc.php HTTP/1.1" 200 410 "-" "Mozilla/5.0 (Windows NT 10.0; Win64; x64) AppleWebKit/537.36 (KHTML, like Gecko) Chrome/80.0.3987.149 Safari/537.36"
20.106.150.36 - - [26/Mar/2026:23:48:01 +0300] "POST //xmlrpc.php HTTP/1.1" 200 410 "-" "Mozilla/5.0 (Windows NT 10.0; Win64; x64) AppleWebKit/537.36 (KHTML, like Gecko) Chrome/80.0.3987.149 Safari/537.36"
89.252.162.138 - - [26/Mar/2026:23:48:46 +0300] "POST /wp-cron.php?doing_wp_cron=1774558126.2977530956268310546875 HTTP/1.1" 200 0 "-" "WordPress/6.8.5; https://polikistikover.net"
20.106.150.36 - - [26/Mar/2026:23:48:16 +0300] "POST //xmlrpc.php HTTP/1.1" 200 410 "-" "Mozilla/5.0 (Windows NT 10.0; Win64; x64) AppleWebKit/537.36 (KHTML, like Gecko) Chrome/80.0.3987.149 Safari/537.36"
20.106.150.36 - - [26/Mar/2026:23:48:46 +0300] "POST //xmlrpc.php HTTP/1.1" 200 410 "-" "Mozilla/5.0 (Windows NT 10.0; Win64; x64) AppleWebKit/537.36 (KHTML, like Gecko) Chrome/80.0.3987.149 Safari/537.36"
20.106.150.36 - - [26/Mar/2026:23:49:01 +0300] "POST //xmlrpc.php HTTP/1.1" 200 410 "-" "Mozilla/5.0 (Windows NT 10.0; Win64; x64) AppleWebKit/537.36 (KHTML, like Gecko) Chrome/80.0.3987.149 Safari/537.36"
20.106.150.36 - - [26/Mar/2026:23:49:31 +0300] "POST //xmlrpc.php HTTP/1.1" 200 410 "-" "Mozilla/5.0 (Windows NT 10.0; Win64; x64) AppleWebKit/537.36 (KHTML, like Gecko) Chrome/80.0.3987.149 Safari/537.36"
185.242.3.19 - - [26/Mar/2026:23:49:49 +0300] "GET //wp-content/plugins/fix/up.php HTTP/1.1" 404 796 "-" "Mozilla/5.0 (Windows NT 10.0; Win64; x64) AppleWebKit/537.36 (KHTML, like Gecko) Chrome/85.0.4183.102 Safari/537.36"
89.252.162.138 - - [26/Mar/2026:23:50:16 +0300] "POST /wp-cron.php?doing_wp_cron=1774558216.2684249877929687500000 HTTP/1.1" 200 0 "-" "WordPress/6.8.5; https://polikistikover.net"
20.106.150.36 - - [26/Mar/2026:23:49:46 +0300] "POST //xmlrpc.php HTTP/1.1" 200 410 "-" "Mozilla/5.0 (Windows NT 10.0; Win64; x64) AppleWebKit/537.36 (KHTML, like Gecko) Chrome/80.0.3987.149 Safari/537.36"
20.106.150.36 - - [26/Mar/2026:23:50:16 +0300] "POST //xmlrpc.php HTTP/1.1" 200 410 "-" "Mozilla/5.0 (Windows NT 10.0; Win64; x64) AppleWebKit/537.36 (KHTML, like Gecko) Chrome/80.0.3987.149 Safari/537.36"
20.106.150.36 - - [26/Mar/2026:23:50:31 +0300] "POST //xmlrpc.php HTTP/1.1" 200 410 "-" "Mozilla/5.0 (Windows NT 10.0; Win64; x64) AppleWebKit/537.36 (KHTML, like Gecko) Chrome/80.0.3987.149 Safari/537.36"
89.252.162.138 - - [26/Mar/2026:23:51:01 +0300] "POST /wp-admin/admin-ajax.php?action=async_litespeed&nonce=iAE120tVXKhKKIJui6gP9NM12G4b1xhc&litespeed_type=imgoptm HTTP/1.1" 200 5 "-" "WordPress/6.8.5; https://polikistikover.net"
20.106.150.36 - - [26/Mar/2026:23:51:01 +0300] "POST //xmlrpc.php HTTP/1.1" 200 410 "-" "Mozilla/5.0 (Windows NT 10.0; Win64; x64) AppleWebKit/537.36 (KHTML, like Gecko) Chrome/80.0.3987.149 Safari/537.36"
20.106.150.36 - - [26/Mar/2026:23:51:16 +0300] "POST //xmlrpc.php HTTP/1.1" 200 410 "-" "Mozilla/5.0 (Windows NT 10.0; Win64; x64) AppleWebKit/537.36 (KHTML, like Gecko) Chrome/80.0.3987.149 Safari/537.36"
89.252.162.138 - - [26/Mar/2026:23:52:01 +0300] "POST /wp-cron.php?doing_wp_cron=1774558321.2474179267883300781250 HTTP/1.1" 200 0 "-" "WordPress/6.8.5; https://polikistikover.net"
20.106.150.36 - - [26/Mar/2026:23:51:46 +0300] "POST //xmlrpc.php HTTP/1.1" 200 410 "-" "Mozilla/5.0 (Windows NT 10.0; Win64; x64) AppleWebKit/537.36 (KHTML, like Gecko) Chrome/80.0.3987.149 Safari/537.36"
89.252.162.138 - - [26/Mar/2026:23:48:47 +0300] "POST /wp-admin/admin-ajax.php?action=async_litespeed&nonce=6eeZWKNcoErD2idJCGQbD0CyXm8yNO7C&litespeed_type=imgoptm HTTP/1.1" 200 5 "-" "WordPress/6.8.5; https://polikistikover.net"
89.252.162.138 - - [26/Mar/2026:23:49:01 +0300] "POST /wp-cron.php?doing_wp_cron=1774558141.4293119907379150390625 HTTP/1.1" 200 0 "-" "WordPress/6.8.5; https://polikistikover.net"
89.252.162.138 - - [26/Mar/2026:23:49:31 +0300] "POST /wp-cron.php?doing_wp_cron=1774558171.2766358852386474609375 HTTP/1.1" 200 0 "-" "WordPress/6.8.5; https://polikistikover.net"
