89.252.162.138 - - [26/Mar/2026:23:50:17 +0300] "POST /wp-admin/admin-ajax.php?action=async_litespeed&nonce=uxTNZjoSx9YomlcIR1xH8aUVKLsDeWZi&litespeed_type=imgoptm HTTP/1.1" 200 5 "-" "WordPress/6.8.5; https://polikistikover.net"
34.186.239.231 - - [26/Mar/2026:23:50:56 +0300] "HEAD / HTTP/2" 200 0 "http://polikistikover.net/" "Mozilla/5.0 (Windows NT 10.0; Win64; x64; rv:127.0) Gecko/20100101 Firefox/127.0"
34.186.239.231 - - [26/Mar/2026:23:50:56 +0300] "HEAD /wordpress/ HTTP/2" 200 0 "http://polikistikover.net/wordpress/" "Mozilla/5.0 (Linux; Android 14; OnePlus 12) AppleWebKit/537.36 (KHTML, like Gecko) Chrome/125.0.6422.102 Mobile Safari/537.36"
34.186.239.231 - - [26/Mar/2026:23:50:57 +0300] "HEAD /blog/ HTTP/2" 404 0 "http://polikistikover.net/blog/" "Mozilla/5.0 (Windows NT 10.0; Win64; x64; rv:127.0) Gecko/20100101 Firefox/127.0"
34.186.239.231 - - [26/Mar/2026:23:50:57 +0300] "HEAD /wp/ HTTP/2" 404 0 "http://polikistikover.net/wp/" "Mozilla/5.0 (iPad; CPU OS 17_4 like Mac OS X) AppleWebKit/605.1.15 (KHTML, like Gecko) Version/17.4 Mobile/15E148 Safari/604.1"
34.186.239.231 - - [26/Mar/2026:23:50:57 +0300] "HEAD /old/ HTTP/2" 404 0 "http://polikistikover.net/old/" "Mozilla/5.0 (Windows NT 11.0; Win64; x64) AppleWebKit/537.36 (KHTML, like Gecko) Chrome/128.0.6540.18 Safari/537.36"
34.186.239.231 - - [26/Mar/2026:23:50:58 +0300] "HEAD /backup/ HTTP/2" 404 0 "http://polikistikover.net/backup/" "Mozilla/5.0 (Linux; Android 14; OnePlus 12) AppleWebKit/537.36 (KHTML, like Gecko) Chrome/125.0.6422.102 Mobile Safari/537.36"
34.186.239.231 - - [26/Mar/2026:23:50:58 +0300] "HEAD /new/ HTTP/2" 404 0 "http://polikistikover.net/new/" "Mozilla/5.0 (X11; Linux x86_64; rv:127.0) Gecko/20100101 Firefox/127.0"
89.252.162.138 - - [26/Mar/2026:23:51:01 +0300] "POST /wp-cron.php?doing_wp_cron=1774558261.0259780883789062500000 HTTP/1.1" 200 0 "-" "WordPress/6.8.5; https://polikistikover.net"
38.100.152.163 - - [26/Mar/2026:23:51:17 +0300] "GET /wp-content/uploads/2017/03/logop334ppf.png HTTP/1.1" 200 16688 "https://www.google.com/" "Mozilla/5.0 (Windows NT 10.0; Win64; x64) AppleWebKit/537.36 (KHTML, like Gecko) Chrome/131.0.0.0 Safari/537.36"
89.252.162.138 - - [26/Mar/2026:23:51:46 +0300] "POST /wp-cron.php?doing_wp_cron=1774558306.1480278968811035156250 HTTP/1.1" 200 0 "-" "WordPress/6.8.5; https://polikistikover.net"
89.252.162.138 - - [26/Mar/2026:23:52:01 +0300] "POST /wp-admin/admin-ajax.php?action=async_litespeed&nonce=bBd1Ih44QV4oJ40W8zJo7863qh1GhL6R&litespeed_type=imgoptm HTTP/1.1" 200 5 "-" "WordPress/6.8.5; https://polikistikover.net"
89.252.162.138 - - [26/Mar/2026:23:52:31 +0300] "POST /wp-cron.php?doing_wp_cron=1774558351.1800820827484130859375 HTTP/1.1" 200 0 "-" "WordPress/6.8.5; https://polikistikover.net"
198.98.48.6 - - [26/Mar/2026:23:52:52 +0300] "GET /wp-login.php HTTP/1.1" 200 3152 "-" "Mozilla/5.0 (Windows NT 10.0; Win64; x64) AppleWebKit/537.36 (KHTML, like Gecko) Chrome/134.0.0.0 Safari/537.36"
89.252.162.138 - - [26/Mar/2026:23:53:10 +0300] "POST /yeni/wp-cron.php?doing_wp_cron=1774558390.1509439945220947265625 HTTP/1.1" 200 0 "-" "WordPress/6.9.4; https://polikistikover.net/yeni"
89.252.162.138 - - [26/Mar/2026:23:53:16 +0300] "POST /wp-admin/admin-ajax.php?action=async_litespeed&nonce=SqKjvvrWComfTGbuer0oRJEi7zTwOTlH&litespeed_type=imgoptm HTTP/1.1" 200 5 "-" "WordPress/6.8.5; https://polikistikover.net"
20.106.150.36 - - [26/Mar/2026:23:52:01 +0300] "POST //xmlrpc.php HTTP/1.1" 200 410 "-" "Mozilla/5.0 (Windows NT 10.0; Win64; x64) AppleWebKit/537.36 (KHTML, like Gecko) Chrome/80.0.3987.149 Safari/537.36"
20.106.150.36 - - [26/Mar/2026:23:52:31 +0300] "POST //xmlrpc.php HTTP/1.1" 200 410 "-" "Mozilla/5.0 (Windows NT 10.0; Win64; x64) AppleWebKit/537.36 (KHTML, like Gecko) Chrome/80.0.3987.149 Safari/537.36"
78.163.113.238 - - [26/Mar/2026:23:52:46 +0300] "GET /yeni/ HTTP/1.1" 200 0 "https://www.polikistikover.net/" "Mozilla/5.0 (Linux; Android 10; K) AppleWebKit/537.36 (KHTML, like Gecko) Chrome/146.0.0.0 Mobile Safari/537.36"
78.163.113.238 - - [26/Mar/2026:23:53:04 +0300] "GET / HTTP/1.1" 304 0 "https://www.google.com/" "Mozilla/5.0 (Linux; Android 10; K) AppleWebKit/537.36 (KHTML, like Gecko) Chrome/146.0.0.0 Mobile Safari/537.36"
78.163.113.238 - - [26/Mar/2026:23:53:04 +0300] "GET /yeni/ HTTP/1.1" 200 17723 "https://www.polikistikover.net/" "Mozilla/5.0 (Linux; Android 10; K) AppleWebKit/537.36 (KHTML, like Gecko) Chrome/146.0.0.0 Mobile Safari/537.36"
89.252.162.138 - - [26/Mar/2026:23:53:16 +0300] "POST /wp-cron.php?doing_wp_cron=1774558396.2671530246734619140625 HTTP/1.1" 200 0 "-" "WordPress/6.8.5; https://polikistikover.net"
20.106.150.36 - - [26/Mar/2026:23:52:46 +0300] "POST //xmlrpc.php HTTP/1.1" 200 410 "-" "Mozilla/5.0 (Windows NT 10.0; Win64; x64) AppleWebKit/537.36 (KHTML, like Gecko) Chrome/80.0.3987.149 Safari/537.36"
20.106.150.36 - - [26/Mar/2026:23:53:16 +0300] "POST //xmlrpc.php HTTP/1.1" 200 410 "-" "Mozilla/5.0 (Windows NT 10.0; Win64; x64) AppleWebKit/537.36 (KHTML, like Gecko) Chrome/80.0.3987.149 Safari/537.36"
185.191.171.15 - - [26/Mar/2026:23:53:33 +0300] "GET /robots.txt HTTP/1.1" 404 796 "-" "Mozilla/5.0 (compatible; SemrushBot/7~bl; +http://www.semrush.com/bot.html)"
89.252.162.138 - - [26/Mar/2026:23:53:37 +0300] "POST /yeni/wp-cron.php?doing_wp_cron=1774558416.9902250766754150390625 HTTP/1.1" 200 0 "-" "WordPress/6.9.4; https://polikistikover.net/yeni"
85.208.96.205 - - [26/Mar/2026:23:53:36 +0300] "GET /yeni/dihidrotestosteron-dht-ve-tuylenme-artisi/ HTTP/1.1" 200 13153 "-" "Mozilla/5.0 (compatible; SemrushBot/7~bl; +http://www.semrush.com/bot.html)"
185.25.103.41 - - [26/Mar/2026:23:53:54 +0300] "GET /comments/feed/ HTTP/1.1" 404 796 "-" "Mozilla/5.0 (Windows NT 6.1; WOW64; rv:7.0.1) Gecko/20100101 Firefox/7.0.1"
89.252.162.138 - - [26/Mar/2026:23:54:01 +0300] "POST /wp-cron.php?doing_wp_cron=1774558441.3469409942626953125000 HTTP/1.1" 200 0 "-" "WordPress/6.8.5; https://polikistikover.net"
20.106.150.36 - - [26/Mar/2026:23:53:31 +0300] "POST //xmlrpc.php HTTP/1.1" 200 410 "-" "Mozilla/5.0 (Windows NT 10.0; Win64; x64) AppleWebKit/537.36 (KHTML, like Gecko) Chrome/80.0.3987.149 Safari/537.36"
20.106.150.36 - - [26/Mar/2026:23:54:01 +0300] "POST //xmlrpc.php HTTP/1.1" 200 410 "-" "Mozilla/5.0 (Windows NT 10.0; Win64; x64) AppleWebKit/537.36 (KHTML, like Gecko) Chrome/80.0.3987.149 Safari/537.36"
20.106.150.36 - - [26/Mar/2026:23:54:16 +0300] "POST //xmlrpc.php HTTP/1.1" 200 410 "-" "Mozilla/5.0 (Windows NT 10.0; Win64; x64) AppleWebKit/537.36 (KHTML, like Gecko) Chrome/80.0.3987.149 Safari/537.36"
20.106.150.36 - - [26/Mar/2026:23:54:46 +0300] "POST //xmlrpc.php HTTP/1.1" 200 410 "-" "Mozilla/5.0 (Windows NT 10.0; Win64; x64) AppleWebKit/537.36 (KHTML, like Gecko) Chrome/80.0.3987.149 Safari/537.36"
89.252.162.138 - - [26/Mar/2026:23:55:02 +0300] "POST /wp-admin/admin-ajax.php?action=async_litespeed&nonce=O4j2kGDO48LECAMGa8Xc3BfKWpoXtvKB&litespeed_type=imgoptm HTTP/1.1" 200 5 "-" "WordPress/6.8.5; https://polikistikover.net"
20.106.150.36 - - [26/Mar/2026:23:55:01 +0300] "POST //xmlrpc.php HTTP/1.1" 200 410 "-" "Mozilla/5.0 (Windows NT 10.0; Win64; x64) AppleWebKit/537.36 (KHTML, like Gecko) Chrome/80.0.3987.149 Safari/537.36"
20.106.150.36 - - [26/Mar/2026:23:55:31 +0300] "POST //xmlrpc.php HTTP/1.1" 200 410 "-" "Mozilla/5.0 (Windows NT 10.0; Win64; x64) AppleWebKit/537.36 (KHTML, like Gecko) Chrome/80.0.3987.149 Safari/537.36"
47.128.56.71 - - [26/Mar/2026:23:55:47 +0300] "GET /robots.txt HTTP/1.1" 404 796 "-" "Mozilla/5.0 (Linux; Android 5.0) AppleWebKit/537.36 (KHTML, like Gecko) Mobile Safari/537.36 (compatible; Bytespider; spider-feedback@bytedance.com)"
89.252.162.138 - - [26/Mar/2026:23:56:16 +0300] "POST /wp-cron.php?doing_wp_cron=1774558576.1562700271606445312500 HTTP/1.1" 200 0 "-" "WordPress/6.8.5; https://polikistikover.net"
20.106.150.36 - - [26/Mar/2026:23:55:46 +0300] "POST //xmlrpc.php HTTP/1.1" 200 410 "-" "Mozilla/5.0 (Windows NT 10.0; Win64; x64) AppleWebKit/537.36 (KHTML, like Gecko) Chrome/80.0.3987.149 Safari/537.36"
89.252.162.138 - - [26/Mar/2026:23:56:16 +0300] "POST /wp-admin/admin-ajax.php?action=async_litespeed&nonce=nqp2CubIA6ysexj5HL7RVYmUN7uKUEvT&litespeed_type=imgoptm HTTP/1.1" 200 5 "-" "WordPress/6.8.5; https://polikistikover.net"
20.106.150.36 - - [26/Mar/2026:23:56:16 +0300] "POST //xmlrpc.php HTTP/1.1" 200 410 "-" "Mozilla/5.0 (Windows NT 10.0; Win64; x64) AppleWebKit/537.36 (KHTML, like Gecko) Chrome/80.0.3987.149 Safari/537.36"
20.106.150.36 - - [26/Mar/2026:23:56:31 +0300] "POST //xmlrpc.php HTTP/1.1" 200 410 "-" "Mozilla/5.0 (Windows NT 10.0; Win64; x64) AppleWebKit/537.36 (KHTML, like Gecko) Chrome/80.0.3987.149 Safari/537.36"
89.252.162.138 - - [26/Mar/2026:23:57:16 +0300] "POST /wp-cron.php?doing_wp_cron=1774558636.2865231037139892578125 HTTP/1.1" 200 0 "-" "WordPress/6.8.5; https://polikistikover.net"
20.106.150.36 - - [26/Mar/2026:23:57:01 +0300] "POST //xmlrpc.php HTTP/1.1" 200 410 "-" "Mozilla/5.0 (Windows NT 10.0; Win64; x64) AppleWebKit/537.36 (KHTML, like Gecko) Chrome/80.0.3987.149 Safari/537.36"
20.106.150.36 - - [26/Mar/2026:23:57:16 +0300] "POST //xmlrpc.php HTTP/1.1" 200 410 "-" "Mozilla/5.0 (Windows NT 10.0; Win64; x64) AppleWebKit/537.36 (KHTML, like Gecko) Chrome/80.0.3987.149 Safari/537.36"
20.106.150.36 - - [26/Mar/2026:23:57:46 +0300] "POST //xmlrpc.php HTTP/1.1" 200 410 "-" "Mozilla/5.0 (Windows NT 10.0; Win64; x64) AppleWebKit/537.36 (KHTML, like Gecko) Chrome/80.0.3987.149 Safari/537.36"
89.252.162.138 - - [26/Mar/2026:23:58:16 +0300] "POST /wp-admin/admin-ajax.php?action=async_litespeed&nonce=lf3mnl2UZnH8BiJQ6JZhR7h7vibZqYds&litespeed_type=imgoptm HTTP/1.1" 200 5 "-" "WordPress/6.8.5; https://polikistikover.net"
20.106.150.36 - - [26/Mar/2026:23:58:16 +0300] "POST //xmlrpc.php HTTP/1.1" 200 410 "-" "Mozilla/5.0 (Windows NT 10.0; Win64; x64) AppleWebKit/537.36 (KHTML, like Gecko) Chrome/80.0.3987.149 Safari/537.36"
20.106.150.36 - - [26/Mar/2026:23:58:46 +0300] "POST //xmlrpc.php HTTP/1.1" 200 410 "-" "Mozilla/5.0 (Windows NT 10.0; Win64; x64) AppleWebKit/537.36 (KHTML, like Gecko) Chrome/80.0.3987.149 Safari/537.36"
89.252.162.138 - - [26/Mar/2026:23:59:16 +0300] "POST /wp-admin/admin-ajax.php?action=async_litespeed&nonce=ywIfxiuhk8aDPjmdNO3ZY9mHtYHeiTgD&litespeed_type=imgoptm HTTP/1.1" 200 5 "-" "WordPress/6.8.5; https://polikistikover.net"
20.63.96.180 - - [26/Mar/2026:23:59:38 +0300] "GET /wp-content/plugins/hellopress/wp_filemanager.php HTTP/1.1" 404 796 "-" "-"
20.63.96.180 - - [26/Mar/2026:23:59:38 +0300] "GET /class-t.api.php HTTP/1.1" 404 796 "-" "-"
20.63.96.180 - - [26/Mar/2026:23:59:38 +0300] "GET /zwso.php HTTP/1.1" 404 796 "-" "-"
20.63.96.180 - - [26/Mar/2026:23:59:38 +0300] "GET /wp-admin/css/colors/blue/index.php HTTP/1.1" 404 796 "-" "-"
20.63.96.180 - - [26/Mar/2026:23:59:39 +0300] "GET /class19.php HTTP/1.1" 404 796 "-" "-"
20.63.96.180 - - [26/Mar/2026:23:59:39 +0300] "GET /class20.php HTTP/1.1" 404 796 "-" "-"
20.63.96.180 - - [26/Mar/2026:23:59:40 +0300] "GET /admin.php?p= HTTP/1.1" 200 0 "-" "-"
20.63.96.180 - - [26/Mar/2026:23:59:40 +0300] "GET /randkeyword.php HTTP/1.1" 404 796 "-" "-"
20.63.96.180 - - [26/Mar/2026:23:59:40 +0300] "GET /fwe.php HTTP/1.1" 404 796 "-" "-"
20.63.96.180 - - [26/Mar/2026:23:59:41 +0300] "GET /images/m.php HTTP/1.1" 404 796 "-" "-"
20.63.96.180 - - [26/Mar/2026:23:59:41 +0300] "GET /g.php HTTP/1.1" 404 796 "-" "-"
20.63.96.180 - - [26/Mar/2026:23:59:42 +0300] "GET /tx1.php HTTP/1.1" 404 796 "-" "-"
20.63.96.180 - - [26/Mar/2026:23:59:42 +0300] "GET /xv.php HTTP/1.1" 404 796 "-" "-"
20.63.96.180 - - [26/Mar/2026:23:59:42 +0300] "GET /x56.php HTTP/1.1" 404 796 "-" "-"
20.63.96.180 - - [26/Mar/2026:23:59:43 +0300] "GET /htaccess.php HTTP/1.1" 404 796 "-" "-"
20.63.96.180 - - [26/Mar/2026:23:59:43 +0300] "GET /readme.php HTTP/1.1" 404 796 "-" "-"
20.63.96.180 - - [26/Mar/2026:23:59:43 +0300] "GET /x50.php HTTP/1.1" 404 796 "-" "-"
20.63.96.180 - - [26/Mar/2026:23:59:44 +0300] "GET /fv.php HTTP/1.1" 404 796 "-" "-"
20.63.96.180 - - [26/Mar/2026:23:59:44 +0300] "GET /file.php HTTP/1.1" 404 796 "-" "-"
20.63.96.180 - - [26/Mar/2026:23:59:44 +0300] "GET /lsd.php HTTP/1.1" 404 796 "-" "-"
20.63.96.180 - - [26/Mar/2026:23:59:45 +0300] "GET /as.php HTTP/1.1" 404 796 "-" "-"
20.63.96.180 - - [26/Mar/2026:23:59:45 +0300] "GET /wsd.php HTTP/1.1" 404 796 "-" "-"
20.63.96.180 - - [26/Mar/2026:23:59:45 +0300] "GET /gtc.php HTTP/1.1" 404 796 "-" "-"
20.106.150.36 - - [26/Mar/2026:23:59:16 +0300] "POST //xmlrpc.php HTTP/1.1" 200 410 "-" "Mozilla/5.0 (Windows NT 10.0; Win64; x64) AppleWebKit/537.36 (KHTML, like Gecko) Chrome/80.0.3987.149 Safari/537.36"
20.63.96.180 - - [26/Mar/2026:23:59:46 +0300] "GET /atx.php HTTP/1.1" 404 796 "-" "-"
20.63.96.180 - - [26/Mar/2026:23:59:47 +0300] "GET /z60.php HTTP/1.1" 404 796 "-" "-"
20.63.96.180 - - [26/Mar/2026:23:59:47 +0300] "GET /403.php HTTP/1.1" 404 796 "-" "-"
20.63.96.180 - - [26/Mar/2026:23:59:47 +0300] "GET /m.php HTTP/1.1" 404 796 "-" "-"
20.63.96.180 - - [26/Mar/2026:23:59:48 +0300] "GET /themes.php HTTP/1.1" 404 796 "-" "-"
20.63.96.180 - - [26/Mar/2026:23:59:48 +0300] "GET /wp-admin/maint/about.php HTTP/1.1" 404 796 "-" "-"
20.63.96.180 - - [26/Mar/2026:23:59:48 +0300] "GET /wp-admin/network/wp-conflg.php?p= HTTP/1.1" 404 796 "-" "-"
20.63.96.180 - - [26/Mar/2026:23:59:49 +0300] "GET /click.php HTTP/1.1" 404 796 "-" "-"
20.63.96.180 - - [26/Mar/2026:23:59:50 +0300] "GET /install.php HTTP/1.1" 404 796 "-" "-"
20.63.96.180 - - [26/Mar/2026:23:59:50 +0300] "GET /lv.php HTTP/1.1" 404 796 "-" "-"
20.63.96.180 - - [26/Mar/2026:23:59:50 +0300] "GET /simple.php HTTP/1.1" 404 796 "-" "-"
20.63.96.180 - - [26/Mar/2026:23:59:51 +0300] "GET /css.php HTTP/1.1" 404 796 "-" "-"
20.63.96.180 - - [26/Mar/2026:23:59:51 +0300] "GET /cong.php HTTP/1.1" 404 796 "-" "-"
20.63.96.180 - - [26/Mar/2026:23:59:51 +0300] "GET /wp-includes/images/wp-login.php HTTP/1.1" 404 796 "-" "-"
20.63.96.180 - - [26/Mar/2026:23:59:52 +0300] "GET /cong.php HTTP/1.1" 404 796 "-" "-"
20.63.96.180 - - [26/Mar/2026:23:59:52 +0300] "GET /w.php HTTP/1.1" 404 796 "-" "-"
20.63.96.180 - - [26/Mar/2026:23:59:52 +0300] "GET /404.php HTTP/1.1" 404 796 "-" "-"
20.63.96.180 - - [26/Mar/2026:23:59:53 +0300] "GET /ioxi-o.php HTTP/1.1" 404 796 "-" "-"
20.63.96.180 - - [26/Mar/2026:23:59:53 +0300] "GET /0x.php HTTP/1.1" 404 796 "-" "-"
20.63.96.180 - - [26/Mar/2026:23:59:53 +0300] "GET /css.php HTTP/1.1" 404 796 "-" "-"
20.63.96.180 - - [26/Mar/2026:23:59:54 +0300] "GET /222.php HTTP/1.1" 404 796 "-" "-"
20.63.96.180 - - [26/Mar/2026:23:59:54 +0300] "GET /wp-content/index.php HTTP/1.1" 200 0 "-" "-"
20.63.96.180 - - [26/Mar/2026:23:59:54 +0300] "GET /admin.php HTTP/1.1" 200 0 "-" "-"
20.63.96.180 - - [26/Mar/2026:23:59:55 +0300] "GET /wp-admin/maint/maint.php HTTP/1.1" 404 796 "-" "-"
20.63.96.180 - - [26/Mar/2026:23:59:55 +0300] "GET /classwithtostring.php HTTP/1.1" 404 796 "-" "-"
20.63.96.180 - - [26/Mar/2026:23:59:55 +0300] "GET /abcd.php HTTP/1.1" 404 796 "-" "-"
20.63.96.180 - - [26/Mar/2026:23:59:56 +0300] "GET /autoload_classmap.php?p= HTTP/1.1" 404 796 "-" "-"
20.63.96.180 - - [26/Mar/2026:23:59:56 +0300] "GET /inputs.php HTTP/1.1" 404 796 "-" "-"
20.63.96.180 - - [26/Mar/2026:23:59:56 +0300] "GET /about.php HTTP/1.1" 404 796 "-" "-"
20.63.96.180 - - [26/Mar/2026:23:59:57 +0300] "GET /alfa.php HTTP/1.1" 404 796 "-" "-"
20.63.96.180 - - [26/Mar/2026:23:59:57 +0300] "GET /themes/twentytwentytwo/index.php HTTP/1.1" 404 796 "-" "-"
20.63.96.180 - - [26/Mar/2026:23:59:57 +0300] "GET /wp-admin/js/wp-conflg.php?p= HTTP/1.1" 404 796 "-" "-"
20.63.96.180 - - [26/Mar/2026:23:59:58 +0300] "GET /wp-admin/wp-conflg.php?p= HTTP/1.1" 404 796 "-" "-"
20.63.96.180 - - [26/Mar/2026:23:59:58 +0300] "GET /wp-admin/css/wp-conflg.php?p= HTTP/1.1" 404 796 "-" "-"
20.63.96.180 - - [26/Mar/2026:23:59:58 +0300] "GET /manager.php?p= HTTP/1.1" 404 796 "-" "-"
20.63.96.180 - - [26/Mar/2026:23:59:58 +0300] "GET /item.php HTTP/1.1" 404 796 "-" "-"
20.63.96.180 - - [26/Mar/2026:23:59:59 +0300] "GET /plugins/Cache/footer.php HTTP/1.1" 404 796 "-" "-"
20.63.96.180 - - [27/Mar/2026:00:00:00 +0300] "GET /404.php HTTP/1.1" 404 796 "-" "-"
20.63.96.180 - - [27/Mar/2026:00:00:00 +0300] "GET /mail.php HTTP/1.1" 404 796 "-" "-"
20.63.96.180 - - [27/Mar/2026:00:00:00 +0300] "GET /wp-content/plugins/index.php HTTP/1.1" 200 0 "-" "-"
20.63.96.180 - - [27/Mar/2026:00:00:00 +0300] "GET /sx.php HTTP/1.1" 404 796 "-" "-"
20.63.96.180 - - [27/Mar/2026:00:00:01 +0300] "GET /wp-admin/maint/admin.php HTTP/1.1" 404 796 "-" "-"
89.252.162.138 - - [27/Mar/2026:00:00:01 +0300] "POST /yeni/wp-cron.php?doing_wp_cron=1774558801.5475780963897705078125 HTTP/1.1" 200 0 "-" "WordPress/6.9.4; https://polikistikover.net/yeni"
20.63.96.180 - - [27/Mar/2026:00:00:01 +0300] "GET /alfa.php HTTP/1.1" 404 796 "-" "-"
20.63.96.180 - - [27/Mar/2026:00:00:01 +0300] "GET /1.php HTTP/1.1" 404 796 "-" "-"
20.63.96.180 - - [27/Mar/2026:00:00:02 +0300] "GET /byp.php HTTP/1.1" 404 796 "-" "-"
89.252.162.138 - - [27/Mar/2026:00:00:03 +0300] "POST /wp-cron.php?doing_wp_cron=1774558803.3674728870391845703125 HTTP/1.1" 200 0 "-" "WordPress/6.8.5; https://polikistikover.net"
20.63.96.180 - - [27/Mar/2026:00:00:02 +0300] "GET /wp-trackback.php HTTP/1.1" 404 152 "-" "-"
20.63.96.180 - - [27/Mar/2026:00:00:03 +0300] "GET /.well-known/index.php HTTP/1.1" 200 0 "-" "-"
20.63.96.180 - - [27/Mar/2026:00:00:04 +0300] "GET /wp-admin/network/plugins.php HTTP/1.1" 302 0 "-" "-"
20.63.96.180 - - [27/Mar/2026:00:00:05 +0300] "GET /wp-login.php?redirect_to=https%3A%2F%2Fpolikistikover.net%2Fwp-admin%2Fnetwork%2Fplugins.php&reauth=1 HTTP/1.1" 200 10750 "-" "-"
20.63.96.180 - - [27/Mar/2026:00:00:07 +0300] "GET /wp-admin/about.php HTTP/1.1" 302 0 "-" "-"
20.63.96.180 - - [27/Mar/2026:00:00:07 +0300] "GET /wp-login.php?redirect_to=https%3A%2F%2Fpolikistikover.net%2Fwp-admin%2Fabout.php&reauth=1 HTTP/1.1" 200 10730 "-" "-"
20.63.96.180 - - [27/Mar/2026:00:00:09 +0300] "GET /gmo.php HTTP/1.1" 404 796 "-" "-"
20.63.96.180 - - [27/Mar/2026:00:00:09 +0300] "GET /wp-includes/ID3/about.php HTTP/1.1" 404 796 "-" "-"
20.63.96.180 - - [27/Mar/2026:00:00:10 +0300] "GET /css/index.php HTTP/1.1" 404 796 "-" "-"
20.63.96.180 - - [27/Mar/2026:00:00:10 +0300] "GET /wp-includes/SimplePie/wp-login.php HTTP/1.1" 404 796 "-" "-"
20.63.96.180 - - [27/Mar/2026:00:00:10 +0300] "GET /wp-content/themes/about.php HTTP/1.1" 404 796 "-" "-"
20.63.96.180 - - [27/Mar/2026:00:00:11 +0300] "GET /filemanager/dialog.php HTTP/1.1" 404 796 "-" "-"
20.63.96.180 - - [27/Mar/2026:00:00:11 +0300] "GET /wp-admin/maint/index.php HTTP/1.1" 404 796 "-" "-"
20.63.96.180 - - [27/Mar/2026:00:00:11 +0300] "GET /wp-includes/customize/about.php HTTP/1.1" 404 796 "-" "-"
20.63.96.180 - - [27/Mar/2026:00:00:12 +0300] "GET /index/function.php HTTP/1.1" 404 796 "-" "-"
20.63.96.180 - - [27/Mar/2026:00:00:12 +0300] "GET /uploads/autoload_classmap.php HTTP/1.1" 404 796 "-" "-"
20.63.96.180 - - [27/Mar/2026:00:00:12 +0300] "GET /wp-includes/style-engine/about.php HTTP/1.1" 404 796 "-" "-"
20.63.96.180 - - [27/Mar/2026:00:00:13 +0300] "GET /ww1.php HTTP/1.1" 404 796 "-" "-"
20.63.96.180 - - [27/Mar/2026:00:00:13 +0300] "GET /about/function.php HTTP/1.1" 404 796 "-" "-"
20.63.96.180 - - [27/Mar/2026:00:00:13 +0300] "GET /admin/function.php HTTP/1.1" 404 796 "-" "-"
20.63.96.180 - - [27/Mar/2026:00:00:14 +0300] "GET /.well-known/acme-challenge/index.php HTTP/1.1" 200 0 "-" "-"
20.63.96.180 - - [27/Mar/2026:00:00:14 +0300] "GET /css/colors/blue/index.php HTTP/1.1" 404 796 "-" "-"
20.63.96.180 - - [27/Mar/2026:00:00:14 +0300] "GET /security.php HTTP/1.1" 404 796 "-" "-"
20.63.96.180 - - [27/Mar/2026:00:00:15 +0300] "GET /wp-admin/user/about.php HTTP/1.1" 302 0 "-" "-"
20.106.150.36 - - [26/Mar/2026:23:59:46 +0300] "POST //xmlrpc.php HTTP/1.1" 200 410 "-" "Mozilla/5.0 (Windows NT 10.0; Win64; x64) AppleWebKit/537.36 (KHTML, like Gecko) Chrome/80.0.3987.149 Safari/537.36"
20.63.96.180 - - [27/Mar/2026:00:00:17 +0300] "GET /wp-login.php?redirect_to=https%3A%2F%2Fpolikistikover.net%2Fwp-admin%2Fuser%2Fabout.php&reauth=1 HTTP/1.1" 200 10740 "-" "-"
20.63.96.180 - - [27/Mar/2026:00:00:18 +0300] "GET /wp-admin/js/index.php HTTP/1.1" 404 796 "-" "-"
20.63.96.180 - - [27/Mar/2026:00:00:19 +0300] "GET /wp-content/upgrade/about.php HTTP/1.1" 404 796 "-" "-"
20.63.96.180 - - [27/Mar/2026:00:00:19 +0300] "GET /wp-includes/assets/index.php HTTP/1.1" 404 796 "-" "-"
20.63.96.180 - - [27/Mar/2026:00:00:19 +0300] "GET /wp-content/radio.php HTTP/1.1" 404 796 "-" "-"
20.63.96.180 - - [27/Mar/2026:00:00:20 +0300] "GET /wp-includes/fonts/index.php?p= HTTP/1.1" 404 796 "-" "-"
20.63.96.180 - - [27/Mar/2026:00:00:20 +0300] "GET /.well-known/admin.php HTTP/1.1" 404 796 "-" "-"
20.151.201.236 - - [27/Mar/2026:00:00:20 +0300] "GET /wp-content/plugins/hellopress/wp_filemanager.php HTTP/1.1" 404 796 "-" "-"
20.63.96.180 - - [27/Mar/2026:00:00:20 +0300] "GET /wp-content/admin.php HTTP/1.1" 404 796 "-" "-"
20.151.201.236 - - [27/Mar/2026:00:00:20 +0300] "GET /class.php HTTP/1.1" 404 796 "-" "-"
20.63.96.180 - - [27/Mar/2026:00:00:21 +0300] "GET /wp-content/plugins/admin.php HTTP/1.1" 404 796 "-" "-"
20.151.201.236 - - [27/Mar/2026:00:00:21 +0300] "GET /as.php HTTP/1.1" 404 796 "-" "-"
20.63.96.180 - - [27/Mar/2026:00:00:21 +0300] "GET /wp-content/themes/twentytwentytwo/index.php?p= HTTP/1.1" 200 0 "-" "-"
20.151.201.236 - - [27/Mar/2026:00:00:21 +0300] "GET /test1.php HTTP/1.1" 404 796 "-" "-"
20.63.96.180 - - [27/Mar/2026:00:00:21 +0300] "GET /.well-known/log.php HTTP/1.1" 404 796 "-" "-"
20.151.201.236 - - [27/Mar/2026:00:00:21 +0300] "GET /admin.php?p= HTTP/1.1" 200 0 "-" "-"
20.63.96.180 - - [27/Mar/2026:00:00:21 +0300] "GET /class.php HTTP/1.1" 404 796 "-" "-"
20.151.201.236 - - [27/Mar/2026:00:00:22 +0300] "GET /aa.php HTTP/1.1" 404 796 "-" "-"
20.63.96.180 - - [27/Mar/2026:00:00:22 +0300] "GET /bless5.php HTTP/1.1" 404 796 "-" "-"
20.151.201.236 - - [27/Mar/2026:00:00:22 +0300] "GET /config.php HTTP/1.1" 404 796 "-" "-"
20.63.96.180 - - [27/Mar/2026:00:00:22 +0300] "GET /wp-includes/js/codemirror/index.php HTTP/1.1" 404 796 "-" "-"
20.151.201.236 - - [27/Mar/2026:00:00:22 +0300] "GET /fw.php HTTP/1.1" 404 796 "-" "-"
20.63.96.180 - - [27/Mar/2026:00:00:22 +0300] "GET /wp-includes/block-patterns/index.php HTTP/1.1" 404 796 "-" "-"
20.151.201.236 - - [27/Mar/2026:00:00:23 +0300] "GET /post.php HTTP/1.1" 404 796 "-" "-"
20.63.96.180 - - [27/Mar/2026:00:00:23 +0300] "GET /lock360.php HTTP/1.1" 404 796 "-" "-"
20.151.201.236 - - [27/Mar/2026:00:00:23 +0300] "GET /fm.php HTTP/1.1" 404 796 "-" "-"
20.63.96.180 - - [27/Mar/2026:00:00:23 +0300] "GET /f35.php HTTP/1.1" 404 796 "-" "-"
20.151.201.236 - - [27/Mar/2026:00:00:23 +0300] "GET /wp-content/plugins/seoplugins/index.php HTTP/1.1" 404 796 "-" "-"
20.63.96.180 - - [27/Mar/2026:00:00:23 +0300] "GET /ioxi-o1.php HTTP/1.1" 404 796 "-" "-"
20.151.201.236 - - [27/Mar/2026:00:00:24 +0300] "GET /ini.php HTTP/1.1" 404 796 "-" "-"
20.63.96.180 - - [27/Mar/2026:00:00:24 +0300] "GET /juuuu.php HTTP/1.1" 404 796 "-" "-"
20.151.201.236 - - [27/Mar/2026:00:00:24 +0300] "GET /wp-admin/chosen.php HTTP/1.1" 404 796 "-" "-"
20.63.96.180 - - [27/Mar/2026:00:00:24 +0300] "GET /ha.php HTTP/1.1" 404 796 "-" "-"
20.63.96.180 - - [27/Mar/2026:00:00:25 +0300] "GET /gg.php HTTP/1.1" 404 796 "-" "-"
20.151.201.236 - - [27/Mar/2026:00:00:24 +0300] "GET /info.php HTTP/1.1" 200 83347 "-" "-"
20.151.201.236 - - [27/Mar/2026:00:00:25 +0300] "GET /themes.php HTTP/1.1" 404 796 "-" "-"
20.151.201.236 - - [27/Mar/2026:00:00:25 +0300] "GET /index/function.php HTTP/1.1" 404 796 "-" "-"
20.63.96.180 - - [27/Mar/2026:00:00:25 +0300] "GET /we2.php HTTP/1.1" 404 796 "-" "-"
20.151.201.236 - - [27/Mar/2026:00:00:26 +0300] "GET /css.php HTTP/1.1" 404 796 "-" "-"
20.63.96.180 - - [27/Mar/2026:00:00:26 +0300] "GET /04.php HTTP/1.1" 404 796 "-" "-"
20.151.201.236 - - [27/Mar/2026:00:00:26 +0300] "GET /byp.php HTTP/1.1" 404 796 "-" "-"
20.63.96.180 - - [27/Mar/2026:00:00:26 +0300] "GET /333.php HTTP/1.1" 404 796 "-" "-"
20.63.96.180 - - [27/Mar/2026:00:00:26 +0300] "GET /520.php HTTP/1.1" 404 796 "-" "-"
20.63.96.180 - - [27/Mar/2026:00:00:27 +0300] "GET /ar.php HTTP/1.1" 404 796 "-" "-"
20.151.201.236 - - [27/Mar/2026:00:00:26 +0300] "GET /wp-admin/install.php HTTP/1.1" 200 1321 "-" "-"
20.63.96.180 - - [27/Mar/2026:00:00:27 +0300] "GET /x.php HTTP/1.1" 404 796 "-" "-"
20.151.201.236 - - [27/Mar/2026:00:00:27 +0300] "GET /cgi-bin/1.php HTTP/1.1" 404 796 "-" "-"
20.151.201.236 - - [27/Mar/2026:00:00:27 +0300] "GET /cgi-bin/admin.php HTTP/1.1" 404 796 "-" "-"
20.63.96.180 - - [27/Mar/2026:00:00:28 +0300] "GET /xx.php HTTP/1.1" 404 796 "-" "-"
20.151.201.236 - - [27/Mar/2026:00:00:28 +0300] "GET /wp-content/plugins/pwnd/gecko.php HTTP/1.1" 404 796 "-" "-"
20.63.96.180 - - [27/Mar/2026:00:00:28 +0300] "GET /gifclass4.php HTTP/1.1" 404 796 "-" "-"
20.151.201.236 - - [27/Mar/2026:00:00:28 +0300] "GET /wp-admin/network/lock.php HTTP/1.1" 404 796 "-" "-"
20.63.96.180 - - [27/Mar/2026:00:00:28 +0300] "GET /2clas.php HTTP/1.1" 404 796 "-" "-"
20.151.201.236 - - [27/Mar/2026:00:00:29 +0300] "GET /assets/item.php HTTP/1.1" 404 796 "-" "-"
20.63.96.180 - - [27/Mar/2026:00:00:29 +0300] "GET /ave.php HTTP/1.1" 404 796 "-" "-"
20.151.201.236 - - [27/Mar/2026:00:00:29 +0300] "GET /cgi-bin/xmrlpc.php HTTP/1.1" 404 796 "-" "-"
20.63.96.180 - - [27/Mar/2026:00:00:29 +0300] "GET /wrt.php HTTP/1.1" 404 796 "-" "-"
20.151.201.236 - - [27/Mar/2026:00:00:29 +0300] "GET /assets/admin.php HTTP/1.1" 404 796 "-" "-"
20.63.96.180 - - [27/Mar/2026:00:00:29 +0300] "GET /bibil.php HTTP/1.1" 404 796 "-" "-"
20.151.201.236 - - [27/Mar/2026:00:00:30 +0300] "GET /cgi-bin/moon.php HTTP/1.1" 404 796 "-" "-"
20.63.96.180 - - [27/Mar/2026:00:00:30 +0300] "GET /radio.php HTTP/1.1" 404 796 "-" "-"
20.151.201.236 - - [27/Mar/2026:00:00:30 +0300] "GET /radio.php HTTP/1.1" 404 796 "-" "-"
20.63.96.180 - - [27/Mar/2026:00:00:30 +0300] "GET /files.php HTTP/1.1" 404 796 "-" "-"
20.151.201.236 - - [27/Mar/2026:00:00:30 +0300] "GET /user.php HTTP/1.1" 404 796 "-" "-"
20.63.96.180 - - [27/Mar/2026:00:00:30 +0300] "GET /file7.php HTTP/1.1" 404 796 "-" "-"
20.151.201.236 - - [27/Mar/2026:00:00:30 +0300] "GET /about.php HTTP/1.1" 404 796 "-" "-"
20.63.96.180 - - [27/Mar/2026:00:00:31 +0300] "GET /gifclass.php HTTP/1.1" 404 796 "-" "-"
20.151.201.236 - - [27/Mar/2026:00:00:31 +0300] "GET /filemanager.php HTTP/1.1" 404 796 "-" "-"
20.63.96.180 - - [27/Mar/2026:00:00:31 +0300] "GET /wp-admin/css/colors/midnight/about.php HTTP/1.1" 404 796 "-" "-"
20.151.201.236 - - [27/Mar/2026:00:00:31 +0300] "GET /dropdown.php HTTP/1.1" 404 796 "-" "-"
20.63.96.180 - - [27/Mar/2026:00:00:31 +0300] "GET /nox.php HTTP/1.1" 404 796 "-" "-"
20.151.201.236 - - [27/Mar/2026:00:00:31 +0300] "GET /wp-links.php HTTP/1.1" 404 796 "-" "-"
20.63.96.180 - - [27/Mar/2026:00:00:32 +0300] "GET /file48.php HTTP/1.1" 404 796 "-" "-"
20.151.201.236 - - [27/Mar/2026:00:00:32 +0300] "GET /shell.php HTTP/1.1" 404 796 "-" "-"
20.63.96.180 - - [27/Mar/2026:00:00:32 +0300] "GET /info.php HTTP/1.1" 200 83611 "-" "-"
20.151.201.236 - - [27/Mar/2026:00:00:32 +0300] "GET /ALFA_DATA/index.php HTTP/1.1" 404 796 "-" "-"
20.151.201.236 - - [27/Mar/2026:00:00:32 +0300] "GET /xmrlpc.php HTTP/1.1" 404 796 "-" "-"
20.151.201.236 - - [27/Mar/2026:00:00:33 +0300] "GET /htaccess.php HTTP/1.1" 404 796 "-" "-"
20.151.201.236 - - [27/Mar/2026:00:00:33 +0300] "GET /readme.php HTTP/1.1" 404 796 "-" "-"
20.151.201.236 - - [27/Mar/2026:00:00:33 +0300] "GET /as.php HTTP/1.1" 404 796 "-" "-"
20.151.201.236 - - [27/Mar/2026:00:00:34 +0300] "GET /403.php HTTP/1.1" 404 796 "-" "-"
20.63.96.180 - - [27/Mar/2026:00:00:34 +0300] "GET /class9.php HTTP/1.1" 404 796 "-" "-"
20.151.201.236 - - [27/Mar/2026:00:00:34 +0300] "GET /max.php HTTP/1.1" 404 796 "-" "-"
20.63.96.180 - - [27/Mar/2026:00:00:34 +0300] "GET /la.php HTTP/1.1" 404 796 "-" "-"
20.151.201.236 - - [27/Mar/2026:00:00:34 +0300] "GET /m.php HTTP/1.1" 404 796 "-" "-"
20.63.96.180 - - [27/Mar/2026:00:00:34 +0300] "GET /bless11.php HTTP/1.1" 404 796 "-" "-"
20.63.96.180 - - [27/Mar/2026:00:00:35 +0300] "GET /ccou.php HTTP/1.1" 404 796 "-" "-"
20.151.201.236 - - [27/Mar/2026:00:00:35 +0300] "GET /post.php HTTP/1.1" 404 796 "-" "-"
20.63.96.180 - - [27/Mar/2026:00:00:35 +0300] "GET /ton.php HTTP/1.1" 404 796 "-" "-"
20.151.201.236 - - [27/Mar/2026:00:00:35 +0300] "GET /themes.php HTTP/1.1" 404 796 "-" "-"
20.63.96.180 - - [27/Mar/2026:00:00:35 +0300] "GET /403.php HTTP/1.1" 404 796 "-" "-"
20.151.201.236 - - [27/Mar/2026:00:00:35 +0300] "GET /wp-admin/maint/about.php HTTP/1.1" 404 796 "-" "-"
20.151.201.236 - - [27/Mar/2026:00:00:36 +0300] "GET /wp-admin/network/wp-conflg.php?p= HTTP/1.1" 404 796 "-" "-"
20.63.96.180 - - [27/Mar/2026:00:00:36 +0300] "GET /file9.php HTTP/1.1" 404 796 "-" "-"
20.63.96.180 - - [27/Mar/2026:00:00:36 +0300] "GET /ac.php HTTP/1.1" 404 796 "-" "-"
20.63.96.180 - - [27/Mar/2026:00:00:36 +0300] "GET /new4.php HTTP/1.1" 404 796 "-" "-"
20.151.201.236 - - [27/Mar/2026:00:00:36 +0300] "GET /click.php HTTP/1.1" 404 796 "-" "-"
20.63.96.180 - - [27/Mar/2026:00:00:37 +0300] "GET /pop.php HTTP/1.1" 404 796 "-" "-"
20.151.201.236 - - [27/Mar/2026:00:00:37 +0300] "GET /install.php HTTP/1.1" 404 796 "-" "-"
20.63.96.180 - - [27/Mar/2026:00:00:37 +0300] "GET /az.php HTTP/1.1" 404 796 "-" "-"
20.151.201.236 - - [27/Mar/2026:00:00:37 +0300] "GET /lv.php HTTP/1.1" 404 796 "-" "-"
20.63.96.180 - - [27/Mar/2026:00:00:37 +0300] "GET /xaz.php HTTP/1.1" 404 796 "-" "-"
20.151.201.236 - - [27/Mar/2026:00:00:38 +0300] "GET /simple.php HTTP/1.1" 404 796 "-" "-"
20.63.96.180 - - [27/Mar/2026:00:00:38 +0300] "GET /up4.php HTTP/1.1" 404 796 "-" "-"
20.151.201.236 - - [27/Mar/2026:00:00:38 +0300] "GET /13k.php HTTP/1.1" 404 796 "-" "-"
20.63.96.180 - - [27/Mar/2026:00:00:38 +0300] "GET /1aa.php HTTP/1.1" 404 796 "-" "-"
20.151.201.236 - - [27/Mar/2026:00:00:38 +0300] "GET /css.php HTTP/1.1" 404 796 "-" "-"
20.63.96.180 - - [27/Mar/2026:00:00:38 +0300] "GET /elp.php HTTP/1.1" 404 796 "-" "-"
20.151.201.236 - - [27/Mar/2026:00:00:39 +0300] "GET /up.php?x= HTTP/1.1" 404 796 "-" "-"
20.63.96.180 - - [27/Mar/2026:00:00:39 +0300] "GET /wtz.php HTTP/1.1" 404 796 "-" "-"
20.151.201.236 - - [27/Mar/2026:00:00:39 +0300] "GET /0x1949.php HTTP/1.1" 404 796 "-" "-"
20.63.96.180 - - [27/Mar/2026:00:00:39 +0300] "GET /galex.php HTTP/1.1" 404 796 "-" "-"
20.151.201.236 - - [27/Mar/2026:00:00:39 +0300] "GET /cong.php HTTP/1.1" 404 796 "-" "-"
20.63.96.180 - - [27/Mar/2026:00:00:39 +0300] "GET /xb.php HTTP/1.1" 404 796 "-" "-"
20.151.201.236 - - [27/Mar/2026:00:00:39 +0300] "GET /fw.php HTTP/1.1" 404 796 "-" "-"
20.63.96.180 - - [27/Mar/2026:00:00:40 +0300] "GET /ova.php HTTP/1.1" 404 796 "-" "-"
20.151.201.236 - - [27/Mar/2026:00:00:40 +0300] "GET /brand.php HTTP/1.1" 404 796 "-" "-"
20.63.96.180 - - [27/Mar/2026:00:00:40 +0300] "GET /vx.php HTTP/1.1" 404 796 "-" "-"
20.151.201.236 - - [27/Mar/2026:00:00:40 +0300] "GET /goods.php HTTP/1.1" 404 796 "-" "-"
20.63.96.180 - - [27/Mar/2026:00:00:40 +0300] "GET /rh.php HTTP/1.1" 404 796 "-" "-"
20.151.201.236 - - [27/Mar/2026:00:00:40 +0300] "GET /cong.php HTTP/1.1" 404 796 "-" "-"
20.151.201.236 - - [27/Mar/2026:00:00:41 +0300] "GET /atomlib.php HTTP/1.1" 404 796 "-" "-"
20.151.201.236 - - [27/Mar/2026:00:00:41 +0300] "GET /w.php HTTP/1.1" 404 796 "-" "-"
20.151.201.236 - - [27/Mar/2026:00:00:41 +0300] "GET /404.php?fm=true HTTP/1.1" 404 796 "-" "-"
20.151.201.236 - - [27/Mar/2026:00:00:42 +0300] "GET /0x.php HTTP/1.1" 404 796 "-" "-"
20.151.201.236 - - [27/Mar/2026:00:00:42 +0300] "GET /css.php HTTP/1.1" 404 796 "-" "-"
20.151.201.236 - - [27/Mar/2026:00:00:42 +0300] "GET /modules/mod_simplefileuploadv1.3/elements/filemanager.php?p= HTTP/1.1" 404 796 "-" "-"
20.151.201.236 - - [27/Mar/2026:00:00:43 +0300] "GET /wp-content/index.php HTTP/1.1" 200 0 "-" "-"
20.151.201.236 - - [27/Mar/2026:00:00:43 +0300] "GET /1.php HTTP/1.1" 404 796 "-" "-"
20.151.201.236 - - [27/Mar/2026:00:00:43 +0300] "GET /admin.php HTTP/1.1" 200 0 "-" "-"
20.151.201.236 - - [27/Mar/2026:00:00:44 +0300] "GET /wp-admin/maint/maint.php HTTP/1.1" 404 796 "-" "-"
20.151.201.236 - - [27/Mar/2026:00:00:44 +0300] "GET /classwithtostring.php HTTP/1.1" 404 796 "-" "-"
20.151.201.236 - - [27/Mar/2026:00:00:44 +0300] "GET /dropdown.php HTTP/1.1" 404 796 "-" "-"
20.151.201.236 - - [27/Mar/2026:00:00:45 +0300] "GET /moon.php HTTP/1.1" 404 796 "-" "-"
20.151.201.236 - - [27/Mar/2026:00:00:45 +0300] "GET /0x.php HTTP/1.1" 404 796 "-" "-"
20.151.201.236 - - [27/Mar/2026:00:00:45 +0300] "GET /moon.php?p= HTTP/1.1" 404 796 "-" "-"
20.151.201.236 - - [27/Mar/2026:00:00:46 +0300] "GET /autoload_classmap.php?p= HTTP/1.1" 404 796 "-" "-"
20.106.150.36 - - [27/Mar/2026:00:00:17 +0300] "POST //xmlrpc.php HTTP/1.1" 200 410 "-" "Mozilla/5.0 (Windows NT 10.0; Win64; x64) AppleWebKit/537.36 (KHTML, like Gecko) Chrome/80.0.3987.149 Safari/537.36"
20.151.201.236 - - [27/Mar/2026:00:00:46 +0300] "GET /inputs.php HTTP/1.1" 404 796 "-" "-"
20.151.201.236 - - [27/Mar/2026:00:00:46 +0300] "GET /default.php HTTP/1.1" 404 796 "-" "-"
20.151.201.236 - - [27/Mar/2026:00:00:47 +0300] "GET /fm.php?p= HTTP/1.1" 404 796 "-" "-"
20.151.201.236 - - [27/Mar/2026:00:00:47 +0300] "GET /fm.php?fm=true HTTP/1.1" 404 796 "-" "-"
20.151.201.236 - - [27/Mar/2026:00:00:47 +0300] "GET /about.php HTTP/1.1" 404 796 "-" "-"
20.151.201.236 - - [27/Mar/2026:00:00:48 +0300] "GET /file.php HTTP/1.1" 404 796 "-" "-"
20.151.201.236 - - [27/Mar/2026:00:00:48 +0300] "GET /alfa.php HTTP/1.1" 404 796 "-" "-"
20.151.201.236 - - [27/Mar/2026:00:00:48 +0300] "GET /buy.php HTTP/1.1" 404 796 "-" "-"
20.151.201.236 - - [27/Mar/2026:00:00:49 +0300] "GET /manager.php?p= HTTP/1.1" 404 796 "-" "-"
20.151.201.236 - - [27/Mar/2026:00:00:49 +0300] "GET /mail.php HTTP/1.1" 404 796 "-" "-"
20.151.201.236 - - [27/Mar/2026:00:00:49 +0300] "GET /wp-content/plugins/index.php HTTP/1.1" 200 0 "-" "-"
20.151.201.236 - - [27/Mar/2026:00:00:50 +0300] "GET /sx.php HTTP/1.1" 404 796 "-" "-"
20.151.201.236 - - [27/Mar/2026:00:00:50 +0300] "GET /wp-admin/maint/admin.php HTTP/1.1" 404 796 "-" "-"
20.151.201.236 - - [27/Mar/2026:00:00:50 +0300] "GET /article.php HTTP/1.1" 404 796 "-" "-"
20.151.201.236 - - [27/Mar/2026:00:00:51 +0300] "GET /alfa.php HTTP/1.1" 404 796 "-" "-"
20.151.201.236 - - [27/Mar/2026:00:00:51 +0300] "GET /1.php HTTP/1.1" 404 796 "-" "-"
20.151.201.236 - - [27/Mar/2026:00:00:51 +0300] "GET /403.php HTTP/1.1" 404 796 "-" "-"
20.151.201.236 - - [27/Mar/2026:00:00:52 +0300] "GET /link.php HTTP/1.1" 404 796 "-" "-"
20.151.201.236 - - [27/Mar/2026:00:00:52 +0300] "GET /byp.php HTTP/1.1" 404 796 "-" "-"
20.151.201.236 - - [27/Mar/2026:00:00:52 +0300] "GET /bak.php HTTP/1.1" 404 796 "-" "-"
20.151.201.236 - - [27/Mar/2026:00:00:53 +0300] "GET /ini.php HTTP/1.1" 404 796 "-" "-"
20.151.201.236 - - [27/Mar/2026:00:00:53 +0300] "GET /ws.php HTTP/1.1" 404 796 "-" "-"
20.151.201.236 - - [27/Mar/2026:00:00:53 +0300] "GET /wp-trackback.php HTTP/1.1" 404 152 "-" "-"
20.151.201.236 - - [27/Mar/2026:00:00:54 +0300] "GET /class.php HTTP/1.1" 404 796 "-" "-"
20.151.201.236 - - [27/Mar/2026:00:00:55 +0300] "GET /bless.php HTTP/1.1" 404 796 "-" "-"
20.151.201.236 - - [27/Mar/2026:00:00:55 +0300] "GET /lock360.php HTTP/1.1" 404 796 "-" "-"
89.252.162.138 - - [27/Mar/2026:00:01:16 +0300] "POST /wp-cron.php?doing_wp_cron=1774558876.3980259895324707031250 HTTP/1.1" 200 0 "-" "WordPress/6.8.5; https://polikistikover.net"
20.106.150.36 - - [27/Mar/2026:00:00:46 +0300] "POST //xmlrpc.php HTTP/1.1" 200 410 "-" "Mozilla/5.0 (Windows NT 10.0; Win64; x64) AppleWebKit/537.36 (KHTML, like Gecko) Chrome/80.0.3987.149 Safari/537.36"
185.25.103.41 - - [26/Mar/2026:23:53:54 +0300] "GET /feed HTTP/1.1" 404 796 "-" "Mozilla/5.0 (Windows NT 6.1; WOW64; rv:7.0.1) Gecko/20100101 Firefox/7.0.1"
89.252.162.138 - - [26/Mar/2026:23:54:02 +0300] "POST /wp-admin/admin-ajax.php?action=async_litespeed&nonce=t09umt4jwLSCO5cdnVGgpbhNzLqrDXgF&litespeed_type=imgoptm HTTP/1.1" 200 5 "-" "WordPress/6.8.5; https://polikistikover.net"
89.252.162.138 - - [26/Mar/2026:23:54:16 +0300] "POST /wp-cron.php?doing_wp_cron=1774558456.2428679466247558593750 HTTP/1.1" 200 0 "-" "WordPress/6.8.5; https://polikistikover.net"
89.252.162.138 - - [26/Mar/2026:23:55:01 +0300] "POST /wp-cron.php?doing_wp_cron=1774558501.2799611091613769531250 HTTP/1.1" 200 0 "-" "WordPress/6.8.5; https://polikistikover.net"
89.252.162.138 - - [26/Mar/2026:23:55:31 +0300] "POST /wp-cron.php?doing_wp_cron=1774558531.2458560466766357421875 HTTP/1.1" 200 0 "-" "WordPress/6.8.5; https://polikistikover.net"
89.252.162.138 - - [26/Mar/2026:23:57:01 +0300] "POST /wp-cron.php?doing_wp_cron=1774558621.1055040359497070312500 HTTP/1.1" 200 0 "-" "WordPress/6.8.5; https://polikistikover.net"
89.252.162.138 - - [26/Mar/2026:23:57:01 +0300] "POST /wp-admin/admin-ajax.php?action=async_litespeed&nonce=J6lnwv5nv2UFfiXYwnw74Yruz4GTaG4c&litespeed_type=imgoptm HTTP/1.1" 200 5 "-" "WordPress/6.8.5; https://polikistikover.net"
89.252.162.138 - - [26/Mar/2026:23:58:16 +0300] "POST /wp-cron.php?doing_wp_cron=1774558696.2146570682525634765625 HTTP/1.1" 200 0 "-" "WordPress/6.8.5; https://polikistikover.net"
89.252.162.138 - - [26/Mar/2026:23:59:16 +0300] "POST /wp-cron.php?doing_wp_cron=1774558756.1704680919647216796875 HTTP/1.1" 200 0 "-" "WordPress/6.8.5; https://polikistikover.net"
45.91.200.167 - - [26/Mar/2026:23:59:59 +0300] "GET /yeni/2025/09/23/polikistik-over-sendromunda-adet-duzensizligi-ve-tedavisi/ HTTP/1.1" 301 0 "-" "Mozilla/5.0 (Windows NT 10.0; Win64; x64) AppleWebKit/537.36 (KHTML, like Gecko) Chrome/143.0.0.0 Safari/537.36"
45.91.200.167 - - [27/Mar/2026:00:00:01 +0300] "GET /yeni/polikistik-over-sendromunda-adet-duzensizligi-ve-tedavisi-2/ HTTP/1.1" 200 42958 "-" "Mozilla/5.0 (Windows NT 10.0; Win64; x64) AppleWebKit/537.36 (KHTML, like Gecko) Chrome/143.0.0.0 Safari/537.36"
89.252.162.138 - - [27/Mar/2026:00:00:04 +0300] "POST /wp-admin/admin-ajax.php?action=async_litespeed&nonce=aDSRuDXwV3pHu0ppuLWffbqIhIYRKXEl&litespeed_type=imgoptm HTTP/1.1" 200 5 "-" "WordPress/6.8.5; https://polikistikover.net"
89.252.162.138 - - [27/Mar/2026:00:00:16 +0300] "POST /wp-cron.php?doing_wp_cron=1774558816.5272200107574462890625 HTTP/1.1" 200 0 "-" "WordPress/6.8.5; https://polikistikover.net"
89.252.162.138 - - [27/Mar/2026:00:00:54 +0300] "POST /wp-cron.php?doing_wp_cron=1774558854.5586800575256347656250 HTTP/1.1" 200 0 "-" "WordPress/6.8.5; https://polikistikover.net"
89.252.162.138 - - [27/Mar/2026:00:00:55 +0300] "POST /wp-admin/admin-ajax.php?action=async_litespeed&nonce=xYa8tSoStCd4WKD2v1pQ04T3925vLxl9&litespeed_type=imgoptm HTTP/1.1" 200 5 "-" "WordPress/6.8.5; https://polikistikover.net"
89.252.162.138 - - [27/Mar/2026:00:02:17 +0300] "POST /wp-admin/admin-ajax.php?action=async_litespeed&nonce=L20F9aKMyVxBzxj1ApjpGGnPlSF2BS6a&litespeed_type=imgoptm HTTP/1.1" 200 5 "-" "WordPress/6.8.5; https://polikistikover.net"
87.99.138.255 - - [27/Mar/2026:00:02:29 +0300] "GET / HTTP/1.1" 200 76 "-" "Mozilla/5.0 (Macintosh; Intel Mac OS X 10_15_6) AppleWebKit/537.36 (KHTML, like Gecko) Chrome/108.0.0.0 Safari/537.36"
89.252.162.138 - - [27/Mar/2026:00:03:16 +0300] "POST /wp-cron.php?doing_wp_cron=1774558996.3004639148712158203125 HTTP/1.1" 200 0 "-" "WordPress/6.8.5; https://polikistikover.net"
89.252.162.138 - - [27/Mar/2026:00:05:16 +0300] "POST /wp-cron.php?doing_wp_cron=1774559116.5516059398651123046875 HTTP/1.1" 200 0 "-" "WordPress/6.8.5; https://polikistikover.net"
89.252.162.138 - - [27/Mar/2026:00:05:17 +0300] "POST /wp-admin/admin-ajax.php?action=async_litespeed&nonce=j3zBMp4YbOk4I4m5DyYbVQsCoWtOzEru&litespeed_type=imgoptm HTTP/1.1" 200 5 "-" "WordPress/6.8.5; https://polikistikover.net"
20.106.150.36 - - [27/Mar/2026:00:01:16 +0300] "POST //xmlrpc.php HTTP/1.1" 200 410 "-" "Mozilla/5.0 (Windows NT 10.0; Win64; x64) AppleWebKit/537.36 (KHTML, like Gecko) Chrome/80.0.3987.149 Safari/537.36"
89.252.162.138 - - [27/Mar/2026:00:02:16 +0300] "POST /wp-cron.php?doing_wp_cron=1774558936.2230920791625976562500 HTTP/1.1" 200 0 "-" "WordPress/6.8.5; https://polikistikover.net"
20.106.150.36 - - [27/Mar/2026:00:01:46 +0300] "POST //xmlrpc.php HTTP/1.1" 200 410 "-" "Mozilla/5.0 (Windows NT 10.0; Win64; x64) AppleWebKit/537.36 (KHTML, like Gecko) Chrome/80.0.3987.149 Safari/537.36"
20.106.150.36 - - [27/Mar/2026:00:02:16 +0300] "POST //xmlrpc.php HTTP/1.1" 200 410 "-" "Mozilla/5.0 (Windows NT 10.0; Win64; x64) AppleWebKit/537.36 (KHTML, like Gecko) Chrome/80.0.3987.149 Safari/537.36"
20.106.150.36 - - [27/Mar/2026:00:02:46 +0300] "POST //xmlrpc.php HTTP/1.1" 200 410 "-" "Mozilla/5.0 (Windows NT 10.0; Win64; x64) AppleWebKit/537.36 (KHTML, like Gecko) Chrome/80.0.3987.149 Safari/537.36"
89.252.162.138 - - [27/Mar/2026:00:03:16 +0300] "POST /wp-admin/admin-ajax.php?action=async_litespeed&nonce=1TP6isX8ce4PZ6n3olZC7S4C49iH9QDy&litespeed_type=imgoptm HTTP/1.1" 200 5 "-" "WordPress/6.8.5; https://polikistikover.net"
208.84.100.214 - - [27/Mar/2026:00:03:38 +0300] "GET /wp-login.php HTTP/1.1" 200 3113 "-" "Mozilla/5.0 (X11; Linux x86_64) Gecko/20100101 Firefox/119.0.1"
208.84.100.214 - - [27/Mar/2026:00:03:39 +0300] "GET /administrator/ HTTP/1.1" 404 796 "-" "Mozilla/5.0 (Windows NT 10.0; Win64; x64) Gecko/20100101 Firefox/122.0"
20.106.150.36 - - [27/Mar/2026:00:03:16 +0300] "POST //xmlrpc.php HTTP/1.1" 200 410 "-" "Mozilla/5.0 (Windows NT 10.0; Win64; x64) AppleWebKit/537.36 (KHTML, like Gecko) Chrome/80.0.3987.149 Safari/537.36"
89.252.162.138 - - [27/Mar/2026:00:04:16 +0300] "POST /wp-cron.php?doing_wp_cron=1774559056.3490738868713378906250 HTTP/1.1" 200 0 "-" "WordPress/6.8.5; https://polikistikover.net"
20.106.150.36 - - [27/Mar/2026:00:03:46 +0300] "POST //xmlrpc.php HTTP/1.1" 200 410 "-" "Mozilla/5.0 (Windows NT 10.0; Win64; x64) AppleWebKit/537.36 (KHTML, like Gecko) Chrome/80.0.3987.149 Safari/537.36"
89.252.162.138 - - [27/Mar/2026:00:04:17 +0300] "POST /wp-admin/admin-ajax.php?action=async_litespeed&nonce=LSXBcCGJTV8VNW1QysANW4EBkG612EK6&litespeed_type=imgoptm HTTP/1.1" 200 5 "-" "WordPress/6.8.5; https://polikistikover.net"
20.106.150.36 - - [27/Mar/2026:00:04:16 +0300] "POST //xmlrpc.php HTTP/1.1" 200 410 "-" "Mozilla/5.0 (Windows NT 10.0; Win64; x64) AppleWebKit/537.36 (KHTML, like Gecko) Chrome/80.0.3987.149 Safari/537.36"
20.106.150.36 - - [27/Mar/2026:00:04:46 +0300] "POST //xmlrpc.php HTTP/1.1" 200 410 "-" "Mozilla/5.0 (Windows NT 10.0; Win64; x64) AppleWebKit/537.36 (KHTML, like Gecko) Chrome/80.0.3987.149 Safari/537.36"
20.106.150.36 - - [27/Mar/2026:00:05:16 +0300] "POST //xmlrpc.php HTTP/1.1" 200 410 "-" "Mozilla/5.0 (Windows NT 10.0; Win64; x64) AppleWebKit/537.36 (KHTML, like Gecko) Chrome/80.0.3987.149 Safari/537.36"
20.106.150.36 - - [27/Mar/2026:00:05:46 +0300] "POST //xmlrpc.php HTTP/1.1" 200 410 "-" "Mozilla/5.0 (Windows NT 10.0; Win64; x64) AppleWebKit/537.36 (KHTML, like Gecko) Chrome/80.0.3987.149 Safari/537.36"
20.106.150.36 - - [27/Mar/2026:00:06:16 +0300] "POST //xmlrpc.php HTTP/1.1" 200 410 "-" "Mozilla/5.0 (Windows NT 10.0; Win64; x64) AppleWebKit/537.36 (KHTML, like Gecko) Chrome/80.0.3987.149 Safari/537.36"
20.106.150.36 - - [27/Mar/2026:00:06:46 +0300] "POST //xmlrpc.php HTTP/1.1" 200 410 "-" "Mozilla/5.0 (Windows NT 10.0; Win64; x64) AppleWebKit/537.36 (KHTML, like Gecko) Chrome/80.0.3987.149 Safari/537.36"
89.252.162.138 - - [27/Mar/2026:00:07:17 +0300] "POST /wp-admin/admin-ajax.php?action=async_litespeed&nonce=0OyqnBZdHrHQk9WWotsI0u8aNKsKtVrn&litespeed_type=imgoptm HTTP/1.1" 200 5 "-" "WordPress/6.8.5; https://polikistikover.net"
20.106.150.36 - - [27/Mar/2026:00:07:16 +0300] "POST //xmlrpc.php HTTP/1.1" 200 410 "-" "Mozilla/5.0 (Windows NT 10.0; Win64; x64) AppleWebKit/537.36 (KHTML, like Gecko) Chrome/80.0.3987.149 Safari/537.36"
89.252.162.138 - - [27/Mar/2026:00:08:16 +0300] "POST /wp-cron.php?doing_wp_cron=1774559296.1385939121246337890625 HTTP/1.1" 200 0 "-" "WordPress/6.8.5; https://polikistikover.net"
20.106.150.36 - - [27/Mar/2026:00:07:46 +0300] "POST //xmlrpc.php HTTP/1.1" 200 410 "-" "Mozilla/5.0 (Windows NT 10.0; Win64; x64) AppleWebKit/537.36 (KHTML, like Gecko) Chrome/80.0.3987.149 Safari/537.36"
20.106.150.36 - - [27/Mar/2026:00:08:16 +0300] "POST //xmlrpc.php HTTP/1.1" 200 410 "-" "Mozilla/5.0 (Windows NT 10.0; Win64; x64) AppleWebKit/537.36 (KHTML, like Gecko) Chrome/80.0.3987.149 Safari/537.36"
103.77.107.178 - - [27/Mar/2026:00:08:52 +0300] "GET /sftp-config.json HTTP/1.1" 404 796 "-" "Mozilla/5.0 (Macintosh; Intel Mac OS X 10.15; rv:77.0) Gecko/20100101 Firefox/77.0"
89.252.162.138 - - [27/Mar/2026:00:09:16 +0300] "POST /wp-cron.php?doing_wp_cron=1774559356.0945320129394531250000 HTTP/1.1" 200 0 "-" "WordPress/6.8.5; https://polikistikover.net"
20.106.150.36 - - [27/Mar/2026:00:08:46 +0300] "POST //xmlrpc.php HTTP/1.1" 200 410 "-" "Mozilla/5.0 (Windows NT 10.0; Win64; x64) AppleWebKit/537.36 (KHTML, like Gecko) Chrome/80.0.3987.149 Safari/537.36"
5.176.91.80 - - [27/Mar/2026:00:09:44 +0300] "GET /?utm_source=ig&utm_medium=social&utm_content=link_in_bio&fbclid=PAZXh0bgNhZW0CMTEAc3J0YwZhcHBfaWQPMTI0MDI0NTc0Mjg3NDE0AAGn8fAVx1FolqrwsxnHGcIGOpte2w04FyavHsElMLKyDAFid4WJxp6RpFhqvaE_aem_b3zJaDyAaGvlgwpM8OtVVQ HTTP/2" 200 76 "-" "Mozilla/5.0 (iPhone; CPU iPhone OS 18_7 like Mac OS X) AppleWebKit/605.1.15 (KHTML, like Gecko) Mobile/23D8133 Instagram 421.1.6.39.52 (iPhone13,3; iOS 26_3_1; tr_TR; tr; scale=3.00; 1170x2532; IABMV/1; 910922286) Safari/604.1"
20.106.150.36 - - [27/Mar/2026:00:09:16 +0300] "POST //xmlrpc.php HTTP/1.1" 200 410 "-" "Mozilla/5.0 (Windows NT 10.0; Win64; x64) AppleWebKit/537.36 (KHTML, like Gecko) Chrome/80.0.3987.149 Safari/537.36"
5.176.91.80 - - [27/Mar/2026:00:10:11 +0300] "GET /yeni/wp-content/plugins/contact-form-7/includes/css/styles.css?ver=6.1.5 HTTP/2" 200 899 "https://polikistikover.net/yeni/" "Mozilla/5.0 (iPhone; CPU iPhone OS 18_7 like Mac OS X) AppleWebKit/605.1.15 (KHTML, like Gecko) Mobile/23D8133 Instagram 421.1.6.39.52 (iPhone13,3; iOS 26_3_1; tr_TR; tr; scale=3.00; 1170x2532; IABMV/1; 910922286) NW/1 Safari/604.1"
5.176.91.80 - - [27/Mar/2026:00:10:11 +0300] "GET /yeni/wp-content/themes/narihealth/assets/css/bootstrap.min.css?ver=6.9.4 HTTP/2" 200 24644 "https://polikistikover.net/yeni/" "Mozilla/5.0 (iPhone; CPU iPhone OS 18_7 like Mac OS X) AppleWebKit/605.1.15 (KHTML, like Gecko) Mobile/23D8133 Instagram 421.1.6.39.52 (iPhone13,3; iOS 26_3_1; tr_TR; tr; scale=3.00; 1170x2532; IABMV/1; 910922286) NW/1 Safari/604.1"
5.176.91.80 - - [27/Mar/2026:00:10:11 +0300] "GET /yeni/wp-content/themes/narihealth/fonts/iconfont.css?ver=6.9.4 HTTP/2" 200 1856 "https://polikistikover.net/yeni/" "Mozilla/5.0 (iPhone; CPU iPhone OS 18_7 like Mac OS X) AppleWebKit/605.1.15 (KHTML, like Gecko) Mobile/23D8133 Instagram 421.1.6.39.52 (iPhone13,3; iOS 26_3_1; tr_TR; tr; scale=3.00; 1170x2532; IABMV/1; 910922286) NW/1 Safari/604.1"
5.176.91.80 - - [27/Mar/2026:00:10:11 +0300] "GET /yeni/wp-content/themes/narihealth/assets/css/header-v1.css?ver=6.9.4 HTTP/2" 200 300 "https://polikistikover.net/yeni/" "Mozilla/5.0 (iPhone; CPU iPhone OS 18_7 like Mac OS X) AppleWebKit/605.1.15 (KHTML, like Gecko) Mobile/23D8133 Instagram 421.1.6.39.52 (iPhone13,3; iOS 26_3_1; tr_TR; tr; scale=3.00; 1170x2532; IABMV/1; 910922286) NW/1 Safari/604.1"
5.176.91.80 - - [27/Mar/2026:00:10:11 +0300] "GET /yeni/wp-content/themes/narihealth/assets/css/custom_script.css?ver=6.9.4 HTTP/2" 200 0 "https://polikistikover.net/yeni/" "Mozilla/5.0 (iPhone; CPU iPhone OS 18_7 like Mac OS X) AppleWebKit/605.1.15 (KHTML, like Gecko) Mobile/23D8133 Instagram 421.1.6.39.52 (iPhone13,3; iOS 26_3_1; tr_TR; tr; scale=3.00; 1170x2532; IABMV/1; 910922286) NW/1 Safari/604.1"
5.176.91.80 - - [27/Mar/2026:00:10:11 +0300] "GET /yeni/wp-content/themes/narihealth/assets/css/responsive.css?ver=6.9.4 HTTP/2" 200 934 "https://polikistikover.net/yeni/" "Mozilla/5.0 (iPhone; CPU iPhone OS 18_7 like Mac OS X) AppleWebKit/605.1.15 (KHTML, like Gecko) Mobile/23D8133 Instagram 421.1.6.39.52 (iPhone13,3; iOS 26_3_1; tr_TR; tr; scale=3.00; 1170x2532; IABMV/1; 910922286) NW/1 Safari/604.1"
5.176.91.80 - - [27/Mar/2026:00:10:11 +0300] "GET /yeni/wp-includes/js/jquery/jquery.min.js?ver=3.7.1 HTTP/2" 200 29744 "https://polikistikover.net/yeni/" "Mozilla/5.0 (iPhone; CPU iPhone OS 18_7 like Mac OS X) AppleWebKit/605.1.15 (KHTML, like Gecko) Mobile/23D8133 Instagram 421.1.6.39.52 (iPhone13,3; iOS 26_3_1; tr_TR; tr; scale=3.00; 1170x2532; IABMV/1; 910922286) NW/1 Safari/604.1"
5.176.91.80 - - [27/Mar/2026:00:10:11 +0300] "GET /yeni/wp-content/themes/narihealth/style.css?ver=6.9.4 HTTP/2" 200 15803 "https://polikistikover.net/yeni/" "Mozilla/5.0 (iPhone; CPU iPhone OS 18_7 like Mac OS X) AppleWebKit/605.1.15 (KHTML, like Gecko) Mobile/23D8133 Instagram 421.1.6.39.52 (iPhone13,3; iOS 26_3_1; tr_TR; tr; scale=3.00; 1170x2532; IABMV/1; 910922286) NW/1 Safari/604.1"
5.176.91.80 - - [27/Mar/2026:00:10:11 +0300] "GET /yeni/wp-includes/js/jquery/jquery-migrate.min.js?ver=3.4.1 HTTP/2" 200 4678 "https://polikistikover.net/yeni/" "Mozilla/5.0 (iPhone; CPU iPhone OS 18_7 like Mac OS X) AppleWebKit/605.1.15 (KHTML, like Gecko) Mobile/23D8133 Instagram 421.1.6.39.52 (iPhone13,3; iOS 26_3_1; tr_TR; tr; scale=3.00; 1170x2532; IABMV/1; 910922286) NW/1 Safari/604.1"
89.252.162.138 - - [27/Mar/2026:00:10:11 +0300] "POST /yeni/wp-cron.php?doing_wp_cron=1774559411.6419160366058349609375 HTTP/1.1" 200 0 "-" "WordPress/6.9.4; https://polikistikover.net/yeni"
5.176.91.80 - - [27/Mar/2026:00:10:11 +0300] "GET /yeni/wp-content/themes/narihealth/assets/js/jquery.slicknav.js?ver=1.0.10 HTTP/2" 200 4556 "https://polikistikover.net/yeni/" "Mozilla/5.0 (iPhone; CPU iPhone OS 18_7 like Mac OS X) AppleWebKit/605.1.15 (KHTML, like Gecko) Mobile/23D8133 Instagram 421.1.6.39.52 (iPhone13,3; iOS 26_3_1; tr_TR; tr; scale=3.00; 1170x2532; IABMV/1; 910922286) NW/1 Safari/604.1"
