20.91.245.138 - - [27/Mar/2026:02:20:50 +0300] "GET /ws85.php HTTP/1.1" 404 5749 "-" "-"
20.91.245.138 - - [27/Mar/2026:02:20:50 +0300] "GET /Cap.php HTTP/1.1" 404 5749 "-" "-"
20.91.245.138 - - [27/Mar/2026:02:20:51 +0300] "GET /h2.php HTTP/1.1" 404 5749 "-" "-"
20.91.245.138 - - [27/Mar/2026:02:20:51 +0300] "GET /dass.php HTTP/1.1" 404 5749 "-" "-"
20.91.245.138 - - [27/Mar/2026:02:20:51 +0300] "GET /s.php HTTP/1.1" 404 5749 "-" "-"
20.91.245.138 - - [27/Mar/2026:02:20:51 +0300] "GET /kj.php HTTP/1.1" 404 5749 "-" "-"
20.91.245.138 - - [27/Mar/2026:02:20:51 +0300] "GET /ws83.php HTTP/1.1" 404 5749 "-" "-"
20.91.245.138 - - [27/Mar/2026:02:20:52 +0300] "GET /ws75.php HTTP/1.1" 404 5749 "-" "-"
20.91.245.138 - - [27/Mar/2026:02:20:52 +0300] "GET /ms-edit.php HTTP/1.1" 404 5749 "-" "-"
20.91.245.138 - - [27/Mar/2026:02:20:52 +0300] "GET /abc.php HTTP/1.1" 404 5749 "-" "-"
20.91.245.138 - - [27/Mar/2026:02:20:52 +0300] "GET /motu.php HTTP/1.1" 404 5749 "-" "-"
20.91.245.138 - - [27/Mar/2026:02:20:53 +0300] "GET /inputs.php HTTP/1.1" 404 5749 "-" "-"
20.91.245.138 - - [27/Mar/2026:02:20:53 +0300] "GET /wp9.php HTTP/1.1" 404 5749 "-" "-"
20.91.245.138 - - [27/Mar/2026:02:20:53 +0300] "GET /public/vx.php HTTP/1.1" 404 5749 "-" "-"
20.91.245.138 - - [27/Mar/2026:02:20:53 +0300] "GET /inege.php HTTP/1.1" 404 5749 "-" "-"
20.91.245.138 - - [27/Mar/2026:02:20:54 +0300] "GET /nw.php HTTP/1.1" 404 5749 "-" "-"
20.91.245.138 - - [27/Mar/2026:02:20:54 +0300] "GET /t.php HTTP/1.1" 404 5749 "-" "-"
20.91.245.138 - - [27/Mar/2026:02:20:55 +0300] "GET /wp-p2r3q9c8k4.php HTTP/1.1" 404 5749 "-" "-"
20.91.245.138 - - [27/Mar/2026:02:20:55 +0300] "GET /public/ws49.php HTTP/1.1" 404 5749 "-" "-"
20.91.245.138 - - [27/Mar/2026:02:20:55 +0300] "GET /gifclass.php HTTP/1.1" 404 5749 "-" "-"
20.91.245.138 - - [27/Mar/2026:02:20:55 +0300] "GET /sa.php7 HTTP/1.1" 404 5749 "-" "-"
20.91.245.138 - - [27/Mar/2026:02:20:56 +0300] "GET /jp.php HTTP/1.1" 404 5749 "-" "-"
20.91.245.138 - - [27/Mar/2026:02:20:56 +0300] "GET /wp-good.php HTTP/1.1" 404 5749 "-" "-"
20.91.245.138 - - [27/Mar/2026:02:20:56 +0300] "GET /a5.php HTTP/1.1" 404 5749 "-" "-"
20.91.245.138 - - [27/Mar/2026:02:20:56 +0300] "GET /amp.php HTTP/1.1" 404 5749 "-" "-"
20.91.245.138 - - [27/Mar/2026:02:20:57 +0300] "GET /init.php HTTP/1.1" 404 5749 "-" "-"
20.91.245.138 - - [27/Mar/2026:02:20:57 +0300] "GET /gettest.php HTTP/1.1" 404 5749 "-" "-"
20.91.245.138 - - [27/Mar/2026:02:20:57 +0300] "GET /myfile.php HTTP/1.1" 404 5749 "-" "-"
20.91.245.138 - - [27/Mar/2026:02:20:58 +0300] "GET /sid3.php HTTP/1.1" 404 5749 "-" "-"
20.91.245.138 - - [27/Mar/2026:02:20:58 +0300] "GET /666.php HTTP/1.1" 404 5749 "-" "-"
20.91.245.138 - - [27/Mar/2026:02:20:58 +0300] "GET /xxw.php HTTP/1.1" 404 5749 "-" "-"
45.91.200.167 - - [27/Mar/2026:02:20:48 +0300] "GET /yeni/2025/09/23/polikistik-over-sendromunda-adet-duzensizligi-ve-tedavisi/ HTTP/1.1" 200 0 "-" "Mozilla/5.0 (Windows NT 10.0; Win64; x64) AppleWebKit/537.36 (KHTML, like Gecko) Chrome/142.0.0.0 Safari/537.36"
20.91.245.138 - - [27/Mar/2026:02:20:59 +0300] "GET /wp-png.php HTTP/1.1" 404 5749 "-" "-"
20.91.245.138 - - [27/Mar/2026:02:20:59 +0300] "GET /222.php HTTP/1.1" 404 5749 "-" "-"
20.91.245.138 - - [27/Mar/2026:02:20:59 +0300] "GET /wp-blog.php HTTP/1.1" 404 5749 "-" "-"
20.91.245.138 - - [27/Mar/2026:02:20:59 +0300] "GET /wp-admin/css/bolt.php HTTP/1.1" 404 5749 "-" "-"
20.91.245.138 - - [27/Mar/2026:02:21:00 +0300] "GET /lib.php HTTP/1.1" 404 5749 "-" "-"
20.91.245.138 - - [27/Mar/2026:02:21:00 +0300] "GET /edit.php HTTP/1.1" 404 5749 "-" "-"
20.91.245.138 - - [27/Mar/2026:02:21:00 +0300] "GET /ioxi-o.php HTTP/1.1" 404 5749 "-" "-"
20.91.245.138 - - [27/Mar/2026:02:21:01 +0300] "GET /ajax.php HTTP/1.1" 404 5749 "-" "-"
20.91.245.138 - - [27/Mar/2026:02:21:01 +0300] "GET /install.php HTTP/1.1" 404 5749 "-" "-"
20.91.245.138 - - [27/Mar/2026:02:21:01 +0300] "GET /public/wp-blog.php HTTP/1.1" 404 5749 "-" "-"
20.91.245.138 - - [27/Mar/2026:02:21:02 +0300] "GET /nw.php HTTP/1.1" 404 5749 "-" "-"
20.91.245.138 - - [27/Mar/2026:02:21:02 +0300] "GET /tool.php HTTP/1.1" 404 5749 "-" "-"
20.91.245.138 - - [27/Mar/2026:02:21:02 +0300] "GET /drhunthq.php HTTP/1.1" 404 5749 "-" "-"
20.91.245.138 - - [27/Mar/2026:02:21:02 +0300] "GET /tfm.php HTTP/1.1" 404 5749 "-" "-"
20.91.245.138 - - [27/Mar/2026:02:21:02 +0300] "GET /a4.php HTTP/1.1" 404 5749 "-" "-"
20.91.245.138 - - [27/Mar/2026:02:21:03 +0300] "GET /wen.php HTTP/1.1" 404 5749 "-" "-"
20.91.245.138 - - [27/Mar/2026:02:21:03 +0300] "GET /ms.php HTTP/1.1" 404 5749 "-" "-"
20.91.245.138 - - [27/Mar/2026:02:21:03 +0300] "GET /hplfuns.php HTTP/1.1" 404 5749 "-" "-"
20.91.245.138 - - [27/Mar/2026:02:21:03 +0300] "GET /tfm.php HTTP/1.1" 404 5749 "-" "-"
20.91.245.138 - - [27/Mar/2026:02:21:04 +0300] "GET /1.php HTTP/1.1" 404 5749 "-" "-"
20.91.245.138 - - [27/Mar/2026:02:21:04 +0300] "GET /term.php HTTP/1.1" 404 5749 "-" "-"
20.91.245.138 - - [27/Mar/2026:02:21:04 +0300] "GET /wp-content/radio.php HTTP/1.1" 404 5749 "-" "-"
20.91.245.138 - - [27/Mar/2026:02:21:05 +0300] "GET /155.php HTTP/1.1" 404 5749 "-" "-"
20.91.245.138 - - [27/Mar/2026:02:21:05 +0300] "GET /wp-the.php HTTP/1.1" 404 5749 "-" "-"
20.91.245.138 - - [27/Mar/2026:02:21:05 +0300] "GET /wp5.php HTTP/1.1" 404 5749 "-" "-"
20.91.245.138 - - [27/Mar/2026:02:21:05 +0300] "GET /wp-access.php HTTP/1.1" 404 5749 "-" "-"
20.91.245.138 - - [27/Mar/2026:02:21:05 +0300] "GET /hots.php HTTP/1.1" 404 5749 "-" "-"
20.91.245.138 - - [27/Mar/2026:02:21:05 +0300] "GET /admin-footer.php HTTP/1.1" 404 5749 "-" "-"
20.91.245.138 - - [27/Mar/2026:02:21:06 +0300] "GET /ws84.php HTTP/1.1" 404 5749 "-" "-"
20.91.245.138 - - [27/Mar/2026:02:21:06 +0300] "GET /bnm.php HTTP/1.1" 404 5749 "-" "-"
20.91.245.138 - - [27/Mar/2026:02:21:06 +0300] "GET /amax.php HTTP/1.1" 404 5749 "-" "-"
20.91.245.138 - - [27/Mar/2026:02:21:06 +0300] "GET /66.php HTTP/1.1" 404 5749 "-" "-"
20.91.245.138 - - [27/Mar/2026:02:21:07 +0300] "GET /public/file.php HTTP/1.1" 404 5749 "-" "-"
20.91.245.138 - - [27/Mar/2026:02:21:07 +0300] "GET /166.php HTTP/1.1" 404 5749 "-" "-"
20.91.245.138 - - [27/Mar/2026:02:21:07 +0300] "GET /ws77.php HTTP/1.1" 404 5749 "-" "-"
20.91.245.138 - - [27/Mar/2026:02:21:07 +0300] "GET /grsiuk.php HTTP/1.1" 404 5749 "-" "-"
20.91.245.138 - - [27/Mar/2026:02:21:07 +0300] "GET /wp-act.php HTTP/1.1" 404 5749 "-" "-"
20.91.245.138 - - [27/Mar/2026:02:21:08 +0300] "GET /cu.php HTTP/1.1" 404 5749 "-" "-"
20.91.245.138 - - [27/Mar/2026:02:21:08 +0300] "GET /8.php HTTP/1.1" 404 5749 "-" "-"
20.91.245.138 - - [27/Mar/2026:02:21:08 +0300] "GET /ws60.php HTTP/1.1" 404 5749 "-" "-"
20.91.245.138 - - [27/Mar/2026:02:21:09 +0300] "GET /vanda.php HTTP/1.1" 404 5749 "-" "-"
20.91.245.138 - - [27/Mar/2026:02:21:09 +0300] "GET /domains.php HTTP/1.1" 404 5749 "-" "-"
20.91.245.138 - - [27/Mar/2026:02:21:09 +0300] "GET /144.php HTTP/1.1" 404 5749 "-" "-"
20.91.245.138 - - [27/Mar/2026:02:21:09 +0300] "GET /asd.php HTTP/1.1" 404 5749 "-" "-"
20.91.245.138 - - [27/Mar/2026:02:21:10 +0300] "GET /zc-104.php HTTP/1.1" 404 5749 "-" "-"
20.91.245.138 - - [27/Mar/2026:02:21:10 +0300] "GET /rzki.php HTTP/1.1" 404 5749 "-" "-"
20.91.245.138 - - [27/Mar/2026:02:21:10 +0300] "GET /xsas.php HTTP/1.1" 404 5749 "-" "-"
20.91.245.138 - - [27/Mar/2026:02:21:10 +0300] "GET /d12.php HTTP/1.1" 404 5749 "-" "-"
20.91.245.138 - - [27/Mar/2026:02:21:10 +0300] "GET /okxh.php HTTP/1.1" 404 5749 "-" "-"
20.91.245.138 - - [27/Mar/2026:02:21:11 +0300] "GET /55b76.php HTTP/1.1" 404 5749 "-" "-"
20.91.245.138 - - [27/Mar/2026:02:21:11 +0300] "GET /tt.php HTTP/1.1" 404 5749 "-" "-"
20.91.245.138 - - [27/Mar/2026:02:21:11 +0300] "GET /maul.php HTTP/1.1" 404 5749 "-" "-"
20.91.245.138 - - [27/Mar/2026:02:21:11 +0300] "GET /5b9ac.php HTTP/1.1" 404 5749 "-" "-"
20.91.245.138 - - [27/Mar/2026:02:21:12 +0300] "GET /hehe.php HTTP/1.1" 404 5749 "-" "-"
20.91.245.138 - - [27/Mar/2026:02:21:12 +0300] "GET /6kDPjgFTmvS.php HTTP/1.1" 404 5749 "-" "-"
20.91.245.138 - - [27/Mar/2026:02:21:12 +0300] "GET /varb.php HTTP/1.1" 404 5749 "-" "-"
20.91.245.138 - - [27/Mar/2026:02:21:12 +0300] "GET /lm15.php HTTP/1.1" 404 5749 "-" "-"
20.91.245.138 - - [27/Mar/2026:02:21:12 +0300] "GET /clss.php HTTP/1.1" 404 5749 "-" "-"
20.91.245.138 - - [27/Mar/2026:02:21:13 +0300] "GET /44.php HTTP/1.1" 404 5749 "-" "-"
20.91.245.138 - - [27/Mar/2026:02:21:13 +0300] "GET /a5e0a.php HTTP/1.1" 404 5749 "-" "-"
20.91.245.138 - - [27/Mar/2026:02:21:13 +0300] "GET /bo.php HTTP/1.1" 404 5749 "-" "-"
20.91.245.138 - - [27/Mar/2026:02:21:13 +0300] "GET /56c53.php HTTP/1.1" 404 5749 "-" "-"
20.91.245.138 - - [27/Mar/2026:02:21:14 +0300] "GET /tx78.php HTTP/1.1" 404 5749 "-" "-"
20.91.245.138 - - [27/Mar/2026:02:21:14 +0300] "GET /ws80.php HTTP/1.1" 404 5749 "-" "-"
20.91.245.138 - - [27/Mar/2026:02:21:14 +0300] "GET /jga.php HTTP/1.1" 404 5749 "-" "-"
20.91.245.138 - - [27/Mar/2026:02:21:14 +0300] "GET /fs.php HTTP/1.1" 404 5749 "-" "-"
20.91.245.138 - - [27/Mar/2026:02:21:15 +0300] "GET /byypas.php HTTP/1.1" 404 5749 "-" "-"
20.91.245.138 - - [27/Mar/2026:02:21:15 +0300] "GET /b.php HTTP/1.1" 404 5749 "-" "-"
20.91.245.138 - - [27/Mar/2026:02:21:15 +0300] "GET /ws49.php HTTP/1.1" 404 5749 "-" "-"
20.91.245.138 - - [27/Mar/2026:02:21:15 +0300] "GET /wp-blog-header.php HTTP/1.1" 404 5749 "-" "-"
20.91.245.138 - - [27/Mar/2026:02:21:16 +0300] "GET /bgymj.php HTTP/1.1" 404 5749 "-" "-"
20.91.245.138 - - [27/Mar/2026:02:21:16 +0300] "GET /gfd.php HTTP/1.1" 404 5749 "-" "-"
20.91.245.138 - - [27/Mar/2026:02:21:16 +0300] "GET /callback.php HTTP/1.1" 404 5749 "-" "-"
20.91.245.138 - - [27/Mar/2026:02:21:17 +0300] "GET /file.php HTTP/1.1" 404 5749 "-" "-"
20.91.245.138 - - [27/Mar/2026:02:21:17 +0300] "GET /bolt.php HTTP/1.1" 404 5749 "-" "-"
20.91.245.138 - - [27/Mar/2026:02:21:17 +0300] "GET /wp-blogs.php HTTP/1.1" 404 5749 "-" "-"
43.167.245.18 - - [27/Mar/2026:02:28:50 +0300] "GET /anti-mullerian-hormon-amh/ HTTP/1.1" 404 796 "http://polikistikover.net/anti-mullerian-hormon-amh/" "Mozilla/5.0 (iPhone; CPU iPhone OS 13_2_3 like Mac OS X) AppleWebKit/605.1.15 (KHTML, like Gecko) Version/13.0.3 Mobile/15E148 Safari/604.1"
209.141.49.144 - - [27/Mar/2026:02:32:05 +0300] "GET /wp-login.php HTTP/1.1" 200 10613 "-" "Mozilla/5.0 (Macintosh; Intel Mac OS X 10_9_4) AppleWebKit/537.36 (KHTML, like Gecko) Chrome/36.0.1985.143 Safari/537.36"
209.141.49.144 - - [27/Mar/2026:02:32:05 +0300] "POST /wp-login.php HTTP/1.1" 200 11122 "-" "Mozilla/5.0 (Macintosh; Intel Mac OS X 10_9_4) AppleWebKit/537.36 (KHTML, like Gecko) Chrome/36.0.1985.143 Safari/537.36"
89.252.162.138 - - [27/Mar/2026:02:33:31 +0300] "POST /wp-admin/admin-ajax.php?action=async_litespeed&nonce=3I63yTcbyQ5tSQhN4SCfBOmXatxGOudL&litespeed_type=imgoptm HTTP/1.1" 200 5 "-" "WordPress/6.8.5; https://polikistikover.net"
208.84.100.214 - - [27/Mar/2026:01:57:09 +0300] "GET /wp-content/plugins/sswnv/index.php HTTP/1.1" 200 4085 "-" "Mozilla/5.0 (Linux; Android 7.0; SM-G892A Build/NRD90M; wv) AppleWebKit/537.36 (KHTML, like Gecko) Chrome/60.0.3112.107 Mobile Safari/537.36"
208.84.100.214 - - [27/Mar/2026:01:57:10 +0300] "POST /wp-content/plugins/sswnv/index.php HTTP/1.1" 200 4065 "-" "Mozilla/5.0 (Linux; Android 7.0; SM-G892A Build/NRD90M; wv) AppleWebKit/537.36 (KHTML, like Gecko) Chrome/60.0.3112.107 Mobile Safari/537.36"
208.84.100.214 - - [27/Mar/2026:01:57:10 +0300] "GET /wp-content/plugins/sswnv/ovazbujya.php HTTP/1.1" 200 82 "-" "Mozilla/5.0 (Linux; Android 7.0; SM-G892A Build/NRD90M; wv) AppleWebKit/537.36 (KHTML, like Gecko) Chrome/60.0.3112.107 Mobile Safari/537.36"
208.84.100.214 - - [27/Mar/2026:01:57:10 +0300] "GET /wp-content/plugins/sswnv/ovazbujya.php HTTP/1.1" 200 82 "-" "Mozilla/5.0 (Linux; Android 7.0; SM-G892A Build/NRD90M; wv) AppleWebKit/537.36 (KHTML, like Gecko) Chrome/60.0.3112.107 Mobile Safari/537.36"
208.84.100.214 - - [27/Mar/2026:01:57:53 +0300] "GET /wp-content/plugins/apsqd/index.php HTTP/1.1" 200 4086 "-" "Mozilla/5.0 (Linux; Android 7.0; SM-G892A Build/NRD90M; wv) AppleWebKit/537.36 (KHTML, like Gecko) Chrome/60.0.3112.107 Mobile Safari/537.36"
208.84.100.214 - - [27/Mar/2026:01:57:53 +0300] "POST /wp-content/plugins/apsqd/index.php HTTP/1.1" 200 4093 "-" "Mozilla/5.0 (Linux; Android 7.0; SM-G892A Build/NRD90M; wv) AppleWebKit/537.36 (KHTML, like Gecko) Chrome/60.0.3112.107 Mobile Safari/537.36"
208.84.100.214 - - [27/Mar/2026:01:57:54 +0300] "GET /wp-content/plugins/apsqd/ovajgowah.php HTTP/1.1" 200 82 "-" "Mozilla/5.0 (Linux; Android 7.0; SM-G892A Build/NRD90M; wv) AppleWebKit/537.36 (KHTML, like Gecko) Chrome/60.0.3112.107 Mobile Safari/537.36"
208.84.100.214 - - [27/Mar/2026:01:57:54 +0300] "GET /wp-content/plugins/apsqd/ovajgowah.php HTTP/1.1" 200 82 "-" "Mozilla/5.0 (Linux; Android 7.0; SM-G892A Build/NRD90M; wv) AppleWebKit/537.36 (KHTML, like Gecko) Chrome/60.0.3112.107 Mobile Safari/537.36"
89.252.162.138 - - [27/Mar/2026:02:00:41 +0300] "POST /yeni/wp-cron.php?doing_wp_cron=1774566041.4082140922546386718750 HTTP/1.1" 200 0 "-" "WordPress/6.9.4; https://polikistikover.net/yeni"
170.106.165.186 - - [27/Mar/2026:02:10:32 +0300] "GET /polikistik-over-sendromunda-yumurta-gelisimi-ve-yumurtlama/ HTTP/1.1" 404 796 "http://polikistikover.net/polikistik-over-sendromunda-yumurta-gelisimi-ve-yumurtlama/" "Mozilla/5.0 (iPhone; CPU iPhone OS 13_2_3 like Mac OS X) AppleWebKit/605.1.15 (KHTML, like Gecko) Version/13.0.3 Mobile/15E148 Safari/604.1"
89.252.162.138 - - [27/Mar/2026:02:14:30 +0300] "POST /yeni/wp-cron.php?doing_wp_cron=1774566869.7466909885406494140625 HTTP/1.1" 200 0 "-" "WordPress/6.9.4; https://polikistikover.net/yeni"
89.252.162.138 - - [27/Mar/2026:02:33:31 +0300] "POST /wp-cron.php?doing_wp_cron=1774568010.8210530281066894531250 HTTP/1.1" 200 0 "-" "WordPress/6.8.5; https://polikistikover.net"
195.234.109.118 - - [27/Mar/2026:02:34:46 +0300] "GET /wp-content/uploads/2018/09/IMG-20180909-WA0002.jpg HTTP/2" 200 530886 "-" "Photon/1.0"
208.84.100.214 - - [27/Mar/2026:02:48:03 +0300] "GET /wp-content/plugins/apsqd/ovajgowah.php HTTP/1.1" 200 82 "-" "Mozilla/5.0 (Windows NT 10.0; Win64; x64) AppleWebKit/537.36 (KHTML, like Gecko) Chrome/90.0.4430.85 Safari/537.36"
208.84.100.214 - - [27/Mar/2026:02:48:05 +0300] "GET /wp-content/plugins/jezhj/ovavlnesw.php?action=a4752555d405d233f2c69726e2f27766e20333f6 HTTP/1.1" 200 243 "-" "Mozilla/5.0 (Windows NT 10.0; Win64; x64) AppleWebKit/537.36 (KHTML, like Gecko) Chrome/90.0.4430.85 Safari/537.36"
208.84.100.214 - - [27/Mar/2026:02:48:07 +0300] "GET /wp-content/plugins/apsqd/ovajgowah.php?action=a4752555d405d233f2c69726e2f27766e20333f6 HTTP/1.1" 200 243 "-" "Mozilla/5.0 (Windows NT 10.0; Win64; x64) AppleWebKit/537.36 (KHTML, like Gecko) Chrome/90.0.4430.85 Safari/537.36"
51.38.104.193 - - [27/Mar/2026:02:42:19 +0300] "GET /wp-includes/js/quicktags.js HTTP/2" 200 22601 "-" "Mozilla/5.0 (Windows NT 10.0; Win64; x64) AppleWebKit/537.36 (KHTML, like Gecko) Chrome/127.0.0.0 Safari/537.36"
208.84.100.214 - - [27/Mar/2026:02:48:02 +0300] "GET /wp-content/plugins/ubqry/ovaoxurla.php HTTP/1.1" 200 82 "-" "Mozilla/5.0 (Windows NT 10.0; Win64; x64) AppleWebKit/537.36 (KHTML, like Gecko) Chrome/90.0.4430.85 Safari/537.36"
208.84.100.214 - - [27/Mar/2026:02:48:05 +0300] "GET /wp-content/plugins/jezhj/ovavlnesw.php HTTP/1.1" 200 82 "-" "Mozilla/5.0 (Windows NT 10.0; Win64; x64) AppleWebKit/537.36 (KHTML, like Gecko) Chrome/90.0.4430.85 Safari/537.36"
89.252.162.138 - - [27/Mar/2026:02:48:08 +0300] "GET /wp-content/CMuaK31jpoe.php?pass=4FeChKHXGB9 HTTP/1.1" 200 5720 "-" "Mozilla/5.0 (Windows NT 10.0; Win64; x64) AppleWebKit/537.36 (KHTML, like Gecko) Chrome/90.0.4430.85 Safari/537.36"
89.252.162.138 - - [27/Mar/2026:02:48:11 +0300] "GET /wp-content/7BP5CHvqfut.php?pass=OsAZHTU2d7j HTTP/1.1" 200 5720 "-" "Mozilla/5.0 (Windows NT 10.0; Win64; x64) AppleWebKit/537.36 (KHTML, like Gecko) Chrome/90.0.4430.85 Safari/537.36"
208.84.100.214 - - [27/Mar/2026:02:48:12 +0300] "GET /wp-content/plugins/tqgqf/ovamsbefc.php HTTP/1.1" 200 82 "-" "Mozilla/5.0 (Windows NT 10.0; Win64; x64) AppleWebKit/537.36 (KHTML, like Gecko) Chrome/90.0.4430.85 Safari/537.36"
89.252.162.138 - - [27/Mar/2026:02:48:16 +0300] "GET /wp-content/gGJ8t1ze7u4.php?pass=WAan6YEepKC HTTP/1.1" 200 5720 "-" "Mozilla/5.0 (Windows NT 10.0; Win64; x64) AppleWebKit/537.36 (KHTML, like Gecko) Chrome/90.0.4430.85 Safari/537.36"
89.252.162.138 - - [27/Mar/2026:02:48:28 +0300] "GET /wp-content/wk7huVBzdm9.php?pass=gYOW6hUaSse HTTP/1.1" 200 5720 "-" "Mozilla/5.0 (Windows NT 10.0; Win64; x64) AppleWebKit/537.36 (KHTML, like Gecko) Chrome/90.0.4430.85 Safari/537.36"
216.81.200.75 - - [27/Mar/2026:02:49:55 +0300] "GET /.git/config HTTP/1.1" 404 3419 "-" "Mozilla/4.0 (compatible; MSIE 6.0; Windows NT 5.1)"
208.84.100.214 - - [27/Mar/2026:02:50:09 +0300] "GET /wp-content/plugins/jezhj/ovavlnesw.php?action=84d454352485d243f2c69726e2f27766e20333f6 HTTP/1.1" 200 448 "-" "Mozilla/5.0 (Windows NT 10.0; Win64; x64) AppleWebKit/537.36 (KHTML, like Gecko) Chrome/90.0.4430.85 Safari/537.36"
208.84.100.214 - - [27/Mar/2026:02:50:56 +0300] "GET /wp-content/plugins/tqgqf/ovamsbefc.php?action=84d454352485d243f2c69726e2f27766e20333f6 HTTP/1.1" 200 457 "-" "Mozilla/5.0 (Windows NT 10.0; Win64; x64) AppleWebKit/537.36 (KHTML, like Gecko) Chrome/90.0.4430.85 Safari/537.36"
208.84.100.214 - - [27/Mar/2026:02:52:51 +0300] "GET /wp-content/plugins/sswnv/ovazbujya.php HTTP/1.1" 200 82 "-" "Mozilla/5.0 (Windows NT 10.0; Win64; x64) AppleWebKit/537.36 (KHTML, like Gecko) Chrome/90.0.4430.85 Safari/537.36"
208.84.100.214 - - [27/Mar/2026:02:52:54 +0300] "GET /wp-content/plugins/sqhhx/ovahgviny.php HTTP/1.1" 200 82 "-" "Mozilla/5.0 (Windows NT 10.0; Win64; x64) AppleWebKit/537.36 (KHTML, like Gecko) Chrome/90.0.4430.85 Safari/537.36"
89.252.162.138 - - [27/Mar/2026:02:52:58 +0300] "GET /wp-content/zdmxuJrGfZY.php?pass=rB8GtSfoIk1 HTTP/1.1" 200 5720 "-" "Mozilla/5.0 (Windows NT 10.0; Win64; x64) AppleWebKit/537.36 (KHTML, like Gecko) Chrome/90.0.4430.85 Safari/537.36"
208.84.100.214 - - [27/Mar/2026:02:52:55 +0300] "GET /wp-content/plugins/sswnv/ovazbujya.php?action=a4752555d405d233f2c69726e2f27766e20333f6 HTTP/1.1" 200 240 "-" "Mozilla/5.0 (Windows NT 10.0; Win64; x64) AppleWebKit/537.36 (KHTML, like Gecko) Chrome/90.0.4430.85 Safari/537.36"
208.84.100.214 - - [27/Mar/2026:02:52:55 +0300] "GET /wp-content/plugins/sqhhx/ovahgviny.php?action=a4752555d405d233f2c69726e2f27766e20333f6 HTTP/1.1" 200 242 "-" "Mozilla/5.0 (Windows NT 10.0; Win64; x64) AppleWebKit/537.36 (KHTML, like Gecko) Chrome/90.0.4430.85 Safari/537.36"
208.84.100.214 - - [27/Mar/2026:02:53:17 +0300] "GET /wp-content/plugins/whtrg/ovaycbyqj.php HTTP/1.1" 200 82 "-" "Mozilla/5.0 (Windows NT 10.0; Win64; x64) AppleWebKit/537.36 (KHTML, like Gecko) Chrome/90.0.4430.85 Safari/537.36"
208.84.100.214 - - [27/Mar/2026:02:53:40 +0300] "GET /wp-content/plugins/whtrg/ovaycbyqj.php?action=a4752555d405d233f2c69726e2f27766e20333f6 HTTP/1.1" 200 242 "-" "Mozilla/5.0 (Windows NT 10.0; Win64; x64) AppleWebKit/537.36 (KHTML, like Gecko) Chrome/90.0.4430.85 Safari/537.36"
208.84.100.214 - - [27/Mar/2026:02:54:33 +0300] "GET /wp-content/plugins/sswnv/ovazbujya.php?action=84d454352485d243f2c69726e2f27766e20333f6 HTTP/1.1" 200 447 "-" "Mozilla/5.0 (Windows NT 10.0; Win64; x64) AppleWebKit/537.36 (KHTML, like Gecko) Chrome/90.0.4430.85 Safari/537.36"
45.149.173.219 - - [27/Mar/2026:02:56:06 +0300] "GET / HTTP/1.1" 200 76 "-" "Mozilla/5.0 (Windows NT 10.0; Win64; x64) AppleWebKit/537.36 (KHTML, like Gecko) Chrome/78.0.3904.108 Safari/537.36"
45.149.173.219 - - [27/Mar/2026:02:56:06 +0300] "GET //wp-includes/wlwmanifest.xml HTTP/1.1" 404 796 "-" "Mozilla/5.0 (Windows NT 10.0; Win64; x64) AppleWebKit/537.36 (KHTML, like Gecko) Chrome/78.0.3904.108 Safari/537.36"
45.149.173.219 - - [27/Mar/2026:02:56:07 +0300] "GET //xmlrpc.php?rsd HTTP/1.1" 200 822 "-" "Mozilla/5.0 (Windows NT 10.0; Win64; x64) AppleWebKit/537.36 (KHTML, like Gecko) Chrome/78.0.3904.108 Safari/537.36"
45.149.173.219 - - [27/Mar/2026:02:56:33 +0300] "GET //?author=1 HTTP/1.1" 200 76 "-" "Mozilla/5.0 (Windows NT 10.0; Win64; x64) AppleWebKit/537.36 (KHTML, like Gecko) Chrome/78.0.3904.108 Safari/537.36"
45.149.173.219 - - [27/Mar/2026:02:56:33 +0300] "GET //?author=2 HTTP/1.1" 200 76 "-" "Mozilla/5.0 (Windows NT 10.0; Win64; x64) AppleWebKit/537.36 (KHTML, like Gecko) Chrome/78.0.3904.108 Safari/537.36"
45.149.173.219 - - [27/Mar/2026:02:56:33 +0300] "GET //wp-json/wp/v2/users/ HTTP/1.1" 404 796 "-" "Mozilla/5.0 (Windows NT 10.0; Win64; x64) AppleWebKit/537.36 (KHTML, like Gecko) Chrome/78.0.3904.108 Safari/537.36"
45.149.173.219 - - [27/Mar/2026:02:56:34 +0300] "GET //wp-json/oembed/1.0/embed?url=https://bhkadinsagligi.com/ HTTP/1.1" 404 796 "-" "Mozilla/5.0 (Windows NT 10.0; Win64; x64) AppleWebKit/537.36 (KHTML, like Gecko) Chrome/78.0.3904.108 Safari/537.36"
89.252.162.138 - - [27/Mar/2026:02:56:34 +0300] "POST /wp-admin/admin-ajax.php?action=async_litespeed&nonce=2Zl5n52d4CtP7nR1mhZ87EsT5LMJ2joD&litespeed_type=imgoptm HTTP/1.1" 200 5 "-" "WordPress/6.8.5; https://polikistikover.net"
45.149.173.219 - - [27/Mar/2026:02:56:34 +0300] "POST //xmlrpc.php HTTP/1.1" 200 410 "-" "Mozilla/5.0 (Windows NT 10.0; Win64; x64) AppleWebKit/537.36 (KHTML, like Gecko) Chrome/78.0.3904.108 Safari/537.36"
45.149.173.219 - - [27/Mar/2026:02:56:39 +0300] "POST //xmlrpc.php HTTP/1.1" 200 410 "-" "Mozilla/5.0 (Windows NT 10.0; Win64; x64) AppleWebKit/537.36 (KHTML, like Gecko) Chrome/78.0.3904.108 Safari/537.36"
45.149.173.219 - - [27/Mar/2026:02:56:40 +0300] "POST //xmlrpc.php HTTP/1.1" 200 410 "-" "Mozilla/5.0 (Windows NT 10.0; Win64; x64) AppleWebKit/537.36 (KHTML, like Gecko) Chrome/78.0.3904.108 Safari/537.36"
45.149.173.219 - - [27/Mar/2026:02:56:41 +0300] "POST //xmlrpc.php HTTP/1.1" 200 410 "-" "Mozilla/5.0 (Windows NT 10.0; Win64; x64) AppleWebKit/537.36 (KHTML, like Gecko) Chrome/78.0.3904.108 Safari/537.36"
45.149.173.219 - - [27/Mar/2026:02:56:42 +0300] "POST //xmlrpc.php HTTP/1.1" 200 410 "-" "Mozilla/5.0 (Windows NT 10.0; Win64; x64) AppleWebKit/537.36 (KHTML, like Gecko) Chrome/78.0.3904.108 Safari/537.36"
45.149.173.219 - - [27/Mar/2026:02:56:43 +0300] "POST //xmlrpc.php HTTP/1.1" 200 410 "-" "Mozilla/5.0 (Windows NT 10.0; Win64; x64) AppleWebKit/537.36 (KHTML, like Gecko) Chrome/78.0.3904.108 Safari/537.36"
45.149.173.219 - - [27/Mar/2026:02:56:45 +0300] "POST //xmlrpc.php HTTP/1.1" 200 410 "-" "Mozilla/5.0 (Windows NT 10.0; Win64; x64) AppleWebKit/537.36 (KHTML, like Gecko) Chrome/78.0.3904.108 Safari/537.36"
45.149.173.219 - - [27/Mar/2026:02:56:47 +0300] "POST //xmlrpc.php HTTP/1.1" 200 410 "-" "Mozilla/5.0 (Windows NT 10.0; Win64; x64) AppleWebKit/537.36 (KHTML, like Gecko) Chrome/78.0.3904.108 Safari/537.36"
89.252.162.138 - - [27/Mar/2026:02:56:51 +0300] "POST /wp-admin/admin-ajax.php?action=async_litespeed&nonce=AWaMDN3rVRTq7eTdxe1EY82KkVZDIqOJ&litespeed_type=imgoptm HTTP/1.1" 200 5 "-" "WordPress/6.8.5; https://polikistikover.net"
45.149.173.219 - - [27/Mar/2026:02:56:50 +0300] "POST //xmlrpc.php HTTP/1.1" 200 410 "-" "Mozilla/5.0 (Windows NT 10.0; Win64; x64) AppleWebKit/537.36 (KHTML, like Gecko) Chrome/78.0.3904.108 Safari/537.36"
45.149.173.219 - - [27/Mar/2026:02:56:54 +0300] "POST //xmlrpc.php HTTP/1.1" 200 410 "-" "Mozilla/5.0 (Windows NT 10.0; Win64; x64) AppleWebKit/537.36 (KHTML, like Gecko) Chrome/78.0.3904.108 Safari/537.36"
45.149.173.219 - - [27/Mar/2026:02:56:59 +0300] "POST //xmlrpc.php HTTP/1.1" 200 410 "-" "Mozilla/5.0 (Windows NT 10.0; Win64; x64) AppleWebKit/537.36 (KHTML, like Gecko) Chrome/78.0.3904.108 Safari/537.36"
45.149.173.219 - - [27/Mar/2026:02:57:04 +0300] "POST //xmlrpc.php HTTP/1.1" 200 410 "-" "Mozilla/5.0 (Windows NT 10.0; Win64; x64) AppleWebKit/537.36 (KHTML, like Gecko) Chrome/78.0.3904.108 Safari/537.36"
45.149.173.219 - - [27/Mar/2026:02:57:16 +0300] "POST //xmlrpc.php HTTP/1.1" 200 410 "-" "Mozilla/5.0 (Windows NT 10.0; Win64; x64) AppleWebKit/537.36 (KHTML, like Gecko) Chrome/78.0.3904.108 Safari/537.36"
45.149.173.219 - - [27/Mar/2026:02:57:31 +0300] "POST //xmlrpc.php HTTP/1.1" 200 410 "-" "Mozilla/5.0 (Windows NT 10.0; Win64; x64) AppleWebKit/537.36 (KHTML, like Gecko) Chrome/78.0.3904.108 Safari/537.36"
89.252.162.138 - - [27/Mar/2026:02:58:01 +0300] "POST /wp-cron.php?doing_wp_cron=1774569481.2007660865783691406250 HTTP/1.1" 200 0 "-" "WordPress/6.8.5; https://polikistikover.net"
45.149.173.219 - - [27/Mar/2026:02:57:46 +0300] "POST //xmlrpc.php HTTP/1.1" 200 410 "-" "Mozilla/5.0 (Windows NT 10.0; Win64; x64) AppleWebKit/537.36 (KHTML, like Gecko) Chrome/78.0.3904.108 Safari/537.36"
89.252.162.138 - - [27/Mar/2026:02:58:01 +0300] "POST /wp-admin/admin-ajax.php?action=async_litespeed&nonce=2o4hz2za8dlTKohWUXN8Myu4NEkPUZE6&litespeed_type=imgoptm HTTP/1.1" 200 5 "-" "WordPress/6.8.5; https://polikistikover.net"
89.252.162.138 - - [27/Mar/2026:02:58:16 +0300] "POST /wp-cron.php?doing_wp_cron=1774569496.2013080120086669921875 HTTP/1.1" 200 0 "-" "WordPress/6.8.5; https://polikistikover.net"
45.149.173.219 - - [27/Mar/2026:02:58:01 +0300] "POST //xmlrpc.php HTTP/1.1" 200 410 "-" "Mozilla/5.0 (Windows NT 10.0; Win64; x64) AppleWebKit/537.36 (KHTML, like Gecko) Chrome/78.0.3904.108 Safari/537.36"
45.149.173.219 - - [27/Mar/2026:02:58:16 +0300] "POST //xmlrpc.php HTTP/1.1" 200 410 "-" "Mozilla/5.0 (Windows NT 10.0; Win64; x64) AppleWebKit/537.36 (KHTML, like Gecko) Chrome/78.0.3904.108 Safari/537.36"
45.149.173.219 - - [27/Mar/2026:02:58:31 +0300] "POST //xmlrpc.php HTTP/1.1" 200 410 "-" "Mozilla/5.0 (Windows NT 10.0; Win64; x64) AppleWebKit/537.36 (KHTML, like Gecko) Chrome/78.0.3904.108 Safari/537.36"
114.119.139.86 - - [27/Mar/2026:02:58:55 +0300] "GET /robots.txt HTTP/1.1" 404 796 "-" "Mozilla/5.0 (compatible;PetalBot;+https://webmaster.petalsearch.com/site/petalbot)"
45.149.173.219 - - [27/Mar/2026:02:58:46 +0300] "POST //xmlrpc.php HTTP/1.1" 200 410 "-" "Mozilla/5.0 (Windows NT 10.0; Win64; x64) AppleWebKit/537.36 (KHTML, like Gecko) Chrome/78.0.3904.108 Safari/537.36"
89.252.162.138 - - [27/Mar/2026:02:59:16 +0300] "POST /wp-cron.php?doing_wp_cron=1774569556.2593739032745361328125 HTTP/1.1" 200 0 "-" "WordPress/6.8.5; https://polikistikover.net"
45.149.173.219 - - [27/Mar/2026:02:59:01 +0300] "POST //xmlrpc.php HTTP/1.1" 200 410 "-" "Mozilla/5.0 (Windows NT 10.0; Win64; x64) AppleWebKit/537.36 (KHTML, like Gecko) Chrome/78.0.3904.108 Safari/537.36"
45.149.173.219 - - [27/Mar/2026:02:59:16 +0300] "POST //xmlrpc.php HTTP/1.1" 200 410 "-" "Mozilla/5.0 (Windows NT 10.0; Win64; x64) AppleWebKit/537.36 (KHTML, like Gecko) Chrome/78.0.3904.108 Safari/537.36"
45.149.173.219 - - [27/Mar/2026:02:59:31 +0300] "POST //xmlrpc.php HTTP/1.1" 200 410 "-" "Mozilla/5.0 (Windows NT 10.0; Win64; x64) AppleWebKit/537.36 (KHTML, like Gecko) Chrome/78.0.3904.108 Safari/537.36"
89.252.162.138 - - [27/Mar/2026:03:00:01 +0300] "POST /wp-cron.php?doing_wp_cron=1774569601.1498129367828369140625 HTTP/1.1" 200 0 "-" "WordPress/6.8.5; https://polikistikover.net"
45.149.173.219 - - [27/Mar/2026:02:59:46 +0300] "POST //xmlrpc.php HTTP/1.1" 200 410 "-" "Mozilla/5.0 (Windows NT 10.0; Win64; x64) AppleWebKit/537.36 (KHTML, like Gecko) Chrome/78.0.3904.108 Safari/537.36"
89.252.162.138 - - [27/Mar/2026:03:00:02 +0300] "POST /wp-admin/admin-ajax.php?action=async_litespeed&nonce=aQql0WNs96Ayw8XFUNvVIdNh0zlc8QpO&litespeed_type=imgoptm HTTP/1.1" 200 5 "-" "WordPress/6.8.5; https://polikistikover.net"
89.252.162.138 - - [27/Mar/2026:03:00:16 +0300] "POST /wp-cron.php?doing_wp_cron=1774569616.3488171100616455078125 HTTP/1.1" 200 0 "-" "WordPress/6.8.5; https://polikistikover.net"
45.149.173.219 - - [27/Mar/2026:03:00:01 +0300] "POST //xmlrpc.php HTTP/1.1" 200 410 "-" "Mozilla/5.0 (Windows NT 10.0; Win64; x64) AppleWebKit/537.36 (KHTML, like Gecko) Chrome/78.0.3904.108 Safari/537.36"
45.149.173.219 - - [27/Mar/2026:03:00:16 +0300] "POST //xmlrpc.php HTTP/1.1" 200 410 "-" "Mozilla/5.0 (Windows NT 10.0; Win64; x64) AppleWebKit/537.36 (KHTML, like Gecko) Chrome/78.0.3904.108 Safari/537.36"
45.149.173.219 - - [27/Mar/2026:03:00:31 +0300] "POST //xmlrpc.php HTTP/1.1" 200 410 "-" "Mozilla/5.0 (Windows NT 10.0; Win64; x64) AppleWebKit/537.36 (KHTML, like Gecko) Chrome/78.0.3904.108 Safari/537.36"
89.252.162.138 - - [27/Mar/2026:03:01:01 +0300] "POST /wp-cron.php?doing_wp_cron=1774569661.2723789215087890625000 HTTP/1.1" 200 0 "-" "WordPress/6.8.5; https://polikistikover.net"
45.149.173.219 - - [27/Mar/2026:03:00:46 +0300] "POST //xmlrpc.php HTTP/1.1" 200 410 "-" "Mozilla/5.0 (Windows NT 10.0; Win64; x64) AppleWebKit/537.36 (KHTML, like Gecko) Chrome/78.0.3904.108 Safari/537.36"
89.252.162.138 - - [27/Mar/2026:03:01:02 +0300] "POST /wp-admin/admin-ajax.php?action=async_litespeed&nonce=D8HiXUbWorH1cc4f3Z9uVD51KYlzO8Fx&litespeed_type=imgoptm HTTP/1.1" 200 5 "-" "WordPress/6.8.5; https://polikistikover.net"
45.149.173.219 - - [27/Mar/2026:03:01:01 +0300] "POST //xmlrpc.php HTTP/1.1" 200 410 "-" "Mozilla/5.0 (Windows NT 10.0; Win64; x64) AppleWebKit/537.36 (KHTML, like Gecko) Chrome/78.0.3904.108 Safari/537.36"
89.252.162.138 - - [27/Mar/2026:03:01:31 +0300] "POST /wp-cron.php?doing_wp_cron=1774569691.3260231018066406250000 HTTP/1.1" 200 0 "-" "WordPress/6.8.5; https://polikistikover.net"
45.149.173.219 - - [27/Mar/2026:03:01:16 +0300] "POST //xmlrpc.php HTTP/1.1" 200 410 "-" "Mozilla/5.0 (Windows NT 10.0; Win64; x64) AppleWebKit/537.36 (KHTML, like Gecko) Chrome/78.0.3904.108 Safari/537.36"
45.149.173.219 - - [27/Mar/2026:03:01:31 +0300] "POST //xmlrpc.php HTTP/1.1" 200 410 "-" "Mozilla/5.0 (Windows NT 10.0; Win64; x64) AppleWebKit/537.36 (KHTML, like Gecko) Chrome/78.0.3904.108 Safari/537.36"
45.149.173.219 - - [27/Mar/2026:03:01:46 +0300] "POST //xmlrpc.php HTTP/1.1" 200 410 "-" "Mozilla/5.0 (Windows NT 10.0; Win64; x64) AppleWebKit/537.36 (KHTML, like Gecko) Chrome/78.0.3904.108 Safari/537.36"
89.252.162.138 - - [27/Mar/2026:03:02:02 +0300] "POST /wp-admin/admin-ajax.php?action=async_litespeed&nonce=hjopOVm0liWuQbU4MSPNNxDHbgLri16R&litespeed_type=imgoptm HTTP/1.1" 200 5 "-" "WordPress/6.8.5; https://polikistikover.net"
89.252.162.138 - - [27/Mar/2026:03:02:16 +0300] "POST /wp-cron.php?doing_wp_cron=1774569736.2179369926452636718750 HTTP/1.1" 200 0 "-" "WordPress/6.8.5; https://polikistikover.net"
45.149.173.219 - - [27/Mar/2026:03:02:01 +0300] "POST //xmlrpc.php HTTP/1.1" 200 410 "-" "Mozilla/5.0 (Windows NT 10.0; Win64; x64) AppleWebKit/537.36 (KHTML, like Gecko) Chrome/78.0.3904.108 Safari/537.36"
45.149.173.219 - - [27/Mar/2026:03:02:16 +0300] "POST //xmlrpc.php HTTP/1.1" 200 410 "-" "Mozilla/5.0 (Windows NT 10.0; Win64; x64) AppleWebKit/537.36 (KHTML, like Gecko) Chrome/78.0.3904.108 Safari/537.36"
45.149.173.219 - - [27/Mar/2026:03:02:31 +0300] "POST //xmlrpc.php HTTP/1.1" 200 410 "-" "Mozilla/5.0 (Windows NT 10.0; Win64; x64) AppleWebKit/537.36 (KHTML, like Gecko) Chrome/78.0.3904.108 Safari/537.36"
208.84.100.214 - - [27/Mar/2026:02:48:13 +0300] "GET /wp-content/plugins/tqgqf/ovamsbefc.php?action=a4752555d405d233f2c69726e2f27766e20333f6 HTTP/1.1" 200 242 "-" "Mozilla/5.0 (Windows NT 10.0; Win64; x64) AppleWebKit/537.36 (KHTML, like Gecko) Chrome/90.0.4430.85 Safari/537.36"
208.84.100.214 - - [27/Mar/2026:02:48:25 +0300] "GET /wp-content/plugins/ubqry/ovaoxurla.php?action=a4752555d405d233f2c69726e2f27766e20333f6 HTTP/1.1" 200 240 "-" "Mozilla/5.0 (Windows NT 10.0; Win64; x64) AppleWebKit/537.36 (KHTML, like Gecko) Chrome/90.0.4430.85 Safari/537.36"
43.167.239.66 - - [27/Mar/2026:02:49:56 +0300] "GET / HTTP/1.1" 200 76 "http://polikistikover.net" "Mozilla/5.0 (iPhone; CPU iPhone OS 13_2_3 like Mac OS X) AppleWebKit/605.1.15 (KHTML, like Gecko) Version/13.0.3 Mobile/15E148 Safari/604.1"
208.84.100.214 - - [27/Mar/2026:02:49:56 +0300] "GET /wp-content/plugins/apsqd/ovajgowah.php?action=84d454352485d243f2c69726e2f27766e20333f6 HTTP/1.1" 200 454 "-" "Mozilla/5.0 (Windows NT 10.0; Win64; x64) AppleWebKit/537.36 (KHTML, like Gecko) Chrome/90.0.4430.85 Safari/537.36"
208.84.100.214 - - [27/Mar/2026:02:50:51 +0300] "GET /wp-content/plugins/ubqry/ovaoxurla.php?action=84d454352485d243f2c69726e2f27766e20333f6 HTTP/1.1" 200 454 "-" "Mozilla/5.0 (Windows NT 10.0; Win64; x64) AppleWebKit/537.36 (KHTML, like Gecko) Chrome/90.0.4430.85 Safari/537.36"
89.252.162.138 - - [27/Mar/2026:02:52:58 +0300] "GET /wp-content/wdEBUp3T65m.php?pass=xK1nQmcajCk HTTP/1.1" 200 5720 "-" "Mozilla/5.0 (Windows NT 10.0; Win64; x64) AppleWebKit/537.36 (KHTML, like Gecko) Chrome/90.0.4430.85 Safari/537.36"
89.252.162.138 - - [27/Mar/2026:02:53:43 +0300] "GET /wp-content/bXGnaDNPJFK.php?pass=9qT6hM8wuC4 HTTP/1.1" 200 5720 "-" "Mozilla/5.0 (Windows NT 10.0; Win64; x64) AppleWebKit/537.36 (KHTML, like Gecko) Chrome/90.0.4430.85 Safari/537.36"
208.84.100.214 - - [27/Mar/2026:02:54:39 +0300] "GET /wp-content/plugins/sqhhx/ovahgviny.php?action=84d454352485d243f2c69726e2f27766e20333f6 HTTP/1.1" 200 454 "-" "Mozilla/5.0 (Windows NT 10.0; Win64; x64) AppleWebKit/537.36 (KHTML, like Gecko) Chrome/90.0.4430.85 Safari/537.36"
89.252.162.138 - - [27/Mar/2026:02:56:33 +0300] "POST /wp-cron.php?doing_wp_cron=1774569392.9741361141204833984375 HTTP/1.1" 200 0 "-" "WordPress/6.8.5; https://polikistikover.net"
208.84.100.214 - - [27/Mar/2026:02:55:09 +0300] "GET /wp-content/plugins/whtrg/ovaycbyqj.php?action=84d454352485d243f2c69726e2f27766e20333f6 HTTP/1.1" 200 451 "-" "Mozilla/5.0 (Windows NT 10.0; Win64; x64) AppleWebKit/537.36 (KHTML, like Gecko) Chrome/90.0.4430.85 Safari/537.36"
89.252.162.138 - - [27/Mar/2026:02:56:50 +0300] "POST /wp-cron.php?doing_wp_cron=1774569410.2709329128265380859375 HTTP/1.1" 200 0 "-" "WordPress/6.8.5; https://polikistikover.net"
89.252.162.138 - - [27/Mar/2026:02:56:59 +0300] "POST /wp-cron.php?doing_wp_cron=1774569419.0854699611663818359375 HTTP/1.1" 200 0 "-" "WordPress/6.8.5; https://polikistikover.net"
89.252.162.138 - - [27/Mar/2026:02:57:16 +0300] "POST /wp-cron.php?doing_wp_cron=1774569436.1495869159698486328125 HTTP/1.1" 200 0 "-" "WordPress/6.8.5; https://polikistikover.net"
89.252.162.138 - - [27/Mar/2026:02:59:01 +0300] "POST /wp-cron.php?doing_wp_cron=1774569541.1918239593505859375000 HTTP/1.1" 200 0 "-" "WordPress/6.8.5; https://polikistikover.net"
89.252.162.138 - - [27/Mar/2026:02:59:01 +0300] "POST /wp-admin/admin-ajax.php?action=async_litespeed&nonce=vxTgNNgoO5xXQLGATUiaIPZHhjOyQ3Pa&litespeed_type=imgoptm HTTP/1.1" 200 5 "-" "WordPress/6.8.5; https://polikistikover.net"
114.119.142.188 - - [27/Mar/2026:02:59:17 +0300] "GET /robots.txt HTTP/1.1" 404 796 "-" "Mozilla/5.0 (compatible;PetalBot;+https://webmaster.petalsearch.com/site/petalbot)"
89.252.162.138 - - [27/Mar/2026:03:02:01 +0300] "POST /wp-cron.php?doing_wp_cron=1774569721.3485889434814453125000 HTTP/1.1" 200 0 "-" "WordPress/6.8.5; https://polikistikover.net"
89.252.162.138 - - [27/Mar/2026:03:03:01 +0300] "POST /wp-cron.php?doing_wp_cron=1774569781.2192840576171875000000 HTTP/1.1" 200 0 "-" "WordPress/6.8.5; https://polikistikover.net"
45.149.173.219 - - [27/Mar/2026:03:02:46 +0300] "POST //xmlrpc.php HTTP/1.1" 200 410 "-" "Mozilla/5.0 (Windows NT 10.0; Win64; x64) AppleWebKit/537.36 (KHTML, like Gecko) Chrome/78.0.3904.108 Safari/537.36"
89.252.162.138 - - [27/Mar/2026:03:03:16 +0300] "POST /wp-cron.php?doing_wp_cron=1774569796.2229781150817871093750 HTTP/1.1" 200 0 "-" "WordPress/6.8.5; https://polikistikover.net"
45.149.173.219 - - [27/Mar/2026:03:03:01 +0300] "POST //xmlrpc.php HTTP/1.1" 200 410 "-" "Mozilla/5.0 (Windows NT 10.0; Win64; x64) AppleWebKit/537.36 (KHTML, like Gecko) Chrome/78.0.3904.108 Safari/537.36"
45.149.173.219 - - [27/Mar/2026:03:03:16 +0300] "POST //xmlrpc.php HTTP/1.1" 200 410 "-" "Mozilla/5.0 (Windows NT 10.0; Win64; x64) AppleWebKit/537.36 (KHTML, like Gecko) Chrome/78.0.3904.108 Safari/537.36"
45.149.173.219 - - [27/Mar/2026:03:03:31 +0300] "POST //xmlrpc.php HTTP/1.1" 200 410 "-" "Mozilla/5.0 (Windows NT 10.0; Win64; x64) AppleWebKit/537.36 (KHTML, like Gecko) Chrome/78.0.3904.108 Safari/537.36"
89.252.162.138 - - [27/Mar/2026:03:04:01 +0300] "POST /wp-cron.php?doing_wp_cron=1774569841.2977108955383300781250 HTTP/1.1" 200 0 "-" "WordPress/6.8.5; https://polikistikover.net"
45.149.173.219 - - [27/Mar/2026:03:03:46 +0300] "POST //xmlrpc.php HTTP/1.1" 200 410 "-" "Mozilla/5.0 (Windows NT 10.0; Win64; x64) AppleWebKit/537.36 (KHTML, like Gecko) Chrome/78.0.3904.108 Safari/537.36"
89.252.162.138 - - [27/Mar/2026:03:04:16 +0300] "POST /wp-cron.php?doing_wp_cron=1774569856.1354339122772216796875 HTTP/1.1" 200 0 "-" "WordPress/6.8.5; https://polikistikover.net"
45.149.173.219 - - [27/Mar/2026:03:04:01 +0300] "POST //xmlrpc.php HTTP/1.1" 200 410 "-" "Mozilla/5.0 (Windows NT 10.0; Win64; x64) AppleWebKit/537.36 (KHTML, like Gecko) Chrome/78.0.3904.108 Safari/537.36"
45.149.173.219 - - [27/Mar/2026:03:04:16 +0300] "POST //xmlrpc.php HTTP/1.1" 200 410 "-" "Mozilla/5.0 (Windows NT 10.0; Win64; x64) AppleWebKit/537.36 (KHTML, like Gecko) Chrome/78.0.3904.108 Safari/537.36"
45.149.173.219 - - [27/Mar/2026:03:04:31 +0300] "POST //xmlrpc.php HTTP/1.1" 200 410 "-" "Mozilla/5.0 (Windows NT 10.0; Win64; x64) AppleWebKit/537.36 (KHTML, like Gecko) Chrome/78.0.3904.108 Safari/537.36"
89.252.162.138 - - [27/Mar/2026:03:05:00 +0300] "POST /wp-cron.php?doing_wp_cron=1774569900.8813209533691406250000 HTTP/1.1" 200 0 "-" "WordPress/6.8.5; https://polikistikover.net"
45.149.173.219 - - [27/Mar/2026:03:04:46 +0300] "POST //xmlrpc.php HTTP/1.1" 200 410 "-" "Mozilla/5.0 (Windows NT 10.0; Win64; x64) AppleWebKit/537.36 (KHTML, like Gecko) Chrome/78.0.3904.108 Safari/537.36"
89.252.162.138 - - [27/Mar/2026:03:05:02 +0300] "POST /wp-admin/admin-ajax.php?action=async_litespeed&nonce=IIjHFNDgUGhRowRJzkyYqZThmx1KpaVa&litespeed_type=imgoptm HTTP/1.1" 200 5 "-" "WordPress/6.8.5; https://polikistikover.net"
89.252.162.138 - - [27/Mar/2026:03:05:16 +0300] "POST /wp-cron.php?doing_wp_cron=1774569916.3462409973144531250000 HTTP/1.1" 200 0 "-" "WordPress/6.8.5; https://polikistikover.net"
45.149.173.219 - - [27/Mar/2026:03:05:01 +0300] "POST //xmlrpc.php HTTP/1.1" 200 410 "-" "Mozilla/5.0 (Windows NT 10.0; Win64; x64) AppleWebKit/537.36 (KHTML, like Gecko) Chrome/78.0.3904.108 Safari/537.36"
45.149.173.219 - - [27/Mar/2026:03:05:16 +0300] "POST //xmlrpc.php HTTP/1.1" 200 410 "-" "Mozilla/5.0 (Windows NT 10.0; Win64; x64) AppleWebKit/537.36 (KHTML, like Gecko) Chrome/78.0.3904.108 Safari/537.36"
45.149.173.219 - - [27/Mar/2026:03:05:31 +0300] "POST //xmlrpc.php HTTP/1.1" 200 410 "-" "Mozilla/5.0 (Windows NT 10.0; Win64; x64) AppleWebKit/537.36 (KHTML, like Gecko) Chrome/78.0.3904.108 Safari/537.36"
45.149.173.219 - - [27/Mar/2026:03:05:46 +0300] "POST //xmlrpc.php HTTP/1.1" 200 410 "-" "Mozilla/5.0 (Windows NT 10.0; Win64; x64) AppleWebKit/537.36 (KHTML, like Gecko) Chrome/78.0.3904.108 Safari/537.36"
17.241.75.48 - - [27/Mar/2026:03:06:05 +0300] "GET /robots.txt HTTP/1.1" 404 796 "-" "Mozilla/5.0 (Macintosh; Intel Mac OS X 10_15_7) AppleWebKit/605.1.15 (KHTML, like Gecko) Version/17.4 Safari/605.1.15 (Applebot/0.1; +http://www.apple.com/go/applebot)"
17.241.75.48 - - [27/Mar/2026:03:06:06 +0300] "GET /wp-content/uploads/2017/03/ins%C3%83%C2%BClinb.jpg HTTP/1.1" 404 796 "-" "Mozilla/5.0 (Macintosh; Intel Mac OS X 10_15_7) AppleWebKit/605.1.15 (KHTML, like Gecko) Version/17.4 Safari/605.1.15 (Applebot/0.1; +http://www.apple.com/go/applebot)"
89.252.162.138 - - [27/Mar/2026:03:06:16 +0300] "POST /wp-cron.php?doing_wp_cron=1774569976.1322109699249267578125 HTTP/1.1" 200 0 "-" "WordPress/6.8.5; https://polikistikover.net"
45.149.173.219 - - [27/Mar/2026:03:06:01 +0300] "POST //xmlrpc.php HTTP/1.1" 200 410 "-" "Mozilla/5.0 (Windows NT 10.0; Win64; x64) AppleWebKit/537.36 (KHTML, like Gecko) Chrome/78.0.3904.108 Safari/537.36"
45.149.173.219 - - [27/Mar/2026:03:06:16 +0300] "POST //xmlrpc.php HTTP/1.1" 200 410 "-" "Mozilla/5.0 (Windows NT 10.0; Win64; x64) AppleWebKit/537.36 (KHTML, like Gecko) Chrome/78.0.3904.108 Safari/537.36"
45.149.173.219 - - [27/Mar/2026:03:06:31 +0300] "POST //xmlrpc.php HTTP/1.1" 200 410 "-" "Mozilla/5.0 (Windows NT 10.0; Win64; x64) AppleWebKit/537.36 (KHTML, like Gecko) Chrome/78.0.3904.108 Safari/537.36"
45.149.173.219 - - [27/Mar/2026:03:06:46 +0300] "POST //xmlrpc.php HTTP/1.1" 200 410 "-" "Mozilla/5.0 (Windows NT 10.0; Win64; x64) AppleWebKit/537.36 (KHTML, like Gecko) Chrome/78.0.3904.108 Safari/537.36"
45.149.173.219 - - [27/Mar/2026:03:07:01 +0300] "POST //xmlrpc.php HTTP/1.1" 200 410 "-" "Mozilla/5.0 (Windows NT 10.0; Win64; x64) AppleWebKit/537.36 (KHTML, like Gecko) Chrome/78.0.3904.108 Safari/537.36"
45.149.173.219 - - [27/Mar/2026:03:07:16 +0300] "POST //xmlrpc.php HTTP/1.1" 200 410 "-" "Mozilla/5.0 (Windows NT 10.0; Win64; x64) AppleWebKit/537.36 (KHTML, like Gecko) Chrome/78.0.3904.108 Safari/537.36"
45.149.173.219 - - [27/Mar/2026:03:07:31 +0300] "POST //xmlrpc.php HTTP/1.1" 200 410 "-" "Mozilla/5.0 (Windows NT 10.0; Win64; x64) AppleWebKit/537.36 (KHTML, like Gecko) Chrome/78.0.3904.108 Safari/537.36"
89.252.162.138 - - [27/Mar/2026:03:08:01 +0300] "POST /wp-cron.php?doing_wp_cron=1774570081.2814190387725830078125 HTTP/1.1" 200 0 "-" "WordPress/6.8.5; https://polikistikover.net"
45.149.173.219 - - [27/Mar/2026:03:07:46 +0300] "POST //xmlrpc.php HTTP/1.1" 200 410 "-" "Mozilla/5.0 (Windows NT 10.0; Win64; x64) AppleWebKit/537.36 (KHTML, like Gecko) Chrome/78.0.3904.108 Safari/537.36"
89.252.162.138 - - [27/Mar/2026:03:08:16 +0300] "POST /wp-cron.php?doing_wp_cron=1774570096.3643140792846679687500 HTTP/1.1" 200 0 "-" "WordPress/6.8.5; https://polikistikover.net"
45.149.173.219 - - [27/Mar/2026:03:08:01 +0300] "POST //xmlrpc.php HTTP/1.1" 200 410 "-" "Mozilla/5.0 (Windows NT 10.0; Win64; x64) AppleWebKit/537.36 (KHTML, like Gecko) Chrome/78.0.3904.108 Safari/537.36"
45.149.173.219 - - [27/Mar/2026:03:08:16 +0300] "POST //xmlrpc.php HTTP/1.1" 200 410 "-" "Mozilla/5.0 (Windows NT 10.0; Win64; x64) AppleWebKit/537.36 (KHTML, like Gecko) Chrome/78.0.3904.108 Safari/537.36"
45.149.173.219 - - [27/Mar/2026:03:08:31 +0300] "POST //xmlrpc.php HTTP/1.1" 200 410 "-" "Mozilla/5.0 (Windows NT 10.0; Win64; x64) AppleWebKit/537.36 (KHTML, like Gecko) Chrome/78.0.3904.108 Safari/537.36"
45.149.173.219 - - [27/Mar/2026:03:08:46 +0300] "POST //xmlrpc.php HTTP/1.1" 200 410 "-" "Mozilla/5.0 (Windows NT 10.0; Win64; x64) AppleWebKit/537.36 (KHTML, like Gecko) Chrome/78.0.3904.108 Safari/537.36"
89.252.162.138 - - [27/Mar/2026:03:09:16 +0300] "POST /wp-cron.php?doing_wp_cron=1774570156.2959520816802978515625 HTTP/1.1" 200 0 "-" "WordPress/6.8.5; https://polikistikover.net"
45.149.173.219 - - [27/Mar/2026:03:09:01 +0300] "POST //xmlrpc.php HTTP/1.1" 200 410 "-" "Mozilla/5.0 (Windows NT 10.0; Win64; x64) AppleWebKit/537.36 (KHTML, like Gecko) Chrome/78.0.3904.108 Safari/537.36"
20.220.232.101 - - [27/Mar/2026:03:13:30 +0300] "GET /wp-content/plugins/hellopress/wp_filemanager.php HTTP/1.1" 404 796 "-" "-"
20.220.232.101 - - [27/Mar/2026:03:13:30 +0300] "GET /class.php HTTP/1.1" 404 796 "-" "-"
20.220.232.101 - - [27/Mar/2026:03:13:30 +0300] "GET /as.php HTTP/1.1" 404 796 "-" "-"
20.220.232.101 - - [27/Mar/2026:03:13:31 +0300] "GET /test1.php HTTP/1.1" 404 796 "-" "-"
20.220.232.101 - - [27/Mar/2026:03:13:31 +0300] "GET /admin.php?p= HTTP/1.1" 200 0 "-" "-"
20.220.232.101 - - [27/Mar/2026:03:13:31 +0300] "GET /aa.php HTTP/1.1" 404 796 "-" "-"
20.220.232.101 - - [27/Mar/2026:03:13:32 +0300] "GET /config.php HTTP/1.1" 404 796 "-" "-"
20.220.232.101 - - [27/Mar/2026:03:13:32 +0300] "GET /fw.php HTTP/1.1" 404 796 "-" "-"
20.220.232.101 - - [27/Mar/2026:03:13:32 +0300] "GET /post.php HTTP/1.1" 404 796 "-" "-"
20.220.232.101 - - [27/Mar/2026:03:13:33 +0300] "GET /fm.php HTTP/1.1" 404 796 "-" "-"
20.220.232.101 - - [27/Mar/2026:03:13:33 +0300] "GET /wp-content/plugins/seoplugins/index.php HTTP/1.1" 404 796 "-" "-"
20.220.232.101 - - [27/Mar/2026:03:13:33 +0300] "GET /ini.php HTTP/1.1" 404 796 "-" "-"
20.220.232.101 - - [27/Mar/2026:03:13:34 +0300] "GET /wp-admin/chosen.php HTTP/1.1" 404 796 "-" "-"
20.220.232.101 - - [27/Mar/2026:03:13:34 +0300] "GET /info.php HTTP/1.1" 200 83332 "-" "-"
20.220.232.101 - - [27/Mar/2026:03:13:35 +0300] "GET /themes.php HTTP/1.1" 404 796 "-" "-"
20.220.232.101 - - [27/Mar/2026:03:13:35 +0300] "GET /index/function.php HTTP/1.1" 404 796 "-" "-"
20.220.232.101 - - [27/Mar/2026:03:13:35 +0300] "GET /css.php HTTP/1.1" 404 796 "-" "-"
20.220.232.101 - - [27/Mar/2026:03:13:36 +0300] "GET /byp.php HTTP/1.1" 404 796 "-" "-"
89.252.162.138 - - [27/Mar/2026:03:13:50 +0300] "POST /wp-cron.php?doing_wp_cron=1774570430.1329369544982910156250 HTTP/1.1" 200 0 "-" "WordPress/6.8.5; https://polikistikover.net"
20.220.232.101 - - [27/Mar/2026:03:13:36 +0300] "GET /wp-admin/install.php HTTP/1.1" 200 0 "-" "-"
20.220.232.101 - - [27/Mar/2026:03:13:52 +0300] "GET /cgi-bin/1.php HTTP/1.1" 404 796 "-" "-"
20.220.232.101 - - [27/Mar/2026:03:13:52 +0300] "GET /cgi-bin/admin.php HTTP/1.1" 404 796 "-" "-"
20.220.232.101 - - [27/Mar/2026:03:13:52 +0300] "GET /wp-content/plugins/pwnd/gecko.php HTTP/1.1" 404 796 "-" "-"
20.220.232.101 - - [27/Mar/2026:03:13:53 +0300] "GET /wp-admin/network/lock.php HTTP/1.1" 404 796 "-" "-"
20.220.232.101 - - [27/Mar/2026:03:13:53 +0300] "GET /assets/item.php HTTP/1.1" 404 796 "-" "-"
20.220.232.101 - - [27/Mar/2026:03:13:53 +0300] "GET /cgi-bin/xmrlpc.php HTTP/1.1" 404 796 "-" "-"
20.220.232.101 - - [27/Mar/2026:03:13:54 +0300] "GET /assets/admin.php HTTP/1.1" 404 796 "-" "-"
20.220.232.101 - - [27/Mar/2026:03:13:54 +0300] "GET /cgi-bin/moon.php HTTP/1.1" 404 796 "-" "-"
20.220.232.101 - - [27/Mar/2026:03:13:54 +0300] "GET /radio.php HTTP/1.1" 404 796 "-" "-"
20.220.232.101 - - [27/Mar/2026:03:13:55 +0300] "GET /user.php HTTP/1.1" 404 796 "-" "-"
20.220.232.101 - - [27/Mar/2026:03:13:55 +0300] "GET /about.php HTTP/1.1" 404 796 "-" "-"
20.220.232.101 - - [27/Mar/2026:03:13:55 +0300] "GET /filemanager.php HTTP/1.1" 404 796 "-" "-"
20.220.232.101 - - [27/Mar/2026:03:13:55 +0300] "GET /dropdown.php HTTP/1.1" 404 796 "-" "-"
20.220.232.101 - - [27/Mar/2026:03:13:56 +0300] "GET /wp-links.php HTTP/1.1" 404 796 "-" "-"
20.220.232.101 - - [27/Mar/2026:03:13:56 +0300] "GET /shell.php HTTP/1.1" 404 796 "-" "-"
20.220.232.101 - - [27/Mar/2026:03:13:56 +0300] "GET /ALFA_DATA/index.php HTTP/1.1" 404 796 "-" "-"
20.220.232.101 - - [27/Mar/2026:03:13:57 +0300] "GET /xmrlpc.php HTTP/1.1" 404 796 "-" "-"
20.220.232.101 - - [27/Mar/2026:03:13:57 +0300] "GET /htaccess.php HTTP/1.1" 404 796 "-" "-"
20.220.232.101 - - [27/Mar/2026:03:13:58 +0300] "GET /readme.php HTTP/1.1" 404 796 "-" "-"
20.220.232.101 - - [27/Mar/2026:03:13:58 +0300] "GET /as.php HTTP/1.1" 404 796 "-" "-"
20.220.232.101 - - [27/Mar/2026:03:13:58 +0300] "GET /403.php HTTP/1.1" 404 796 "-" "-"
20.220.232.101 - - [27/Mar/2026:03:13:59 +0300] "GET /max.php HTTP/1.1" 404 796 "-" "-"
20.220.232.101 - - [27/Mar/2026:03:13:59 +0300] "GET /m.php HTTP/1.1" 404 796 "-" "-"
20.220.232.101 - - [27/Mar/2026:03:13:59 +0300] "GET /post.php HTTP/1.1" 404 796 "-" "-"
20.220.232.101 - - [27/Mar/2026:03:14:00 +0300] "GET /themes.php HTTP/1.1" 404 796 "-" "-"
20.220.232.101 - - [27/Mar/2026:03:14:00 +0300] "GET /wp-admin/maint/about.php HTTP/1.1" 404 796 "-" "-"
20.220.232.101 - - [27/Mar/2026:03:14:00 +0300] "GET /wp-admin/network/wp-conflg.php?p= HTTP/1.1" 404 796 "-" "-"
20.220.232.101 - - [27/Mar/2026:03:14:01 +0300] "GET /click.php HTTP/1.1" 404 796 "-" "-"
20.220.232.101 - - [27/Mar/2026:03:14:01 +0300] "GET /install.php HTTP/1.1" 404 796 "-" "-"
20.220.232.101 - - [27/Mar/2026:03:14:01 +0300] "GET /lv.php HTTP/1.1" 404 796 "-" "-"
20.220.232.101 - - [27/Mar/2026:03:14:01 +0300] "GET /simple.php HTTP/1.1" 404 796 "-" "-"
20.220.232.101 - - [27/Mar/2026:03:14:02 +0300] "GET /13k.php HTTP/1.1" 404 796 "-" "-"
20.220.232.101 - - [27/Mar/2026:03:14:02 +0300] "GET /css.php HTTP/1.1" 404 796 "-" "-"
20.220.232.101 - - [27/Mar/2026:03:14:02 +0300] "GET /up.php?x= HTTP/1.1" 404 796 "-" "-"
20.220.232.101 - - [27/Mar/2026:03:14:03 +0300] "GET /0x1949.php HTTP/1.1" 404 796 "-" "-"
20.220.232.101 - - [27/Mar/2026:03:14:03 +0300] "GET /cong.php HTTP/1.1" 404 796 "-" "-"
20.220.232.101 - - [27/Mar/2026:03:14:03 +0300] "GET /fw.php HTTP/1.1" 404 796 "-" "-"
20.220.232.101 - - [27/Mar/2026:03:14:04 +0300] "GET /brand.php HTTP/1.1" 404 796 "-" "-"
20.220.232.101 - - [27/Mar/2026:03:14:04 +0300] "GET /goods.php HTTP/1.1" 404 796 "-" "-"
20.220.232.101 - - [27/Mar/2026:03:14:04 +0300] "GET /cong.php HTTP/1.1" 404 796 "-" "-"
20.220.232.101 - - [27/Mar/2026:03:14:05 +0300] "GET /atomlib.php HTTP/1.1" 404 796 "-" "-"
20.220.232.101 - - [27/Mar/2026:03:14:05 +0300] "GET /w.php HTTP/1.1" 404 796 "-" "-"
20.220.232.101 - - [27/Mar/2026:03:14:05 +0300] "GET /404.php?fm=true HTTP/1.1" 404 796 "-" "-"
20.220.232.101 - - [27/Mar/2026:03:14:06 +0300] "GET /0x.php HTTP/1.1" 404 796 "-" "-"
20.220.232.101 - - [27/Mar/2026:03:14:06 +0300] "GET /css.php HTTP/1.1" 404 796 "-" "-"
20.220.232.101 - - [27/Mar/2026:03:14:06 +0300] "GET /modules/mod_simplefileuploadv1.3/elements/filemanager.php?p= HTTP/1.1" 404 796 "-" "-"
20.220.232.101 - - [27/Mar/2026:03:14:07 +0300] "GET /wp-content/index.php HTTP/1.1" 200 0 "-" "-"
20.220.232.101 - - [27/Mar/2026:03:14:07 +0300] "GET /1.php HTTP/1.1" 404 796 "-" "-"
20.220.232.101 - - [27/Mar/2026:03:14:07 +0300] "GET /admin.php HTTP/1.1" 200 0 "-" "-"
20.220.232.101 - - [27/Mar/2026:03:14:08 +0300] "GET /wp-admin/maint/maint.php HTTP/1.1" 404 796 "-" "-"
20.220.232.101 - - [27/Mar/2026:03:14:08 +0300] "GET /classwithtostring.php HTTP/1.1" 404 796 "-" "-"
20.220.232.101 - - [27/Mar/2026:03:14:08 +0300] "GET /dropdown.php HTTP/1.1" 404 796 "-" "-"
20.220.232.101 - - [27/Mar/2026:03:14:09 +0300] "GET /moon.php HTTP/1.1" 404 796 "-" "-"
20.220.232.101 - - [27/Mar/2026:03:14:09 +0300] "GET /0x.php HTTP/1.1" 404 796 "-" "-"
20.220.232.101 - - [27/Mar/2026:03:14:09 +0300] "GET /moon.php?p= HTTP/1.1" 404 796 "-" "-"
20.220.232.101 - - [27/Mar/2026:03:14:10 +0300] "GET /autoload_classmap.php?p= HTTP/1.1" 404 796 "-" "-"
