20.106.150.36 - - [26/Mar/2026:21:35:16 +0300] "POST //xmlrpc.php HTTP/1.1" 200 410 "-" "Mozilla/5.0 (Windows NT 10.0; Win64; x64) AppleWebKit/537.36 (KHTML, like Gecko) Chrome/80.0.3987.149 Safari/537.36"
20.106.150.36 - - [26/Mar/2026:21:35:31 +0300] "POST //xmlrpc.php HTTP/1.1" 200 410 "-" "Mozilla/5.0 (Windows NT 10.0; Win64; x64) AppleWebKit/537.36 (KHTML, like Gecko) Chrome/80.0.3987.149 Safari/537.36"
198.98.50.128 - - [26/Mar/2026:21:35:52 +0300] "GET /wp-login.php HTTP/1.1" 200 3158 "-" "Mozilla/5.0 (Windows NT 10.0; Win64; x64) AppleWebKit/537.36 (KHTML, like Gecko) Chrome/134.0.0.0 Safari/537.36"
89.252.162.138 - - [26/Mar/2026:21:36:01 +0300] "POST /wp-cron.php?doing_wp_cron=1774550161.8219339847564697265625 HTTP/1.1" 200 0 "-" "WordPress/6.8.5; https://polikistikover.net"
20.106.150.36 - - [26/Mar/2026:21:35:46 +0300] "POST //xmlrpc.php HTTP/1.1" 200 410 "-" "Mozilla/5.0 (Windows NT 10.0; Win64; x64) AppleWebKit/537.36 (KHTML, like Gecko) Chrome/80.0.3987.149 Safari/537.36"
89.252.162.138 - - [26/Mar/2026:21:36:16 +0300] "POST /wp-cron.php?doing_wp_cron=1774550176.2550001144409179687500 HTTP/1.1" 200 0 "-" "WordPress/6.8.5; https://polikistikover.net"
20.106.150.36 - - [26/Mar/2026:21:36:02 +0300] "POST //xmlrpc.php HTTP/1.1" 200 410 "-" "Mozilla/5.0 (Windows NT 10.0; Win64; x64) AppleWebKit/537.36 (KHTML, like Gecko) Chrome/80.0.3987.149 Safari/537.36"
20.106.150.36 - - [26/Mar/2026:21:36:16 +0300] "POST //xmlrpc.php HTTP/1.1" 200 410 "-" "Mozilla/5.0 (Windows NT 10.0; Win64; x64) AppleWebKit/537.36 (KHTML, like Gecko) Chrome/80.0.3987.149 Safari/537.36"
20.106.150.36 - - [26/Mar/2026:21:36:32 +0300] "POST //xmlrpc.php HTTP/1.1" 200 410 "-" "Mozilla/5.0 (Windows NT 10.0; Win64; x64) AppleWebKit/537.36 (KHTML, like Gecko) Chrome/80.0.3987.149 Safari/537.36"
20.106.150.36 - - [26/Mar/2026:21:36:46 +0300] "POST //xmlrpc.php HTTP/1.1" 200 410 "-" "Mozilla/5.0 (Windows NT 10.0; Win64; x64) AppleWebKit/537.36 (KHTML, like Gecko) Chrome/80.0.3987.149 Safari/537.36"
89.252.162.138 - - [26/Mar/2026:21:37:01 +0300] "POST /wp-admin/admin-ajax.php?action=async_litespeed&nonce=3e3u9Gb7fUOgGz37xqHaLhERNkBiFcpL&litespeed_type=imgoptm HTTP/1.1" 200 5 "-" "WordPress/6.8.5; https://polikistikover.net"
89.252.162.138 - - [26/Mar/2026:21:37:16 +0300] "POST /wp-cron.php?doing_wp_cron=1774550236.0927140712738037109375 HTTP/1.1" 200 0 "-" "WordPress/6.8.5; https://polikistikover.net"
20.106.150.36 - - [26/Mar/2026:21:37:01 +0300] "POST //xmlrpc.php HTTP/1.1" 200 410 "-" "Mozilla/5.0 (Windows NT 10.0; Win64; x64) AppleWebKit/537.36 (KHTML, like Gecko) Chrome/80.0.3987.149 Safari/537.36"
20.106.150.36 - - [26/Mar/2026:21:37:16 +0300] "POST //xmlrpc.php HTTP/1.1" 200 410 "-" "Mozilla/5.0 (Windows NT 10.0; Win64; x64) AppleWebKit/537.36 (KHTML, like Gecko) Chrome/80.0.3987.149 Safari/537.36"
20.106.150.36 - - [26/Mar/2026:21:37:31 +0300] "POST //xmlrpc.php HTTP/1.1" 200 410 "-" "Mozilla/5.0 (Windows NT 10.0; Win64; x64) AppleWebKit/537.36 (KHTML, like Gecko) Chrome/80.0.3987.149 Safari/537.36"
20.106.150.36 - - [26/Mar/2026:21:37:46 +0300] "POST //xmlrpc.php HTTP/1.1" 200 410 "-" "Mozilla/5.0 (Windows NT 10.0; Win64; x64) AppleWebKit/537.36 (KHTML, like Gecko) Chrome/80.0.3987.149 Safari/537.36"
89.252.162.138 - - [26/Mar/2026:21:38:01 +0300] "POST /wp-admin/admin-ajax.php?action=async_litespeed&nonce=UjnaWOKnp4PNwqVY0BLXf00y6GUU3gnD&litespeed_type=imgoptm HTTP/1.1" 200 5 "-" "WordPress/6.8.5; https://polikistikover.net"
20.106.150.36 - - [26/Mar/2026:21:38:01 +0300] "POST //xmlrpc.php HTTP/1.1" 200 410 "-" "Mozilla/5.0 (Windows NT 10.0; Win64; x64) AppleWebKit/537.36 (KHTML, like Gecko) Chrome/80.0.3987.149 Safari/537.36"
20.106.150.36 - - [26/Mar/2026:21:38:16 +0300] "POST //xmlrpc.php HTTP/1.1" 200 410 "-" "Mozilla/5.0 (Windows NT 10.0; Win64; x64) AppleWebKit/537.36 (KHTML, like Gecko) Chrome/80.0.3987.149 Safari/537.36"
20.106.150.36 - - [26/Mar/2026:21:38:31 +0300] "POST //xmlrpc.php HTTP/1.1" 200 410 "-" "Mozilla/5.0 (Windows NT 10.0; Win64; x64) AppleWebKit/537.36 (KHTML, like Gecko) Chrome/80.0.3987.149 Safari/537.36"
20.106.150.36 - - [26/Mar/2026:21:38:46 +0300] "POST //xmlrpc.php HTTP/1.1" 200 410 "-" "Mozilla/5.0 (Windows NT 10.0; Win64; x64) AppleWebKit/537.36 (KHTML, like Gecko) Chrome/80.0.3987.149 Safari/537.36"
89.252.162.138 - - [26/Mar/2026:21:29:16 +0300] "POST /wp-cron.php?doing_wp_cron=1774549756.2424740791320800781250 HTTP/1.1" 200 0 "-" "WordPress/6.8.5; https://polikistikover.net"
89.252.162.138 - - [26/Mar/2026:21:30:01 +0300] "POST /wp-cron.php?doing_wp_cron=1774549801.2301950454711914062500 HTTP/1.1" 200 0 "-" "WordPress/6.8.5; https://polikistikover.net"
89.252.162.138 - - [26/Mar/2026:21:30:16 +0300] "POST /wp-cron.php?doing_wp_cron=1774549816.2820749282836914062500 HTTP/1.1" 200 0 "-" "WordPress/6.8.5; https://polikistikover.net"
89.252.162.138 - - [26/Mar/2026:21:31:16 +0300] "POST /wp-cron.php?doing_wp_cron=1774549876.4853539466857910156250 HTTP/1.1" 200 0 "-" "WordPress/6.8.5; https://polikistikover.net"
89.252.162.138 - - [26/Mar/2026:21:32:01 +0300] "POST /wp-admin/admin-ajax.php?action=async_litespeed&nonce=WL4CfAOSUU4RSy1ZPFPPXNPxrOHXTRgn&litespeed_type=imgoptm HTTP/1.1" 200 5 "-" "WordPress/6.8.5; https://polikistikover.net"
89.252.162.138 - - [26/Mar/2026:21:32:16 +0300] "POST /wp-cron.php?doing_wp_cron=1774549936.1914510726928710937500 HTTP/1.1" 200 0 "-" "WordPress/6.8.5; https://polikistikover.net"
89.252.162.138 - - [26/Mar/2026:21:35:16 +0300] "POST /wp-cron.php?doing_wp_cron=1774550116.4257218837738037109375 HTTP/1.1" 200 0 "-" "WordPress/6.8.5; https://polikistikover.net"
89.252.162.138 - - [26/Mar/2026:21:36:03 +0300] "POST /wp-admin/admin-ajax.php?action=async_litespeed&nonce=ori63dwrK1dhCMAvYX0qzxz6kTW4dSOW&litespeed_type=imgoptm HTTP/1.1" 200 5 "-" "WordPress/6.8.5; https://polikistikover.net"
89.252.162.138 - - [26/Mar/2026:21:37:01 +0300] "POST /wp-cron.php?doing_wp_cron=1774550221.0855619907379150390625 HTTP/1.1" 200 0 "-" "WordPress/6.8.5; https://polikistikover.net"
89.252.162.138 - - [26/Mar/2026:21:38:01 +0300] "POST /wp-cron.php?doing_wp_cron=1774550281.0296471118927001953125 HTTP/1.1" 200 0 "-" "WordPress/6.8.5; https://polikistikover.net"
89.252.162.138 - - [26/Mar/2026:21:38:16 +0300] "POST /wp-cron.php?doing_wp_cron=1774550296.3290200233459472656250 HTTP/1.1" 200 0 "-" "WordPress/6.8.5; https://polikistikover.net"
89.252.162.138 - - [26/Mar/2026:21:39:01 +0300] "POST /wp-cron.php?doing_wp_cron=1774550341.3494250774383544921875 HTTP/1.1" 200 0 "-" "WordPress/6.8.5; https://polikistikover.net"
89.252.162.138 - - [26/Mar/2026:21:40:02 +0300] "POST /wp-admin/admin-ajax.php?action=async_litespeed&nonce=GdbEB5Ua3jljoBPE5xxBX1BANoVdzv8J&litespeed_type=imgoptm HTTP/1.1" 200 5 "-" "WordPress/6.8.5; https://polikistikover.net"
89.252.162.138 - - [26/Mar/2026:21:40:16 +0300] "POST /wp-cron.php?doing_wp_cron=1774550416.2241990566253662109375 HTTP/1.1" 200 0 "-" "WordPress/6.8.5; https://polikistikover.net"
43.135.138.128 - - [26/Mar/2026:21:40:28 +0300] "GET /grup-c-polikistik-over-sendromu/ HTTP/1.1" 404 796 "http://polikistikover.net/grup-c-polikistik-over-sendromu/" "Mozilla/5.0 (iPhone; CPU iPhone OS 13_2_3 like Mac OS X) AppleWebKit/605.1.15 (KHTML, like Gecko) Version/13.0.3 Mobile/15E148 Safari/604.1"
89.252.162.138 - - [26/Mar/2026:21:41:16 +0300] "POST /wp-cron.php?doing_wp_cron=1774550476.1346249580383300781250 HTTP/1.1" 200 0 "-" "WordPress/6.8.5; https://polikistikover.net"
89.252.162.138 - - [26/Mar/2026:21:41:55 +0300] "POST /yeni/wp-cron.php?doing_wp_cron=1774550515.6613039970397949218750 HTTP/1.1" 200 0 "-" "WordPress/6.9.4; https://polikistikover.net/yeni"
46.154.56.98 - - [26/Mar/2026:21:41:45 +0300] "GET /yeni/testimonials/ HTTP/1.1" 200 13912 "https://www.google.com/" "Mozilla/5.0 (Linux; Android 10; K) AppleWebKit/537.36 (KHTML, like Gecko) Chrome/146.0.0.0 Mobile Safari/537.36"
46.154.56.98 - - [26/Mar/2026:21:41:55 +0300] "GET /yeni/wp-content/plugins/contact-form-7/includes/css/styles.css?ver=6.1.5 HTTP/1.1" 304 0 "https://polikistikover.net/yeni/testimonials/" "Mozilla/5.0 (Linux; Android 10; K) AppleWebKit/537.36 (KHTML, like Gecko) Chrome/146.0.0.0 Mobile Safari/537.36"
89.252.162.138 - - [26/Mar/2026:21:39:02 +0300] "POST /wp-admin/admin-ajax.php?action=async_litespeed&nonce=SK6J8NnKnaXdsR1HDqETibVzzsL4o9vC&litespeed_type=imgoptm HTTP/1.1" 200 5 "-" "WordPress/6.8.5; https://polikistikover.net"
89.252.162.138 - - [26/Mar/2026:21:39:16 +0300] "POST /wp-cron.php?doing_wp_cron=1774550356.2997438907623291015625 HTTP/1.1" 200 0 "-" "WordPress/6.8.5; https://polikistikover.net"
20.106.150.36 - - [26/Mar/2026:21:39:01 +0300] "POST //xmlrpc.php HTTP/1.1" 200 410 "-" "Mozilla/5.0 (Windows NT 10.0; Win64; x64) AppleWebKit/537.36 (KHTML, like Gecko) Chrome/80.0.3987.149 Safari/537.36"
20.106.150.36 - - [26/Mar/2026:21:39:16 +0300] "POST //xmlrpc.php HTTP/1.1" 200 410 "-" "Mozilla/5.0 (Windows NT 10.0; Win64; x64) AppleWebKit/537.36 (KHTML, like Gecko) Chrome/80.0.3987.149 Safari/537.36"
20.106.150.36 - - [26/Mar/2026:21:39:31 +0300] "POST //xmlrpc.php HTTP/1.1" 200 410 "-" "Mozilla/5.0 (Windows NT 10.0; Win64; x64) AppleWebKit/537.36 (KHTML, like Gecko) Chrome/80.0.3987.149 Safari/537.36"
89.252.162.138 - - [26/Mar/2026:21:40:01 +0300] "POST /wp-cron.php?doing_wp_cron=1774550401.3467900753021240234375 HTTP/1.1" 200 0 "-" "WordPress/6.8.5; https://polikistikover.net"
20.106.150.36 - - [26/Mar/2026:21:39:46 +0300] "POST //xmlrpc.php HTTP/1.1" 200 410 "-" "Mozilla/5.0 (Windows NT 10.0; Win64; x64) AppleWebKit/537.36 (KHTML, like Gecko) Chrome/80.0.3987.149 Safari/537.36"
20.106.150.36 - - [26/Mar/2026:21:40:01 +0300] "POST //xmlrpc.php HTTP/1.1" 200 410 "-" "Mozilla/5.0 (Windows NT 10.0; Win64; x64) AppleWebKit/537.36 (KHTML, like Gecko) Chrome/80.0.3987.149 Safari/537.36"
20.106.150.36 - - [26/Mar/2026:21:40:16 +0300] "POST //xmlrpc.php HTTP/1.1" 200 410 "-" "Mozilla/5.0 (Windows NT 10.0; Win64; x64) AppleWebKit/537.36 (KHTML, like Gecko) Chrome/80.0.3987.149 Safari/537.36"
20.106.150.36 - - [26/Mar/2026:21:40:31 +0300] "POST //xmlrpc.php HTTP/1.1" 200 410 "-" "Mozilla/5.0 (Windows NT 10.0; Win64; x64) AppleWebKit/537.36 (KHTML, like Gecko) Chrome/80.0.3987.149 Safari/537.36"
89.252.162.138 - - [26/Mar/2026:21:41:01 +0300] "POST /wp-cron.php?doing_wp_cron=1774550461.0368249416351318359375 HTTP/1.1" 200 0 "-" "WordPress/6.8.5; https://polikistikover.net"
20.106.150.36 - - [26/Mar/2026:21:40:46 +0300] "POST //xmlrpc.php HTTP/1.1" 200 410 "-" "Mozilla/5.0 (Windows NT 10.0; Win64; x64) AppleWebKit/537.36 (KHTML, like Gecko) Chrome/80.0.3987.149 Safari/537.36"
89.252.162.138 - - [26/Mar/2026:21:41:01 +0300] "POST /wp-admin/admin-ajax.php?action=async_litespeed&nonce=DW44LQFZSOAxX50IPW1q3z8U4Rnf1WLe&litespeed_type=imgoptm HTTP/1.1" 200 5 "-" "WordPress/6.8.5; https://polikistikover.net"
20.106.150.36 - - [26/Mar/2026:21:41:01 +0300] "POST //xmlrpc.php HTTP/1.1" 200 410 "-" "Mozilla/5.0 (Windows NT 10.0; Win64; x64) AppleWebKit/537.36 (KHTML, like Gecko) Chrome/80.0.3987.149 Safari/537.36"
20.106.150.36 - - [26/Mar/2026:21:41:16 +0300] "POST //xmlrpc.php HTTP/1.1" 200 410 "-" "Mozilla/5.0 (Windows NT 10.0; Win64; x64) AppleWebKit/537.36 (KHTML, like Gecko) Chrome/80.0.3987.149 Safari/537.36"
20.106.150.36 - - [26/Mar/2026:21:41:31 +0300] "POST //xmlrpc.php HTTP/1.1" 200 410 "-" "Mozilla/5.0 (Windows NT 10.0; Win64; x64) AppleWebKit/537.36 (KHTML, like Gecko) Chrome/80.0.3987.149 Safari/537.36"
89.252.162.138 - - [26/Mar/2026:21:42:01 +0300] "POST /wp-cron.php?doing_wp_cron=1774550521.6969149112701416015625 HTTP/1.1" 200 0 "-" "WordPress/6.8.5; https://polikistikover.net"
20.106.150.36 - - [26/Mar/2026:21:41:46 +0300] "POST //xmlrpc.php HTTP/1.1" 200 410 "-" "Mozilla/5.0 (Windows NT 10.0; Win64; x64) AppleWebKit/537.36 (KHTML, like Gecko) Chrome/80.0.3987.149 Safari/537.36"
89.252.162.138 - - [26/Mar/2026:21:42:16 +0300] "POST /wp-cron.php?doing_wp_cron=1774550536.3044419288635253906250 HTTP/1.1" 200 0 "-" "WordPress/6.8.5; https://polikistikover.net"
20.106.150.36 - - [26/Mar/2026:21:42:02 +0300] "POST //xmlrpc.php HTTP/1.1" 200 410 "-" "Mozilla/5.0 (Windows NT 10.0; Win64; x64) AppleWebKit/537.36 (KHTML, like Gecko) Chrome/80.0.3987.149 Safari/537.36"
46.154.56.98 - - [26/Mar/2026:21:42:29 +0300] "GET /favicon.ico HTTP/2" 404 796 "https://www.polikistikover.net/" "Mozilla/5.0 (Linux; Android 10; K) AppleWebKit/537.36 (KHTML, like Gecko) Chrome/146.0.0.0 Mobile Safari/537.36"
46.154.56.98 - - [26/Mar/2026:21:42:29 +0300] "GET /yeni/ HTTP/1.1" 200 17723 "https://www.polikistikover.net/" "Mozilla/5.0 (Linux; Android 10; K) AppleWebKit/537.36 (KHTML, like Gecko) Chrome/146.0.0.0 Mobile Safari/537.36"
20.106.150.36 - - [26/Mar/2026:21:42:16 +0300] "POST //xmlrpc.php HTTP/1.1" 200 410 "-" "Mozilla/5.0 (Windows NT 10.0; Win64; x64) AppleWebKit/537.36 (KHTML, like Gecko) Chrome/80.0.3987.149 Safari/537.36"
20.106.150.36 - - [26/Mar/2026:21:42:31 +0300] "POST //xmlrpc.php HTTP/1.1" 200 410 "-" "Mozilla/5.0 (Windows NT 10.0; Win64; x64) AppleWebKit/537.36 (KHTML, like Gecko) Chrome/80.0.3987.149 Safari/537.36"
20.106.150.36 - - [26/Mar/2026:21:42:46 +0300] "POST //xmlrpc.php HTTP/1.1" 200 410 "-" "Mozilla/5.0 (Windows NT 10.0; Win64; x64) AppleWebKit/537.36 (KHTML, like Gecko) Chrome/80.0.3987.149 Safari/537.36"
89.252.162.138 - - [26/Mar/2026:21:43:02 +0300] "POST /wp-admin/admin-ajax.php?action=async_litespeed&nonce=9kGewjOMKUq6oK7YCGsSdiBGjrPUSqfj&litespeed_type=imgoptm HTTP/1.1" 200 5 "-" "WordPress/6.8.5; https://polikistikover.net"
20.106.150.36 - - [26/Mar/2026:21:43:01 +0300] "POST //xmlrpc.php HTTP/1.1" 200 410 "-" "Mozilla/5.0 (Windows NT 10.0; Win64; x64) AppleWebKit/537.36 (KHTML, like Gecko) Chrome/80.0.3987.149 Safari/537.36"
107.189.2.171 - - [26/Mar/2026:21:43:19 +0300] "GET /wp-login.php HTTP/1.1" 200 3158 "-" "Mozilla/5.0 (Windows NT 10.0; Win64; x64) AppleWebKit/537.36 (KHTML, like Gecko) Chrome/134.0.0.0 Safari/537.36"
20.106.150.36 - - [26/Mar/2026:21:43:16 +0300] "POST //xmlrpc.php HTTP/1.1" 200 410 "-" "Mozilla/5.0 (Windows NT 10.0; Win64; x64) AppleWebKit/537.36 (KHTML, like Gecko) Chrome/80.0.3987.149 Safari/537.36"
20.106.150.36 - - [26/Mar/2026:21:43:31 +0300] "POST //xmlrpc.php HTTP/1.1" 200 410 "-" "Mozilla/5.0 (Windows NT 10.0; Win64; x64) AppleWebKit/537.36 (KHTML, like Gecko) Chrome/80.0.3987.149 Safari/537.36"
89.252.162.138 - - [26/Mar/2026:21:44:01 +0300] "POST /wp-cron.php?doing_wp_cron=1774550641.1252570152282714843750 HTTP/1.1" 200 0 "-" "WordPress/6.8.5; https://polikistikover.net"
20.106.150.36 - - [26/Mar/2026:21:43:46 +0300] "POST //xmlrpc.php HTTP/1.1" 200 410 "-" "Mozilla/5.0 (Windows NT 10.0; Win64; x64) AppleWebKit/537.36 (KHTML, like Gecko) Chrome/80.0.3987.149 Safari/537.36"
89.252.162.138 - - [26/Mar/2026:21:44:01 +0300] "POST /wp-admin/admin-ajax.php?action=async_litespeed&nonce=BYL5lKRCf1oUYHriJjNhV287Oq5Vronf&litespeed_type=imgoptm HTTP/1.1" 200 5 "-" "WordPress/6.8.5; https://polikistikover.net"
89.252.162.138 - - [26/Mar/2026:21:44:16 +0300] "POST /wp-cron.php?doing_wp_cron=1774550656.3604118824005126953125 HTTP/1.1" 200 0 "-" "WordPress/6.8.5; https://polikistikover.net"
20.106.150.36 - - [26/Mar/2026:21:44:01 +0300] "POST //xmlrpc.php HTTP/1.1" 200 410 "-" "Mozilla/5.0 (Windows NT 10.0; Win64; x64) AppleWebKit/537.36 (KHTML, like Gecko) Chrome/80.0.3987.149 Safari/537.36"
20.106.150.36 - - [26/Mar/2026:21:44:16 +0300] "POST //xmlrpc.php HTTP/1.1" 200 410 "-" "Mozilla/5.0 (Windows NT 10.0; Win64; x64) AppleWebKit/537.36 (KHTML, like Gecko) Chrome/80.0.3987.149 Safari/537.36"
20.106.150.36 - - [26/Mar/2026:21:44:31 +0300] "POST //xmlrpc.php HTTP/1.1" 200 410 "-" "Mozilla/5.0 (Windows NT 10.0; Win64; x64) AppleWebKit/537.36 (KHTML, like Gecko) Chrome/80.0.3987.149 Safari/537.36"
89.252.162.138 - - [26/Mar/2026:21:45:01 +0300] "POST /wp-cron.php?doing_wp_cron=1774550701.1018800735473632812500 HTTP/1.1" 200 0 "-" "WordPress/6.8.5; https://polikistikover.net"
20.106.150.36 - - [26/Mar/2026:21:44:47 +0300] "POST //xmlrpc.php HTTP/1.1" 200 410 "-" "Mozilla/5.0 (Windows NT 10.0; Win64; x64) AppleWebKit/537.36 (KHTML, like Gecko) Chrome/80.0.3987.149 Safari/537.36"
89.252.162.138 - - [26/Mar/2026:21:45:01 +0300] "POST /wp-admin/admin-ajax.php?action=async_litespeed&nonce=SscH77udkxGpsmpJe5Zla0AmrVOHU9JY&litespeed_type=imgoptm HTTP/1.1" 200 5 "-" "WordPress/6.8.5; https://polikistikover.net"
20.106.150.36 - - [26/Mar/2026:21:45:01 +0300] "POST //xmlrpc.php HTTP/1.1" 200 410 "-" "Mozilla/5.0 (Windows NT 10.0; Win64; x64) AppleWebKit/537.36 (KHTML, like Gecko) Chrome/80.0.3987.149 Safari/537.36"
176.88.137.27 - - [26/Mar/2026:21:45:14 +0300] "GET /yeni/testimonials/ HTTP/2" 200 13912 "https://www.google.com/" "Mozilla/5.0 (iPhone; CPU iPhone OS 18_7 like Mac OS X) AppleWebKit/605.1.15 (KHTML, like Gecko) Version/26.2 Mobile/15E148 Safari/604.1"
176.88.137.27 - - [26/Mar/2026:21:45:17 +0300] "GET /yeni/wp-content/plugins/contact-form-7/includes/css/styles.css?ver=6.1.5 HTTP/2" 200 899 "https://polikistikover.net/yeni/testimonials/" "Mozilla/5.0 (iPhone; CPU iPhone OS 18_7 like Mac OS X) AppleWebKit/605.1.15 (KHTML, like Gecko) Version/26.2 Mobile/15E148 Safari/604.1"
176.88.137.27 - - [26/Mar/2026:21:45:17 +0300] "GET /yeni/wp-content/themes/narihealth/fonts/iconfont.css?ver=6.9.4 HTTP/2" 200 1856 "https://polikistikover.net/yeni/testimonials/" "Mozilla/5.0 (iPhone; CPU iPhone OS 18_7 like Mac OS X) AppleWebKit/605.1.15 (KHTML, like Gecko) Version/26.2 Mobile/15E148 Safari/604.1"
176.88.137.27 - - [26/Mar/2026:21:45:17 +0300] "GET /yeni/wp-content/themes/narihealth/assets/css/header-v1.css?ver=6.9.4 HTTP/2" 200 300 "https://polikistikover.net/yeni/testimonials/" "Mozilla/5.0 (iPhone; CPU iPhone OS 18_7 like Mac OS X) AppleWebKit/605.1.15 (KHTML, like Gecko) Version/26.2 Mobile/15E148 Safari/604.1"
176.88.137.27 - - [26/Mar/2026:21:45:17 +0300] "GET /yeni/wp-content/themes/narihealth/assets/css/custom_script.css?ver=6.9.4 HTTP/2" 200 0 "https://polikistikover.net/yeni/testimonials/" "Mozilla/5.0 (iPhone; CPU iPhone OS 18_7 like Mac OS X) AppleWebKit/605.1.15 (KHTML, like Gecko) Version/26.2 Mobile/15E148 Safari/604.1"
176.88.137.27 - - [26/Mar/2026:21:45:17 +0300] "GET /yeni/wp-content/themes/narihealth/assets/css/bootstrap.min.css?ver=6.9.4 HTTP/2" 200 24644 "https://polikistikover.net/yeni/testimonials/" "Mozilla/5.0 (iPhone; CPU iPhone OS 18_7 like Mac OS X) AppleWebKit/605.1.15 (KHTML, like Gecko) Version/26.2 Mobile/15E148 Safari/604.1"
176.88.137.27 - - [26/Mar/2026:21:45:17 +0300] "GET /yeni/wp-content/themes/narihealth/style.css?ver=6.9.4 HTTP/2" 200 15803 "https://polikistikover.net/yeni/testimonials/" "Mozilla/5.0 (iPhone; CPU iPhone OS 18_7 like Mac OS X) AppleWebKit/605.1.15 (KHTML, like Gecko) Version/26.2 Mobile/15E148 Safari/604.1"
176.88.137.27 - - [26/Mar/2026:21:45:17 +0300] "GET /yeni/wp-content/themes/narihealth/assets/css/responsive.css?ver=6.9.4 HTTP/2" 200 934 "https://polikistikover.net/yeni/testimonials/" "Mozilla/5.0 (iPhone; CPU iPhone OS 18_7 like Mac OS X) AppleWebKit/605.1.15 (KHTML, like Gecko) Version/26.2 Mobile/15E148 Safari/604.1"
176.88.137.27 - - [26/Mar/2026:21:45:17 +0300] "GET /yeni/wp-includes/js/jquery/jquery.min.js?ver=3.7.1 HTTP/2" 200 29744 "https://polikistikover.net/yeni/testimonials/" "Mozilla/5.0 (iPhone; CPU iPhone OS 18_7 like Mac OS X) AppleWebKit/605.1.15 (KHTML, like Gecko) Version/26.2 Mobile/15E148 Safari/604.1"
176.88.137.27 - - [26/Mar/2026:21:45:17 +0300] "GET /yeni/wp-includes/js/jquery/jquery-migrate.min.js?ver=3.4.1 HTTP/2" 200 4678 "https://polikistikover.net/yeni/testimonials/" "Mozilla/5.0 (iPhone; CPU iPhone OS 18_7 like Mac OS X) AppleWebKit/605.1.15 (KHTML, like Gecko) Version/26.2 Mobile/15E148 Safari/604.1"
176.88.137.27 - - [26/Mar/2026:21:45:17 +0300] "GET /yeni/wp-includes/js/dist/hooks.min.js?ver=dd5603f07f9220ed27f1 HTTP/2" 200 1852 "https://polikistikover.net/yeni/testimonials/" "Mozilla/5.0 (iPhone; CPU iPhone OS 18_7 like Mac OS X) AppleWebKit/605.1.15 (KHTML, like Gecko) Version/26.2 Mobile/15E148 Safari/604.1"
176.88.137.27 - - [26/Mar/2026:21:45:17 +0300] "GET /yeni/wp-includes/js/dist/i18n.min.js?ver=c26c3dc7bed366793375 HTTP/2" 200 2119 "https://polikistikover.net/yeni/testimonials/" "Mozilla/5.0 (iPhone; CPU iPhone OS 18_7 like Mac OS X) AppleWebKit/605.1.15 (KHTML, like Gecko) Version/26.2 Mobile/15E148 Safari/604.1"
176.88.137.27 - - [26/Mar/2026:21:45:17 +0300] "GET /yeni/wp-content/plugins/contact-form-7/includes/swv/js/index.js?ver=6.1.5 HTTP/2" 200 3369 "https://polikistikover.net/yeni/testimonials/" "Mozilla/5.0 (iPhone; CPU iPhone OS 18_7 like Mac OS X) AppleWebKit/605.1.15 (KHTML, like Gecko) Version/26.2 Mobile/15E148 Safari/604.1"
176.88.137.27 - - [26/Mar/2026:21:45:17 +0300] "GET /yeni/wp-content/plugins/contact-form-7/includes/js/index.js?ver=6.1.5 HTTP/2" 200 4008 "https://polikistikover.net/yeni/testimonials/" "Mozilla/5.0 (iPhone; CPU iPhone OS 18_7 like Mac OS X) AppleWebKit/605.1.15 (KHTML, like Gecko) Version/26.2 Mobile/15E148 Safari/604.1"
176.88.137.27 - - [26/Mar/2026:21:45:17 +0300] "GET /yeni/wp-content/themes/narihealth/assets/js/jquery.easing.js?ver=1.3.0 HTTP/2" 200 1891 "https://polikistikover.net/yeni/testimonials/" "Mozilla/5.0 (iPhone; CPU iPhone OS 18_7 like Mac OS X) AppleWebKit/605.1.15 (KHTML, like Gecko) Version/26.2 Mobile/15E148 Safari/604.1"
176.88.137.27 - - [26/Mar/2026:21:45:17 +0300] "GET /yeni/wp-includes/js/imagesloaded.min.js?ver=5.0.0 HTTP/2" 200 1687 "https://polikistikover.net/yeni/testimonials/" "Mozilla/5.0 (iPhone; CPU iPhone OS 18_7 like Mac OS X) AppleWebKit/605.1.15 (KHTML, like Gecko) Version/26.2 Mobile/15E148 Safari/604.1"
176.88.137.27 - - [26/Mar/2026:21:45:17 +0300] "GET /yeni/wp-includes/js/masonry.min.js?ver=4.2.2 HTTP/2" 200 7117 "https://polikistikover.net/yeni/testimonials/" "Mozilla/5.0 (iPhone; CPU iPhone OS 18_7 like Mac OS X) AppleWebKit/605.1.15 (KHTML, like Gecko) Version/26.2 Mobile/15E148 Safari/604.1"
176.88.137.27 - - [26/Mar/2026:21:45:17 +0300] "GET /yeni/wp-includes/js/hoverIntent.min.js?ver=1.10.2 HTTP/2" 200 668 "https://polikistikover.net/yeni/testimonials/" "Mozilla/5.0 (iPhone; CPU iPhone OS 18_7 like Mac OS X) AppleWebKit/605.1.15 (KHTML, like Gecko) Version/26.2 Mobile/15E148 Safari/604.1"
176.88.137.27 - - [26/Mar/2026:21:45:17 +0300] "GET /yeni/wp-content/themes/narihealth/assets/js/superfish.js?ver=1.7.10 HTTP/2" 200 2346 "https://polikistikover.net/yeni/testimonials/" "Mozilla/5.0 (iPhone; CPU iPhone OS 18_7 like Mac OS X) AppleWebKit/605.1.15 (KHTML, like Gecko) Version/26.2 Mobile/15E148 Safari/604.1"
176.88.137.27 - - [26/Mar/2026:21:45:17 +0300] "GET /yeni/wp-content/themes/narihealth/assets/js/custom.js?ver=1.0.0 HTTP/2" 200 2150 "https://polikistikover.net/yeni/testimonials/" "Mozilla/5.0 (iPhone; CPU iPhone OS 18_7 like Mac OS X) AppleWebKit/605.1.15 (KHTML, like Gecko) Version/26.2 Mobile/15E148 Safari/604.1"
176.88.137.27 - - [26/Mar/2026:21:45:17 +0300] "GET /yeni/wp-content/themes/narihealth/assets/js/isotope.js?ver=3.0.6 HTTP/2" 200 9603 "https://polikistikover.net/yeni/testimonials/" "Mozilla/5.0 (iPhone; CPU iPhone OS 18_7 like Mac OS X) AppleWebKit/605.1.15 (KHTML, like Gecko) Version/26.2 Mobile/15E148 Safari/604.1"
176.88.137.27 - - [26/Mar/2026:21:45:17 +0300] "GET /yeni/wp-content/themes/narihealth/assets/js/jquery.slicknav.js?ver=1.0.10 HTTP/2" 200 4556 "https://polikistikover.net/yeni/testimonials/" "Mozilla/5.0 (iPhone; CPU iPhone OS 18_7 like Mac OS X) AppleWebKit/605.1.15 (KHTML, like Gecko) Version/26.2 Mobile/15E148 Safari/604.1"
176.88.137.27 - - [26/Mar/2026:21:45:17 +0300] "GET /yeni/wp-content/uploads/2025/09/Ekran-goruntusu-2025-09-14-171446.png HTTP/2" 200 49854 "https://polikistikover.net/yeni/testimonials/" "Mozilla/5.0 (iPhone; CPU iPhone OS 18_7 like Mac OS X) AppleWebKit/605.1.15 (KHTML, like Gecko) Version/26.2 Mobile/15E148 Safari/604.1"
176.88.137.27 - - [26/Mar/2026:21:45:17 +0300] "GET /yeni/wp-content/fonts/inter/UcC73FwrK3iLTeHuS_nVMrMxCp50SjIa1ZL7.woff2 HTTP/2" 200 48256 "https://polikistikover.net/yeni/testimonials/" "Mozilla/5.0 (iPhone; CPU iPhone OS 18_7 like Mac OS X) AppleWebKit/605.1.15 (KHTML, like Gecko) Version/26.2 Mobile/15E148 Safari/604.1"
176.88.137.27 - - [26/Mar/2026:21:45:17 +0300] "GET /yeni/wp-content/fonts/inter/UcC73FwrK3iLTeHuS_nVMrMxCp50SjIa25L7SUc.woff2 HTTP/2" 200 85068 "https://polikistikover.net/yeni/testimonials/" "Mozilla/5.0 (iPhone; CPU iPhone OS 18_7 like Mac OS X) AppleWebKit/605.1.15 (KHTML, like Gecko) Version/26.2 Mobile/15E148 Safari/604.1"
176.88.137.27 - - [26/Mar/2026:21:45:17 +0300] "GET /yeni/wp-content/themes/narihealth/fonts/icomoon.ttf?5m92mu HTTP/2" 200 25863 "https://polikistikover.net/yeni/testimonials/" "Mozilla/5.0 (iPhone; CPU iPhone OS 18_7 like Mac OS X) AppleWebKit/605.1.15 (KHTML, like Gecko) Version/26.2 Mobile/15E148 Safari/604.1"
176.88.137.27 - - [26/Mar/2026:21:45:17 +0300] "GET /yeni/wp-includes/js/wp-emoji-release.min.js?ver=6.9.4 HTTP/2" 200 4949 "https://polikistikover.net/yeni/testimonials/" "Mozilla/5.0 (iPhone; CPU iPhone OS 18_7 like Mac OS X) AppleWebKit/605.1.15 (KHTML, like Gecko) Version/26.2 Mobile/15E148 Safari/604.1"
176.88.137.27 - - [26/Mar/2026:21:45:18 +0300] "GET /favicon.ico HTTP/2" 404 796 "https://polikistikover.net/yeni/testimonials/" "Mozilla/5.0 (iPhone; CPU iPhone OS 18_7 like Mac OS X) AppleWebKit/605.1.15 (KHTML, like Gecko) Version/26.2 Mobile/15E148 Safari/604.1"
20.106.150.36 - - [26/Mar/2026:21:45:16 +0300] "POST //xmlrpc.php HTTP/1.1" 200 410 "-" "Mozilla/5.0 (Windows NT 10.0; Win64; x64) AppleWebKit/537.36 (KHTML, like Gecko) Chrome/80.0.3987.149 Safari/537.36"
20.106.150.36 - - [26/Mar/2026:21:45:31 +0300] "POST //xmlrpc.php HTTP/1.1" 200 410 "-" "Mozilla/5.0 (Windows NT 10.0; Win64; x64) AppleWebKit/537.36 (KHTML, like Gecko) Chrome/80.0.3987.149 Safari/537.36"
89.252.162.138 - - [26/Mar/2026:21:46:01 +0300] "POST /wp-cron.php?doing_wp_cron=1774550761.1588900089263916015625 HTTP/1.1" 200 0 "-" "WordPress/6.8.5; https://polikistikover.net"
20.106.150.36 - - [26/Mar/2026:21:45:46 +0300] "POST //xmlrpc.php HTTP/1.1" 200 410 "-" "Mozilla/5.0 (Windows NT 10.0; Win64; x64) AppleWebKit/537.36 (KHTML, like Gecko) Chrome/80.0.3987.149 Safari/537.36"
20.106.150.36 - - [26/Mar/2026:21:46:01 +0300] "POST //xmlrpc.php HTTP/1.1" 200 403 "-" "Mozilla/5.0 (Windows NT 10.0; Win64; x64) AppleWebKit/537.36 (KHTML, like Gecko) Chrome/80.0.3987.149 Safari/537.36"
20.106.150.36 - - [26/Mar/2026:21:46:16 +0300] "POST //xmlrpc.php HTTP/1.1" 200 410 "-" "Mozilla/5.0 (Windows NT 10.0; Win64; x64) AppleWebKit/537.36 (KHTML, like Gecko) Chrome/80.0.3987.149 Safari/537.36"
20.106.150.36 - - [26/Mar/2026:21:46:31 +0300] "POST //xmlrpc.php HTTP/1.1" 200 410 "-" "Mozilla/5.0 (Windows NT 10.0; Win64; x64) AppleWebKit/537.36 (KHTML, like Gecko) Chrome/80.0.3987.149 Safari/537.36"
20.106.150.36 - - [26/Mar/2026:21:46:46 +0300] "POST //xmlrpc.php HTTP/1.1" 200 410 "-" "Mozilla/5.0 (Windows NT 10.0; Win64; x64) AppleWebKit/537.36 (KHTML, like Gecko) Chrome/80.0.3987.149 Safari/537.36"
89.252.162.138 - - [26/Mar/2026:21:47:16 +0300] "POST /wp-cron.php?doing_wp_cron=1774550836.0320639610290527343750 HTTP/1.1" 200 0 "-" "WordPress/6.8.5; https://polikistikover.net"
20.106.150.36 - - [26/Mar/2026:21:47:01 +0300] "POST //xmlrpc.php HTTP/1.1" 200 410 "-" "Mozilla/5.0 (Windows NT 10.0; Win64; x64) AppleWebKit/537.36 (KHTML, like Gecko) Chrome/80.0.3987.149 Safari/537.36"
20.106.150.36 - - [26/Mar/2026:21:47:16 +0300] "POST //xmlrpc.php HTTP/1.1" 200 410 "-" "Mozilla/5.0 (Windows NT 10.0; Win64; x64) AppleWebKit/537.36 (KHTML, like Gecko) Chrome/80.0.3987.149 Safari/537.36"
20.106.150.36 - - [26/Mar/2026:21:47:31 +0300] "POST //xmlrpc.php HTTP/1.1" 200 410 "-" "Mozilla/5.0 (Windows NT 10.0; Win64; x64) AppleWebKit/537.36 (KHTML, like Gecko) Chrome/80.0.3987.149 Safari/537.36"
89.252.162.138 - - [26/Mar/2026:21:48:01 +0300] "POST /wp-cron.php?doing_wp_cron=1774550881.2446808815002441406250 HTTP/1.1" 200 0 "-" "WordPress/6.8.5; https://polikistikover.net"
20.106.150.36 - - [26/Mar/2026:21:47:46 +0300] "POST //xmlrpc.php HTTP/1.1" 200 410 "-" "Mozilla/5.0 (Windows NT 10.0; Win64; x64) AppleWebKit/537.36 (KHTML, like Gecko) Chrome/80.0.3987.149 Safari/537.36"
89.252.162.138 - - [26/Mar/2026:21:48:16 +0300] "POST /wp-cron.php?doing_wp_cron=1774550896.2634520530700683593750 HTTP/1.1" 200 0 "-" "WordPress/6.8.5; https://polikistikover.net"
20.106.150.36 - - [26/Mar/2026:21:48:01 +0300] "POST //xmlrpc.php HTTP/1.1" 200 410 "-" "Mozilla/5.0 (Windows NT 10.0; Win64; x64) AppleWebKit/537.36 (KHTML, like Gecko) Chrome/80.0.3987.149 Safari/537.36"
20.106.150.36 - - [26/Mar/2026:21:48:16 +0300] "POST //xmlrpc.php HTTP/1.1" 200 410 "-" "Mozilla/5.0 (Windows NT 10.0; Win64; x64) AppleWebKit/537.36 (KHTML, like Gecko) Chrome/80.0.3987.149 Safari/537.36"
20.106.150.36 - - [26/Mar/2026:21:48:31 +0300] "POST //xmlrpc.php HTTP/1.1" 200 410 "-" "Mozilla/5.0 (Windows NT 10.0; Win64; x64) AppleWebKit/537.36 (KHTML, like Gecko) Chrome/80.0.3987.149 Safari/537.36"
89.252.162.138 - - [26/Mar/2026:21:49:01 +0300] "POST /wp-cron.php?doing_wp_cron=1774550941.2850749492645263671875 HTTP/1.1" 200 0 "-" "WordPress/6.8.5; https://polikistikover.net"
20.106.150.36 - - [26/Mar/2026:21:48:46 +0300] "POST //xmlrpc.php HTTP/1.1" 200 410 "-" "Mozilla/5.0 (Windows NT 10.0; Win64; x64) AppleWebKit/537.36 (KHTML, like Gecko) Chrome/80.0.3987.149 Safari/537.36"
89.252.162.138 - - [26/Mar/2026:21:49:16 +0300] "POST /wp-cron.php?doing_wp_cron=1774550956.2777578830718994140625 HTTP/1.1" 200 0 "-" "WordPress/6.8.5; https://polikistikover.net"
20.106.150.36 - - [26/Mar/2026:21:49:01 +0300] "POST //xmlrpc.php HTTP/1.1" 200 410 "-" "Mozilla/5.0 (Windows NT 10.0; Win64; x64) AppleWebKit/537.36 (KHTML, like Gecko) Chrome/80.0.3987.149 Safari/537.36"
20.106.150.36 - - [26/Mar/2026:21:49:16 +0300] "POST //xmlrpc.php HTTP/1.1" 200 410 "-" "Mozilla/5.0 (Windows NT 10.0; Win64; x64) AppleWebKit/537.36 (KHTML, like Gecko) Chrome/80.0.3987.149 Safari/537.36"
20.106.150.36 - - [26/Mar/2026:21:49:31 +0300] "POST //xmlrpc.php HTTP/1.1" 200 410 "-" "Mozilla/5.0 (Windows NT 10.0; Win64; x64) AppleWebKit/537.36 (KHTML, like Gecko) Chrome/80.0.3987.149 Safari/537.36"
20.106.150.36 - - [26/Mar/2026:21:49:46 +0300] "POST //xmlrpc.php HTTP/1.1" 200 410 "-" "Mozilla/5.0 (Windows NT 10.0; Win64; x64) AppleWebKit/537.36 (KHTML, like Gecko) Chrome/80.0.3987.149 Safari/537.36"
20.106.150.36 - - [26/Mar/2026:21:50:01 +0300] "POST //xmlrpc.php HTTP/1.1" 200 410 "-" "Mozilla/5.0 (Windows NT 10.0; Win64; x64) AppleWebKit/537.36 (KHTML, like Gecko) Chrome/80.0.3987.149 Safari/537.36"
20.106.150.36 - - [26/Mar/2026:21:50:16 +0300] "POST //xmlrpc.php HTTP/1.1" 200 410 "-" "Mozilla/5.0 (Windows NT 10.0; Win64; x64) AppleWebKit/537.36 (KHTML, like Gecko) Chrome/80.0.3987.149 Safari/537.36"
20.106.150.36 - - [26/Mar/2026:21:50:31 +0300] "POST //xmlrpc.php HTTP/1.1" 200 410 "-" "Mozilla/5.0 (Windows NT 10.0; Win64; x64) AppleWebKit/537.36 (KHTML, like Gecko) Chrome/80.0.3987.149 Safari/537.36"
89.252.162.138 - - [26/Mar/2026:21:51:01 +0300] "POST /wp-cron.php?doing_wp_cron=1774551061.4852259159088134765625 HTTP/1.1" 200 0 "-" "WordPress/6.8.5; https://polikistikover.net"
20.106.150.36 - - [26/Mar/2026:21:50:46 +0300] "POST //xmlrpc.php HTTP/1.1" 200 410 "-" "Mozilla/5.0 (Windows NT 10.0; Win64; x64) AppleWebKit/537.36 (KHTML, like Gecko) Chrome/80.0.3987.149 Safari/537.36"
89.252.162.138 - - [26/Mar/2026:21:51:02 +0300] "POST /wp-admin/admin-ajax.php?action=async_litespeed&nonce=f2IfmGUMZbHLKC1fHyZSSszEvaQXCuqU&litespeed_type=imgoptm HTTP/1.1" 200 5 "-" "WordPress/6.8.5; https://polikistikover.net"
20.106.150.36 - - [26/Mar/2026:21:51:01 +0300] "POST //xmlrpc.php HTTP/1.1" 200 410 "-" "Mozilla/5.0 (Windows NT 10.0; Win64; x64) AppleWebKit/537.36 (KHTML, like Gecko) Chrome/80.0.3987.149 Safari/537.36"
46.154.56.98 - - [26/Mar/2026:21:41:56 +0300] "GET /favicon.ico HTTP/1.1" 404 796 "https://polikistikover.net/yeni/testimonials/" "Mozilla/5.0 (Linux; Android 10; K) AppleWebKit/537.36 (KHTML, like Gecko) Chrome/146.0.0.0 Mobile Safari/537.36"
89.252.162.138 - - [26/Mar/2026:21:42:02 +0300] "POST /wp-admin/admin-ajax.php?action=async_litespeed&nonce=6S103bmIayrY8EwolIoJrLZncjuXFVYD&litespeed_type=imgoptm HTTP/1.1" 200 5 "-" "WordPress/6.8.5; https://polikistikover.net"
89.252.162.138 - - [26/Mar/2026:21:43:01 +0300] "POST /wp-cron.php?doing_wp_cron=1774550581.3371551036834716796875 HTTP/1.1" 200 0 "-" "WordPress/6.8.5; https://polikistikover.net"
89.252.162.138 - - [26/Mar/2026:21:43:16 +0300] "POST /wp-cron.php?doing_wp_cron=1774550596.2901880741119384765625 HTTP/1.1" 200 0 "-" "WordPress/6.8.5; https://polikistikover.net"
89.252.162.138 - - [26/Mar/2026:21:45:16 +0300] "POST /wp-cron.php?doing_wp_cron=1774550716.3080470561981201171875 HTTP/1.1" 200 0 "-" "WordPress/6.8.5; https://polikistikover.net"
89.252.162.138 - - [26/Mar/2026:21:45:16 +0300] "POST /yeni/wp-cron.php?doing_wp_cron=1774550716.9219629764556884765625 HTTP/1.1" 200 0 "-" "WordPress/6.9.4; https://polikistikover.net/yeni"
52.167.144.209 - - [26/Mar/2026:21:45:35 +0300] "GET /wp-content/uploads/2020/01/cyperus-rotundus-e1587224603185-237x300.jpg HTTP/2" 200 9758 "-" "Mozilla/5.0 AppleWebKit/537.36 (KHTML, like Gecko; compatible; bingbot/2.0; +http://www.bing.com/bingbot.htm) Chrome/116.0.1938.76 Safari/537.36"
89.252.162.138 - - [26/Mar/2026:21:46:01 +0300] "POST /wp-admin/admin-ajax.php?action=async_litespeed&nonce=JvVNTfdCayLXEhfAHTO21mMdH9lw1R6S&litespeed_type=imgoptm HTTP/1.1" 200 5 "-" "WordPress/6.8.5; https://polikistikover.net"
89.252.162.138 - - [26/Mar/2026:21:46:16 +0300] "POST /wp-cron.php?doing_wp_cron=1774550776.2665638923645019531250 HTTP/1.1" 200 0 "-" "WordPress/6.8.5; https://polikistikover.net"
89.252.162.138 - - [26/Mar/2026:21:47:01 +0300] "POST /wp-cron.php?doing_wp_cron=1774550821.2061951160430908203125 HTTP/1.1" 200 0 "-" "WordPress/6.8.5; https://polikistikover.net"
89.252.162.138 - - [26/Mar/2026:21:47:01 +0300] "POST /wp-admin/admin-ajax.php?action=async_litespeed&nonce=HwvJ4XReZyBvnHJfAsOOajytpPcK35oQ&litespeed_type=imgoptm HTTP/1.1" 200 5 "-" "WordPress/6.8.5; https://polikistikover.net"
89.252.162.138 - - [26/Mar/2026:21:48:02 +0300] "POST /wp-admin/admin-ajax.php?action=async_litespeed&nonce=KUDz005dfZT7zHe7ZZHq3JPnWaJRc6Y3&litespeed_type=imgoptm HTTP/1.1" 200 5 "-" "WordPress/6.8.5; https://polikistikover.net"
209.141.44.76 - - [26/Mar/2026:21:48:53 +0300] "GET /wp-login.php HTTP/1.1" 200 3158 "-" "Mozilla/5.0 (Windows NT 10.0; Win64; x64) AppleWebKit/537.36 (KHTML, like Gecko) Chrome/134.0.0.0 Safari/537.36"
89.252.162.138 - - [26/Mar/2026:21:49:02 +0300] "POST /wp-admin/admin-ajax.php?action=async_litespeed&nonce=V7lKoEBYomoT5FMSp51QBLxjHCgjL2K2&litespeed_type=imgoptm HTTP/1.1" 200 5 "-" "WordPress/6.8.5; https://polikistikover.net"
89.252.162.138 - - [26/Mar/2026:21:50:01 +0300] "POST /wp-cron.php?doing_wp_cron=1774551001.2928729057312011718750 HTTP/1.1" 200 0 "-" "WordPress/6.8.5; https://polikistikover.net"
89.252.162.138 - - [26/Mar/2026:21:50:02 +0300] "POST /wp-admin/admin-ajax.php?action=async_litespeed&nonce=3GW0rcjfxZEm3HNZZ9D2UXQ0MnuvCwtD&litespeed_type=imgoptm HTTP/1.1" 200 5 "-" "WordPress/6.8.5; https://polikistikover.net"
89.252.162.138 - - [26/Mar/2026:21:50:16 +0300] "POST /wp-cron.php?doing_wp_cron=1774551016.2987470626831054687500 HTTP/1.1" 200 0 "-" "WordPress/6.8.5; https://polikistikover.net"
89.252.162.138 - - [26/Mar/2026:21:51:16 +0300] "POST /wp-cron.php?doing_wp_cron=1774551076.2770431041717529296875 HTTP/1.1" 200 0 "-" "WordPress/6.8.5; https://polikistikover.net"
89.252.162.138 - - [26/Mar/2026:21:52:02 +0300] "POST /wp-admin/admin-ajax.php?action=async_litespeed&nonce=L7imoIr1HQMlmXwf7vETsJCgE1XLQZNu&litespeed_type=imgoptm HTTP/1.1" 200 5 "-" "WordPress/6.8.5; https://polikistikover.net"
20.106.150.36 - - [26/Mar/2026:21:51:16 +0300] "POST //xmlrpc.php HTTP/1.1" 200 410 "-" "Mozilla/5.0 (Windows NT 10.0; Win64; x64) AppleWebKit/537.36 (KHTML, like Gecko) Chrome/80.0.3987.149 Safari/537.36"
20.106.150.36 - - [26/Mar/2026:21:51:31 +0300] "POST //xmlrpc.php HTTP/1.1" 200 410 "-" "Mozilla/5.0 (Windows NT 10.0; Win64; x64) AppleWebKit/537.36 (KHTML, like Gecko) Chrome/80.0.3987.149 Safari/537.36"
89.252.162.138 - - [26/Mar/2026:21:52:01 +0300] "POST /wp-cron.php?doing_wp_cron=1774551121.3450670242309570312500 HTTP/1.1" 200 0 "-" "WordPress/6.8.5; https://polikistikover.net"
20.106.150.36 - - [26/Mar/2026:21:51:46 +0300] "POST //xmlrpc.php HTTP/1.1" 200 410 "-" "Mozilla/5.0 (Windows NT 10.0; Win64; x64) AppleWebKit/537.36 (KHTML, like Gecko) Chrome/80.0.3987.149 Safari/537.36"
20.106.150.36 - - [26/Mar/2026:21:52:01 +0300] "POST //xmlrpc.php HTTP/1.1" 200 410 "-" "Mozilla/5.0 (Windows NT 10.0; Win64; x64) AppleWebKit/537.36 (KHTML, like Gecko) Chrome/80.0.3987.149 Safari/537.36"
20.106.150.36 - - [26/Mar/2026:21:52:16 +0300] "POST //xmlrpc.php HTTP/1.1" 200 410 "-" "Mozilla/5.0 (Windows NT 10.0; Win64; x64) AppleWebKit/537.36 (KHTML, like Gecko) Chrome/80.0.3987.149 Safari/537.36"
20.106.150.36 - - [26/Mar/2026:21:52:31 +0300] "POST //xmlrpc.php HTTP/1.1" 200 410 "-" "Mozilla/5.0 (Windows NT 10.0; Win64; x64) AppleWebKit/537.36 (KHTML, like Gecko) Chrome/80.0.3987.149 Safari/537.36"
20.106.150.36 - - [26/Mar/2026:21:52:46 +0300] "POST //xmlrpc.php HTTP/1.1" 200 410 "-" "Mozilla/5.0 (Windows NT 10.0; Win64; x64) AppleWebKit/537.36 (KHTML, like Gecko) Chrome/80.0.3987.149 Safari/537.36"
20.106.150.36 - - [26/Mar/2026:21:53:01 +0300] "POST //xmlrpc.php HTTP/1.1" 200 410 "-" "Mozilla/5.0 (Windows NT 10.0; Win64; x64) AppleWebKit/537.36 (KHTML, like Gecko) Chrome/80.0.3987.149 Safari/537.36"
20.106.150.36 - - [26/Mar/2026:21:53:16 +0300] "POST //xmlrpc.php HTTP/1.1" 200 410 "-" "Mozilla/5.0 (Windows NT 10.0; Win64; x64) AppleWebKit/537.36 (KHTML, like Gecko) Chrome/80.0.3987.149 Safari/537.36"
20.106.150.36 - - [26/Mar/2026:21:53:31 +0300] "POST //xmlrpc.php HTTP/1.1" 200 410 "-" "Mozilla/5.0 (Windows NT 10.0; Win64; x64) AppleWebKit/537.36 (KHTML, like Gecko) Chrome/80.0.3987.149 Safari/537.36"
89.252.162.138 - - [26/Mar/2026:21:54:01 +0300] "POST /wp-cron.php?doing_wp_cron=1774551241.0261459350585937500000 HTTP/1.1" 200 0 "-" "WordPress/6.8.5; https://polikistikover.net"
20.106.150.36 - - [26/Mar/2026:21:53:46 +0300] "POST //xmlrpc.php HTTP/1.1" 200 410 "-" "Mozilla/5.0 (Windows NT 10.0; Win64; x64) AppleWebKit/537.36 (KHTML, like Gecko) Chrome/80.0.3987.149 Safari/537.36"
89.252.162.138 - - [26/Mar/2026:21:54:01 +0300] "POST /wp-admin/admin-ajax.php?action=async_litespeed&nonce=iFzt0nzUQ6rnaF5GCSWoxtjdFbPsWOQO&litespeed_type=imgoptm HTTP/1.1" 200 5 "-" "WordPress/6.8.5; https://polikistikover.net"
89.252.162.138 - - [26/Mar/2026:21:54:16 +0300] "POST /wp-cron.php?doing_wp_cron=1774551256.1102790832519531250000 HTTP/1.1" 200 0 "-" "WordPress/6.8.5; https://polikistikover.net"
20.106.150.36 - - [26/Mar/2026:21:54:01 +0300] "POST //xmlrpc.php HTTP/1.1" 200 410 "-" "Mozilla/5.0 (Windows NT 10.0; Win64; x64) AppleWebKit/537.36 (KHTML, like Gecko) Chrome/80.0.3987.149 Safari/537.36"
20.106.150.36 - - [26/Mar/2026:21:54:16 +0300] "POST //xmlrpc.php HTTP/1.1" 200 410 "-" "Mozilla/5.0 (Windows NT 10.0; Win64; x64) AppleWebKit/537.36 (KHTML, like Gecko) Chrome/80.0.3987.149 Safari/537.36"
20.106.150.36 - - [26/Mar/2026:21:54:31 +0300] "POST //xmlrpc.php HTTP/1.1" 200 410 "-" "Mozilla/5.0 (Windows NT 10.0; Win64; x64) AppleWebKit/537.36 (KHTML, like Gecko) Chrome/80.0.3987.149 Safari/537.36"
95.85.238.35 - - [26/Mar/2026:21:54:59 +0300] "GET /wp-login.php HTTP/1.1" 200 3158 "-" "Mozilla/5.0 (Windows NT 10.0; Win64; x64) AppleWebKit/537.36 (KHTML, like Gecko) Chrome/134.0.0.0 Safari/537.36"
20.106.150.36 - - [26/Mar/2026:21:54:46 +0300] "POST //xmlrpc.php HTTP/1.1" 200 410 "-" "Mozilla/5.0 (Windows NT 10.0; Win64; x64) AppleWebKit/537.36 (KHTML, like Gecko) Chrome/80.0.3987.149 Safari/537.36"
196.189.161.95 - - [26/Mar/2026:21:52:13 +0300] "POST /xmlrpc.php HTTP/1.1" 200 412 "-" "Mozilla/5.0 (X11; Ubuntu; Linux x86_64; arm64) AppleWebKit/537.36 (KHTML, like Gecko) Safari/13.0.0.0 Safari/537.36"
89.252.162.138 - - [26/Mar/2026:21:52:16 +0300] "POST /wp-cron.php?doing_wp_cron=1774551136.4267959594726562500000 HTTP/1.1" 200 0 "-" "WordPress/6.8.5; https://polikistikover.net"
89.252.162.138 - - [26/Mar/2026:21:53:01 +0300] "POST /wp-cron.php?doing_wp_cron=1774551181.3406560420989990234375 HTTP/1.1" 200 0 "-" "WordPress/6.8.5; https://polikistikover.net"
89.252.162.138 - - [26/Mar/2026:21:53:02 +0300] "POST /wp-admin/admin-ajax.php?action=async_litespeed&nonce=HVNCQ4nmAFS2SOtoSp2OL1YlSM4MgHCr&litespeed_type=imgoptm HTTP/1.1" 200 5 "-" "WordPress/6.8.5; https://polikistikover.net"
72.83.55.65 - - [26/Mar/2026:21:53:08 +0300] "POST /xmlrpc.php HTTP/1.1" 200 412 "-" "Mozilla/5.0 (Macintosh; Intel Mac OS X 10_15_7; x86) AppleWebKit/537.36 (KHTML, like Gecko) Opera/66.0.0.0 Safari/537.36"
89.252.162.138 - - [26/Mar/2026:21:53:16 +0300] "POST /wp-cron.php?doing_wp_cron=1774551196.1752769947052001953125 HTTP/1.1" 200 0 "-" "WordPress/6.8.5; https://polikistikover.net"
89.252.162.138 - - [26/Mar/2026:21:55:01 +0300] "POST /wp-cron.php?doing_wp_cron=1774551301.3252260684967041015625 HTTP/1.1" 200 0 "-" "WordPress/6.8.5; https://polikistikover.net"
89.252.162.138 - - [26/Mar/2026:21:55:02 +0300] "POST /wp-admin/admin-ajax.php?action=async_litespeed&nonce=Ql9ssjJBT5OsEdI8VMK0xBfRGjpoQO8d&litespeed_type=imgoptm HTTP/1.1" 200 5 "-" "WordPress/6.8.5; https://polikistikover.net"
89.252.162.138 - - [26/Mar/2026:21:56:02 +0300] "POST /wp-admin/admin-ajax.php?action=async_litespeed&nonce=rpi6m6dHSqsGdnIENbOcQPlYVB0AxasP&litespeed_type=imgoptm HTTP/1.1" 200 5 "-" "WordPress/6.8.5; https://polikistikover.net"
89.252.162.138 - - [26/Mar/2026:21:56:16 +0300] "POST /wp-cron.php?doing_wp_cron=1774551376.3120000362396240234375 HTTP/1.1" 200 0 "-" "WordPress/6.8.5; https://polikistikover.net"
89.252.162.138 - - [26/Mar/2026:21:57:01 +0300] "POST /wp-admin/admin-ajax.php?action=async_litespeed&nonce=aE2yjMB8rCwpnfaKaOMrbs5OLqaCM9E1&litespeed_type=imgoptm HTTP/1.1" 200 5 "-" "WordPress/6.8.5; https://polikistikover.net"
52.243.57.116 - - [26/Mar/2026:21:57:24 +0300] "GET /100.php HTTP/1.1" 401 53 "-" "Mozilla/5.0 (Windows NT 10.0; Win64; x64) AppleWebKit/537.36 (KHTML, like Gecko) Chrome/120.0.0.0 Safari/537.36"
52.243.57.116 - - [26/Mar/2026:21:57:24 +0300] "GET /7.php HTTP/1.1" 401 53 "-" "Mozilla/5.0 (Windows NT 10.0; Win64; x64) AppleWebKit/537.36 (KHTML, like Gecko) Chrome/120.0.0.0 Safari/537.36"
52.243.57.116 - - [26/Mar/2026:21:57:25 +0300] "GET /aa.php HTTP/1.1" 401 53 "-" "Mozilla/5.0 (Windows NT 10.0; Win64; x64) AppleWebKit/537.36 (KHTML, like Gecko) Chrome/120.0.0.0 Safari/537.36"
52.243.57.116 - - [26/Mar/2026:21:57:25 +0300] "GET /wp.php HTTP/1.1" 401 53 "-" "Mozilla/5.0 (Windows NT 10.0; Win64; x64) AppleWebKit/537.36 (KHTML, like Gecko) Chrome/120.0.0.0 Safari/537.36"
52.243.57.116 - - [26/Mar/2026:21:57:25 +0300] "GET /chosen.php HTTP/1.1" 401 53 "-" "Mozilla/5.0 (Windows NT 10.0; Win64; x64) AppleWebKit/537.36 (KHTML, like Gecko) Chrome/120.0.0.0 Safari/537.36"
52.243.57.116 - - [26/Mar/2026:21:57:26 +0300] "GET /abcd.php HTTP/1.1" 401 53 "-" "Mozilla/5.0 (Windows NT 10.0; Win64; x64) AppleWebKit/537.36 (KHTML, like Gecko) Chrome/120.0.0.0 Safari/537.36"
52.243.57.116 - - [26/Mar/2026:21:57:26 +0300] "GET /as.php HTTP/1.1" 401 53 "-" "Mozilla/5.0 (Windows NT 10.0; Win64; x64) AppleWebKit/537.36 (KHTML, like Gecko) Chrome/120.0.0.0 Safari/537.36"
52.243.57.116 - - [26/Mar/2026:21:57:26 +0300] "GET /2.php HTTP/1.1" 401 53 "-" "Mozilla/5.0 (Windows NT 10.0; Win64; x64) AppleWebKit/537.36 (KHTML, like Gecko) Chrome/120.0.0.0 Safari/537.36"
52.243.57.116 - - [26/Mar/2026:21:57:27 +0300] "GET /abc.php HTTP/1.1" 401 53 "-" "Mozilla/5.0 (Windows NT 10.0; Win64; x64) AppleWebKit/537.36 (KHTML, like Gecko) Chrome/120.0.0.0 Safari/537.36"
52.243.57.116 - - [26/Mar/2026:21:57:27 +0300] "GET /about.php HTTP/1.1" 401 53 "-" "Mozilla/5.0 (Windows NT 10.0; Win64; x64) AppleWebKit/537.36 (KHTML, like Gecko) Chrome/120.0.0.0 Safari/537.36"
52.243.57.116 - - [26/Mar/2026:21:57:27 +0300] "GET /0x.php HTTP/1.1" 401 53 "-" "Mozilla/5.0 (Windows NT 10.0; Win64; x64) AppleWebKit/537.36 (KHTML, like Gecko) Chrome/120.0.0.0 Safari/537.36"
52.243.57.116 - - [26/Mar/2026:21:57:28 +0300] "GET /fff.php HTTP/1.1" 401 53 "-" "Mozilla/5.0 (Windows NT 10.0; Win64; x64) AppleWebKit/537.36 (KHTML, like Gecko) Chrome/120.0.0.0 Safari/537.36"
52.243.57.116 - - [26/Mar/2026:21:57:28 +0300] "GET /ff1.php HTTP/1.1" 401 53 "-" "Mozilla/5.0 (Windows NT 10.0; Win64; x64) AppleWebKit/537.36 (KHTML, like Gecko) Chrome/120.0.0.0 Safari/537.36"
52.243.57.116 - - [26/Mar/2026:21:57:28 +0300] "GET /wp-themes.php HTTP/1.1" 401 53 "-" "Mozilla/5.0 (Windows NT 10.0; Win64; x64) AppleWebKit/537.36 (KHTML, like Gecko) Chrome/120.0.0.0 Safari/537.36"
52.243.57.116 - - [26/Mar/2026:21:57:29 +0300] "GET /adminfuns.php HTTP/1.1" 401 53 "-" "Mozilla/5.0 (Windows NT 10.0; Win64; x64) AppleWebKit/537.36 (KHTML, like Gecko) Chrome/120.0.0.0 Safari/537.36"
52.243.57.116 - - [26/Mar/2026:21:57:29 +0300] "GET /class-t.api.php HTTP/1.1" 401 53 "-" "Mozilla/5.0 (Windows NT 10.0; Win64; x64) AppleWebKit/537.36 (KHTML, like Gecko) Chrome/120.0.0.0 Safari/537.36"
52.243.57.116 - - [26/Mar/2026:21:57:29 +0300] "GET /content.php HTTP/1.1" 401 53 "-" "Mozilla/5.0 (Windows NT 10.0; Win64; x64) AppleWebKit/537.36 (KHTML, like Gecko) Chrome/120.0.0.0 Safari/537.36"
52.243.57.116 - - [26/Mar/2026:21:57:30 +0300] "GET /r.php HTTP/1.1" 401 53 "-" "Mozilla/5.0 (Windows NT 10.0; Win64; x64) AppleWebKit/537.36 (KHTML, like Gecko) Chrome/120.0.0.0 Safari/537.36"
52.243.57.116 - - [26/Mar/2026:21:57:30 +0300] "GET /w.php HTTP/1.1" 401 53 "-" "Mozilla/5.0 (Windows NT 10.0; Win64; x64) AppleWebKit/537.36 (KHTML, like Gecko) Chrome/120.0.0.0 Safari/537.36"
52.243.57.116 - - [26/Mar/2026:21:57:30 +0300] "GET /classwithtostring.php HTTP/1.1" 401 53 "-" "Mozilla/5.0 (Windows NT 10.0; Win64; x64) AppleWebKit/537.36 (KHTML, like Gecko) Chrome/120.0.0.0 Safari/537.36"
52.243.57.116 - - [26/Mar/2026:21:57:31 +0300] "GET /edit.php HTTP/1.1" 401 53 "-" "Mozilla/5.0 (Windows NT 10.0; Win64; x64) AppleWebKit/537.36 (KHTML, like Gecko) Chrome/120.0.0.0 Safari/537.36"
52.243.57.116 - - [26/Mar/2026:21:57:31 +0300] "GET /wp-blog.php HTTP/1.1" 401 53 "-" "Mozilla/5.0 (Windows NT 10.0; Win64; x64) AppleWebKit/537.36 (KHTML, like Gecko) Chrome/120.0.0.0 Safari/537.36"
52.243.57.116 - - [26/Mar/2026:21:57:31 +0300] "GET /php8.php HTTP/1.1" 401 53 "-" "Mozilla/5.0 (Windows NT 10.0; Win64; x64) AppleWebKit/537.36 (KHTML, like Gecko) Chrome/120.0.0.0 Safari/537.36"
52.243.57.116 - - [26/Mar/2026:21:57:32 +0300] "GET /10.php HTTP/1.1" 401 53 "-" "Mozilla/5.0 (Windows NT 10.0; Win64; x64) AppleWebKit/537.36 (KHTML, like Gecko) Chrome/120.0.0.0 Safari/537.36"
52.243.57.116 - - [26/Mar/2026:21:57:32 +0300] "GET /manager.php HTTP/1.1" 401 53 "-" "Mozilla/5.0 (Windows NT 10.0; Win64; x64) AppleWebKit/537.36 (KHTML, like Gecko) Chrome/120.0.0.0 Safari/537.36"
52.243.57.116 - - [26/Mar/2026:21:57:32 +0300] "GET /p.php HTTP/1.1" 401 53 "-" "Mozilla/5.0 (Windows NT 10.0; Win64; x64) AppleWebKit/537.36 (KHTML, like Gecko) Chrome/120.0.0.0 Safari/537.36"
52.243.57.116 - - [26/Mar/2026:21:57:33 +0300] "GET /hplfuns.php HTTP/1.1" 401 53 "-" "Mozilla/5.0 (Windows NT 10.0; Win64; x64) AppleWebKit/537.36 (KHTML, like Gecko) Chrome/120.0.0.0 Safari/537.36"
52.243.57.116 - - [26/Mar/2026:21:57:33 +0300] "GET /bless.php HTTP/1.1" 401 53 "-" "Mozilla/5.0 (Windows NT 10.0; Win64; x64) AppleWebKit/537.36 (KHTML, like Gecko) Chrome/120.0.0.0 Safari/537.36"
52.243.57.116 - - [26/Mar/2026:21:57:33 +0300] "GET /php.php HTTP/1.1" 401 53 "-" "Mozilla/5.0 (Windows NT 10.0; Win64; x64) AppleWebKit/537.36 (KHTML, like Gecko) Chrome/120.0.0.0 Safari/537.36"
52.243.57.116 - - [26/Mar/2026:21:57:33 +0300] "GET /chosen.php HTTP/1.1" 401 53 "-" "Mozilla/5.0 (Windows NT 10.0; Win64; x64) AppleWebKit/537.36 (KHTML, like Gecko) Chrome/120.0.0.0 Safari/537.36"
52.243.57.116 - - [26/Mar/2026:21:57:34 +0300] "GET /ioxi-o.php HTTP/1.1" 401 53 "-" "Mozilla/5.0 (Windows NT 10.0; Win64; x64) AppleWebKit/537.36 (KHTML, like Gecko) Chrome/120.0.0.0 Safari/537.36"
52.243.57.116 - - [26/Mar/2026:21:57:34 +0300] "GET /cache.php HTTP/1.1" 401 53 "-" "Mozilla/5.0 (Windows NT 10.0; Win64; x64) AppleWebKit/537.36 (KHTML, like Gecko) Chrome/120.0.0.0 Safari/537.36"
52.243.57.116 - - [26/Mar/2026:21:57:34 +0300] "GET /jquery.php HTTP/1.1" 401 53 "-" "Mozilla/5.0 (Windows NT 10.0; Win64; x64) AppleWebKit/537.36 (KHTML, like Gecko) Chrome/120.0.0.0 Safari/537.36"
52.243.57.116 - - [26/Mar/2026:21:57:35 +0300] "GET /av.php HTTP/1.1" 401 53 "-" "Mozilla/5.0 (Windows NT 10.0; Win64; x64) AppleWebKit/537.36 (KHTML, like Gecko) Chrome/120.0.0.0 Safari/537.36"
52.243.57.116 - - [26/Mar/2026:21:57:35 +0300] "GET /doc.php HTTP/1.1" 401 53 "-" "Mozilla/5.0 (Windows NT 10.0; Win64; x64) AppleWebKit/537.36 (KHTML, like Gecko) Chrome/120.0.0.0 Safari/537.36"
52.243.57.116 - - [26/Mar/2026:21:57:35 +0300] "GET /elp.php HTTP/1.1" 401 53 "-" "Mozilla/5.0 (Windows NT 10.0; Win64; x64) AppleWebKit/537.36 (KHTML, like Gecko) Chrome/120.0.0.0 Safari/537.36"
52.243.57.116 - - [26/Mar/2026:21:57:36 +0300] "GET /wp-user.php HTTP/1.1" 401 53 "-" "Mozilla/5.0 (Windows NT 10.0; Win64; x64) AppleWebKit/537.36 (KHTML, like Gecko) Chrome/120.0.0.0 Safari/537.36"
52.243.57.116 - - [26/Mar/2026:21:57:36 +0300] "GET /root.php HTTP/1.1" 401 53 "-" "Mozilla/5.0 (Windows NT 10.0; Win64; x64) AppleWebKit/537.36 (KHTML, like Gecko) Chrome/120.0.0.0 Safari/537.36"
52.243.57.116 - - [26/Mar/2026:21:57:37 +0300] "GET /alfa.php HTTP/1.1" 401 53 "-" "Mozilla/5.0 (Windows NT 10.0; Win64; x64) AppleWebKit/537.36 (KHTML, like Gecko) Chrome/120.0.0.0 Safari/537.36"
