20.48.232.178 - - [26/Mar/2026:23:02:29 +0300] "GET /ar.php HTTP/1.1" 404 796 "-" "-"
20.48.232.178 - - [26/Mar/2026:23:02:29 +0300] "GET /x.php HTTP/1.1" 404 796 "-" "-"
20.48.232.178 - - [26/Mar/2026:23:02:30 +0300] "GET /xx.php HTTP/1.1" 404 796 "-" "-"
20.48.232.178 - - [26/Mar/2026:23:02:30 +0300] "GET /gifclass4.php HTTP/1.1" 404 796 "-" "-"
20.48.232.178 - - [26/Mar/2026:23:02:30 +0300] "GET /2clas.php HTTP/1.1" 404 796 "-" "-"
20.48.232.178 - - [26/Mar/2026:23:02:31 +0300] "GET /ave.php HTTP/1.1" 404 796 "-" "-"
20.48.232.178 - - [26/Mar/2026:23:02:31 +0300] "GET /wrt.php HTTP/1.1" 404 796 "-" "-"
20.48.232.178 - - [26/Mar/2026:23:02:31 +0300] "GET /bibil.php HTTP/1.1" 404 796 "-" "-"
20.106.150.36 - - [26/Mar/2026:23:02:17 +0300] "POST //xmlrpc.php HTTP/1.1" 200 410 "-" "Mozilla/5.0 (Windows NT 10.0; Win64; x64) AppleWebKit/537.36 (KHTML, like Gecko) Chrome/80.0.3987.149 Safari/537.36"
20.48.232.178 - - [26/Mar/2026:23:02:32 +0300] "GET /radio.php HTTP/1.1" 404 796 "-" "-"
20.48.232.178 - - [26/Mar/2026:23:02:32 +0300] "GET /files.php HTTP/1.1" 404 796 "-" "-"
20.48.232.178 - - [26/Mar/2026:23:02:32 +0300] "GET /file7.php HTTP/1.1" 404 796 "-" "-"
20.48.232.178 - - [26/Mar/2026:23:02:33 +0300] "GET /gifclass.php HTTP/1.1" 404 796 "-" "-"
20.48.232.178 - - [26/Mar/2026:23:02:33 +0300] "GET /wp-admin/css/colors/midnight/about.php HTTP/1.1" 404 796 "-" "-"
20.48.232.178 - - [26/Mar/2026:23:02:33 +0300] "GET /nox.php HTTP/1.1" 404 796 "-" "-"
20.48.232.178 - - [26/Mar/2026:23:02:34 +0300] "GET /file48.php HTTP/1.1" 404 796 "-" "-"
20.48.232.178 - - [26/Mar/2026:23:02:34 +0300] "GET /info.php HTTP/1.1" 200 83331 "-" "-"
20.48.232.178 - - [26/Mar/2026:23:02:34 +0300] "GET /class9.php HTTP/1.1" 404 796 "-" "-"
20.48.232.178 - - [26/Mar/2026:23:02:35 +0300] "GET /la.php HTTP/1.1" 404 796 "-" "-"
20.48.232.178 - - [26/Mar/2026:23:02:35 +0300] "GET /bless11.php HTTP/1.1" 404 796 "-" "-"
20.48.232.178 - - [26/Mar/2026:23:02:35 +0300] "GET /ccou.php HTTP/1.1" 404 796 "-" "-"
20.48.232.178 - - [26/Mar/2026:23:02:36 +0300] "GET /ton.php HTTP/1.1" 404 796 "-" "-"
20.48.232.178 - - [26/Mar/2026:23:02:36 +0300] "GET /403.php HTTP/1.1" 404 796 "-" "-"
20.48.232.178 - - [26/Mar/2026:23:02:36 +0300] "GET /file9.php HTTP/1.1" 404 796 "-" "-"
20.48.232.178 - - [26/Mar/2026:23:02:37 +0300] "GET /ac.php HTTP/1.1" 404 796 "-" "-"
20.48.232.178 - - [26/Mar/2026:23:02:37 +0300] "GET /new4.php HTTP/1.1" 404 796 "-" "-"
20.48.232.178 - - [26/Mar/2026:23:02:37 +0300] "GET /pop.php HTTP/1.1" 404 796 "-" "-"
20.48.232.178 - - [26/Mar/2026:23:02:38 +0300] "GET /az.php HTTP/1.1" 404 796 "-" "-"
20.48.232.178 - - [26/Mar/2026:23:02:38 +0300] "GET /xaz.php HTTP/1.1" 404 796 "-" "-"
20.48.232.178 - - [26/Mar/2026:23:02:38 +0300] "GET /up4.php HTTP/1.1" 404 796 "-" "-"
20.48.232.178 - - [26/Mar/2026:23:02:39 +0300] "GET /1aa.php HTTP/1.1" 404 796 "-" "-"
20.48.232.178 - - [26/Mar/2026:23:02:39 +0300] "GET /elp.php HTTP/1.1" 404 796 "-" "-"
20.48.232.178 - - [26/Mar/2026:23:02:39 +0300] "GET /wtz.php HTTP/1.1" 404 796 "-" "-"
20.48.232.178 - - [26/Mar/2026:23:02:40 +0300] "GET /galex.php HTTP/1.1" 404 796 "-" "-"
20.48.232.178 - - [26/Mar/2026:23:02:40 +0300] "GET /xb.php HTTP/1.1" 404 796 "-" "-"
20.48.232.178 - - [26/Mar/2026:23:02:40 +0300] "GET /ova.php HTTP/1.1" 404 796 "-" "-"
20.48.232.178 - - [26/Mar/2026:23:02:40 +0300] "GET /vx.php HTTP/1.1" 404 796 "-" "-"
20.48.232.178 - - [26/Mar/2026:23:02:41 +0300] "GET /rh.php HTTP/1.1" 404 796 "-" "-"
20.106.150.36 - - [26/Mar/2026:23:02:32 +0300] "POST //xmlrpc.php HTTP/1.1" 200 410 "-" "Mozilla/5.0 (Windows NT 10.0; Win64; x64) AppleWebKit/537.36 (KHTML, like Gecko) Chrome/80.0.3987.149 Safari/537.36"
89.252.162.138 - - [26/Mar/2026:23:03:01 +0300] "POST /wp-cron.php?doing_wp_cron=1774555381.7849609851837158203125 HTTP/1.1" 200 0 "-" "WordPress/6.8.5; https://polikistikover.net"
20.106.150.36 - - [26/Mar/2026:23:02:47 +0300] "POST //xmlrpc.php HTTP/1.1" 200 410 "-" "Mozilla/5.0 (Windows NT 10.0; Win64; x64) AppleWebKit/537.36 (KHTML, like Gecko) Chrome/80.0.3987.149 Safari/537.36"
89.252.162.138 - - [26/Mar/2026:23:03:02 +0300] "POST /wp-admin/admin-ajax.php?action=async_litespeed&nonce=im6gBR5lFyX30iAUwWP5k35D1VjmsX1y&litespeed_type=imgoptm HTTP/1.1" 200 5 "-" "WordPress/6.8.5; https://polikistikover.net"
89.252.162.138 - - [26/Mar/2026:23:03:16 +0300] "POST /wp-cron.php?doing_wp_cron=1774555396.9316871166229248046875 HTTP/1.1" 200 0 "-" "WordPress/6.8.5; https://polikistikover.net"
20.106.150.36 - - [26/Mar/2026:23:03:02 +0300] "POST //xmlrpc.php HTTP/1.1" 200 410 "-" "Mozilla/5.0 (Windows NT 10.0; Win64; x64) AppleWebKit/537.36 (KHTML, like Gecko) Chrome/80.0.3987.149 Safari/537.36"
173.252.95.3 - - [26/Mar/2026:23:03:19 +0300] "GET /meta.json?p=806 HTTP/2" 404 796 "-" "facebookexternalhit/1.1 (+http://www.facebook.com/externalhit_uatext.php)"
20.106.150.36 - - [26/Mar/2026:23:03:17 +0300] "POST //xmlrpc.php HTTP/1.1" 200 410 "-" "Mozilla/5.0 (Windows NT 10.0; Win64; x64) AppleWebKit/537.36 (KHTML, like Gecko) Chrome/80.0.3987.149 Safari/537.36"
20.106.150.36 - - [26/Mar/2026:23:03:31 +0300] "POST //xmlrpc.php HTTP/1.1" 200 410 "-" "Mozilla/5.0 (Windows NT 10.0; Win64; x64) AppleWebKit/537.36 (KHTML, like Gecko) Chrome/80.0.3987.149 Safari/537.36"
89.252.162.138 - - [26/Mar/2026:23:03:53 +0300] "POST /wp-cron.php?doing_wp_cron=1774555433.6086680889129638671875 HTTP/1.1" 200 0 "-" "WordPress/6.8.5; https://polikistikover.net"
102.64.155.177 - - [26/Mar/2026:23:03:52 +0300] "POST /xmlrpc.php HTTP/1.1" 200 412 "-" "Mozilla/5.0 (Windows NT 6.3; arm64) AppleWebKit/537.36 (KHTML, like Gecko) Firefox/72.0.0.0 Safari/537.36"
89.252.162.138 - - [26/Mar/2026:23:04:01 +0300] "POST /wp-cron.php?doing_wp_cron=1774555441.7986910343170166015625 HTTP/1.1" 200 0 "-" "WordPress/6.8.5; https://polikistikover.net"
20.106.150.36 - - [26/Mar/2026:23:03:47 +0300] "POST //xmlrpc.php HTTP/1.1" 200 410 "-" "Mozilla/5.0 (Windows NT 10.0; Win64; x64) AppleWebKit/537.36 (KHTML, like Gecko) Chrome/80.0.3987.149 Safari/537.36"
20.106.150.36 - - [26/Mar/2026:23:04:02 +0300] "POST //xmlrpc.php HTTP/1.1" 200 410 "-" "Mozilla/5.0 (Windows NT 10.0; Win64; x64) AppleWebKit/537.36 (KHTML, like Gecko) Chrome/80.0.3987.149 Safari/537.36"
31.13.115.115 - - [26/Mar/2026:23:04:28 +0300] "GET /meta.json?p=1539 HTTP/2" 404 796 "-" "facebookexternalhit/1.1 (+http://www.facebook.com/externalhit_uatext.php)"
20.106.150.36 - - [26/Mar/2026:23:04:18 +0300] "POST //xmlrpc.php HTTP/1.1" 200 410 "-" "Mozilla/5.0 (Windows NT 10.0; Win64; x64) AppleWebKit/537.36 (KHTML, like Gecko) Chrome/80.0.3987.149 Safari/537.36"
20.106.150.36 - - [26/Mar/2026:23:04:32 +0300] "POST //xmlrpc.php HTTP/1.1" 200 410 "-" "Mozilla/5.0 (Windows NT 10.0; Win64; x64) AppleWebKit/537.36 (KHTML, like Gecko) Chrome/80.0.3987.149 Safari/537.36"
89.252.162.138 - - [26/Mar/2026:23:05:01 +0300] "POST /wp-cron.php?doing_wp_cron=1774555501.7288639545440673828125 HTTP/1.1" 200 0 "-" "WordPress/6.8.5; https://polikistikover.net"
20.106.150.36 - - [26/Mar/2026:23:04:47 +0300] "POST //xmlrpc.php HTTP/1.1" 200 410 "-" "Mozilla/5.0 (Windows NT 10.0; Win64; x64) AppleWebKit/537.36 (KHTML, like Gecko) Chrome/80.0.3987.149 Safari/537.36"
20.106.150.36 - - [26/Mar/2026:23:05:02 +0300] "POST //xmlrpc.php HTTP/1.1" 200 410 "-" "Mozilla/5.0 (Windows NT 10.0; Win64; x64) AppleWebKit/537.36 (KHTML, like Gecko) Chrome/80.0.3987.149 Safari/537.36"
20.106.150.36 - - [26/Mar/2026:23:05:17 +0300] "POST //xmlrpc.php HTTP/1.1" 200 410 "-" "Mozilla/5.0 (Windows NT 10.0; Win64; x64) AppleWebKit/537.36 (KHTML, like Gecko) Chrome/80.0.3987.149 Safari/537.36"
69.171.249.3 - - [26/Mar/2026:23:05:37 +0300] "GET /meta.json?p=810 HTTP/2" 404 796 "-" "facebookexternalhit/1.1 (+http://www.facebook.com/externalhit_uatext.php)"
20.106.150.36 - - [26/Mar/2026:23:05:32 +0300] "POST //xmlrpc.php HTTP/1.1" 200 410 "-" "Mozilla/5.0 (Windows NT 10.0; Win64; x64) AppleWebKit/537.36 (KHTML, like Gecko) Chrome/80.0.3987.149 Safari/537.36"
69.171.231.114 - - [26/Mar/2026:23:05:48 +0300] "GET /meta.json?p=1539 HTTP/2" 404 796 "-" "facebookexternalhit/1.1 (+http://www.facebook.com/externalhit_uatext.php)"
89.252.162.138 - - [26/Mar/2026:23:06:01 +0300] "POST /wp-cron.php?doing_wp_cron=1774555561.8281230926513671875000 HTTP/1.1" 200 0 "-" "WordPress/6.8.5; https://polikistikover.net"
20.106.150.36 - - [26/Mar/2026:23:05:46 +0300] "POST //xmlrpc.php HTTP/1.1" 200 410 "-" "Mozilla/5.0 (Windows NT 10.0; Win64; x64) AppleWebKit/537.36 (KHTML, like Gecko) Chrome/80.0.3987.149 Safari/537.36"
89.252.162.138 - - [26/Mar/2026:23:06:16 +0300] "POST /wp-cron.php?doing_wp_cron=1774555576.2676229476928710937500 HTTP/1.1" 200 0 "-" "WordPress/6.8.5; https://polikistikover.net"
20.106.150.36 - - [26/Mar/2026:23:06:02 +0300] "POST //xmlrpc.php HTTP/1.1" 200 410 "-" "Mozilla/5.0 (Windows NT 10.0; Win64; x64) AppleWebKit/537.36 (KHTML, like Gecko) Chrome/80.0.3987.149 Safari/537.36"
102.64.155.177 - - [26/Mar/2026:23:06:26 +0300] "POST /xmlrpc.php HTTP/1.1" 200 412 "-" "Mozilla/5.0 (Macintosh; Intel Mac OS X 10_15_7; x86) AppleWebKit/537.36 (KHTML, like Gecko) Chrome/98.0.0.0 Safari/537.36"
20.106.150.36 - - [26/Mar/2026:23:06:16 +0300] "POST //xmlrpc.php HTTP/1.1" 200 410 "-" "Mozilla/5.0 (Windows NT 10.0; Win64; x64) AppleWebKit/537.36 (KHTML, like Gecko) Chrome/80.0.3987.149 Safari/537.36"
20.106.150.36 - - [26/Mar/2026:23:06:33 +0300] "POST //xmlrpc.php HTTP/1.1" 200 410 "-" "Mozilla/5.0 (Windows NT 10.0; Win64; x64) AppleWebKit/537.36 (KHTML, like Gecko) Chrome/80.0.3987.149 Safari/537.36"
20.106.150.36 - - [26/Mar/2026:23:06:46 +0300] "POST //xmlrpc.php HTTP/1.1" 200 410 "-" "Mozilla/5.0 (Windows NT 10.0; Win64; x64) AppleWebKit/537.36 (KHTML, like Gecko) Chrome/80.0.3987.149 Safari/537.36"
89.252.162.138 - - [26/Mar/2026:23:07:02 +0300] "POST /wp-admin/admin-ajax.php?action=async_litespeed&nonce=eFJgd9pA59jC0UMq7qqB8eiQsEpXnrP0&litespeed_type=imgoptm HTTP/1.1" 200 5 "-" "WordPress/6.8.5; https://polikistikover.net"
20.106.150.36 - - [26/Mar/2026:23:07:01 +0300] "POST //xmlrpc.php HTTP/1.1" 200 410 "-" "Mozilla/5.0 (Windows NT 10.0; Win64; x64) AppleWebKit/537.36 (KHTML, like Gecko) Chrome/80.0.3987.149 Safari/537.36"
88.240.180.209 - - [26/Mar/2026:23:07:18 +0300] "GET /yeni/testimonials/ HTTP/2" 200 0 "https://www.google.com/" "Mozilla/5.0 (iPhone; CPU iPhone OS 18_7 like Mac OS X) AppleWebKit/605.1.15 (KHTML, like Gecko) Version/26.3 Mobile/15E148 Safari/604.1"
20.106.150.36 - - [26/Mar/2026:23:07:17 +0300] "POST //xmlrpc.php HTTP/1.1" 200 410 "-" "Mozilla/5.0 (Windows NT 10.0; Win64; x64) AppleWebKit/537.36 (KHTML, like Gecko) Chrome/80.0.3987.149 Safari/537.36"
88.240.180.209 - - [26/Mar/2026:23:07:25 +0300] "GET /yeni/testimonials/ HTTP/2" 200 0 "https://www.google.com/" "Mozilla/5.0 (iPhone; CPU iPhone OS 18_7 like Mac OS X) AppleWebKit/605.1.15 (KHTML, like Gecko) Version/26.3 Mobile/15E148 Safari/604.1"
88.240.180.209 - - [26/Mar/2026:23:07:34 +0300] "GET /yeni/testimonials/ HTTP/2" 200 13912 "https://www.google.com/" "Mozilla/5.0 (iPhone; CPU iPhone OS 18_7 like Mac OS X) AppleWebKit/605.1.15 (KHTML, like Gecko) Version/26.3 Mobile/15E148 Safari/604.1"
88.240.180.209 - - [26/Mar/2026:23:07:40 +0300] "GET /yeni/wp-content/plugins/contact-form-7/includes/css/styles.css?ver=6.1.5 HTTP/2" 200 899 "https://polikistikover.net/yeni/testimonials/" "Mozilla/5.0 (iPhone; CPU iPhone OS 18_7 like Mac OS X) AppleWebKit/605.1.15 (KHTML, like Gecko) Version/26.3 Mobile/15E148 Safari/604.1"
88.240.180.209 - - [26/Mar/2026:23:07:40 +0300] "GET /yeni/wp-content/themes/narihealth/fonts/iconfont.css?ver=6.9.4 HTTP/2" 200 1856 "https://polikistikover.net/yeni/testimonials/" "Mozilla/5.0 (iPhone; CPU iPhone OS 18_7 like Mac OS X) AppleWebKit/605.1.15 (KHTML, like Gecko) Version/26.3 Mobile/15E148 Safari/604.1"
88.240.180.209 - - [26/Mar/2026:23:07:40 +0300] "GET /yeni/wp-content/themes/narihealth/assets/css/header-v1.css?ver=6.9.4 HTTP/2" 200 300 "https://polikistikover.net/yeni/testimonials/" "Mozilla/5.0 (iPhone; CPU iPhone OS 18_7 like Mac OS X) AppleWebKit/605.1.15 (KHTML, like Gecko) Version/26.3 Mobile/15E148 Safari/604.1"
88.240.180.209 - - [26/Mar/2026:23:07:40 +0300] "GET /yeni/wp-content/themes/narihealth/assets/css/custom_script.css?ver=6.9.4 HTTP/2" 200 0 "https://polikistikover.net/yeni/testimonials/" "Mozilla/5.0 (iPhone; CPU iPhone OS 18_7 like Mac OS X) AppleWebKit/605.1.15 (KHTML, like Gecko) Version/26.3 Mobile/15E148 Safari/604.1"
88.240.180.209 - - [26/Mar/2026:23:07:40 +0300] "GET /yeni/wp-content/themes/narihealth/assets/css/responsive.css?ver=6.9.4 HTTP/2" 200 934 "https://polikistikover.net/yeni/testimonials/" "Mozilla/5.0 (iPhone; CPU iPhone OS 18_7 like Mac OS X) AppleWebKit/605.1.15 (KHTML, like Gecko) Version/26.3 Mobile/15E148 Safari/604.1"
88.240.180.209 - - [26/Mar/2026:23:07:40 +0300] "GET /yeni/wp-includes/js/jquery/jquery-migrate.min.js?ver=3.4.1 HTTP/2" 200 4678 "https://polikistikover.net/yeni/testimonials/" "Mozilla/5.0 (iPhone; CPU iPhone OS 18_7 like Mac OS X) AppleWebKit/605.1.15 (KHTML, like Gecko) Version/26.3 Mobile/15E148 Safari/604.1"
88.240.180.209 - - [26/Mar/2026:23:07:40 +0300] "GET /yeni/wp-includes/js/dist/hooks.min.js?ver=dd5603f07f9220ed27f1 HTTP/2" 200 1852 "https://polikistikover.net/yeni/testimonials/" "Mozilla/5.0 (iPhone; CPU iPhone OS 18_7 like Mac OS X) AppleWebKit/605.1.15 (KHTML, like Gecko) Version/26.3 Mobile/15E148 Safari/604.1"
88.240.180.209 - - [26/Mar/2026:23:07:40 +0300] "GET /yeni/wp-includes/js/dist/i18n.min.js?ver=c26c3dc7bed366793375 HTTP/2" 200 2119 "https://polikistikover.net/yeni/testimonials/" "Mozilla/5.0 (iPhone; CPU iPhone OS 18_7 like Mac OS X) AppleWebKit/605.1.15 (KHTML, like Gecko) Version/26.3 Mobile/15E148 Safari/604.1"
88.240.180.209 - - [26/Mar/2026:23:07:40 +0300] "GET /yeni/wp-content/plugins/contact-form-7/includes/swv/js/index.js?ver=6.1.5 HTTP/2" 200 3369 "https://polikistikover.net/yeni/testimonials/" "Mozilla/5.0 (iPhone; CPU iPhone OS 18_7 like Mac OS X) AppleWebKit/605.1.15 (KHTML, like Gecko) Version/26.3 Mobile/15E148 Safari/604.1"
88.240.180.209 - - [26/Mar/2026:23:07:40 +0300] "GET /yeni/wp-content/plugins/contact-form-7/includes/js/index.js?ver=6.1.5 HTTP/2" 200 4008 "https://polikistikover.net/yeni/testimonials/" "Mozilla/5.0 (iPhone; CPU iPhone OS 18_7 like Mac OS X) AppleWebKit/605.1.15 (KHTML, like Gecko) Version/26.3 Mobile/15E148 Safari/604.1"
88.240.180.209 - - [26/Mar/2026:23:07:40 +0300] "GET /yeni/wp-content/themes/narihealth/assets/js/jquery.easing.js?ver=1.3.0 HTTP/2" 200 1891 "https://polikistikover.net/yeni/testimonials/" "Mozilla/5.0 (iPhone; CPU iPhone OS 18_7 like Mac OS X) AppleWebKit/605.1.15 (KHTML, like Gecko) Version/26.3 Mobile/15E148 Safari/604.1"
88.240.180.209 - - [26/Mar/2026:23:07:40 +0300] "GET /yeni/wp-includes/js/imagesloaded.min.js?ver=5.0.0 HTTP/2" 200 1687 "https://polikistikover.net/yeni/testimonials/" "Mozilla/5.0 (iPhone; CPU iPhone OS 18_7 like Mac OS X) AppleWebKit/605.1.15 (KHTML, like Gecko) Version/26.3 Mobile/15E148 Safari/604.1"
88.240.180.209 - - [26/Mar/2026:23:07:40 +0300] "GET /yeni/wp-includes/js/masonry.min.js?ver=4.2.2 HTTP/2" 200 7117 "https://polikistikover.net/yeni/testimonials/" "Mozilla/5.0 (iPhone; CPU iPhone OS 18_7 like Mac OS X) AppleWebKit/605.1.15 (KHTML, like Gecko) Version/26.3 Mobile/15E148 Safari/604.1"
88.240.180.209 - - [26/Mar/2026:23:07:40 +0300] "GET /yeni/wp-content/themes/narihealth/assets/js/jquery.slicknav.js?ver=1.0.10 HTTP/2" 200 4556 "https://polikistikover.net/yeni/testimonials/" "Mozilla/5.0 (iPhone; CPU iPhone OS 18_7 like Mac OS X) AppleWebKit/605.1.15 (KHTML, like Gecko) Version/26.3 Mobile/15E148 Safari/604.1"
88.240.180.209 - - [26/Mar/2026:23:07:40 +0300] "GET /yeni/wp-includes/js/hoverIntent.min.js?ver=1.10.2 HTTP/2" 200 668 "https://polikistikover.net/yeni/testimonials/" "Mozilla/5.0 (iPhone; CPU iPhone OS 18_7 like Mac OS X) AppleWebKit/605.1.15 (KHTML, like Gecko) Version/26.3 Mobile/15E148 Safari/604.1"
88.240.180.209 - - [26/Mar/2026:23:07:40 +0300] "GET /yeni/wp-content/themes/narihealth/assets/js/superfish.js?ver=1.7.10 HTTP/2" 200 2346 "https://polikistikover.net/yeni/testimonials/" "Mozilla/5.0 (iPhone; CPU iPhone OS 18_7 like Mac OS X) AppleWebKit/605.1.15 (KHTML, like Gecko) Version/26.3 Mobile/15E148 Safari/604.1"
88.240.180.209 - - [26/Mar/2026:23:07:40 +0300] "GET /yeni/wp-content/themes/narihealth/assets/js/custom.js?ver=1.0.0 HTTP/2" 200 2150 "https://polikistikover.net/yeni/testimonials/" "Mozilla/5.0 (iPhone; CPU iPhone OS 18_7 like Mac OS X) AppleWebKit/605.1.15 (KHTML, like Gecko) Version/26.3 Mobile/15E148 Safari/604.1"
88.240.180.209 - - [26/Mar/2026:23:07:40 +0300] "GET /yeni/wp-content/themes/narihealth/assets/css/bootstrap.min.css?ver=6.9.4 HTTP/2" 200 24644 "https://polikistikover.net/yeni/testimonials/" "Mozilla/5.0 (iPhone; CPU iPhone OS 18_7 like Mac OS X) AppleWebKit/605.1.15 (KHTML, like Gecko) Version/26.3 Mobile/15E148 Safari/604.1"
88.240.180.209 - - [26/Mar/2026:23:07:40 +0300] "GET /yeni/wp-content/themes/narihealth/style.css?ver=6.9.4 HTTP/2" 200 15803 "https://polikistikover.net/yeni/testimonials/" "Mozilla/5.0 (iPhone; CPU iPhone OS 18_7 like Mac OS X) AppleWebKit/605.1.15 (KHTML, like Gecko) Version/26.3 Mobile/15E148 Safari/604.1"
88.240.180.209 - - [26/Mar/2026:23:07:40 +0300] "GET /yeni/wp-includes/js/jquery/jquery.min.js?ver=3.7.1 HTTP/2" 200 29744 "https://polikistikover.net/yeni/testimonials/" "Mozilla/5.0 (iPhone; CPU iPhone OS 18_7 like Mac OS X) AppleWebKit/605.1.15 (KHTML, like Gecko) Version/26.3 Mobile/15E148 Safari/604.1"
89.252.162.138 - - [26/Mar/2026:23:07:40 +0300] "POST /yeni/wp-cron.php?doing_wp_cron=1774555660.6997749805450439453125 HTTP/1.1" 200 0 "-" "WordPress/6.9.4; https://polikistikover.net/yeni"
88.240.180.209 - - [26/Mar/2026:23:07:40 +0300] "GET /yeni/wp-content/themes/narihealth/assets/js/isotope.js?ver=3.0.6 HTTP/2" 200 9603 "https://polikistikover.net/yeni/testimonials/" "Mozilla/5.0 (iPhone; CPU iPhone OS 18_7 like Mac OS X) AppleWebKit/605.1.15 (KHTML, like Gecko) Version/26.3 Mobile/15E148 Safari/604.1"
88.240.180.209 - - [26/Mar/2026:23:07:40 +0300] "GET /yeni/wp-content/uploads/2025/09/Ekran-goruntusu-2025-09-14-171446.png HTTP/2" 200 49854 "https://polikistikover.net/yeni/testimonials/" "Mozilla/5.0 (iPhone; CPU iPhone OS 18_7 like Mac OS X) AppleWebKit/605.1.15 (KHTML, like Gecko) Version/26.3 Mobile/15E148 Safari/604.1"
88.240.180.209 - - [26/Mar/2026:23:07:40 +0300] "GET /yeni/wp-content/fonts/inter/UcC73FwrK3iLTeHuS_nVMrMxCp50SjIa1ZL7.woff2 HTTP/2" 200 48256 "https://polikistikover.net/yeni/testimonials/" "Mozilla/5.0 (iPhone; CPU iPhone OS 18_7 like Mac OS X) AppleWebKit/605.1.15 (KHTML, like Gecko) Version/26.3 Mobile/15E148 Safari/604.1"
88.240.180.209 - - [26/Mar/2026:23:07:40 +0300] "GET /yeni/wp-content/fonts/inter/UcC73FwrK3iLTeHuS_nVMrMxCp50SjIa25L7SUc.woff2 HTTP/2" 200 85068 "https://polikistikover.net/yeni/testimonials/" "Mozilla/5.0 (iPhone; CPU iPhone OS 18_7 like Mac OS X) AppleWebKit/605.1.15 (KHTML, like Gecko) Version/26.3 Mobile/15E148 Safari/604.1"
88.240.180.209 - - [26/Mar/2026:23:07:41 +0300] "GET /yeni/wp-content/themes/narihealth/fonts/icomoon.ttf?5m92mu HTTP/2" 200 25863 "https://polikistikover.net/yeni/testimonials/" "Mozilla/5.0 (iPhone; CPU iPhone OS 18_7 like Mac OS X) AppleWebKit/605.1.15 (KHTML, like Gecko) Version/26.3 Mobile/15E148 Safari/604.1"
20.48.232.178 - - [26/Mar/2026:23:02:11 +0300] "GET /wp-login.php?redirect_to=https%3A%2F%2Fbhkadinsagligi.com%2Fwp-admin%2Fnetwork%2Fplugins.php&reauth=1 HTTP/1.1" 200 10750 "-" "-"
20.48.232.178 - - [26/Mar/2026:23:02:13 +0300] "GET /wp-login.php?redirect_to=https%3A%2F%2Fbhkadinsagligi.com%2Fwp-admin%2Fabout.php&reauth=1 HTTP/1.1" 200 10730 "-" "-"
89.252.162.138 - - [26/Mar/2026:23:02:16 +0300] "POST /wp-cron.php?doing_wp_cron=1774555336.8121170997619628906250 HTTP/1.1" 200 0 "-" "WordPress/6.8.5; https://polikistikover.net"
20.48.232.178 - - [26/Mar/2026:23:02:21 +0300] "GET /wp-login.php?redirect_to=https%3A%2F%2Fbhkadinsagligi.com%2Fwp-admin%2Fuser%2Fabout.php&reauth=1 HTTP/1.1" 200 10740 "-" "-"
102.64.155.177 - - [26/Mar/2026:23:02:32 +0300] "POST /xmlrpc.php HTTP/1.1" 200 412 "-" "Mozilla/5.0 (Windows NT 6.2; x64) AppleWebKit/537.36 (KHTML, like Gecko) Firefox/76.0.0.0 Safari/537.36"
89.252.162.138 - - [26/Mar/2026:23:03:54 +0300] "POST /wp-admin/admin-ajax.php?action=async_litespeed&nonce=8On40KHXa6Ns4ch73lPBm1DG2HwcT2at&litespeed_type=imgoptm HTTP/1.1" 200 5 "-" "WordPress/6.8.5; https://polikistikover.net"
31.13.127.87 - - [26/Mar/2026:23:03:55 +0300] "GET /meta.json?p=806 HTTP/2" 404 796 "-" "facebookexternalhit/1.1 (+http://www.facebook.com/externalhit_uatext.php)"
89.252.162.138 - - [26/Mar/2026:23:04:17 +0300] "POST /wp-cron.php?doing_wp_cron=1774555457.6888229846954345703125 HTTP/1.1" 200 0 "-" "WordPress/6.8.5; https://polikistikover.net"
89.252.162.138 - - [26/Mar/2026:23:05:02 +0300] "POST /wp-admin/admin-ajax.php?action=async_litespeed&nonce=Mz96hlW7kA4DmVdWzBtRdA933HoZih6M&litespeed_type=imgoptm HTTP/1.1" 200 5 "-" "WordPress/6.8.5; https://polikistikover.net"
102.64.155.177 - - [26/Mar/2026:23:05:06 +0300] "POST /xmlrpc.php HTTP/1.1" 200 412 "-" "Mozilla/5.0 (Windows NT 10.0; x86) AppleWebKit/537.36 (KHTML, like Gecko) Chrome/89.0.0.0 Safari/537.36"
89.252.162.138 - - [26/Mar/2026:23:05:16 +0300] "POST /wp-cron.php?doing_wp_cron=1774555516.6007380485534667968750 HTTP/1.1" 200 0 "-" "WordPress/6.8.5; https://polikistikover.net"
173.252.87.42 - - [26/Mar/2026:23:05:23 +0300] "GET /meta.json?p=1539 HTTP/2" 404 796 "-" "facebookexternalhit/1.1 (+http://www.facebook.com/externalhit_uatext.php)"
69.171.249.6 - - [26/Mar/2026:23:05:52 +0300] "GET /meta.json?p=10355 HTTP/2" 404 796 "-" "facebookexternalhit/1.1 (+http://www.facebook.com/externalhit_uatext.php)"
89.252.162.138 - - [26/Mar/2026:23:06:02 +0300] "POST /wp-admin/admin-ajax.php?action=async_litespeed&nonce=GlwtSrErWORJGVW9V061jczcWYcOG4gh&litespeed_type=imgoptm HTTP/1.1" 200 5 "-" "WordPress/6.8.5; https://polikistikover.net"
31.13.103.1 - - [26/Mar/2026:23:06:45 +0300] "GET /meta.json?p=10045 HTTP/2" 404 796 "-" "facebookexternalhit/1.1 (+http://www.facebook.com/externalhit_uatext.php)"
31.13.103.3 - - [26/Mar/2026:23:06:45 +0300] "GET /meta.json?p=1539 HTTP/2" 404 796 "-" "facebookexternalhit/1.1 (+http://www.facebook.com/externalhit_uatext.php)"
89.252.162.138 - - [26/Mar/2026:23:07:01 +0300] "POST /wp-cron.php?doing_wp_cron=1774555621.5908000469207763671875 HTTP/1.1" 200 0 "-" "WordPress/6.8.5; https://polikistikover.net"
89.252.162.138 - - [26/Mar/2026:23:07:17 +0300] "POST /wp-cron.php?doing_wp_cron=1774555637.4395990371704101562500 HTTP/1.1" 200 0 "-" "WordPress/6.8.5; https://polikistikover.net"
89.252.162.138 - - [26/Mar/2026:23:07:47 +0300] "POST /wp-admin/admin-ajax.php?action=async_litespeed&nonce=5hk2KIqjde4oxSFmcYbu9zUg9AxKPxKI&litespeed_type=imgoptm HTTP/1.1" 200 5 "-" "WordPress/6.8.5; https://polikistikover.net"
102.64.155.177 - - [26/Mar/2026:23:07:55 +0300] "POST /xmlrpc.php HTTP/1.1" 200 412 "-" "Mozilla/5.0 (X11; Ubuntu; Linux x86_64; x86) AppleWebKit/537.36 (KHTML, like Gecko) Safari/13.0.0.0 Safari/537.36"
89.252.162.138 - - [26/Mar/2026:23:08:01 +0300] "POST /wp-cron.php?doing_wp_cron=1774555681.4402699470520019531250 HTTP/1.1" 200 0 "-" "WordPress/6.8.5; https://polikistikover.net"
88.240.180.209 - - [26/Mar/2026:23:07:41 +0300] "GET /yeni/wp-includes/js/wp-emoji-release.min.js?ver=6.9.4 HTTP/2" 200 4949 "https://polikistikover.net/yeni/testimonials/" "Mozilla/5.0 (iPhone; CPU iPhone OS 18_7 like Mac OS X) AppleWebKit/605.1.15 (KHTML, like Gecko) Version/26.3 Mobile/15E148 Safari/604.1"
88.240.180.209 - - [26/Mar/2026:23:07:42 +0300] "GET /favicon.ico HTTP/2" 404 796 "https://polikistikover.net/yeni/testimonials/" "Mozilla/5.0 (iPhone; CPU iPhone OS 18_7 like Mac OS X) AppleWebKit/605.1.15 (KHTML, like Gecko) Version/26.3 Mobile/15E148 Safari/604.1"
89.252.162.138 - - [26/Mar/2026:23:07:47 +0300] "POST /wp-cron.php?doing_wp_cron=1774555667.3128769397735595703125 HTTP/1.1" 200 0 "-" "WordPress/6.8.5; https://polikistikover.net"
20.106.150.36 - - [26/Mar/2026:23:07:32 +0300] "POST //xmlrpc.php HTTP/1.1" 200 410 "-" "Mozilla/5.0 (Windows NT 10.0; Win64; x64) AppleWebKit/537.36 (KHTML, like Gecko) Chrome/80.0.3987.149 Safari/537.36"
89.252.162.138 - - [26/Mar/2026:23:07:56 +0300] "POST /wp-cron.php?doing_wp_cron=1774555676.1817231178283691406250 HTTP/1.1" 200 0 "-" "WordPress/6.8.5; https://polikistikover.net"
20.106.150.36 - - [26/Mar/2026:23:07:47 +0300] "POST //xmlrpc.php HTTP/1.1" 200 403 "-" "Mozilla/5.0 (Windows NT 10.0; Win64; x64) AppleWebKit/537.36 (KHTML, like Gecko) Chrome/80.0.3987.149 Safari/537.36"
31.13.103.10 - - [26/Mar/2026:23:08:14 +0300] "GET /meta.json HTTP/2" 404 796 "-" "facebookexternalhit/1.1 (+http://www.facebook.com/externalhit_uatext.php)"
89.252.162.138 - - [26/Mar/2026:23:08:16 +0300] "POST /wp-cron.php?doing_wp_cron=1774555696.5265719890594482421875 HTTP/1.1" 200 0 "-" "WordPress/6.8.5; https://polikistikover.net"
20.106.150.36 - - [26/Mar/2026:23:08:01 +0300] "POST //xmlrpc.php HTTP/1.1" 200 410 "-" "Mozilla/5.0 (Windows NT 10.0; Win64; x64) AppleWebKit/537.36 (KHTML, like Gecko) Chrome/80.0.3987.149 Safari/537.36"
20.106.150.36 - - [26/Mar/2026:23:08:16 +0300] "POST //xmlrpc.php HTTP/1.1" 200 410 "-" "Mozilla/5.0 (Windows NT 10.0; Win64; x64) AppleWebKit/537.36 (KHTML, like Gecko) Chrome/80.0.3987.149 Safari/537.36"
20.106.150.36 - - [26/Mar/2026:23:08:31 +0300] "POST //xmlrpc.php HTTP/1.1" 200 410 "-" "Mozilla/5.0 (Windows NT 10.0; Win64; x64) AppleWebKit/537.36 (KHTML, like Gecko) Chrome/80.0.3987.149 Safari/537.36"
89.252.162.138 - - [26/Mar/2026:23:09:02 +0300] "POST /wp-cron.php?doing_wp_cron=1774555742.0009949207305908203125 HTTP/1.1" 200 0 "-" "WordPress/6.8.5; https://polikistikover.net"
20.106.150.36 - - [26/Mar/2026:23:08:46 +0300] "POST //xmlrpc.php HTTP/1.1" 200 410 "-" "Mozilla/5.0 (Windows NT 10.0; Win64; x64) AppleWebKit/537.36 (KHTML, like Gecko) Chrome/80.0.3987.149 Safari/537.36"
89.252.162.138 - - [26/Mar/2026:23:09:03 +0300] "POST /wp-admin/admin-ajax.php?action=async_litespeed&nonce=fWgwmZF5mwvMxhKyyRTk0ktNQ33SrEMZ&litespeed_type=imgoptm HTTP/1.1" 200 5 "-" "WordPress/6.8.5; https://polikistikover.net"
102.64.155.177 - - [26/Mar/2026:23:09:14 +0300] "POST /xmlrpc.php HTTP/1.1" 200 412 "-" "Mozilla/5.0 (X11; Ubuntu; Linux x86_64; x86) AppleWebKit/537.36 (KHTML, like Gecko) Chrome/95.0.0.0 Safari/537.36"
89.252.162.138 - - [26/Mar/2026:23:09:16 +0300] "POST /wp-cron.php?doing_wp_cron=1774555756.2072229385375976562500 HTTP/1.1" 200 0 "-" "WordPress/6.8.5; https://polikistikover.net"
20.106.150.36 - - [26/Mar/2026:23:09:02 +0300] "POST //xmlrpc.php HTTP/1.1" 200 410 "-" "Mozilla/5.0 (Windows NT 10.0; Win64; x64) AppleWebKit/537.36 (KHTML, like Gecko) Chrome/80.0.3987.149 Safari/537.36"
20.106.150.36 - - [26/Mar/2026:23:09:17 +0300] "POST //xmlrpc.php HTTP/1.1" 200 410 "-" "Mozilla/5.0 (Windows NT 10.0; Win64; x64) AppleWebKit/537.36 (KHTML, like Gecko) Chrome/80.0.3987.149 Safari/537.36"
20.106.150.36 - - [26/Mar/2026:23:09:31 +0300] "POST //xmlrpc.php HTTP/1.1" 200 410 "-" "Mozilla/5.0 (Windows NT 10.0; Win64; x64) AppleWebKit/537.36 (KHTML, like Gecko) Chrome/80.0.3987.149 Safari/537.36"
89.252.162.138 - - [26/Mar/2026:23:10:01 +0300] "POST /wp-cron.php?doing_wp_cron=1774555801.7100849151611328125000 HTTP/1.1" 200 0 "-" "WordPress/6.8.5; https://polikistikover.net"
20.106.150.36 - - [26/Mar/2026:23:09:47 +0300] "POST //xmlrpc.php HTTP/1.1" 200 410 "-" "Mozilla/5.0 (Windows NT 10.0; Win64; x64) AppleWebKit/537.36 (KHTML, like Gecko) Chrome/80.0.3987.149 Safari/537.36"
89.252.162.138 - - [26/Mar/2026:23:10:02 +0300] "POST /wp-admin/admin-ajax.php?action=async_litespeed&nonce=j1jeZDpa7lE682MtS8rZddgR5gpedfCh&litespeed_type=imgoptm HTTP/1.1" 200 5 "-" "WordPress/6.8.5; https://polikistikover.net"
89.252.162.138 - - [26/Mar/2026:23:10:16 +0300] "POST /wp-cron.php?doing_wp_cron=1774555816.3882820606231689453125 HTTP/1.1" 200 0 "-" "WordPress/6.8.5; https://polikistikover.net"
20.106.150.36 - - [26/Mar/2026:23:10:02 +0300] "POST //xmlrpc.php HTTP/1.1" 200 410 "-" "Mozilla/5.0 (Windows NT 10.0; Win64; x64) AppleWebKit/537.36 (KHTML, like Gecko) Chrome/80.0.3987.149 Safari/537.36"
14.191.3.228 - - [26/Mar/2026:23:10:28 +0300] "GET /yeni/bitkilerin-sakincalari/ HTTP/1.1" 200 22704 "-" "Mozilla/5.0 (Macintosh; Intel Mac OS X 14.2; rv:127.0) Gecko/20100101 Firefox/127.0"
102.64.155.177 - - [26/Mar/2026:23:10:28 +0300] "POST /xmlrpc.php HTTP/1.1" 200 412 "-" "Mozilla/5.0 (Macintosh; Intel Mac OS X 10_15_7; arm64) AppleWebKit/537.36 (KHTML, like Gecko) Chrome/85.0.0.0 Safari/537.36"
20.106.150.36 - - [26/Mar/2026:23:10:16 +0300] "POST //xmlrpc.php HTTP/1.1" 200 410 "-" "Mozilla/5.0 (Windows NT 10.0; Win64; x64) AppleWebKit/537.36 (KHTML, like Gecko) Chrome/80.0.3987.149 Safari/537.36"
69.171.249.3 - - [26/Mar/2026:23:10:45 +0300] "GET /meta.json?p=1539 HTTP/2" 404 796 "-" "facebookexternalhit/1.1 (+http://www.facebook.com/externalhit_uatext.php)"
20.106.150.36 - - [26/Mar/2026:23:10:32 +0300] "POST //xmlrpc.php HTTP/1.1" 200 410 "-" "Mozilla/5.0 (Windows NT 10.0; Win64; x64) AppleWebKit/537.36 (KHTML, like Gecko) Chrome/80.0.3987.149 Safari/537.36"
89.252.162.138 - - [26/Mar/2026:23:11:02 +0300] "POST /wp-cron.php?doing_wp_cron=1774555862.4915659427642822265625 HTTP/1.1" 200 0 "-" "WordPress/6.8.5; https://polikistikover.net"
20.106.150.36 - - [26/Mar/2026:23:10:47 +0300] "POST //xmlrpc.php HTTP/1.1" 200 410 "-" "Mozilla/5.0 (Windows NT 10.0; Win64; x64) AppleWebKit/537.36 (KHTML, like Gecko) Chrome/80.0.3987.149 Safari/537.36"
78.163.113.238 - - [26/Mar/2026:23:11:00 +0300] "GET /yeni/ HTTP/1.1" 200 17723 "https://www.polikistikover.net/" "Mozilla/5.0 (Linux; Android 10; K) AppleWebKit/537.36 (KHTML, like Gecko) Chrome/146.0.0.0 Mobile Safari/537.36"
89.252.162.138 - - [26/Mar/2026:23:11:16 +0300] "POST /wp-cron.php?doing_wp_cron=1774555876.4817130565643310546875 HTTP/1.1" 200 0 "-" "WordPress/6.8.5; https://polikistikover.net"
20.106.150.36 - - [26/Mar/2026:23:11:03 +0300] "POST //xmlrpc.php HTTP/1.1" 200 410 "-" "Mozilla/5.0 (Windows NT 10.0; Win64; x64) AppleWebKit/537.36 (KHTML, like Gecko) Chrome/80.0.3987.149 Safari/537.36"
20.106.150.36 - - [26/Mar/2026:23:11:16 +0300] "POST //xmlrpc.php HTTP/1.1" 200 410 "-" "Mozilla/5.0 (Windows NT 10.0; Win64; x64) AppleWebKit/537.36 (KHTML, like Gecko) Chrome/80.0.3987.149 Safari/537.36"
20.106.150.36 - - [26/Mar/2026:23:11:31 +0300] "POST //xmlrpc.php HTTP/1.1" 200 410 "-" "Mozilla/5.0 (Windows NT 10.0; Win64; x64) AppleWebKit/537.36 (KHTML, like Gecko) Chrome/80.0.3987.149 Safari/537.36"
102.64.155.177 - - [26/Mar/2026:23:11:50 +0300] "POST /xmlrpc.php HTTP/1.1" 200 412 "-" "Mozilla/5.0 (Macintosh; Intel Mac OS X 10_15_7; arm64) AppleWebKit/537.36 (KHTML, like Gecko) Opera/78.0.0.0 Safari/537.36"
20.106.150.36 - - [26/Mar/2026:23:11:47 +0300] "POST //xmlrpc.php HTTP/1.1" 200 410 "-" "Mozilla/5.0 (Windows NT 10.0; Win64; x64) AppleWebKit/537.36 (KHTML, like Gecko) Chrome/80.0.3987.149 Safari/537.36"
20.106.150.36 - - [26/Mar/2026:23:12:01 +0300] "POST //xmlrpc.php HTTP/1.1" 200 410 "-" "Mozilla/5.0 (Windows NT 10.0; Win64; x64) AppleWebKit/537.36 (KHTML, like Gecko) Chrome/80.0.3987.149 Safari/537.36"
31.13.103.7 - - [26/Mar/2026:23:08:19 +0300] "GET / HTTP/2" 200 76 "-" "facebookexternalhit/1.1 (+http://www.facebook.com/externalhit_uatext.php)"
173.252.107.5 - - [26/Mar/2026:23:09:35 +0300] "GET /meta.json?p=810 HTTP/2" 404 796 "-" "facebookexternalhit/1.1 (+http://www.facebook.com/externalhit_uatext.php)"
89.252.162.138 - - [26/Mar/2026:23:10:20 +0300] "POST /yeni/wp-cron.php?doing_wp_cron=1774555820.1312870979309082031250 HTTP/1.1" 200 0 "-" "WordPress/6.9.4; https://polikistikover.net/yeni"
78.163.113.238 - - [26/Mar/2026:23:10:11 +0300] "GET /yeni/ HTTP/2" 200 17723 "https://www.polikistikover.net/" "Mozilla/5.0 (Linux; Android 10; K) AppleWebKit/537.36 (KHTML, like Gecko) Chrome/146.0.0.0 Mobile Safari/537.36"
89.252.162.138 - - [26/Mar/2026:23:10:47 +0300] "POST /wp-cron.php?doing_wp_cron=1774555847.1094150543212890625000 HTTP/1.1" 200 0 "-" "WordPress/6.8.5; https://polikistikover.net"
89.252.162.138 - - [26/Mar/2026:23:10:47 +0300] "POST /wp-admin/admin-ajax.php?action=async_litespeed&nonce=n0X2N47XFd8bDMbQPcP3ia3l6ZZzimPZ&litespeed_type=imgoptm HTTP/1.1" 200 5 "-" "WordPress/6.8.5; https://polikistikover.net"
89.252.162.138 - - [26/Mar/2026:23:11:03 +0300] "POST /yeni/wp-cron.php?doing_wp_cron=1774555863.1759951114654541015625 HTTP/1.1" 200 0 "-" "WordPress/6.9.4; https://polikistikover.net/yeni"
69.63.189.14 - - [26/Mar/2026:23:11:20 +0300] "GET /meta.json?p=1539 HTTP/2" 404 796 "-" "facebookexternalhit/1.1 (+http://www.facebook.com/externalhit_uatext.php)"
173.252.87.40 - - [26/Mar/2026:23:11:49 +0300] "GET /meta.json?p=883 HTTP/2" 404 796 "-" "facebookexternalhit/1.1 (+http://www.facebook.com/externalhit_uatext.php)"
89.252.162.138 - - [26/Mar/2026:23:11:51 +0300] "POST /wp-cron.php?doing_wp_cron=1774555911.3664870262145996093750 HTTP/1.1" 200 0 "-" "WordPress/6.8.5; https://polikistikover.net"
89.252.162.138 - - [26/Mar/2026:23:11:52 +0300] "POST /wp-admin/admin-ajax.php?action=async_litespeed&nonce=iN3Wucu7TTCyb8wYX6blVwxKvBjTbR6Z&litespeed_type=imgoptm HTTP/1.1" 200 5 "-" "WordPress/6.8.5; https://polikistikover.net"
14.236.146.224 - - [26/Mar/2026:23:11:55 +0300] "GET /polikistik-over-sendromunda-sac-dokulmesi-ve-tedavisi/ HTTP/1.1" 404 796 "-" "Mozilla/5.0 (Windows NT 6.2; csb-PL; rv:1.9.0.20) Gecko/9539-08-10 01:02:04.919556 Firefox/3.6.16"
89.252.162.138 - - [26/Mar/2026:23:12:01 +0300] "POST /wp-cron.php?doing_wp_cron=1774555921.2196030616760253906250 HTTP/1.1" 200 0 "-" "WordPress/6.8.5; https://polikistikover.net"
173.252.79.115 - - [26/Mar/2026:23:12:05 +0300] "GET /meta.json HTTP/2" 404 796 "-" "facebookexternalhit/1.1 (+http://www.facebook.com/externalhit_uatext.php)"
89.252.162.138 - - [26/Mar/2026:23:12:16 +0300] "POST /wp-cron.php?doing_wp_cron=1774555936.3749370574951171875000 HTTP/1.1" 200 0 "-" "WordPress/6.8.5; https://polikistikover.net"
89.252.162.138 - - [26/Mar/2026:23:13:02 +0300] "POST /wp-admin/admin-ajax.php?action=async_litespeed&nonce=BbMMrjvKzKok7J22ar4vfalW2yOxf1H5&litespeed_type=imgoptm HTTP/1.1" 200 5 "-" "WordPress/6.8.5; https://polikistikover.net"
102.64.155.177 - - [26/Mar/2026:23:13:03 +0300] "POST /xmlrpc.php HTTP/1.1" 200 412 "-" "Mozilla/5.0 (X11; Ubuntu; Linux x86_64; x86) AppleWebKit/537.36 (KHTML, like Gecko) Opera/72.0.0.0 Safari/537.36"
102.64.155.177 - - [26/Mar/2026:23:14:15 +0300] "POST /xmlrpc.php HTTP/1.1" 200 412 "-" "Mozilla/5.0 (Windows NT 6.2; x86) AppleWebKit/537.36 (KHTML, like Gecko) Opera/62.0.0.0 Safari/537.36"
69.171.231.1 - - [26/Mar/2026:23:14:18 +0300] "GET /meta.json?p=3672 HTTP/2" 404 796 "-" "facebookexternalhit/1.1 (+http://www.facebook.com/externalhit_uatext.php)"
159.89.225.78 - - [26/Mar/2026:23:14:23 +0300] "GET /yeni/wp-content/uploads/2025/09/image-87.png HTTP/1.1" 200 276762 "https://polikistikover.net/" "Mozilla/5.0 (Windows NT 10.0; Win64; x64) AppleWebKit/537.36 (KHTML, like Gecko) Chrome/112.0.0.0 Safari/537.36"
20.106.150.36 - - [26/Mar/2026:23:12:16 +0300] "POST //xmlrpc.php HTTP/1.1" 200 410 "-" "Mozilla/5.0 (Windows NT 10.0; Win64; x64) AppleWebKit/537.36 (KHTML, like Gecko) Chrome/80.0.3987.149 Safari/537.36"
20.106.150.36 - - [26/Mar/2026:23:12:31 +0300] "POST //xmlrpc.php HTTP/1.1" 200 410 "-" "Mozilla/5.0 (Windows NT 10.0; Win64; x64) AppleWebKit/537.36 (KHTML, like Gecko) Chrome/80.0.3987.149 Safari/537.36"
89.252.162.138 - - [26/Mar/2026:23:13:01 +0300] "POST /wp-cron.php?doing_wp_cron=1774555981.8194661140441894531250 HTTP/1.1" 200 0 "-" "WordPress/6.8.5; https://polikistikover.net"
20.106.150.36 - - [26/Mar/2026:23:12:46 +0300] "POST //xmlrpc.php HTTP/1.1" 200 410 "-" "Mozilla/5.0 (Windows NT 10.0; Win64; x64) AppleWebKit/537.36 (KHTML, like Gecko) Chrome/80.0.3987.149 Safari/537.36"
45.94.31.63 - - [26/Mar/2026:23:13:15 +0300] "GET / HTTP/1.1" 200 76 "-" "-"
89.252.162.138 - - [26/Mar/2026:23:13:19 +0300] "POST /wp-cron.php?doing_wp_cron=1774555999.0882339477539062500000 HTTP/1.1" 200 0 "-" "WordPress/6.8.5; https://polikistikover.net"
20.106.150.36 - - [26/Mar/2026:23:13:02 +0300] "POST //xmlrpc.php HTTP/1.1" 200 410 "-" "Mozilla/5.0 (Windows NT 10.0; Win64; x64) AppleWebKit/537.36 (KHTML, like Gecko) Chrome/80.0.3987.149 Safari/537.36"
20.106.150.36 - - [26/Mar/2026:23:13:19 +0300] "POST //xmlrpc.php HTTP/1.1" 200 410 "-" "Mozilla/5.0 (Windows NT 10.0; Win64; x64) AppleWebKit/537.36 (KHTML, like Gecko) Chrome/80.0.3987.149 Safari/537.36"
20.106.150.36 - - [26/Mar/2026:23:13:31 +0300] "POST //xmlrpc.php HTTP/1.1" 200 410 "-" "Mozilla/5.0 (Windows NT 10.0; Win64; x64) AppleWebKit/537.36 (KHTML, like Gecko) Chrome/80.0.3987.149 Safari/537.36"
89.252.162.138 - - [26/Mar/2026:23:14:01 +0300] "POST /wp-cron.php?doing_wp_cron=1774556041.7029609680175781250000 HTTP/1.1" 200 0 "-" "WordPress/6.8.5; https://polikistikover.net"
20.106.150.36 - - [26/Mar/2026:23:13:46 +0300] "POST //xmlrpc.php HTTP/1.1" 200 410 "-" "Mozilla/5.0 (Windows NT 10.0; Win64; x64) AppleWebKit/537.36 (KHTML, like Gecko) Chrome/80.0.3987.149 Safari/537.36"
89.252.162.138 - - [26/Mar/2026:23:14:03 +0300] "POST /wp-admin/admin-ajax.php?action=async_litespeed&nonce=BOZ9L94OdUFEaAftBh9OCrkjqkvfbjb2&litespeed_type=imgoptm HTTP/1.1" 200 5 "-" "WordPress/6.8.5; https://polikistikover.net"
89.252.162.138 - - [26/Mar/2026:23:14:17 +0300] "POST /wp-cron.php?doing_wp_cron=1774556057.1752378940582275390625 HTTP/1.1" 200 0 "-" "WordPress/6.8.5; https://polikistikover.net"
20.106.150.36 - - [26/Mar/2026:23:14:02 +0300] "POST //xmlrpc.php HTTP/1.1" 200 410 "-" "Mozilla/5.0 (Windows NT 10.0; Win64; x64) AppleWebKit/537.36 (KHTML, like Gecko) Chrome/80.0.3987.149 Safari/537.36"
20.106.150.36 - - [26/Mar/2026:23:14:17 +0300] "POST //xmlrpc.php HTTP/1.1" 200 410 "-" "Mozilla/5.0 (Windows NT 10.0; Win64; x64) AppleWebKit/537.36 (KHTML, like Gecko) Chrome/80.0.3987.149 Safari/537.36"
66.220.149.13 - - [26/Mar/2026:23:14:33 +0300] "GET /meta.json?p=5719 HTTP/2" 404 796 "-" "facebookexternalhit/1.1 (+http://www.facebook.com/externalhit_uatext.php)"
205.185.123.125 - - [26/Mar/2026:23:14:40 +0300] "GET /wp-login.php HTTP/1.1" 200 10669 "-" "Mozilla/5.0 (Windows NT 6.3; WOW64; rv:31.0) Gecko/20100101 Firefox/31.0"
205.185.123.125 - - [26/Mar/2026:23:14:40 +0300] "POST /wp-login.php HTTP/1.1" 200 11154 "-" "Mozilla/5.0 (Windows NT 6.3; WOW64; rv:31.0) Gecko/20100101 Firefox/31.0"
20.106.150.36 - - [26/Mar/2026:23:14:32 +0300] "POST //xmlrpc.php HTTP/1.1" 200 410 "-" "Mozilla/5.0 (Windows NT 10.0; Win64; x64) AppleWebKit/537.36 (KHTML, like Gecko) Chrome/80.0.3987.149 Safari/537.36"
89.252.162.138 - - [26/Mar/2026:23:15:02 +0300] "POST /wp-cron.php?doing_wp_cron=1774556102.1025400161743164062500 HTTP/1.1" 200 0 "-" "WordPress/6.8.5; https://polikistikover.net"
20.106.150.36 - - [26/Mar/2026:23:14:46 +0300] "POST //xmlrpc.php HTTP/1.1" 200 410 "-" "Mozilla/5.0 (Windows NT 10.0; Win64; x64) AppleWebKit/537.36 (KHTML, like Gecko) Chrome/80.0.3987.149 Safari/537.36"
89.252.162.138 - - [26/Mar/2026:23:15:02 +0300] "POST /wp-admin/admin-ajax.php?action=async_litespeed&nonce=vT6byrNa3ALVOAsOgaLjvPLlqFkQXdrb&litespeed_type=imgoptm HTTP/1.1" 200 5 "-" "WordPress/6.8.5; https://polikistikover.net"
31.13.127.64 - - [26/Mar/2026:23:15:10 +0300] "GET /meta.json?p=3885 HTTP/2" 404 796 "-" "facebookexternalhit/1.1 (+http://www.facebook.com/externalhit_uatext.php)"
31.223.50.196 - - [26/Mar/2026:23:15:14 +0300] "GET /?utm_source=ig&utm_medium=social&utm_content=link_in_bio&fbclid=PAZXh0bgNhZW0CMTEAc3J0YwZhcHBfaWQPNTY3MDY3MzQzMzUyNDI3AAGnzaJI6otrmzrrCX5BE-80dr_cQ6XQ87L65nEugmzXDxX7O1h_h9verIMg-P8_aem_cKm4hqKsxTonJ6FX9j7rtg HTTP/2" 200 76 "https://l.instagram.com/" "Mozilla/5.0 (Linux; Android 14; RMX3890 Build/UKQ1.230917.001; wv) AppleWebKit/537.36 (KHTML, like Gecko) Version/4.0 Chrome/146.0.7680.157 Mobile Safari/537.36 Instagram 422.0.0.44.64 Android (34/14; 480dpi; 1080x2400; realme; RMX3890; RE5C91L1; qcom; tr_TR; 916494010; IABMV/1)"
31.223.50.196 - - [26/Mar/2026:23:15:15 +0300] "GET /favicon.ico HTTP/2" 404 796 "https://polikistikover.net/?utm_source=ig&utm_medium=social&utm_content=link_in_bio&fbclid=PAZXh0bgNhZW0CMTEAc3J0YwZhcHBfaWQPNTY3MDY3MzQzMzUyNDI3AAGnzaJI6otrmzrrCX5BE-80dr_cQ6XQ87L65nEugmzXDxX7O1h_h9verIMg-P8_aem_cKm4hqKsxTonJ6FX9j7rtg" "Mozilla/5.0 (Linux; Android 14; RMX3890 Build/UKQ1.230917.001; wv) AppleWebKit/537.36 (KHTML, like Gecko) Version/4.0 Chrome/146.0.7680.157 Mobile Safari/537.36 Instagram 422.0.0.44.64 Android (34/14; 480dpi; 1080x2400; realme; RMX3890; RE5C91L1; qcom; tr_TR; 916494010; IABMV/1)"
89.252.162.138 - - [26/Mar/2026:23:15:16 +0300] "POST /wp-cron.php?doing_wp_cron=1774556116.8974089622497558593750 HTTP/1.1" 200 0 "-" "WordPress/6.8.5; https://polikistikover.net"
31.223.50.196 - - [26/Mar/2026:23:15:15 +0300] "GET /yeni/ HTTP/2" 200 0 "https://polikistikover.net/?utm_source=ig&utm_medium=social&utm_content=link_in_bio&fbclid=PAZXh0bgNhZW0CMTEAc3J0YwZhcHBfaWQPNTY3MDY3MzQzMzUyNDI3AAGnzaJI6otrmzrrCX5BE-80dr_cQ6XQ87L65nEugmzXDxX7O1h_h9verIMg-P8_aem_cKm4hqKsxTonJ6FX9j7rtg" "Mozilla/5.0 (Linux; Android 14; RMX3890 Build/UKQ1.230917.001; wv) AppleWebKit/537.36 (KHTML, like Gecko) Version/4.0 Chrome/146.0.7680.157 Mobile Safari/537.36 Instagram 422.0.0.44.64 Android (34/14; 480dpi; 1080x2400; realme; RMX3890; RE5C91L1; qcom; tr_TR; 916494010; IABMV/1)"
31.223.50.196 - - [26/Mar/2026:23:15:24 +0300] "GET /?utm_source=ig&utm_medium=social&utm_content=link_in_bio&fbclid=PAZXh0bgNhZW0CMTEAc3J0YwZhcHBfaWQPNTY3MDY3MzQzMzUyNDI3AAGnzaJI6otrmzrrCX5BE-80dr_cQ6XQ87L65nEugmzXDxX7O1h_h9verIMg-P8_aem_cKm4hqKsxTonJ6FX9j7rtg HTTP/2" 200 76 "https://l.instagram.com/" "Mozilla/5.0 (Linux; Android 14; RMX3890 Build/UKQ1.230917.001; wv) AppleWebKit/537.36 (KHTML, like Gecko) Version/4.0 Chrome/146.0.7680.157 Mobile Safari/537.36 Instagram 422.0.0.44.64 Android (34/14; 480dpi; 1080x2400; realme; RMX3890; RE5C91L1; qcom; tr_TR; 916494010; IABMV/1) NV/501"
31.223.50.196 - - [26/Mar/2026:23:15:24 +0300] "GET /favicon.ico HTTP/2" 404 796 "https://polikistikover.net/?utm_source=ig&utm_medium=social&utm_content=link_in_bio&fbclid=PAZXh0bgNhZW0CMTEAc3J0YwZhcHBfaWQPNTY3MDY3MzQzMzUyNDI3AAGnzaJI6otrmzrrCX5BE-80dr_cQ6XQ87L65nEugmzXDxX7O1h_h9verIMg-P8_aem_cKm4hqKsxTonJ6FX9j7rtg" "Mozilla/5.0 (Linux; Android 14; RMX3890 Build/UKQ1.230917.001; wv) AppleWebKit/537.36 (KHTML, like Gecko) Version/4.0 Chrome/146.0.7680.157 Mobile Safari/537.36 Instagram 422.0.0.44.64 Android (34/14; 480dpi; 1080x2400; realme; RMX3890; RE5C91L1; qcom; tr_TR; 916494010; IABMV/1) NV/501"
31.223.50.196 - - [26/Mar/2026:23:15:24 +0300] "GET /yeni/ HTTP/2" 200 0 "https://polikistikover.net/?utm_source=ig&utm_medium=social&utm_content=link_in_bio&fbclid=PAZXh0bgNhZW0CMTEAc3J0YwZhcHBfaWQPNTY3MDY3MzQzMzUyNDI3AAGnzaJI6otrmzrrCX5BE-80dr_cQ6XQ87L65nEugmzXDxX7O1h_h9verIMg-P8_aem_cKm4hqKsxTonJ6FX9j7rtg" "Mozilla/5.0 (Linux; Android 14; RMX3890 Build/UKQ1.230917.001; wv) AppleWebKit/537.36 (KHTML, like Gecko) Version/4.0 Chrome/146.0.7680.157 Mobile Safari/537.36 Instagram 422.0.0.44.64 Android (34/14; 480dpi; 1080x2400; realme; RMX3890; RE5C91L1; qcom; tr_TR; 916494010; IABMV/1) NV/501"
31.223.50.196 - - [26/Mar/2026:23:15:25 +0300] "GET /favicon.ico HTTP/2" 404 796 "https://polikistikover.net/?utm_source=ig&utm_medium=social&utm_content=link_in_bio&fbclid=PAZXh0bgNhZW0CMTEAc3J0YwZhcHBfaWQPNTY3MDY3MzQzMzUyNDI3AAGnzaJI6otrmzrrCX5BE-80dr_cQ6XQ87L65nEugmzXDxX7O1h_h9verIMg-P8_aem_cKm4hqKsxTonJ6FX9j7rtg" "Mozilla/5.0 (Linux; Android 14; RMX3890 Build/UKQ1.230917.001; wv) AppleWebKit/537.36 (KHTML, like Gecko) Version/4.0 Chrome/146.0.7680.157 Mobile Safari/537.36 Instagram 422.0.0.44.64 Android (34/14; 480dpi; 1080x2400; realme; RMX3890; RE5C91L1; qcom; tr_TR; 916494010; IABMV/1)"
31.223.50.196 - - [26/Mar/2026:23:15:26 +0300] "GET /?utm_source=ig&utm_medium=social&utm_content=link_in_bio&fbclid=PAZXh0bgNhZW0CMTEAc3J0YwZhcHBfaWQPNTY3MDY3MzQzMzUyNDI3AAGnzaJI6otrmzrrCX5BE-80dr_cQ6XQ87L65nEugmzXDxX7O1h_h9verIMg-P8_aem_cKm4hqKsxTonJ6FX9j7rtg HTTP/2" 200 76 "https://l.instagram.com/" "Mozilla/5.0 (Linux; Android 14; RMX3890 Build/UKQ1.230917.001; wv) AppleWebKit/537.36 (KHTML, like Gecko) Version/4.0 Chrome/146.0.7680.157 Mobile Safari/537.36 Instagram 422.0.0.44.64 Android (34/14; 480dpi; 1080x2400; realme; RMX3890; RE5C91L1; qcom; tr_TR; 916494010; IABMV/1)"
173.252.70.15 - - [26/Mar/2026:23:15:28 +0300] "GET /?utm_source=ig&utm_medium=social&utm_content=link_in_bio HTTP/2" 200 76 "-" "facebookexternalhit/1.1 (+http://www.facebook.com/externalhit_uatext.php)"
31.223.50.196 - - [26/Mar/2026:23:15:26 +0300] "GET /yeni/ HTTP/2" 200 17723 "https://polikistikover.net/?utm_source=ig&utm_medium=social&utm_content=link_in_bio&fbclid=PAZXh0bgNhZW0CMTEAc3J0YwZhcHBfaWQPNTY3MDY3MzQzMzUyNDI3AAGnzaJI6otrmzrrCX5BE-80dr_cQ6XQ87L65nEugmzXDxX7O1h_h9verIMg-P8_aem_cKm4hqKsxTonJ6FX9j7rtg" "Mozilla/5.0 (Linux; Android 14; RMX3890 Build/UKQ1.230917.001; wv) AppleWebKit/537.36 (KHTML, like Gecko) Version/4.0 Chrome/146.0.7680.157 Mobile Safari/537.36 Instagram 422.0.0.44.64 Android (34/14; 480dpi; 1080x2400; realme; RMX3890; RE5C91L1; qcom; tr_TR; 916494010; IABMV/1)"
31.223.50.196 - - [26/Mar/2026:23:15:34 +0300] "GET /yeni/wp-content/plugins/contact-form-7/includes/css/styles.css?ver=6.1.5 HTTP/2" 200 899 "https://polikistikover.net/yeni/" "Mozilla/5.0 (Linux; Android 14; RMX3890 Build/UKQ1.230917.001; wv) AppleWebKit/537.36 (KHTML, like Gecko) Version/4.0 Chrome/146.0.7680.157 Mobile Safari/537.36 Instagram 422.0.0.44.64 Android (34/14; 480dpi; 1080x2400; realme; RMX3890; RE5C91L1; qcom; tr_TR; 916494010; IABMV/1)"
31.223.50.196 - - [26/Mar/2026:23:15:34 +0300] "GET /yeni/wp-content/themes/narihealth/fonts/iconfont.css?ver=6.9.4 HTTP/2" 200 1856 "https://polikistikover.net/yeni/" "Mozilla/5.0 (Linux; Android 14; RMX3890 Build/UKQ1.230917.001; wv) AppleWebKit/537.36 (KHTML, like Gecko) Version/4.0 Chrome/146.0.7680.157 Mobile Safari/537.36 Instagram 422.0.0.44.64 Android (34/14; 480dpi; 1080x2400; realme; RMX3890; RE5C91L1; qcom; tr_TR; 916494010; IABMV/1)"
31.223.50.196 - - [26/Mar/2026:23:15:34 +0300] "GET /yeni/wp-content/themes/narihealth/assets/css/header-v1.css?ver=6.9.4 HTTP/2" 200 300 "https://polikistikover.net/yeni/" "Mozilla/5.0 (Linux; Android 14; RMX3890 Build/UKQ1.230917.001; wv) AppleWebKit/537.36 (KHTML, like Gecko) Version/4.0 Chrome/146.0.7680.157 Mobile Safari/537.36 Instagram 422.0.0.44.64 Android (34/14; 480dpi; 1080x2400; realme; RMX3890; RE5C91L1; qcom; tr_TR; 916494010; IABMV/1)"
31.223.50.196 - - [26/Mar/2026:23:15:34 +0300] "GET /yeni/wp-content/themes/narihealth/style.css?ver=6.9.4 HTTP/2" 200 15803 "https://polikistikover.net/yeni/" "Mozilla/5.0 (Linux; Android 14; RMX3890 Build/UKQ1.230917.001; wv) AppleWebKit/537.36 (KHTML, like Gecko) Version/4.0 Chrome/146.0.7680.157 Mobile Safari/537.36 Instagram 422.0.0.44.64 Android (34/14; 480dpi; 1080x2400; realme; RMX3890; RE5C91L1; qcom; tr_TR; 916494010; IABMV/1)"
31.223.50.196 - - [26/Mar/2026:23:15:34 +0300] "GET /yeni/wp-content/themes/narihealth/assets/css/bootstrap.min.css?ver=6.9.4 HTTP/2" 200 24644 "https://polikistikover.net/yeni/" "Mozilla/5.0 (Linux; Android 14; RMX3890 Build/UKQ1.230917.001; wv) AppleWebKit/537.36 (KHTML, like Gecko) Version/4.0 Chrome/146.0.7680.157 Mobile Safari/537.36 Instagram 422.0.0.44.64 Android (34/14; 480dpi; 1080x2400; realme; RMX3890; RE5C91L1; qcom; tr_TR; 916494010; IABMV/1)"
31.223.50.196 - - [26/Mar/2026:23:15:34 +0300] "GET /yeni/wp-content/themes/narihealth/assets/css/custom_script.css?ver=6.9.4 HTTP/2" 200 0 "https://polikistikover.net/yeni/" "Mozilla/5.0 (Linux; Android 14; RMX3890 Build/UKQ1.230917.001; wv) AppleWebKit/537.36 (KHTML, like Gecko) Version/4.0 Chrome/146.0.7680.157 Mobile Safari/537.36 Instagram 422.0.0.44.64 Android (34/14; 480dpi; 1080x2400; realme; RMX3890; RE5C91L1; qcom; tr_TR; 916494010; IABMV/1)"
31.223.50.196 - - [26/Mar/2026:23:15:34 +0300] "GET /yeni/wp-content/themes/narihealth/assets/css/responsive.css?ver=6.9.4 HTTP/2" 200 934 "https://polikistikover.net/yeni/" "Mozilla/5.0 (Linux; Android 14; RMX3890 Build/UKQ1.230917.001; wv) AppleWebKit/537.36 (KHTML, like Gecko) Version/4.0 Chrome/146.0.7680.157 Mobile Safari/537.36 Instagram 422.0.0.44.64 Android (34/14; 480dpi; 1080x2400; realme; RMX3890; RE5C91L1; qcom; tr_TR; 916494010; IABMV/1)"
31.223.50.196 - - [26/Mar/2026:23:15:34 +0300] "GET /yeni/wp-includes/js/jquery/jquery.min.js?ver=3.7.1 HTTP/2" 200 29744 "https://polikistikover.net/yeni/" "Mozilla/5.0 (Linux; Android 14; RMX3890 Build/UKQ1.230917.001; wv) AppleWebKit/537.36 (KHTML, like Gecko) Version/4.0 Chrome/146.0.7680.157 Mobile Safari/537.36 Instagram 422.0.0.44.64 Android (34/14; 480dpi; 1080x2400; realme; RMX3890; RE5C91L1; qcom; tr_TR; 916494010; IABMV/1)"
31.223.50.196 - - [26/Mar/2026:23:15:34 +0300] "GET /yeni/wp-content/uploads/2023/10/img-10.jpg HTTP/2" 200 163480 "https://polikistikover.net/yeni/" "Mozilla/5.0 (Linux; Android 14; RMX3890 Build/UKQ1.230917.001; wv) AppleWebKit/537.36 (KHTML, like Gecko) Version/4.0 Chrome/146.0.7680.157 Mobile Safari/537.36 Instagram 422.0.0.44.64 Android (34/14; 480dpi; 1080x2400; realme; RMX3890; RE5C91L1; qcom; tr_TR; 916494010; IABMV/1)"
31.223.50.196 - - [26/Mar/2026:23:15:34 +0300] "GET /yeni/wp-includes/js/jquery/jquery-migrate.min.js?ver=3.4.1 HTTP/2" 200 4678 "https://polikistikover.net/yeni/" "Mozilla/5.0 (Linux; Android 14; RMX3890 Build/UKQ1.230917.001; wv) AppleWebKit/537.36 (KHTML, like Gecko) Version/4.0 Chrome/146.0.7680.157 Mobile Safari/537.36 Instagram 422.0.0.44.64 Android (34/14; 480dpi; 1080x2400; realme; RMX3890; RE5C91L1; qcom; tr_TR; 916494010; IABMV/1)"
