88.240.180.209 - - [26/Mar/2026:22:54:30 +0300] "GET /yeni/wp-content/uploads/2025/09/Ekran-goruntusu-2025-08-08-223942.png HTTP/2" 200 544394 "https://polikistikover.net/yeni/" "Mozilla/5.0 (iPhone; CPU iPhone OS 18_7 like Mac OS X) AppleWebKit/605.1.15 (KHTML, like Gecko) Mobile/23D8133 Instagram 421.1.6.39.52 (iPhone18,2; iOS 26_3_1; tr_TR; tr; scale=3.00; 1320x2868; IABMV/1; 910922286) Safari/604.1"
88.240.180.209 - - [26/Mar/2026:22:54:30 +0300] "GET /yeni/wp-content/fonts/inter/UcC73FwrK3iLTeHuS_nVMrMxCp50SjIa1ZL7.woff2 HTTP/2" 200 48256 "https://polikistikover.net/yeni/" "Mozilla/5.0 (iPhone; CPU iPhone OS 18_7 like Mac OS X) AppleWebKit/605.1.15 (KHTML, like Gecko) Mobile/23D8133 Instagram 421.1.6.39.52 (iPhone18,2; iOS 26_3_1; tr_TR; tr; scale=3.00; 1320x2868; IABMV/1; 910922286) Safari/604.1"
88.240.180.209 - - [26/Mar/2026:22:54:30 +0300] "GET /yeni/wp-content/uploads/elementor/thumbs/img-1-rbng5i60lqo7qpqx6a1tneqe03bfdir1lzmknb3v40.jpg HTTP/2" 200 59015 "https://polikistikover.net/yeni/" "Mozilla/5.0 (iPhone; CPU iPhone OS 18_7 like Mac OS X) AppleWebKit/605.1.15 (KHTML, like Gecko) Mobile/23D8133 Instagram 421.1.6.39.52 (iPhone18,2; iOS 26_3_1; tr_TR; tr; scale=3.00; 1320x2868; IABMV/1; 910922286) Safari/604.1"
88.240.180.209 - - [26/Mar/2026:22:54:30 +0300] "GET /yeni/wp-content/uploads/elementor/thumbs/post-img2-rbng6itq0a2ebi9o87w9unhd64aqppskr12id3lidc.jpg HTTP/2" 200 60239 "https://polikistikover.net/yeni/" "Mozilla/5.0 (iPhone; CPU iPhone OS 18_7 like Mac OS X) AppleWebKit/605.1.15 (KHTML, like Gecko) Mobile/23D8133 Instagram 421.1.6.39.52 (iPhone18,2; iOS 26_3_1; tr_TR; tr; scale=3.00; 1320x2868; IABMV/1; 910922286) Safari/604.1"
88.240.180.209 - - [26/Mar/2026:22:54:30 +0300] "GET /yeni/wp-content/fonts/inter/UcC73FwrK3iLTeHuS_nVMrMxCp50SjIa25L7SUc.woff2 HTTP/2" 200 85068 "https://polikistikover.net/yeni/" "Mozilla/5.0 (iPhone; CPU iPhone OS 18_7 like Mac OS X) AppleWebKit/605.1.15 (KHTML, like Gecko) Mobile/23D8133 Instagram 421.1.6.39.52 (iPhone18,2; iOS 26_3_1; tr_TR; tr; scale=3.00; 1320x2868; IABMV/1; 910922286) Safari/604.1"
88.240.180.209 - - [26/Mar/2026:22:54:30 +0300] "GET /yeni/wp-content/fonts/inter/UcC73FwrK3iLTeHuS_nVMrMxCp50SjIa1pL7SUc.woff2 HTTP/2" 200 18996 "https://polikistikover.net/yeni/" "Mozilla/5.0 (iPhone; CPU iPhone OS 18_7 like Mac OS X) AppleWebKit/605.1.15 (KHTML, like Gecko) Mobile/23D8133 Instagram 421.1.6.39.52 (iPhone18,2; iOS 26_3_1; tr_TR; tr; scale=3.00; 1320x2868; IABMV/1; 910922286) Safari/604.1"
88.240.180.209 - - [26/Mar/2026:22:54:30 +0300] "GET /yeni/wp-content/uploads/elementor/thumbs/img-6-rbng6c8uofte28j8an1vv7550f767u2ge4i3mxkbgg.jpg HTTP/2" 200 103979 "https://polikistikover.net/yeni/" "Mozilla/5.0 (iPhone; CPU iPhone OS 18_7 like Mac OS X) AppleWebKit/605.1.15 (KHTML, like Gecko) Mobile/23D8133 Instagram 421.1.6.39.52 (iPhone18,2; iOS 26_3_1; tr_TR; tr; scale=3.00; 1320x2868; IABMV/1; 910922286) Safari/604.1"
88.240.180.209 - - [26/Mar/2026:22:54:30 +0300] "GET /yeni/wp-content/uploads/2025/09/image-62.png HTTP/2" 200 40122 "https://polikistikover.net/yeni/" "Mozilla/5.0 (iPhone; CPU iPhone OS 18_7 like Mac OS X) AppleWebKit/605.1.15 (KHTML, like Gecko) Mobile/23D8133 Instagram 421.1.6.39.52 (iPhone18,2; iOS 26_3_1; tr_TR; tr; scale=3.00; 1320x2868; IABMV/1; 910922286) Safari/604.1"
88.240.180.209 - - [26/Mar/2026:22:54:30 +0300] "GET /yeni/wp-content/uploads/2025/09/sac-150x150.jpg HTTP/2" 200 7476 "https://polikistikover.net/yeni/" "Mozilla/5.0 (iPhone; CPU iPhone OS 18_7 like Mac OS X) AppleWebKit/605.1.15 (KHTML, like Gecko) Mobile/23D8133 Instagram 421.1.6.39.52 (iPhone18,2; iOS 26_3_1; tr_TR; tr; scale=3.00; 1320x2868; IABMV/1; 910922286) Safari/604.1"
88.240.180.209 - - [26/Mar/2026:22:54:30 +0300] "GET /yeni/wp-content/uploads/2025/10/japon-cocuk-150x150.jpg HTTP/2" 200 4953 "https://polikistikover.net/yeni/" "Mozilla/5.0 (iPhone; CPU iPhone OS 18_7 like Mac OS X) AppleWebKit/605.1.15 (KHTML, like Gecko) Mobile/23D8133 Instagram 421.1.6.39.52 (iPhone18,2; iOS 26_3_1; tr_TR; tr; scale=3.00; 1320x2868; IABMV/1; 910922286) Safari/604.1"
88.240.180.209 - - [26/Mar/2026:22:54:30 +0300] "GET /yeni/wp-content/uploads/elementor/thumbs/img-5-rbng69fc3xpj3enbr3u05pur89l2kqr9dqjn73ohz4.jpg HTTP/2" 200 158703 "https://polikistikover.net/yeni/" "Mozilla/5.0 (iPhone; CPU iPhone OS 18_7 like Mac OS X) AppleWebKit/605.1.15 (KHTML, like Gecko) Mobile/23D8133 Instagram 421.1.6.39.52 (iPhone18,2; iOS 26_3_1; tr_TR; tr; scale=3.00; 1320x2868; IABMV/1; 910922286) Safari/604.1"
88.240.180.209 - - [26/Mar/2026:22:54:30 +0300] "GET /yeni/wp-content/themes/narihealth/fonts/icomoon.ttf?5m92mu HTTP/2" 200 25863 "https://polikistikover.net/yeni/" "Mozilla/5.0 (iPhone; CPU iPhone OS 18_7 like Mac OS X) AppleWebKit/605.1.15 (KHTML, like Gecko) Mobile/23D8133 Instagram 421.1.6.39.52 (iPhone18,2; iOS 26_3_1; tr_TR; tr; scale=3.00; 1320x2868; IABMV/1; 910922286) Safari/604.1"
88.240.180.209 - - [26/Mar/2026:22:54:30 +0300] "GET /yeni/wp-includes/js/wp-emoji-release.min.js?ver=6.9.4 HTTP/2" 200 4949 "https://polikistikover.net/yeni/" "Mozilla/5.0 (iPhone; CPU iPhone OS 18_7 like Mac OS X) AppleWebKit/605.1.15 (KHTML, like Gecko) Mobile/23D8133 Instagram 421.1.6.39.52 (iPhone18,2; iOS 26_3_1; tr_TR; tr; scale=3.00; 1320x2868; IABMV/1; 910922286) Safari/604.1"
88.240.180.209 - - [26/Mar/2026:22:54:39 +0300] "GET /yeni/polikistik-over-sendromunda-sivilce-ve-tedavisi/ HTTP/2" 200 53183 "https://polikistikover.net/yeni/" "Mozilla/5.0 (iPhone; CPU iPhone OS 18_7 like Mac OS X) AppleWebKit/605.1.15 (KHTML, like Gecko) Mobile/23D8133 Instagram 421.1.6.39.52 (iPhone18,2; iOS 26_3_1; tr_TR; tr; scale=3.00; 1320x2868; IABMV/1; 910922286) Safari/604.1"
89.252.162.138 - - [26/Mar/2026:22:54:02 +0300] "POST /wp-admin/admin-ajax.php?action=async_litespeed&nonce=yHBdSqZnTF1dD7WNRnTikxS51CZbWLe1&litespeed_type=imgoptm HTTP/1.1" 200 5 "-" "WordPress/6.8.5; https://polikistikover.net"
208.84.100.214 - - [26/Mar/2026:22:53:34 +0300] "POST /wp-login.php HTTP/1.1" 200 0 "https://www.google.com/" "Mozilla/5.0 (Windows NT 10.0; Win64; x64) AppleWebKit/537.36 (KHTML, like Gecko) Chrome/91.0.4472.124 Safari/537.36"
20.106.150.36 - - [26/Mar/2026:22:54:01 +0300] "POST //xmlrpc.php HTTP/1.1" 200 410 "-" "Mozilla/5.0 (Windows NT 10.0; Win64; x64) AppleWebKit/537.36 (KHTML, like Gecko) Chrome/80.0.3987.149 Safari/537.36"
89.252.162.138 - - [26/Mar/2026:22:54:30 +0300] "POST /yeni/wp-cron.php?doing_wp_cron=1774554870.0542469024658203125000 HTTP/1.1" 200 0 "-" "WordPress/6.9.4; https://polikistikover.net/yeni"
20.106.150.36 - - [26/Mar/2026:22:54:16 +0300] "POST //xmlrpc.php HTTP/1.1" 200 410 "-" "Mozilla/5.0 (Windows NT 10.0; Win64; x64) AppleWebKit/537.36 (KHTML, like Gecko) Chrome/80.0.3987.149 Safari/537.36"
208.84.100.214 - - [26/Mar/2026:22:54:05 +0300] "POST /wp-login.php HTTP/1.1" 200 0 "https://www.google.com/" "Mozilla/5.0 (Windows NT 10.0; Win64; x64) AppleWebKit/537.36 (KHTML, like Gecko) Chrome/91.0.4472.124 Safari/537.36"
89.252.162.138 - - [26/Mar/2026:22:54:40 +0300] "POST /yeni/wp-cron.php?doing_wp_cron=1774554880.9316859245300292968750 HTTP/1.1" 200 0 "-" "WordPress/6.9.4; https://polikistikover.net/yeni"
20.106.150.36 - - [26/Mar/2026:22:54:32 +0300] "POST //xmlrpc.php HTTP/1.1" 200 410 "-" "Mozilla/5.0 (Windows NT 10.0; Win64; x64) AppleWebKit/537.36 (KHTML, like Gecko) Chrome/80.0.3987.149 Safari/537.36"
89.252.162.138 - - [26/Mar/2026:22:55:01 +0300] "POST /wp-cron.php?doing_wp_cron=1774554901.5138330459594726562500 HTTP/1.1" 200 0 "-" "WordPress/6.8.5; https://polikistikover.net"
20.106.150.36 - - [26/Mar/2026:22:54:46 +0300] "POST //xmlrpc.php HTTP/1.1" 200 410 "-" "Mozilla/5.0 (Windows NT 10.0; Win64; x64) AppleWebKit/537.36 (KHTML, like Gecko) Chrome/80.0.3987.149 Safari/537.36"
89.252.162.138 - - [26/Mar/2026:22:55:03 +0300] "POST /wp-admin/admin-ajax.php?action=async_litespeed&nonce=3m7TVVAJJ0DZPyy1PeNpTEF49MryJweN&litespeed_type=imgoptm HTTP/1.1" 200 5 "-" "WordPress/6.8.5; https://polikistikover.net"
196.189.161.95 - - [26/Mar/2026:22:55:09 +0300] "POST /xmlrpc.php HTTP/1.1" 200 412 "-" "Mozilla/5.0 (Linux; Android 10; x86) AppleWebKit/537.36 (KHTML, like Gecko) Firefox/88.0.0.0 Safari/537.36"
89.252.162.138 - - [26/Mar/2026:22:55:16 +0300] "POST /wp-cron.php?doing_wp_cron=1774554916.1133370399475097656250 HTTP/1.1" 200 0 "-" "WordPress/6.8.5; https://polikistikover.net"
20.106.150.36 - - [26/Mar/2026:22:55:01 +0300] "POST //xmlrpc.php HTTP/1.1" 200 410 "-" "Mozilla/5.0 (Windows NT 10.0; Win64; x64) AppleWebKit/537.36 (KHTML, like Gecko) Chrome/80.0.3987.149 Safari/537.36"
20.106.150.36 - - [26/Mar/2026:22:55:16 +0300] "POST //xmlrpc.php HTTP/1.1" 200 410 "-" "Mozilla/5.0 (Windows NT 10.0; Win64; x64) AppleWebKit/537.36 (KHTML, like Gecko) Chrome/80.0.3987.149 Safari/537.36"
20.106.150.36 - - [26/Mar/2026:22:55:31 +0300] "POST //xmlrpc.php HTTP/1.1" 200 410 "-" "Mozilla/5.0 (Windows NT 10.0; Win64; x64) AppleWebKit/537.36 (KHTML, like Gecko) Chrome/80.0.3987.149 Safari/537.36"
20.106.150.36 - - [26/Mar/2026:22:55:46 +0300] "POST //xmlrpc.php HTTP/1.1" 200 410 "-" "Mozilla/5.0 (Windows NT 10.0; Win64; x64) AppleWebKit/537.36 (KHTML, like Gecko) Chrome/80.0.3987.149 Safari/537.36"
17.22.253.83 - - [26/Mar/2026:22:56:12 +0300] "GET /yeni/wp-content/themes/narihealth/assets/css/custom_script.css?ver=6.9.4 HTTP/1.1" 200 0 "https://polikistikover.net/yeni/tiroid-hormonlari-ve-polikistik-over-sendromu/" "Mozilla/5.0 (Macintosh; Intel Mac OS X 10_15_7) AppleWebKit/605.1.15 (KHTML, like Gecko) Version/17.4 Safari/605.1.15 (Applebot/0.1; +http://www.apple.com/go/applebot)"
88.240.180.209 - - [26/Mar/2026:22:54:40 +0300] "GET /yeni/wp-content/uploads/2025/09/image-1.png HTTP/2" 200 80009 "https://polikistikover.net/yeni/polikistik-over-sendromunda-sivilce-ve-tedavisi/" "Mozilla/5.0 (iPhone; CPU iPhone OS 18_7 like Mac OS X) AppleWebKit/605.1.15 (KHTML, like Gecko) Mobile/23D8133 Instagram 421.1.6.39.52 (iPhone18,2; iOS 26_3_1; tr_TR; tr; scale=3.00; 1320x2868; IABMV/1; 910922286) Safari/604.1"
88.240.180.209 - - [26/Mar/2026:22:54:40 +0300] "GET /yeni/wp-content/uploads/2026/01/image.png HTTP/2" 200 247299 "https://polikistikover.net/yeni/polikistik-over-sendromunda-sivilce-ve-tedavisi/" "Mozilla/5.0 (iPhone; CPU iPhone OS 18_7 like Mac OS X) AppleWebKit/605.1.15 (KHTML, like Gecko) Mobile/23D8133 Instagram 421.1.6.39.52 (iPhone18,2; iOS 26_3_1; tr_TR; tr; scale=3.00; 1320x2868; IABMV/1; 910922286) Safari/604.1"
88.240.180.209 - - [26/Mar/2026:22:54:41 +0300] "GET /yeni/wp-content/uploads/2026/01/image-2.png HTTP/2" 200 463436 "https://polikistikover.net/yeni/polikistik-over-sendromunda-sivilce-ve-tedavisi/" "Mozilla/5.0 (iPhone; CPU iPhone OS 18_7 like Mac OS X) AppleWebKit/605.1.15 (KHTML, like Gecko) Mobile/23D8133 Instagram 421.1.6.39.52 (iPhone18,2; iOS 26_3_1; tr_TR; tr; scale=3.00; 1320x2868; IABMV/1; 910922286) Safari/604.1"
88.240.180.209 - - [26/Mar/2026:22:55:18 +0300] "GET /yeni/wp-content/uploads/2026/01/image-3.png HTTP/2" 200 233546 "https://polikistikover.net/yeni/polikistik-over-sendromunda-sivilce-ve-tedavisi/" "Mozilla/5.0 (iPhone; CPU iPhone OS 18_7 like Mac OS X) AppleWebKit/605.1.15 (KHTML, like Gecko) Mobile/23D8133 Instagram 421.1.6.39.52 (iPhone18,2; iOS 26_3_1; tr_TR; tr; scale=3.00; 1320x2868; IABMV/1; 910922286) Safari/604.1"
102.64.155.177 - - [26/Mar/2026:22:55:35 +0300] "POST /xmlrpc.php HTTP/1.1" 200 412 "-" "Mozilla/5.0 (Windows NT 6.3; x86) AppleWebKit/537.36 (KHTML, like Gecko) Edge/83.0.0.0 Safari/537.36"
89.252.162.138 - - [26/Mar/2026:22:56:01 +0300] "POST /wp-cron.php?doing_wp_cron=1774554961.7041049003601074218750 HTTP/1.1" 200 0 "-" "WordPress/6.8.5; https://polikistikover.net"
89.252.162.138 - - [26/Mar/2026:22:56:02 +0300] "POST /wp-admin/admin-ajax.php?action=async_litespeed&nonce=s30KKTcWoqCQSoVKVDtYfu9NLN4bOzNk&litespeed_type=imgoptm HTTP/1.1" 200 5 "-" "WordPress/6.8.5; https://polikistikover.net"
17.22.245.150 - - [26/Mar/2026:22:56:18 +0300] "GET /yeni/wp-content/themes/narihealth/assets/css/header-v1.css?ver=6.9.4 HTTP/1.1" 200 359 "https://polikistikover.net/yeni/tiroid-hormonlari-ve-polikistik-over-sendromu/" "Mozilla/5.0 (Macintosh; Intel Mac OS X 10_15_7) AppleWebKit/605.1.15 (KHTML, like Gecko) Version/17.4 Safari/605.1.15 (Applebot/0.1; +http://www.apple.com/go/applebot)"
17.22.253.249 - - [26/Mar/2026:22:56:20 +0300] "GET /yeni/wp-content/themes/narihealth/assets/css/bootstrap.min.css?ver=6.9.4 HTTP/1.1" 200 27377 "https://polikistikover.net/yeni/tiroid-hormonlari-ve-polikistik-over-sendromu/" "Mozilla/5.0 (Macintosh; Intel Mac OS X 10_15_7) AppleWebKit/605.1.15 (KHTML, like Gecko) Version/17.4 Safari/605.1.15 (Applebot/0.1; +http://www.apple.com/go/applebot)"
17.22.237.167 - - [26/Mar/2026:22:56:23 +0300] "GET /yeni/wp-content/themes/narihealth/assets/css/responsive.css?ver=6.9.4 HTTP/1.1" 200 1052 "https://polikistikover.net/yeni/tiroid-hormonlari-ve-polikistik-over-sendromu/" "Mozilla/5.0 (Macintosh; Intel Mac OS X 10_15_7) AppleWebKit/605.1.15 (KHTML, like Gecko) Version/17.4 Safari/605.1.15 (Applebot/0.1; +http://www.apple.com/go/applebot)"
17.22.253.55 - - [26/Mar/2026:22:56:25 +0300] "GET /yeni/wp-includes/js/jquery/jquery.min.js?ver=3.7.1 HTTP/1.1" 200 30412 "https://polikistikover.net/yeni/tiroid-hormonlari-ve-polikistik-over-sendromu/" "Mozilla/5.0 (Macintosh; Intel Mac OS X 10_15_7) AppleWebKit/605.1.15 (KHTML, like Gecko) Version/17.4 Safari/605.1.15 (Applebot/0.1; +http://www.apple.com/go/applebot)"
17.22.237.202 - - [26/Mar/2026:22:56:14 +0300] "GET /yeni/wp-content/themes/narihealth/style.css?ver=6.9.4 HTTP/1.1" 200 16228 "https://polikistikover.net/yeni/tiroid-hormonlari-ve-polikistik-over-sendromu/" "Mozilla/5.0 (Macintosh; Intel Mac OS X 10_15_7) AppleWebKit/605.1.15 (KHTML, like Gecko) Version/17.4 Safari/605.1.15 (Applebot/0.1; +http://www.apple.com/go/applebot)"
17.22.237.4 - - [26/Mar/2026:22:56:16 +0300] "GET /yeni/wp-content/plugins/contact-form-7/includes/css/styles.css?ver=6.1.5 HTTP/1.1" 200 1030 "https://polikistikover.net/yeni/tiroid-hormonlari-ve-polikistik-over-sendromu/" "Mozilla/5.0 (Macintosh; Intel Mac OS X 10_15_7) AppleWebKit/605.1.15 (KHTML, like Gecko) Version/17.4 Safari/605.1.15 (Applebot/0.1; +http://www.apple.com/go/applebot)"
89.252.162.138 - - [26/Mar/2026:22:56:16 +0300] "POST /wp-cron.php?doing_wp_cron=1774554976.8885850906372070312500 HTTP/1.1" 200 0 "-" "WordPress/6.8.5; https://polikistikover.net"
20.106.150.36 - - [26/Mar/2026:22:56:02 +0300] "POST //xmlrpc.php HTTP/1.1" 200 410 "-" "Mozilla/5.0 (Windows NT 10.0; Win64; x64) AppleWebKit/537.36 (KHTML, like Gecko) Chrome/80.0.3987.149 Safari/537.36"
196.189.161.95 - - [26/Mar/2026:22:56:16 +0300] "POST /xmlrpc.php HTTP/1.1" 200 412 "-" "Mozilla/5.0 (X11; Ubuntu; Linux x86_64; arm64) AppleWebKit/537.36 (KHTML, like Gecko) Safari/11.0.0.0 Safari/537.36"
17.22.245.51 - - [26/Mar/2026:22:56:21 +0300] "GET /yeni/wp-content/themes/narihealth/fonts/iconfont.css?ver=6.9.4 HTTP/1.1" 200 1961 "https://polikistikover.net/yeni/tiroid-hormonlari-ve-polikistik-over-sendromu/" "Mozilla/5.0 (Macintosh; Intel Mac OS X 10_15_7) AppleWebKit/605.1.15 (KHTML, like Gecko) Version/17.4 Safari/605.1.15 (Applebot/0.1; +http://www.apple.com/go/applebot)"
20.106.150.36 - - [26/Mar/2026:22:56:17 +0300] "POST //xmlrpc.php HTTP/1.1" 200 410 "-" "Mozilla/5.0 (Windows NT 10.0; Win64; x64) AppleWebKit/537.36 (KHTML, like Gecko) Chrome/80.0.3987.149 Safari/537.36"
17.22.253.36 - - [26/Mar/2026:22:56:33 +0300] "GET /yeni/wp-content/plugins/contact-form-7/includes/js/index.js?ver=6.1.5 HTTP/1.1" 200 4236 "https://polikistikover.net/yeni/tiroid-hormonlari-ve-polikistik-over-sendromu/" "Mozilla/5.0 (Macintosh; Intel Mac OS X 10_15_7) AppleWebKit/605.1.15 (KHTML, like Gecko) Version/17.4 Safari/605.1.15 (Applebot/0.1; +http://www.apple.com/go/applebot)"
17.22.237.111 - - [26/Mar/2026:22:56:35 +0300] "GET /yeni/wp-content/themes/narihealth/assets/js/jquery.easing.js?ver=1.3.0 HTTP/1.1" 200 2010 "https://polikistikover.net/yeni/tiroid-hormonlari-ve-polikistik-over-sendromu/" "Mozilla/5.0 (Macintosh; Intel Mac OS X 10_15_7) AppleWebKit/605.1.15 (KHTML, like Gecko) Version/17.4 Safari/605.1.15 (Applebot/0.1; +http://www.apple.com/go/applebot)"
17.22.253.70 - - [26/Mar/2026:22:56:36 +0300] "GET /yeni/wp-includes/js/imagesloaded.min.js?ver=5.0.0 HTTP/1.1" 200 1801 "https://polikistikover.net/yeni/tiroid-hormonlari-ve-polikistik-over-sendromu/" "Mozilla/5.0 (Macintosh; Intel Mac OS X 10_15_7) AppleWebKit/605.1.15 (KHTML, like Gecko) Version/17.4 Safari/605.1.15 (Applebot/0.1; +http://www.apple.com/go/applebot)"
17.22.253.36 - - [26/Mar/2026:22:56:41 +0300] "GET /yeni/wp-content/themes/narihealth/assets/js/jquery.slicknav.js?ver=1.0.10 HTTP/1.1" 200 4770 "https://polikistikover.net/yeni/tiroid-hormonlari-ve-polikistik-over-sendromu/" "Mozilla/5.0 (Macintosh; Intel Mac OS X 10_15_7) AppleWebKit/605.1.15 (KHTML, like Gecko) Version/17.4 Safari/605.1.15 (Applebot/0.1; +http://www.apple.com/go/applebot)"
17.22.253.36 - - [26/Mar/2026:22:56:43 +0300] "GET /yeni/wp-includes/js/hoverIntent.min.js?ver=1.10.2 HTTP/1.1" 200 704 "https://polikistikover.net/yeni/tiroid-hormonlari-ve-polikistik-over-sendromu/" "Mozilla/5.0 (Macintosh; Intel Mac OS X 10_15_7) AppleWebKit/605.1.15 (KHTML, like Gecko) Version/17.4 Safari/605.1.15 (Applebot/0.1; +http://www.apple.com/go/applebot)"
20.106.150.36 - - [26/Mar/2026:22:56:32 +0300] "POST //xmlrpc.php HTTP/1.1" 200 410 "-" "Mozilla/5.0 (Windows NT 10.0; Win64; x64) AppleWebKit/537.36 (KHTML, like Gecko) Chrome/80.0.3987.149 Safari/537.36"
17.22.253.250 - - [26/Mar/2026:22:56:26 +0300] "GET /yeni/wp-includes/js/jquery/jquery-migrate.min.js?ver=3.4.1 HTTP/1.1" 200 4870 "https://polikistikover.net/yeni/tiroid-hormonlari-ve-polikistik-over-sendromu/" "Mozilla/5.0 (Macintosh; Intel Mac OS X 10_15_7) AppleWebKit/605.1.15 (KHTML, like Gecko) Version/17.4 Safari/605.1.15 (Applebot/0.1; +http://www.apple.com/go/applebot)"
17.22.253.15 - - [26/Mar/2026:22:56:28 +0300] "GET /yeni/wp-includes/js/dist/hooks.min.js?ver=dd5603f07f9220ed27f1 HTTP/1.1" 200 1939 "https://polikistikover.net/yeni/tiroid-hormonlari-ve-polikistik-over-sendromu/" "Mozilla/5.0 (Macintosh; Intel Mac OS X 10_15_7) AppleWebKit/605.1.15 (KHTML, like Gecko) Version/17.4 Safari/605.1.15 (Applebot/0.1; +http://www.apple.com/go/applebot)"
17.22.237.123 - - [26/Mar/2026:22:56:30 +0300] "GET /yeni/wp-includes/js/dist/i18n.min.js?ver=c26c3dc7bed366793375 HTTP/1.1" 200 2229 "https://polikistikover.net/yeni/tiroid-hormonlari-ve-polikistik-over-sendromu/" "Mozilla/5.0 (Macintosh; Intel Mac OS X 10_15_7) AppleWebKit/605.1.15 (KHTML, like Gecko) Version/17.4 Safari/605.1.15 (Applebot/0.1; +http://www.apple.com/go/applebot)"
17.22.237.113 - - [26/Mar/2026:22:56:31 +0300] "GET /yeni/wp-content/plugins/contact-form-7/includes/swv/js/index.js?ver=6.1.5 HTTP/1.1" 200 3523 "https://polikistikover.net/yeni/tiroid-hormonlari-ve-polikistik-over-sendromu/" "Mozilla/5.0 (Macintosh; Intel Mac OS X 10_15_7) AppleWebKit/605.1.15 (KHTML, like Gecko) Version/17.4 Safari/605.1.15 (Applebot/0.1; +http://www.apple.com/go/applebot)"
17.22.245.116 - - [26/Mar/2026:22:56:38 +0300] "GET /yeni/wp-includes/js/masonry.min.js?ver=4.2.2 HTTP/1.1" 200 7376 "https://polikistikover.net/yeni/tiroid-hormonlari-ve-polikistik-over-sendromu/" "Mozilla/5.0 (Macintosh; Intel Mac OS X 10_15_7) AppleWebKit/605.1.15 (KHTML, like Gecko) Version/17.4 Safari/605.1.15 (Applebot/0.1; +http://www.apple.com/go/applebot)"
17.22.237.123 - - [26/Mar/2026:22:56:39 +0300] "GET /yeni/wp-content/themes/narihealth/assets/js/isotope.js?ver=3.0.6 HTTP/1.1" 200 9855 "https://polikistikover.net/yeni/tiroid-hormonlari-ve-polikistik-over-sendromu/" "Mozilla/5.0 (Macintosh; Intel Mac OS X 10_15_7) AppleWebKit/605.1.15 (KHTML, like Gecko) Version/17.4 Safari/605.1.15 (Applebot/0.1; +http://www.apple.com/go/applebot)"
17.22.245.109 - - [26/Mar/2026:22:56:45 +0300] "GET /yeni/wp-content/themes/narihealth/assets/js/superfish.js?ver=1.7.10 HTTP/1.1" 200 2529 "https://polikistikover.net/yeni/tiroid-hormonlari-ve-polikistik-over-sendromu/" "Mozilla/5.0 (Macintosh; Intel Mac OS X 10_15_7) AppleWebKit/605.1.15 (KHTML, like Gecko) Version/17.4 Safari/605.1.15 (Applebot/0.1; +http://www.apple.com/go/applebot)"
17.22.253.203 - - [26/Mar/2026:22:56:47 +0300] "GET /yeni/wp-content/themes/narihealth/assets/js/custom.js?ver=1.0.0 HTTP/1.1" 200 2310 "https://polikistikover.net/yeni/tiroid-hormonlari-ve-polikistik-over-sendromu/" "Mozilla/5.0 (Macintosh; Intel Mac OS X 10_15_7) AppleWebKit/605.1.15 (KHTML, like Gecko) Version/17.4 Safari/605.1.15 (Applebot/0.1; +http://www.apple.com/go/applebot)"
89.252.162.138 - - [26/Mar/2026:22:57:00 +0300] "POST /wp-cron.php?doing_wp_cron=1774555020.0588939189910888671875 HTTP/1.1" 200 0 "-" "WordPress/6.8.5; https://polikistikover.net"
89.252.162.138 - - [26/Mar/2026:22:57:01 +0300] "POST /wp-admin/admin-ajax.php?action=async_litespeed&nonce=lNc07FfdFSYOfe7YPWqZOIAEzlluNsP2&litespeed_type=imgoptm HTTP/1.1" 200 5 "-" "WordPress/6.8.5; https://polikistikover.net"
89.252.162.138 - - [26/Mar/2026:22:57:16 +0300] "POST /wp-cron.php?doing_wp_cron=1774555036.7877290248870849609375 HTTP/1.1" 200 0 "-" "WordPress/6.8.5; https://polikistikover.net"
89.252.162.138 - - [26/Mar/2026:22:57:44 +0300] "POST /yeni/wp-cron.php?doing_wp_cron=1774555064.2877030372619628906250 HTTP/1.1" 200 0 "-" "WordPress/6.9.4; https://polikistikover.net/yeni"
17.22.253.203 - - [26/Mar/2026:22:56:48 +0300] "GET /yeni/wp-includes/js/wp-emoji-release.min.js?ver=6.9.4 HTTP/1.1" 200 5385 "https://polikistikover.net/yeni/tiroid-hormonlari-ve-polikistik-over-sendromu/" "Mozilla/5.0 (Macintosh; Intel Mac OS X 10_15_7) AppleWebKit/605.1.15 (KHTML, like Gecko) Version/17.4 Safari/605.1.15 (Applebot/0.1; +http://www.apple.com/go/applebot)"
102.64.155.177 - - [26/Mar/2026:22:56:59 +0300] "POST /xmlrpc.php HTTP/1.1" 200 412 "-" "Mozilla/5.0 (Windows NT 6.2; x86) AppleWebKit/537.36 (KHTML, like Gecko) Opera/72.0.0.0 Safari/537.36"
20.106.150.36 - - [26/Mar/2026:22:56:46 +0300] "POST //xmlrpc.php HTTP/1.1" 200 410 "-" "Mozilla/5.0 (Windows NT 10.0; Win64; x64) AppleWebKit/537.36 (KHTML, like Gecko) Chrome/80.0.3987.149 Safari/537.36"
20.106.150.36 - - [26/Mar/2026:22:57:02 +0300] "POST //xmlrpc.php HTTP/1.1" 200 410 "-" "Mozilla/5.0 (Windows NT 10.0; Win64; x64) AppleWebKit/537.36 (KHTML, like Gecko) Chrome/80.0.3987.149 Safari/537.36"
196.189.161.95 - - [26/Mar/2026:22:57:16 +0300] "POST /xmlrpc.php HTTP/1.1" 200 412 "-" "Mozilla/5.0 (X11; Ubuntu; Linux x86_64; arm64) AppleWebKit/537.36 (KHTML, like Gecko) Firefox/94.0.0.0 Safari/537.36"
20.106.150.36 - - [26/Mar/2026:22:57:17 +0300] "POST //xmlrpc.php HTTP/1.1" 200 410 "-" "Mozilla/5.0 (Windows NT 10.0; Win64; x64) AppleWebKit/537.36 (KHTML, like Gecko) Chrome/80.0.3987.149 Safari/537.36"
78.163.113.238 - - [26/Mar/2026:22:57:40 +0300] "GET /yeni/ HTTP/1.1" 200 0 "https://www.polikistikover.net/" "Mozilla/5.0 (Linux; Android 10; K) AppleWebKit/537.36 (KHTML, like Gecko) Chrome/146.0.0.0 Mobile Safari/537.36"
78.163.113.238 - - [26/Mar/2026:22:57:43 +0300] "GET /yeni/about-usour-practice/ HTTP/1.1" 200 0 "https://polikistikover.net/yeni/" "Mozilla/5.0 (Linux; Android 10; K) AppleWebKit/537.36 (KHTML, like Gecko) Chrome/146.0.0.0 Mobile Safari/537.36"
23.94.155.79 - - [26/Mar/2026:22:57:43 +0300] "GET /wp-login.php HTTP/1.1" 200 3478 "-" "Mozilla/5.0"
23.94.155.79 - - [26/Mar/2026:22:57:44 +0300] "GET /?author=1 HTTP/1.1" 200 76 "-" "Mozilla/5.0"
23.94.155.79 - - [26/Mar/2026:22:57:44 +0300] "GET /?rest_route=/wp/v2/users HTTP/1.1" 200 76 "-" "Mozilla/5.0"
23.94.155.79 - - [26/Mar/2026:22:57:45 +0300] "GET /feed HTTP/1.1" 404 796 "-" "Mozilla/5.0"
78.163.113.238 - - [26/Mar/2026:22:57:43 +0300] "GET /yeni/about-usour-practice/ HTTP/1.1" 200 13059 "https://polikistikover.net/yeni/" "Mozilla/5.0 (Linux; Android 10; K) AppleWebKit/537.36 (KHTML, like Gecko) Chrome/146.0.0.0 Mobile Safari/537.36"
89.252.162.138 - - [26/Mar/2026:22:57:47 +0300] "POST /wp-cron.php?doing_wp_cron=1774555067.5998980998992919921875 HTTP/1.1" 200 0 "-" "WordPress/6.8.5; https://polikistikover.net"
20.106.150.36 - - [26/Mar/2026:22:57:31 +0300] "POST //xmlrpc.php HTTP/1.1" 200 410 "-" "Mozilla/5.0 (Windows NT 10.0; Win64; x64) AppleWebKit/537.36 (KHTML, like Gecko) Chrome/80.0.3987.149 Safari/537.36"
89.252.162.138 - - [26/Mar/2026:22:57:48 +0300] "POST /wp-admin/admin-ajax.php?action=async_litespeed&nonce=kGyibq4yEdgnhEZRlotRmdHwEesX8co4&litespeed_type=imgoptm HTTP/1.1" 200 5 "-" "WordPress/6.8.5; https://polikistikover.net"
88.240.180.209 - - [26/Mar/2026:22:57:56 +0300] "GET /yeni/wp-content/uploads/2025/09/image-41.png HTTP/1.1" 200 345902 "https://polikistikover.net/yeni/polikistik-over-sendromunda-sivilce-ve-tedavisi/" "Mozilla/5.0 (iPhone; CPU iPhone OS 18_7 like Mac OS X) AppleWebKit/605.1.15 (KHTML, like Gecko) Mobile/23D8133 Instagram 421.1.6.39.52 (iPhone18,2; iOS 26_3_1; tr_TR; tr; scale=3.00; 1320x2868; IABMV/1; 910922286) Safari/604.1"
89.252.162.138 - - [26/Mar/2026:22:58:01 +0300] "POST /wp-cron.php?doing_wp_cron=1774555081.8179290294647216796875 HTTP/1.1" 200 0 "-" "WordPress/6.8.5; https://polikistikover.net"
20.106.150.36 - - [26/Mar/2026:22:57:48 +0300] "POST //xmlrpc.php HTTP/1.1" 200 410 "-" "Mozilla/5.0 (Windows NT 10.0; Win64; x64) AppleWebKit/537.36 (KHTML, like Gecko) Chrome/80.0.3987.149 Safari/537.36"
78.163.113.238 - - [26/Mar/2026:22:57:45 +0300] "GET /yeni/wp-content/uploads/2025/10/YouCut_20251012_184720160.mp4?_=1 HTTP/2" 206 917072 "https://polikistikover.net/yeni/about-usour-practice/" "Mozilla/5.0 (Linux; Android 10; K) AppleWebKit/537.36 (KHTML, like Gecko) Chrome/146.0.0.0 Mobile Safari/537.36"
78.163.113.238 - - [26/Mar/2026:22:57:46 +0300] "GET /yeni/wp-content/uploads/2025/10/YouCut_20251012_184720160.mp4?_=1 HTTP/2" 206 16375 "https://polikistikover.net/yeni/about-usour-practice/" "Mozilla/5.0 (Linux; Android 10; K) AppleWebKit/537.36 (KHTML, like Gecko) Chrome/146.0.0.0 Mobile Safari/537.36"
78.163.113.238 - - [26/Mar/2026:22:57:46 +0300] "GET /yeni/wp-content/uploads/2025/10/YouCut_20251012_184720160.mp4?_=1 HTTP/2" 206 19672 "https://polikistikover.net/yeni/about-usour-practice/" "Mozilla/5.0 (Linux; Android 10; K) AppleWebKit/537.36 (KHTML, like Gecko) Chrome/146.0.0.0 Mobile Safari/537.36"
78.163.113.238 - - [26/Mar/2026:22:57:46 +0300] "GET /yeni/wp-content/uploads/2025/10/YouCut_20251012_184720160.mp4?_=1 HTTP/2" 206 2669125 "https://polikistikover.net/yeni/about-usour-practice/" "Mozilla/5.0 (Linux; Android 10; K) AppleWebKit/537.36 (KHTML, like Gecko) Chrome/146.0.0.0 Mobile Safari/537.36"
78.163.113.238 - - [26/Mar/2026:22:57:48 +0300] "GET /yeni/ HTTP/2" 200 17723 "https://polikistikover.net/yeni/about-usour-practice/" "Mozilla/5.0 (Linux; Android 10; K) AppleWebKit/537.36 (KHTML, like Gecko) Chrome/146.0.0.0 Mobile Safari/537.36"
89.252.162.138 - - [26/Mar/2026:22:58:16 +0300] "POST /wp-cron.php?doing_wp_cron=1774555096.5993371009826660156250 HTTP/1.1" 200 0 "-" "WordPress/6.8.5; https://polikistikover.net"
102.64.155.177 - - [26/Mar/2026:22:58:20 +0300] "POST /xmlrpc.php HTTP/1.1" 200 412 "-" "Mozilla/5.0 (Macintosh; Intel Mac OS X 10_15_7; x86) AppleWebKit/537.36 (KHTML, like Gecko) Edge/83.0.0.0 Safari/537.36"
89.252.162.138 - - [26/Mar/2026:22:59:01 +0300] "POST /wp-cron.php?doing_wp_cron=1774555141.8777329921722412109375 HTTP/1.1" 200 0 "-" "WordPress/6.8.5; https://polikistikover.net"
89.252.162.138 - - [26/Mar/2026:22:59:03 +0300] "POST /wp-admin/admin-ajax.php?action=async_litespeed&nonce=iammgT9OzxoYuJKpk1o7CwMZGEqlTuQV&litespeed_type=imgoptm HTTP/1.1" 200 5 "-" "WordPress/6.8.5; https://polikistikover.net"
88.240.180.209 - - [26/Mar/2026:22:59:23 +0300] "GET /yeni/wp-content/uploads/2025/09/image-30-150x150.png HTTP/1.1" 200 28483 "https://polikistikover.net/yeni/" "Mozilla/5.0 (iPhone; CPU iPhone OS 18_7 like Mac OS X) AppleWebKit/605.1.15 (KHTML, like Gecko) Mobile/23D8133 Instagram 421.1.6.39.52 (iPhone18,2; iOS 26_3_1; tr_TR; tr; scale=3.00; 1320x2868; IABMV/1; 910922286) Safari/604.1"
88.240.180.209 - - [26/Mar/2026:22:59:26 +0300] "GET /yeni/wp-content/uploads/2025/09/Skin-tags-150x150.png HTTP/1.1" 200 43481 "https://polikistikover.net/yeni/" "Mozilla/5.0 (iPhone; CPU iPhone OS 18_7 like Mac OS X) AppleWebKit/605.1.15 (KHTML, like Gecko) Mobile/23D8133 Instagram 421.1.6.39.52 (iPhone18,2; iOS 26_3_1; tr_TR; tr; scale=3.00; 1320x2868; IABMV/1; 910922286) Safari/604.1"
88.240.180.209 - - [26/Mar/2026:22:59:26 +0300] "GET /yeni/wp-content/uploads/2025/09/image-29-150x150.png HTTP/1.1" 200 25956 "https://polikistikover.net/yeni/" "Mozilla/5.0 (iPhone; CPU iPhone OS 18_7 like Mac OS X) AppleWebKit/605.1.15 (KHTML, like Gecko) Mobile/23D8133 Instagram 421.1.6.39.52 (iPhone18,2; iOS 26_3_1; tr_TR; tr; scale=3.00; 1320x2868; IABMV/1; 910922286) Safari/604.1"
88.240.180.209 - - [26/Mar/2026:22:59:26 +0300] "GET /yeni/wp-content/uploads/elementor/thumbs/post-img4-rbng6kpedy4yyq6xx8pizn0acw1h5401fadhbniq0w.jpg HTTP/1.1" 200 91143 "https://polikistikover.net/yeni/" "Mozilla/5.0 (iPhone; CPU iPhone OS 18_7 like Mac OS X) AppleWebKit/605.1.15 (KHTML, like Gecko) Mobile/23D8133 Instagram 421.1.6.39.52 (iPhone18,2; iOS 26_3_1; tr_TR; tr; scale=3.00; 1320x2868; IABMV/1; 910922286) Safari/604.1"
196.189.161.95 - - [26/Mar/2026:22:58:13 +0300] "POST /xmlrpc.php HTTP/1.1" 200 412 "-" "Mozilla/5.0 (Linux; Android 10; arm64) AppleWebKit/537.36 (KHTML, like Gecko) Chrome/100.0.0.0 Safari/537.36"
20.106.150.36 - - [26/Mar/2026:22:58:02 +0300] "POST //xmlrpc.php HTTP/1.1" 200 410 "-" "Mozilla/5.0 (Windows NT 10.0; Win64; x64) AppleWebKit/537.36 (KHTML, like Gecko) Chrome/80.0.3987.149 Safari/537.36"
88.240.180.209 - - [26/Mar/2026:22:58:22 +0300] "GET /yeni/wp-content/uploads/2025/09/image-43.png HTTP/1.1" 200 134240 "https://polikistikover.net/yeni/polikistik-over-sendromunda-sivilce-ve-tedavisi/" "Mozilla/5.0 (iPhone; CPU iPhone OS 18_7 like Mac OS X) AppleWebKit/605.1.15 (KHTML, like Gecko) Mobile/23D8133 Instagram 421.1.6.39.52 (iPhone18,2; iOS 26_3_1; tr_TR; tr; scale=3.00; 1320x2868; IABMV/1; 910922286) Safari/604.1"
88.240.180.209 - - [26/Mar/2026:22:58:24 +0300] "GET /yeni/wp-content/uploads/2025/09/image-45.png HTTP/1.1" 200 367863 "https://polikistikover.net/yeni/polikistik-over-sendromunda-sivilce-ve-tedavisi/" "Mozilla/5.0 (iPhone; CPU iPhone OS 18_7 like Mac OS X) AppleWebKit/605.1.15 (KHTML, like Gecko) Mobile/23D8133 Instagram 421.1.6.39.52 (iPhone18,2; iOS 26_3_1; tr_TR; tr; scale=3.00; 1320x2868; IABMV/1; 910922286) Safari/604.1"
20.106.150.36 - - [26/Mar/2026:22:58:17 +0300] "POST //xmlrpc.php HTTP/1.1" 200 410 "-" "Mozilla/5.0 (Windows NT 10.0; Win64; x64) AppleWebKit/537.36 (KHTML, like Gecko) Chrome/80.0.3987.149 Safari/537.36"
20.106.150.36 - - [26/Mar/2026:22:58:31 +0300] "POST //xmlrpc.php HTTP/1.1" 200 410 "-" "Mozilla/5.0 (Windows NT 10.0; Win64; x64) AppleWebKit/537.36 (KHTML, like Gecko) Chrome/80.0.3987.149 Safari/537.36"
20.106.150.36 - - [26/Mar/2026:22:58:46 +0300] "POST //xmlrpc.php HTTP/1.1" 200 410 "-" "Mozilla/5.0 (Windows NT 10.0; Win64; x64) AppleWebKit/537.36 (KHTML, like Gecko) Chrome/80.0.3987.149 Safari/537.36"
89.252.162.138 - - [26/Mar/2026:22:59:16 +0300] "POST /wp-cron.php?doing_wp_cron=1774555156.0837030410766601562500 HTTP/1.1" 200 0 "-" "WordPress/6.8.5; https://polikistikover.net"
20.106.150.36 - - [26/Mar/2026:22:59:02 +0300] "POST //xmlrpc.php HTTP/1.1" 200 410 "-" "Mozilla/5.0 (Windows NT 10.0; Win64; x64) AppleWebKit/537.36 (KHTML, like Gecko) Chrome/80.0.3987.149 Safari/537.36"
196.189.161.95 - - [26/Mar/2026:22:59:16 +0300] "POST /xmlrpc.php HTTP/1.1" 200 412 "-" "Mozilla/5.0 (Windows NT 6.2; x86) AppleWebKit/537.36 (KHTML, like Gecko) Chrome/115.0.0.0 Safari/537.36"
20.106.150.36 - - [26/Mar/2026:22:59:16 +0300] "POST //xmlrpc.php HTTP/1.1" 200 410 "-" "Mozilla/5.0 (Windows NT 10.0; Win64; x64) AppleWebKit/537.36 (KHTML, like Gecko) Chrome/80.0.3987.149 Safari/537.36"
20.106.150.36 - - [26/Mar/2026:22:59:32 +0300] "POST //xmlrpc.php HTTP/1.1" 200 410 "-" "Mozilla/5.0 (Windows NT 10.0; Win64; x64) AppleWebKit/537.36 (KHTML, like Gecko) Chrome/80.0.3987.149 Safari/537.36"
89.252.162.138 - - [26/Mar/2026:23:00:01 +0300] "POST /wp-cron.php?doing_wp_cron=1774555201.4471030235290527343750 HTTP/1.1" 200 0 "-" "WordPress/6.8.5; https://polikistikover.net"
20.106.150.36 - - [26/Mar/2026:22:59:47 +0300] "POST //xmlrpc.php HTTP/1.1" 200 410 "-" "Mozilla/5.0 (Windows NT 10.0; Win64; x64) AppleWebKit/537.36 (KHTML, like Gecko) Chrome/80.0.3987.149 Safari/537.36"
89.252.162.138 - - [26/Mar/2026:23:00:16 +0300] "POST /wp-cron.php?doing_wp_cron=1774555216.3595740795135498046875 HTTP/1.1" 200 0 "-" "WordPress/6.8.5; https://polikistikover.net"
20.106.150.36 - - [26/Mar/2026:23:00:01 +0300] "POST //xmlrpc.php HTTP/1.1" 200 410 "-" "Mozilla/5.0 (Windows NT 10.0; Win64; x64) AppleWebKit/537.36 (KHTML, like Gecko) Chrome/80.0.3987.149 Safari/537.36"
20.106.150.36 - - [26/Mar/2026:23:00:16 +0300] "POST //xmlrpc.php HTTP/1.1" 200 410 "-" "Mozilla/5.0 (Windows NT 10.0; Win64; x64) AppleWebKit/537.36 (KHTML, like Gecko) Chrome/80.0.3987.149 Safari/537.36"
20.106.150.36 - - [26/Mar/2026:23:00:33 +0300] "POST //xmlrpc.php HTTP/1.1" 200 410 "-" "Mozilla/5.0 (Windows NT 10.0; Win64; x64) AppleWebKit/537.36 (KHTML, like Gecko) Chrome/80.0.3987.149 Safari/537.36"
89.252.162.138 - - [26/Mar/2026:23:01:01 +0300] "POST /wp-cron.php?doing_wp_cron=1774555261.1475811004638671875000 HTTP/1.1" 200 0 "-" "WordPress/6.8.5; https://polikistikover.net"
20.106.150.36 - - [26/Mar/2026:23:00:46 +0300] "POST //xmlrpc.php HTTP/1.1" 200 410 "-" "Mozilla/5.0 (Windows NT 10.0; Win64; x64) AppleWebKit/537.36 (KHTML, like Gecko) Chrome/80.0.3987.149 Safari/537.36"
20.106.150.36 - - [26/Mar/2026:23:01:01 +0300] "POST //xmlrpc.php HTTP/1.1" 200 410 "-" "Mozilla/5.0 (Windows NT 10.0; Win64; x64) AppleWebKit/537.36 (KHTML, like Gecko) Chrome/80.0.3987.149 Safari/537.36"
20.106.150.36 - - [26/Mar/2026:23:01:16 +0300] "POST //xmlrpc.php HTTP/1.1" 200 410 "-" "Mozilla/5.0 (Windows NT 10.0; Win64; x64) AppleWebKit/537.36 (KHTML, like Gecko) Chrome/80.0.3987.149 Safari/537.36"
20.48.232.178 - - [26/Mar/2026:23:01:45 +0300] "GET /wp-content/plugins/hellopress/wp_filemanager.php HTTP/1.1" 404 796 "-" "-"
20.48.232.178 - - [26/Mar/2026:23:01:46 +0300] "GET /class-t.api.php HTTP/1.1" 404 796 "-" "-"
20.48.232.178 - - [26/Mar/2026:23:01:46 +0300] "GET /zwso.php HTTP/1.1" 404 796 "-" "-"
20.48.232.178 - - [26/Mar/2026:23:01:46 +0300] "GET /wp-admin/css/colors/blue/index.php HTTP/1.1" 404 796 "-" "-"
20.106.150.36 - - [26/Mar/2026:23:01:31 +0300] "POST //xmlrpc.php HTTP/1.1" 200 410 "-" "Mozilla/5.0 (Windows NT 10.0; Win64; x64) AppleWebKit/537.36 (KHTML, like Gecko) Chrome/80.0.3987.149 Safari/537.36"
20.48.232.178 - - [26/Mar/2026:23:01:47 +0300] "GET /class19.php HTTP/1.1" 404 796 "-" "-"
20.48.232.178 - - [26/Mar/2026:23:01:47 +0300] "GET /class20.php HTTP/1.1" 404 796 "-" "-"
20.48.232.178 - - [26/Mar/2026:23:01:47 +0300] "GET /admin.php?p= HTTP/1.1" 200 0 "-" "-"
20.48.232.178 - - [26/Mar/2026:23:01:47 +0300] "GET /randkeyword.php HTTP/1.1" 404 796 "-" "-"
20.48.232.178 - - [26/Mar/2026:23:01:48 +0300] "GET /fwe.php HTTP/1.1" 404 796 "-" "-"
20.48.232.178 - - [26/Mar/2026:23:01:48 +0300] "GET /images/m.php HTTP/1.1" 404 796 "-" "-"
20.48.232.178 - - [26/Mar/2026:23:01:48 +0300] "GET /g.php HTTP/1.1" 404 796 "-" "-"
20.48.232.178 - - [26/Mar/2026:23:01:49 +0300] "GET /tx1.php HTTP/1.1" 404 796 "-" "-"
20.48.232.178 - - [26/Mar/2026:23:01:49 +0300] "GET /xv.php HTTP/1.1" 404 796 "-" "-"
20.48.232.178 - - [26/Mar/2026:23:01:49 +0300] "GET /x56.php HTTP/1.1" 404 796 "-" "-"
20.48.232.178 - - [26/Mar/2026:23:01:50 +0300] "GET /htaccess.php HTTP/1.1" 404 796 "-" "-"
20.48.232.178 - - [26/Mar/2026:23:01:50 +0300] "GET /readme.php HTTP/1.1" 404 796 "-" "-"
20.48.232.178 - - [26/Mar/2026:23:01:50 +0300] "GET /x50.php HTTP/1.1" 404 796 "-" "-"
20.48.232.178 - - [26/Mar/2026:23:01:51 +0300] "GET /fv.php HTTP/1.1" 404 796 "-" "-"
20.48.232.178 - - [26/Mar/2026:23:01:51 +0300] "GET /file.php HTTP/1.1" 404 796 "-" "-"
20.48.232.178 - - [26/Mar/2026:23:01:51 +0300] "GET /lsd.php HTTP/1.1" 404 796 "-" "-"
20.48.232.178 - - [26/Mar/2026:23:01:51 +0300] "GET /as.php HTTP/1.1" 404 796 "-" "-"
20.48.232.178 - - [26/Mar/2026:23:01:52 +0300] "GET /wsd.php HTTP/1.1" 404 796 "-" "-"
20.48.232.178 - - [26/Mar/2026:23:01:52 +0300] "GET /gtc.php HTTP/1.1" 404 796 "-" "-"
20.48.232.178 - - [26/Mar/2026:23:01:52 +0300] "GET /atx.php HTTP/1.1" 404 796 "-" "-"
20.48.232.178 - - [26/Mar/2026:23:01:53 +0300] "GET /z60.php HTTP/1.1" 404 796 "-" "-"
20.48.232.178 - - [26/Mar/2026:23:01:53 +0300] "GET /403.php HTTP/1.1" 404 796 "-" "-"
20.48.232.178 - - [26/Mar/2026:23:01:53 +0300] "GET /m.php HTTP/1.1" 404 796 "-" "-"
20.48.232.178 - - [26/Mar/2026:23:01:54 +0300] "GET /themes.php HTTP/1.1" 404 796 "-" "-"
20.48.232.178 - - [26/Mar/2026:23:01:54 +0300] "GET /wp-admin/maint/about.php HTTP/1.1" 404 796 "-" "-"
20.48.232.178 - - [26/Mar/2026:23:01:54 +0300] "GET /wp-admin/network/wp-conflg.php?p= HTTP/1.1" 404 796 "-" "-"
20.48.232.178 - - [26/Mar/2026:23:01:54 +0300] "GET /click.php HTTP/1.1" 404 796 "-" "-"
20.48.232.178 - - [26/Mar/2026:23:01:55 +0300] "GET /install.php HTTP/1.1" 404 796 "-" "-"
20.48.232.178 - - [26/Mar/2026:23:01:55 +0300] "GET /lv.php HTTP/1.1" 404 796 "-" "-"
20.48.232.178 - - [26/Mar/2026:23:01:55 +0300] "GET /simple.php HTTP/1.1" 404 796 "-" "-"
20.48.232.178 - - [26/Mar/2026:23:01:56 +0300] "GET /css.php HTTP/1.1" 404 796 "-" "-"
20.48.232.178 - - [26/Mar/2026:23:01:56 +0300] "GET /cong.php HTTP/1.1" 404 796 "-" "-"
20.48.232.178 - - [26/Mar/2026:23:01:56 +0300] "GET /wp-includes/images/wp-login.php HTTP/1.1" 404 796 "-" "-"
20.48.232.178 - - [26/Mar/2026:23:01:57 +0300] "GET /cong.php HTTP/1.1" 404 796 "-" "-"
20.48.232.178 - - [26/Mar/2026:23:01:57 +0300] "GET /w.php HTTP/1.1" 404 796 "-" "-"
20.48.232.178 - - [26/Mar/2026:23:01:57 +0300] "GET /404.php HTTP/1.1" 404 796 "-" "-"
20.48.232.178 - - [26/Mar/2026:23:01:58 +0300] "GET /ioxi-o.php HTTP/1.1" 404 796 "-" "-"
20.48.232.178 - - [26/Mar/2026:23:01:58 +0300] "GET /0x.php HTTP/1.1" 404 796 "-" "-"
20.48.232.178 - - [26/Mar/2026:23:01:58 +0300] "GET /css.php HTTP/1.1" 404 796 "-" "-"
20.48.232.178 - - [26/Mar/2026:23:01:59 +0300] "GET /222.php HTTP/1.1" 404 796 "-" "-"
20.48.232.178 - - [26/Mar/2026:23:01:59 +0300] "GET /wp-content/index.php HTTP/1.1" 200 0 "-" "-"
20.48.232.178 - - [26/Mar/2026:23:01:59 +0300] "GET /admin.php HTTP/1.1" 200 0 "-" "-"
20.48.232.178 - - [26/Mar/2026:23:02:00 +0300] "GET /wp-admin/maint/maint.php HTTP/1.1" 404 796 "-" "-"
20.48.232.178 - - [26/Mar/2026:23:02:00 +0300] "GET /classwithtostring.php HTTP/1.1" 404 796 "-" "-"
20.48.232.178 - - [26/Mar/2026:23:02:00 +0300] "GET /abcd.php HTTP/1.1" 404 796 "-" "-"
20.48.232.178 - - [26/Mar/2026:23:02:00 +0300] "GET /autoload_classmap.php?p= HTTP/1.1" 404 796 "-" "-"
20.48.232.178 - - [26/Mar/2026:23:02:01 +0300] "GET /inputs.php HTTP/1.1" 404 796 "-" "-"
20.48.232.178 - - [26/Mar/2026:23:02:01 +0300] "GET /about.php HTTP/1.1" 404 796 "-" "-"
89.252.162.138 - - [26/Mar/2026:23:02:01 +0300] "POST /wp-cron.php?doing_wp_cron=1774555321.7043359279632568359375 HTTP/1.1" 200 0 "-" "WordPress/6.8.5; https://polikistikover.net"
20.48.232.178 - - [26/Mar/2026:23:02:01 +0300] "GET /alfa.php HTTP/1.1" 404 796 "-" "-"
20.106.150.36 - - [26/Mar/2026:23:01:47 +0300] "POST //xmlrpc.php HTTP/1.1" 200 410 "-" "Mozilla/5.0 (Windows NT 10.0; Win64; x64) AppleWebKit/537.36 (KHTML, like Gecko) Chrome/80.0.3987.149 Safari/537.36"
20.48.232.178 - - [26/Mar/2026:23:02:02 +0300] "GET /themes/twentytwentytwo/index.php HTTP/1.1" 404 796 "-" "-"
20.48.232.178 - - [26/Mar/2026:23:02:02 +0300] "GET /wp-admin/js/wp-conflg.php?p= HTTP/1.1" 404 796 "-" "-"
20.48.232.178 - - [26/Mar/2026:23:02:02 +0300] "GET /wp-admin/wp-conflg.php?p= HTTP/1.1" 404 796 "-" "-"
20.48.232.178 - - [26/Mar/2026:23:02:03 +0300] "GET /wp-admin/css/wp-conflg.php?p= HTTP/1.1" 404 796 "-" "-"
89.252.162.138 - - [26/Mar/2026:23:02:02 +0300] "POST /wp-admin/admin-ajax.php?action=async_litespeed&nonce=OC36faeOGfuTjSoInhYoyBZlKLL1x59p&litespeed_type=imgoptm HTTP/1.1" 200 5 "-" "WordPress/6.8.5; https://polikistikover.net"
20.48.232.178 - - [26/Mar/2026:23:02:03 +0300] "GET /manager.php?p= HTTP/1.1" 404 796 "-" "-"
20.48.232.178 - - [26/Mar/2026:23:02:03 +0300] "GET /item.php HTTP/1.1" 404 796 "-" "-"
20.48.232.178 - - [26/Mar/2026:23:02:04 +0300] "GET /plugins/Cache/footer.php HTTP/1.1" 404 796 "-" "-"
20.48.232.178 - - [26/Mar/2026:23:02:04 +0300] "GET /404.php HTTP/1.1" 404 796 "-" "-"
20.48.232.178 - - [26/Mar/2026:23:02:04 +0300] "GET /mail.php HTTP/1.1" 404 796 "-" "-"
20.48.232.178 - - [26/Mar/2026:23:02:04 +0300] "GET /wp-content/plugins/index.php HTTP/1.1" 200 0 "-" "-"
20.48.232.178 - - [26/Mar/2026:23:02:05 +0300] "GET /sx.php HTTP/1.1" 404 796 "-" "-"
20.48.232.178 - - [26/Mar/2026:23:02:05 +0300] "GET /wp-admin/maint/admin.php HTTP/1.1" 404 796 "-" "-"
20.48.232.178 - - [26/Mar/2026:23:02:05 +0300] "GET /alfa.php HTTP/1.1" 404 796 "-" "-"
20.48.232.178 - - [26/Mar/2026:23:02:06 +0300] "GET /1.php HTTP/1.1" 404 796 "-" "-"
20.48.232.178 - - [26/Mar/2026:23:02:06 +0300] "GET /byp.php HTTP/1.1" 404 796 "-" "-"
20.48.232.178 - - [26/Mar/2026:23:02:06 +0300] "GET /wp-trackback.php HTTP/1.1" 404 152 "-" "-"
88.240.180.209 - - [26/Mar/2026:22:59:32 +0300] "GET /yeni/wp-content/uploads/elementor/thumbs/img-7-rbng6d6ov9uoduhv55gifowllt2jfj66q95l47ixa8.jpg HTTP/1.1" 200 59048 "https://polikistikover.net/yeni/" "Mozilla/5.0 (iPhone; CPU iPhone OS 18_7 like Mac OS X) AppleWebKit/605.1.15 (KHTML, like Gecko) Mobile/23D8133 Instagram 421.1.6.39.52 (iPhone18,2; iOS 26_3_1; tr_TR; tr; scale=3.00; 1320x2868; IABMV/1; 910922286) Safari/604.1"
88.240.180.209 - - [26/Mar/2026:22:59:33 +0300] "GET /yeni/wp-content/uploads/2025/09/image-64-150x150.png HTTP/1.1" 200 44048 "https://polikistikover.net/yeni/" "Mozilla/5.0 (iPhone; CPU iPhone OS 18_7 like Mac OS X) AppleWebKit/605.1.15 (KHTML, like Gecko) Mobile/23D8133 Instagram 421.1.6.39.52 (iPhone18,2; iOS 26_3_1; tr_TR; tr; scale=3.00; 1320x2868; IABMV/1; 910922286) Safari/604.1"
88.240.180.209 - - [26/Mar/2026:22:59:38 +0300] "GET /yeni/wp-content/uploads/elementor/thumbs/post-img6-rbng6ml2rm7jly47m9is4mj7jns7ki7i3joga7fxog.jpg HTTP/1.1" 200 104955 "https://polikistikover.net/yeni/" "Mozilla/5.0 (iPhone; CPU iPhone OS 18_7 like Mac OS X) AppleWebKit/605.1.15 (KHTML, like Gecko) Mobile/23D8133 Instagram 421.1.6.39.52 (iPhone18,2; iOS 26_3_1; tr_TR; tr; scale=3.00; 1320x2868; IABMV/1; 910922286) Safari/604.1"
88.240.180.209 - - [26/Mar/2026:22:59:44 +0300] "GET /yeni/wp-content/uploads/elementor/thumbs/post-img7-rbng6ogr5aa4961hbac19m24qfixzweyrszf8rd5c0.jpg HTTP/1.1" 200 69532 "https://polikistikover.net/yeni/" "Mozilla/5.0 (iPhone; CPU iPhone OS 18_7 like Mac OS X) AppleWebKit/605.1.15 (KHTML, like Gecko) Mobile/23D8133 Instagram 421.1.6.39.52 (iPhone18,2; iOS 26_3_1; tr_TR; tr; scale=3.00; 1320x2868; IABMV/1; 910922286) Safari/604.1"
89.252.162.138 - - [26/Mar/2026:22:59:47 +0300] "POST /wp-cron.php?doing_wp_cron=1774555187.4055221080780029296875 HTTP/1.1" 200 0 "-" "WordPress/6.8.5; https://polikistikover.net"
102.64.155.177 - - [26/Mar/2026:22:59:45 +0300] "POST /xmlrpc.php HTTP/1.1" 200 412 "-" "Mozilla/5.0 (Macintosh; Intel Mac OS X 10_15_7; x86) AppleWebKit/537.36 (KHTML, like Gecko) Safari/10.0.0.0 Safari/537.36"
88.240.180.209 - - [26/Mar/2026:22:59:49 +0300] "GET /yeni/wp-content/uploads/2025/09/image-18-150x150.png HTTP/1.1" 200 18953 "https://polikistikover.net/yeni/" "Mozilla/5.0 (iPhone; CPU iPhone OS 18_7 like Mac OS X) AppleWebKit/605.1.15 (KHTML, like Gecko) Mobile/23D8133 Instagram 421.1.6.39.52 (iPhone18,2; iOS 26_3_1; tr_TR; tr; scale=3.00; 1320x2868; IABMV/1; 910922286) Safari/604.1"
88.240.180.209 - - [26/Mar/2026:22:59:48 +0300] "GET /yeni/wp-content/uploads/elementor/thumbs/image-67-rcb2xa5cuvsgtr6xgsyio3guuwwgm3wjjeud5ozv34.png HTTP/1.1" 200 677319 "https://polikistikover.net/yeni/" "Mozilla/5.0 (iPhone; CPU iPhone OS 18_7 like Mac OS X) AppleWebKit/605.1.15 (KHTML, like Gecko) Mobile/23D8133 Instagram 421.1.6.39.52 (iPhone18,2; iOS 26_3_1; tr_TR; tr; scale=3.00; 1320x2868; IABMV/1; 910922286) Safari/604.1"
89.252.162.138 - - [26/Mar/2026:22:59:49 +0300] "POST /wp-admin/admin-ajax.php?action=async_litespeed&nonce=rhW2Gr4NZHhgsTHhi8Q1eAzmoruYIGGJ&litespeed_type=imgoptm HTTP/1.1" 200 5 "-" "WordPress/6.8.5; https://polikistikover.net"
89.252.162.138 - - [26/Mar/2026:23:01:01 +0300] "POST /wp-admin/admin-ajax.php?action=async_litespeed&nonce=WsRkmpOFN4SMt4r1q13ymh6AEx8sXzzZ&litespeed_type=imgoptm HTTP/1.1" 200 5 "-" "WordPress/6.8.5; https://polikistikover.net"
102.64.155.177 - - [26/Mar/2026:23:01:12 +0300] "POST /xmlrpc.php HTTP/1.1" 200 412 "-" "Mozilla/5.0 (X11; Ubuntu; Linux x86_64; x64) AppleWebKit/537.36 (KHTML, like Gecko) Opera/67.0.0.0 Safari/537.36"
89.252.162.138 - - [26/Mar/2026:23:01:16 +0300] "POST /wp-cron.php?doing_wp_cron=1774555276.3977189064025878906250 HTTP/1.1" 200 0 "-" "WordPress/6.8.5; https://polikistikover.net"
88.216.210.22 - - [26/Mar/2026:23:01:46 +0300] "GET / HTTP/1.1" 200 76 "-" "Mozilla/5.0 (Windows NT 10.0; Win64; x64) AppleWebKit/537.36 (KHTML, like Gecko) Chrome/91.0.4472.124 Safari/537.36"
20.48.232.178 - - [26/Mar/2026:23:02:08 +0300] "GET /.well-known/index.php HTTP/1.1" 200 0 "-" "-"
20.48.232.178 - - [26/Mar/2026:23:02:09 +0300] "GET /wp-admin/network/plugins.php HTTP/1.1" 302 0 "-" "-"
20.48.232.178 - - [26/Mar/2026:23:02:12 +0300] "GET /wp-admin/about.php HTTP/1.1" 302 0 "-" "-"
20.48.232.178 - - [26/Mar/2026:23:02:14 +0300] "GET /gmo.php HTTP/1.1" 404 796 "-" "-"
20.48.232.178 - - [26/Mar/2026:23:02:14 +0300] "GET /wp-includes/ID3/about.php HTTP/1.1" 404 796 "-" "-"
20.48.232.178 - - [26/Mar/2026:23:02:15 +0300] "GET /css/index.php HTTP/1.1" 404 796 "-" "-"
20.48.232.178 - - [26/Mar/2026:23:02:15 +0300] "GET /wp-includes/SimplePie/wp-login.php HTTP/1.1" 404 796 "-" "-"
20.48.232.178 - - [26/Mar/2026:23:02:15 +0300] "GET /wp-content/themes/about.php HTTP/1.1" 404 796 "-" "-"
20.48.232.178 - - [26/Mar/2026:23:02:16 +0300] "GET /filemanager/dialog.php HTTP/1.1" 404 796 "-" "-"
20.48.232.178 - - [26/Mar/2026:23:02:16 +0300] "GET /wp-admin/maint/index.php HTTP/1.1" 404 796 "-" "-"
20.48.232.178 - - [26/Mar/2026:23:02:16 +0300] "GET /wp-includes/customize/about.php HTTP/1.1" 404 796 "-" "-"
20.48.232.178 - - [26/Mar/2026:23:02:17 +0300] "GET /index/function.php HTTP/1.1" 404 796 "-" "-"
20.106.150.36 - - [26/Mar/2026:23:02:02 +0300] "POST //xmlrpc.php HTTP/1.1" 200 410 "-" "Mozilla/5.0 (Windows NT 10.0; Win64; x64) AppleWebKit/537.36 (KHTML, like Gecko) Chrome/80.0.3987.149 Safari/537.36"
20.48.232.178 - - [26/Mar/2026:23:02:17 +0300] "GET /uploads/autoload_classmap.php HTTP/1.1" 404 796 "-" "-"
20.48.232.178 - - [26/Mar/2026:23:02:17 +0300] "GET /wp-includes/style-engine/about.php HTTP/1.1" 404 796 "-" "-"
20.48.232.178 - - [26/Mar/2026:23:02:17 +0300] "GET /ww1.php HTTP/1.1" 404 796 "-" "-"
20.48.232.178 - - [26/Mar/2026:23:02:18 +0300] "GET /about/function.php HTTP/1.1" 404 796 "-" "-"
20.48.232.178 - - [26/Mar/2026:23:02:18 +0300] "GET /admin/function.php HTTP/1.1" 404 796 "-" "-"
20.48.232.178 - - [26/Mar/2026:23:02:18 +0300] "GET /.well-known/acme-challenge/index.php HTTP/1.1" 200 0 "-" "-"
20.48.232.178 - - [26/Mar/2026:23:02:19 +0300] "GET /css/colors/blue/index.php HTTP/1.1" 404 796 "-" "-"
20.48.232.178 - - [26/Mar/2026:23:02:19 +0300] "GET /security.php HTTP/1.1" 404 796 "-" "-"
20.48.232.178 - - [26/Mar/2026:23:02:19 +0300] "GET /wp-admin/user/about.php HTTP/1.1" 302 0 "-" "-"
20.48.232.178 - - [26/Mar/2026:23:02:22 +0300] "GET /wp-admin/js/index.php HTTP/1.1" 404 796 "-" "-"
20.48.232.178 - - [26/Mar/2026:23:02:22 +0300] "GET /wp-content/upgrade/about.php HTTP/1.1" 404 796 "-" "-"
20.48.232.178 - - [26/Mar/2026:23:02:22 +0300] "GET /wp-includes/assets/index.php HTTP/1.1" 404 796 "-" "-"
20.48.232.178 - - [26/Mar/2026:23:02:23 +0300] "GET /wp-content/radio.php HTTP/1.1" 404 796 "-" "-"
20.48.232.178 - - [26/Mar/2026:23:02:23 +0300] "GET /wp-includes/fonts/index.php?p= HTTP/1.1" 404 796 "-" "-"
20.48.232.178 - - [26/Mar/2026:23:02:23 +0300] "GET /.well-known/admin.php HTTP/1.1" 404 796 "-" "-"
20.48.232.178 - - [26/Mar/2026:23:02:24 +0300] "GET /wp-content/admin.php HTTP/1.1" 404 796 "-" "-"
20.48.232.178 - - [26/Mar/2026:23:02:24 +0300] "GET /wp-content/plugins/admin.php HTTP/1.1" 404 796 "-" "-"
20.48.232.178 - - [26/Mar/2026:23:02:24 +0300] "GET /wp-content/themes/twentytwentytwo/index.php?p= HTTP/1.1" 200 0 "-" "-"
20.48.232.178 - - [26/Mar/2026:23:02:25 +0300] "GET /.well-known/log.php HTTP/1.1" 404 796 "-" "-"
20.48.232.178 - - [26/Mar/2026:23:02:25 +0300] "GET /class.php HTTP/1.1" 404 796 "-" "-"
20.48.232.178 - - [26/Mar/2026:23:02:25 +0300] "GET /bless5.php HTTP/1.1" 404 796 "-" "-"
20.48.232.178 - - [26/Mar/2026:23:02:26 +0300] "GET /wp-includes/js/codemirror/index.php HTTP/1.1" 404 796 "-" "-"
20.48.232.178 - - [26/Mar/2026:23:02:26 +0300] "GET /wp-includes/block-patterns/index.php HTTP/1.1" 404 796 "-" "-"
20.48.232.178 - - [26/Mar/2026:23:02:26 +0300] "GET /lock360.php HTTP/1.1" 404 796 "-" "-"
20.48.232.178 - - [26/Mar/2026:23:02:26 +0300] "GET /f35.php HTTP/1.1" 404 796 "-" "-"
20.48.232.178 - - [26/Mar/2026:23:02:27 +0300] "GET /ioxi-o1.php HTTP/1.1" 404 796 "-" "-"
20.48.232.178 - - [26/Mar/2026:23:02:27 +0300] "GET /juuuu.php HTTP/1.1" 404 796 "-" "-"
20.48.232.178 - - [26/Mar/2026:23:02:27 +0300] "GET /ha.php HTTP/1.1" 404 796 "-" "-"
20.48.232.178 - - [26/Mar/2026:23:02:28 +0300] "GET /gg.php HTTP/1.1" 404 796 "-" "-"
20.48.232.178 - - [26/Mar/2026:23:02:28 +0300] "GET /we2.php HTTP/1.1" 404 796 "-" "-"
20.48.232.178 - - [26/Mar/2026:23:02:28 +0300] "GET /04.php HTTP/1.1" 404 796 "-" "-"
20.48.232.178 - - [26/Mar/2026:23:02:29 +0300] "GET /333.php HTTP/1.1" 404 796 "-" "-"
20.48.232.178 - - [26/Mar/2026:23:02:29 +0300] "GET /520.php HTTP/1.1" 404 796 "-" "-"
