89.252.162.138 - - [26/Mar/2026:22:30:01 +0300] "POST /wp-admin/admin-ajax.php?action=async_litespeed&nonce=FxR84cj9kZrizURztt1Poq5DHfReOkVP&litespeed_type=imgoptm HTTP/1.1" 200 5 "-" "WordPress/6.8.5; https://polikistikover.net"
196.189.161.95 - - [26/Mar/2026:22:30:13 +0300] "POST /xmlrpc.php HTTP/1.1" 200 412 "-" "Mozilla/5.0 (Macintosh; Intel Mac OS X 10_15_7; x86) AppleWebKit/537.36 (KHTML, like Gecko) Chrome/105.0.0.0 Safari/537.36"
20.106.150.36 - - [26/Mar/2026:22:30:01 +0300] "POST //xmlrpc.php HTTP/1.1" 200 410 "-" "Mozilla/5.0 (Windows NT 10.0; Win64; x64) AppleWebKit/537.36 (KHTML, like Gecko) Chrome/80.0.3987.149 Safari/537.36"
20.106.150.36 - - [26/Mar/2026:22:30:16 +0300] "POST //xmlrpc.php HTTP/1.1" 200 410 "-" "Mozilla/5.0 (Windows NT 10.0; Win64; x64) AppleWebKit/537.36 (KHTML, like Gecko) Chrome/80.0.3987.149 Safari/537.36"
20.106.150.36 - - [26/Mar/2026:22:30:31 +0300] "POST //xmlrpc.php HTTP/1.1" 200 410 "-" "Mozilla/5.0 (Windows NT 10.0; Win64; x64) AppleWebKit/537.36 (KHTML, like Gecko) Chrome/80.0.3987.149 Safari/537.36"
20.106.150.36 - - [26/Mar/2026:22:30:46 +0300] "POST //xmlrpc.php HTTP/1.1" 200 410 "-" "Mozilla/5.0 (Windows NT 10.0; Win64; x64) AppleWebKit/537.36 (KHTML, like Gecko) Chrome/80.0.3987.149 Safari/537.36"
89.252.162.138 - - [26/Mar/2026:22:31:02 +0300] "POST /wp-admin/admin-ajax.php?action=async_litespeed&nonce=9F5Y75d9tuUbNgERoiJEUh8soVyaYzdY&litespeed_type=imgoptm HTTP/1.1" 200 5 "-" "WordPress/6.8.5; https://polikistikover.net"
20.106.150.36 - - [26/Mar/2026:22:31:02 +0300] "POST //xmlrpc.php HTTP/1.1" 200 410 "-" "Mozilla/5.0 (Windows NT 10.0; Win64; x64) AppleWebKit/537.36 (KHTML, like Gecko) Chrome/80.0.3987.149 Safari/537.36"
20.106.150.36 - - [26/Mar/2026:22:31:16 +0300] "POST //xmlrpc.php HTTP/1.1" 200 410 "-" "Mozilla/5.0 (Windows NT 10.0; Win64; x64) AppleWebKit/537.36 (KHTML, like Gecko) Chrome/80.0.3987.149 Safari/537.36"
20.106.150.36 - - [26/Mar/2026:22:31:31 +0300] "POST //xmlrpc.php HTTP/1.1" 200 410 "-" "Mozilla/5.0 (Windows NT 10.0; Win64; x64) AppleWebKit/537.36 (KHTML, like Gecko) Chrome/80.0.3987.149 Safari/537.36"
89.252.162.138 - - [26/Mar/2026:22:23:01 +0300] "POST /wp-admin/admin-ajax.php?action=async_litespeed&nonce=Swg2uR6crekK6Zk8a6c9wLDK3NoF9Lbg&litespeed_type=imgoptm HTTP/1.1" 200 5 "-" "WordPress/6.8.5; https://polikistikover.net"
209.141.57.163 - - [26/Mar/2026:22:23:33 +0300] "GET /wp-login.php HTTP/1.1" 200 10674 "-" "Mozilla/5.0 (Windows NT 6.1) AppleWebKit/537.36 (KHTML, like Gecko) Chrome/35.0.1916.153 Safari/537.36"
209.141.57.163 - - [26/Mar/2026:22:23:33 +0300] "POST /wp-login.php HTTP/1.1" 200 11158 "-" "Mozilla/5.0 (Windows NT 6.1) AppleWebKit/537.36 (KHTML, like Gecko) Chrome/35.0.1916.153 Safari/537.36"
89.252.162.138 - - [26/Mar/2026:22:25:01 +0300] "POST /wp-cron.php?doing_wp_cron=1774553101.4214689731597900390625 HTTP/1.1" 200 0 "-" "WordPress/6.8.5; https://polikistikover.net"
89.252.162.138 - - [26/Mar/2026:22:25:16 +0300] "POST /wp-cron.php?doing_wp_cron=1774553116.2307610511779785156250 HTTP/1.1" 200 0 "-" "WordPress/6.8.5; https://polikistikover.net"
89.252.162.138 - - [26/Mar/2026:22:26:01 +0300] "POST /wp-cron.php?doing_wp_cron=1774553161.2676808834075927734375 HTTP/1.1" 200 0 "-" "WordPress/6.8.5; https://polikistikover.net"
89.252.162.138 - - [26/Mar/2026:22:26:16 +0300] "POST /wp-cron.php?doing_wp_cron=1774553176.3691840171813964843750 HTTP/1.1" 200 0 "-" "WordPress/6.8.5; https://polikistikover.net"
196.189.161.95 - - [26/Mar/2026:22:26:34 +0300] "POST /xmlrpc.php HTTP/1.1" 200 412 "-" "Mozilla/5.0 (Windows NT 10.0; x86) AppleWebKit/537.36 (KHTML, like Gecko) Edge/91.0.0.0 Safari/537.36"
89.252.162.138 - - [26/Mar/2026:22:27:01 +0300] "POST /wp-cron.php?doing_wp_cron=1774553221.2186241149902343750000 HTTP/1.1" 200 0 "-" "WordPress/6.8.5; https://polikistikover.net"
89.252.162.138 - - [26/Mar/2026:22:27:02 +0300] "POST /wp-admin/admin-ajax.php?action=async_litespeed&nonce=ky08PG2m5PNGLRo1f5OyCJireTVZTL2Z&litespeed_type=imgoptm HTTP/1.1" 200 5 "-" "WordPress/6.8.5; https://polikistikover.net"
89.252.162.138 - - [26/Mar/2026:22:27:16 +0300] "POST /wp-cron.php?doing_wp_cron=1774553236.0888490676879882812500 HTTP/1.1" 200 0 "-" "WordPress/6.8.5; https://polikistikover.net"
89.252.162.138 - - [26/Mar/2026:22:28:16 +0300] "POST /wp-cron.php?doing_wp_cron=1774553296.2662808895111083984375 HTTP/1.1" 200 0 "-" "WordPress/6.8.5; https://polikistikover.net"
89.252.162.138 - - [26/Mar/2026:22:28:47 +0300] "POST /wp-cron.php?doing_wp_cron=1774553327.0378289222717285156250 HTTP/1.1" 200 0 "-" "WordPress/6.8.5; https://polikistikover.net"
89.252.162.138 - - [26/Mar/2026:22:28:47 +0300] "POST /wp-admin/admin-ajax.php?action=async_litespeed&nonce=1vOw2Klfc6zIBFGYsCw7q0vaEkxPAEUh&litespeed_type=imgoptm HTTP/1.1" 200 5 "-" "WordPress/6.8.5; https://polikistikover.net"
89.252.162.138 - - [26/Mar/2026:22:28:59 +0300] "POST /wp-cron.php?doing_wp_cron=1774553339.0397920608520507812500 HTTP/1.1" 200 0 "-" "WordPress/6.8.5; https://polikistikover.net"
196.189.161.95 - - [26/Mar/2026:22:28:58 +0300] "POST /xmlrpc.php HTTP/1.1" 200 412 "-" "Mozilla/5.0 (Windows NT 6.3; x86) AppleWebKit/537.36 (KHTML, like Gecko) Chrome/94.0.0.0 Safari/537.36"
89.252.162.138 - - [26/Mar/2026:22:30:16 +0300] "POST /wp-cron.php?doing_wp_cron=1774553416.5851120948791503906250 HTTP/1.1" 200 0 "-" "WordPress/6.8.5; https://polikistikover.net"
89.252.162.138 - - [26/Mar/2026:22:31:01 +0300] "POST /wp-cron.php?doing_wp_cron=1774553461.9187951087951660156250 HTTP/1.1" 200 0 "-" "WordPress/6.8.5; https://polikistikover.net"
89.252.162.138 - - [26/Mar/2026:22:31:16 +0300] "POST /wp-cron.php?doing_wp_cron=1774553476.2250568866729736328125 HTTP/1.1" 200 0 "-" "WordPress/6.8.5; https://polikistikover.net"
196.189.161.95 - - [26/Mar/2026:22:31:21 +0300] "POST /xmlrpc.php HTTP/1.1" 200 412 "-" "Mozilla/5.0 (Windows NT 6.2; x86) AppleWebKit/537.36 (KHTML, like Gecko) Firefox/75.0.0.0 Safari/537.36"
89.252.162.138 - - [26/Mar/2026:22:32:30 +0300] "POST /wp-cron.php?doing_wp_cron=1774553550.7887239456176757812500 HTTP/1.1" 200 0 "-" "WordPress/6.8.5; https://polikistikover.net"
196.189.161.95 - - [26/Mar/2026:22:32:29 +0300] "POST /xmlrpc.php HTTP/1.1" 200 412 "-" "Mozilla/5.0 (Windows NT 6.3; x86) AppleWebKit/537.36 (KHTML, like Gecko) Chrome/114.0.0.0 Safari/537.36"
196.189.161.95 - - [26/Mar/2026:22:33:29 +0300] "POST /xmlrpc.php HTTP/1.1" 200 412 "-" "Mozilla/5.0 (Windows NT 6.3; x86) AppleWebKit/537.36 (KHTML, like Gecko) Firefox/83.0.0.0 Safari/537.36"
89.252.162.138 - - [26/Mar/2026:22:34:01 +0300] "POST /wp-cron.php?doing_wp_cron=1774553641.3324999809265136718750 HTTP/1.1" 200 0 "-" "WordPress/6.8.5; https://polikistikover.net"
89.252.162.138 - - [26/Mar/2026:22:34:02 +0300] "POST /wp-admin/admin-ajax.php?action=async_litespeed&nonce=eUIDm1065XHQ5uYqAVpYKGdJuYBXbLok&litespeed_type=imgoptm HTTP/1.1" 200 5 "-" "WordPress/6.8.5; https://polikistikover.net"
95.2.12.132 - - [26/Mar/2026:22:34:06 +0300] "GET /yeni/wp-content/plugins/contact-form-7/includes/css/styles.css?ver=6.1.5 HTTP/1.1" 200 899 "https://polikistikover.net/yeni/" "Mozilla/5.0 (Linux; Android 10; K) AppleWebKit/537.36 (KHTML, like Gecko) Chrome/146.0.0.0 Mobile Safari/537.36"
95.2.12.132 - - [26/Mar/2026:22:34:06 +0300] "GET /yeni/wp-content/themes/narihealth/fonts/iconfont.css?ver=6.9.4 HTTP/1.1" 200 1856 "https://polikistikover.net/yeni/" "Mozilla/5.0 (Linux; Android 10; K) AppleWebKit/537.36 (KHTML, like Gecko) Chrome/146.0.0.0 Mobile Safari/537.36"
95.2.12.132 - - [26/Mar/2026:22:34:06 +0300] "GET /yeni/wp-content/themes/narihealth/assets/css/bootstrap.min.css?ver=6.9.4 HTTP/1.1" 200 24644 "https://polikistikover.net/yeni/" "Mozilla/5.0 (Linux; Android 10; K) AppleWebKit/537.36 (KHTML, like Gecko) Chrome/146.0.0.0 Mobile Safari/537.36"
95.2.12.132 - - [26/Mar/2026:22:34:06 +0300] "GET /yeni/wp-content/themes/narihealth/assets/css/header-v1.css?ver=6.9.4 HTTP/1.1" 200 300 "https://polikistikover.net/yeni/" "Mozilla/5.0 (Linux; Android 10; K) AppleWebKit/537.36 (KHTML, like Gecko) Chrome/146.0.0.0 Mobile Safari/537.36"
95.2.12.132 - - [26/Mar/2026:22:34:06 +0300] "GET /yeni/wp-content/themes/narihealth/assets/css/custom_script.css?ver=6.9.4 HTTP/1.1" 200 0 "https://polikistikover.net/yeni/" "Mozilla/5.0 (Linux; Android 10; K) AppleWebKit/537.36 (KHTML, like Gecko) Chrome/146.0.0.0 Mobile Safari/537.36"
95.2.12.132 - - [26/Mar/2026:22:34:06 +0300] "GET /yeni/wp-content/themes/narihealth/assets/css/responsive.css?ver=6.9.4 HTTP/1.1" 200 934 "https://polikistikover.net/yeni/" "Mozilla/5.0 (Linux; Android 10; K) AppleWebKit/537.36 (KHTML, like Gecko) Chrome/146.0.0.0 Mobile Safari/537.36"
95.2.12.132 - - [26/Mar/2026:22:34:06 +0300] "GET /yeni/wp-content/themes/narihealth/style.css?ver=6.9.4 HTTP/1.1" 200 15803 "https://polikistikover.net/yeni/" "Mozilla/5.0 (Linux; Android 10; K) AppleWebKit/537.36 (KHTML, like Gecko) Chrome/146.0.0.0 Mobile Safari/537.36"
95.2.12.132 - - [26/Mar/2026:22:34:06 +0300] "GET /yeni/wp-includes/js/jquery/jquery-migrate.min.js?ver=3.4.1 HTTP/1.1" 200 4678 "https://polikistikover.net/yeni/" "Mozilla/5.0 (Linux; Android 10; K) AppleWebKit/537.36 (KHTML, like Gecko) Chrome/146.0.0.0 Mobile Safari/537.36"
95.2.12.132 - - [26/Mar/2026:22:34:06 +0300] "GET /yeni/wp-includes/js/jquery/jquery.min.js?ver=3.7.1 HTTP/1.1" 200 29744 "https://polikistikover.net/yeni/" "Mozilla/5.0 (Linux; Android 10; K) AppleWebKit/537.36 (KHTML, like Gecko) Chrome/146.0.0.0 Mobile Safari/537.36"
95.2.12.132 - - [26/Mar/2026:22:34:06 +0300] "GET /yeni/wp-includes/js/dist/hooks.min.js?ver=dd5603f07f9220ed27f1 HTTP/1.1" 200 1852 "https://polikistikover.net/yeni/" "Mozilla/5.0 (Linux; Android 10; K) AppleWebKit/537.36 (KHTML, like Gecko) Chrome/146.0.0.0 Mobile Safari/537.36"
95.2.12.132 - - [26/Mar/2026:22:34:06 +0300] "GET /yeni/wp-content/uploads/2025/10/sac.jpg HTTP/1.1" 200 9199 "https://polikistikover.net/yeni/" "Mozilla/5.0 (Linux; Android 10; K) AppleWebKit/537.36 (KHTML, like Gecko) Chrome/146.0.0.0 Mobile Safari/537.36"
95.2.12.132 - - [26/Mar/2026:22:34:06 +0300] "GET /yeni/wp-includes/js/dist/i18n.min.js?ver=c26c3dc7bed366793375 HTTP/1.1" 200 2119 "https://polikistikover.net/yeni/" "Mozilla/5.0 (Linux; Android 10; K) AppleWebKit/537.36 (KHTML, like Gecko) Chrome/146.0.0.0 Mobile Safari/537.36"
95.2.12.132 - - [26/Mar/2026:22:34:06 +0300] "GET /yeni/wp-content/plugins/contact-form-7/includes/swv/js/index.js?ver=6.1.5 HTTP/1.1" 200 3369 "https://polikistikover.net/yeni/" "Mozilla/5.0 (Linux; Android 10; K) AppleWebKit/537.36 (KHTML, like Gecko) Chrome/146.0.0.0 Mobile Safari/537.36"
95.2.12.132 - - [26/Mar/2026:22:34:06 +0300] "GET /yeni/wp-includes/js/hoverIntent.min.js?ver=1.10.2 HTTP/1.1" 200 668 "https://polikistikover.net/yeni/" "Mozilla/5.0 (Linux; Android 10; K) AppleWebKit/537.36 (KHTML, like Gecko) Chrome/146.0.0.0 Mobile Safari/537.36"
95.2.12.132 - - [26/Mar/2026:22:34:06 +0300] "GET /yeni/wp-content/fonts/inter/UcC73FwrK3iLTeHuS_nVMrMxCp50SjIa1ZL7.woff2 HTTP/1.1" 200 48256 "https://polikistikover.net/yeni/" "Mozilla/5.0 (Linux; Android 10; K) AppleWebKit/537.36 (KHTML, like Gecko) Chrome/146.0.0.0 Mobile Safari/537.36"
95.2.12.132 - - [26/Mar/2026:22:34:06 +0300] "GET /yeni/wp-content/fonts/inter/UcC73FwrK3iLTeHuS_nVMrMxCp50SjIa25L7SUc.woff2 HTTP/1.1" 200 85068 "https://polikistikover.net/yeni/" "Mozilla/5.0 (Linux; Android 10; K) AppleWebKit/537.36 (KHTML, like Gecko) Chrome/146.0.0.0 Mobile Safari/537.36"
95.2.12.132 - - [26/Mar/2026:22:34:06 +0300] "GET /yeni/wp-content/fonts/inter/UcC73FwrK3iLTeHuS_nVMrMxCp50SjIa1pL7SUc.woff2 HTTP/1.1" 200 18996 "https://polikistikover.net/yeni/" "Mozilla/5.0 (Linux; Android 10; K) AppleWebKit/537.36 (KHTML, like Gecko) Chrome/146.0.0.0 Mobile Safari/537.36"
95.2.12.132 - - [26/Mar/2026:22:34:09 +0300] "GET /yeni/wp-content/themes/narihealth/fonts/icomoon.ttf?5m92mu HTTP/1.1" 200 25863 "https://polikistikover.net/yeni/wp-content/themes/narihealth/fonts/iconfont.css?ver=6.9.4" "Mozilla/5.0 (Linux; Android 10; K) AppleWebKit/537.36 (KHTML, like Gecko) Chrome/146.0.0.0 Mobile Safari/537.36"
95.2.12.132 - - [26/Mar/2026:22:34:06 +0300] "GET /yeni/wp-content/plugins/contact-form-7/includes/js/index.js?ver=6.1.5 HTTP/1.1" 200 4008 "https://polikistikover.net/yeni/" "Mozilla/5.0 (Linux; Android 10; K) AppleWebKit/537.36 (KHTML, like Gecko) Chrome/146.0.0.0 Mobile Safari/537.36"
95.2.12.132 - - [26/Mar/2026:22:34:06 +0300] "GET /yeni/wp-content/uploads/2023/10/img-10.jpg HTTP/1.1" 200 163480 "https://polikistikover.net/yeni/" "Mozilla/5.0 (Linux; Android 10; K) AppleWebKit/537.36 (KHTML, like Gecko) Chrome/146.0.0.0 Mobile Safari/537.36"
95.2.12.132 - - [26/Mar/2026:22:34:06 +0300] "GET /yeni/wp-content/themes/narihealth/assets/js/jquery.easing.js?ver=1.3.0 HTTP/1.1" 200 1891 "https://polikistikover.net/yeni/" "Mozilla/5.0 (Linux; Android 10; K) AppleWebKit/537.36 (KHTML, like Gecko) Chrome/146.0.0.0 Mobile Safari/537.36"
95.2.12.132 - - [26/Mar/2026:22:34:06 +0300] "GET /yeni/wp-includes/js/imagesloaded.min.js?ver=5.0.0 HTTP/1.1" 200 1687 "https://polikistikover.net/yeni/" "Mozilla/5.0 (Linux; Android 10; K) AppleWebKit/537.36 (KHTML, like Gecko) Chrome/146.0.0.0 Mobile Safari/537.36"
95.2.12.132 - - [26/Mar/2026:22:34:06 +0300] "GET /yeni/wp-includes/js/masonry.min.js?ver=4.2.2 HTTP/1.1" 200 7117 "https://polikistikover.net/yeni/" "Mozilla/5.0 (Linux; Android 10; K) AppleWebKit/537.36 (KHTML, like Gecko) Chrome/146.0.0.0 Mobile Safari/537.36"
95.2.12.132 - - [26/Mar/2026:22:34:06 +0300] "GET /yeni/wp-content/themes/narihealth/assets/js/isotope.js?ver=3.0.6 HTTP/1.1" 200 9603 "https://polikistikover.net/yeni/" "Mozilla/5.0 (Linux; Android 10; K) AppleWebKit/537.36 (KHTML, like Gecko) Chrome/146.0.0.0 Mobile Safari/537.36"
95.2.12.132 - - [26/Mar/2026:22:34:06 +0300] "GET /yeni/wp-content/themes/narihealth/assets/js/jquery.slicknav.js?ver=1.0.10 HTTP/1.1" 200 4556 "https://polikistikover.net/yeni/" "Mozilla/5.0 (Linux; Android 10; K) AppleWebKit/537.36 (KHTML, like Gecko) Chrome/146.0.0.0 Mobile Safari/537.36"
89.252.162.138 - - [26/Mar/2026:22:32:01 +0300] "POST /wp-cron.php?doing_wp_cron=1774553521.8218300342559814453125 HTTP/1.1" 200 0 "-" "WordPress/6.8.5; https://polikistikover.net"
20.106.150.36 - - [26/Mar/2026:22:31:46 +0300] "POST //xmlrpc.php HTTP/1.1" 200 410 "-" "Mozilla/5.0 (Windows NT 10.0; Win64; x64) AppleWebKit/537.36 (KHTML, like Gecko) Chrome/80.0.3987.149 Safari/537.36"
89.252.162.138 - - [26/Mar/2026:22:32:02 +0300] "POST /wp-admin/admin-ajax.php?action=async_litespeed&nonce=xeGQTwSsAh9U73nnq5nUjarrw1t36Ajs&litespeed_type=imgoptm HTTP/1.1" 200 5 "-" "WordPress/6.8.5; https://polikistikover.net"
20.106.150.36 - - [26/Mar/2026:22:32:02 +0300] "POST //xmlrpc.php HTTP/1.1" 200 410 "-" "Mozilla/5.0 (Windows NT 10.0; Win64; x64) AppleWebKit/537.36 (KHTML, like Gecko) Chrome/80.0.3987.149 Safari/537.36"
193.24.211.92 - - [26/Mar/2026:22:32:29 +0300] "GET / HTTP/1.1" 200 76 "-" "-"
20.106.150.36 - - [26/Mar/2026:22:32:16 +0300] "POST //xmlrpc.php HTTP/1.1" 200 410 "-" "Mozilla/5.0 (Windows NT 10.0; Win64; x64) AppleWebKit/537.36 (KHTML, like Gecko) Chrome/80.0.3987.149 Safari/537.36"
20.106.150.36 - - [26/Mar/2026:22:32:32 +0300] "POST //xmlrpc.php HTTP/1.1" 200 410 "-" "Mozilla/5.0 (Windows NT 10.0; Win64; x64) AppleWebKit/537.36 (KHTML, like Gecko) Chrome/80.0.3987.149 Safari/537.36"
89.252.162.138 - - [26/Mar/2026:22:33:01 +0300] "POST /wp-cron.php?doing_wp_cron=1774553581.5738379955291748046875 HTTP/1.1" 200 0 "-" "WordPress/6.8.5; https://polikistikover.net"
20.106.150.36 - - [26/Mar/2026:22:32:47 +0300] "POST //xmlrpc.php HTTP/1.1" 200 410 "-" "Mozilla/5.0 (Windows NT 10.0; Win64; x64) AppleWebKit/537.36 (KHTML, like Gecko) Chrome/80.0.3987.149 Safari/537.36"
89.252.162.138 - - [26/Mar/2026:22:33:02 +0300] "POST /wp-admin/admin-ajax.php?action=async_litespeed&nonce=UVkFQMdFe4tnliDLquVtaRQWJyryP9k0&litespeed_type=imgoptm HTTP/1.1" 200 5 "-" "WordPress/6.8.5; https://polikistikover.net"
89.252.162.138 - - [26/Mar/2026:22:33:16 +0300] "POST /wp-cron.php?doing_wp_cron=1774553596.2505629062652587890625 HTTP/1.1" 200 0 "-" "WordPress/6.8.5; https://polikistikover.net"
20.106.150.36 - - [26/Mar/2026:22:33:01 +0300] "POST //xmlrpc.php HTTP/1.1" 200 410 "-" "Mozilla/5.0 (Windows NT 10.0; Win64; x64) AppleWebKit/537.36 (KHTML, like Gecko) Chrome/80.0.3987.149 Safari/537.36"
20.106.150.36 - - [26/Mar/2026:22:33:16 +0300] "POST //xmlrpc.php HTTP/1.1" 200 410 "-" "Mozilla/5.0 (Windows NT 10.0; Win64; x64) AppleWebKit/537.36 (KHTML, like Gecko) Chrome/80.0.3987.149 Safari/537.36"
20.106.150.36 - - [26/Mar/2026:22:33:31 +0300] "POST //xmlrpc.php HTTP/1.1" 200 410 "-" "Mozilla/5.0 (Windows NT 10.0; Win64; x64) AppleWebKit/537.36 (KHTML, like Gecko) Chrome/80.0.3987.149 Safari/537.36"
95.2.12.132 - - [26/Mar/2026:22:33:47 +0300] "GET / HTTP/2" 200 76 "https://www.youtube.com/" "Mozilla/5.0 (Linux; Android 10; K) AppleWebKit/537.36 (KHTML, like Gecko) Chrome/146.0.0.0 Mobile Safari/537.36"
95.2.12.132 - - [26/Mar/2026:22:33:48 +0300] "GET /favicon.ico HTTP/2" 404 796 "https://polikistikover.net/" "Mozilla/5.0 (Linux; Android 10; K) AppleWebKit/537.36 (KHTML, like Gecko) Chrome/146.0.0.0 Mobile Safari/537.36"
20.106.150.36 - - [26/Mar/2026:22:33:46 +0300] "POST //xmlrpc.php HTTP/1.1" 200 410 "-" "Mozilla/5.0 (Windows NT 10.0; Win64; x64) AppleWebKit/537.36 (KHTML, like Gecko) Chrome/80.0.3987.149 Safari/537.36"
89.252.162.138 - - [26/Mar/2026:22:34:06 +0300] "POST /yeni/wp-cron.php?doing_wp_cron=1774553646.2913250923156738281250 HTTP/1.1" 200 0 "-" "WordPress/6.9.4; https://polikistikover.net/yeni"
95.2.12.132 - - [26/Mar/2026:22:33:47 +0300] "GET /yeni/ HTTP/2" 200 17723 "https://polikistikover.net/" "Mozilla/5.0 (Linux; Android 10; K) AppleWebKit/537.36 (KHTML, like Gecko) Chrome/146.0.0.0 Mobile Safari/537.36"
20.106.150.36 - - [26/Mar/2026:22:34:01 +0300] "POST //xmlrpc.php HTTP/1.1" 200 410 "-" "Mozilla/5.0 (Windows NT 10.0; Win64; x64) AppleWebKit/537.36 (KHTML, like Gecko) Chrome/80.0.3987.149 Safari/537.36"
95.2.12.132 - - [26/Mar/2026:22:34:06 +0300] "GET /yeni/wp-content/themes/narihealth/assets/js/superfish.js?ver=1.7.10 HTTP/1.1" 200 2346 "https://polikistikover.net/yeni/" "Mozilla/5.0 (Linux; Android 10; K) AppleWebKit/537.36 (KHTML, like Gecko) Chrome/146.0.0.0 Mobile Safari/537.36"
95.2.12.132 - - [26/Mar/2026:22:34:06 +0300] "GET /yeni/wp-content/themes/narihealth/assets/js/custom.js?ver=1.0.0 HTTP/1.1" 200 2150 "https://polikistikover.net/yeni/" "Mozilla/5.0 (Linux; Android 10; K) AppleWebKit/537.36 (KHTML, like Gecko) Chrome/146.0.0.0 Mobile Safari/537.36"
89.252.162.138 - - [26/Mar/2026:22:34:16 +0300] "POST /wp-cron.php?doing_wp_cron=1774553656.1650660037994384765625 HTTP/1.1" 200 0 "-" "WordPress/6.8.5; https://polikistikover.net"
95.2.12.132 - - [26/Mar/2026:22:34:06 +0300] "GET /yeni/wp-content/uploads/2025/09/Ekran-goruntusu-2025-08-08-223942.png HTTP/1.1" 200 544394 "https://polikistikover.net/yeni/" "Mozilla/5.0 (Linux; Android 10; K) AppleWebKit/537.36 (KHTML, like Gecko) Chrome/146.0.0.0 Mobile Safari/537.36"
95.2.12.132 - - [26/Mar/2026:22:34:07 +0300] "GET /yeni/wp-content/uploads/2025/10/japon-cocuk-150x150.jpg HTTP/1.1" 200 4953 "https://polikistikover.net/yeni/" "Mozilla/5.0 (Linux; Android 10; K) AppleWebKit/537.36 (KHTML, like Gecko) Chrome/146.0.0.0 Mobile Safari/537.36"
95.2.12.132 - - [26/Mar/2026:22:34:07 +0300] "GET /yeni/wp-content/uploads/2025/09/sac-150x150.jpg HTTP/1.1" 200 7476 "https://polikistikover.net/yeni/" "Mozilla/5.0 (Linux; Android 10; K) AppleWebKit/537.36 (KHTML, like Gecko) Chrome/146.0.0.0 Mobile Safari/537.36"
95.2.12.132 - - [26/Mar/2026:22:34:13 +0300] "GET /yeni/wp-content/uploads/2025/09/image-29-150x150.png HTTP/1.1" 200 25956 "https://polikistikover.net/yeni/" "Mozilla/5.0 (Linux; Android 10; K) AppleWebKit/537.36 (KHTML, like Gecko) Chrome/146.0.0.0 Mobile Safari/537.36"
95.2.12.132 - - [26/Mar/2026:22:34:07 +0300] "GET /yeni/wp-content/uploads/2025/09/image-30-150x150.png HTTP/1.1" 200 28483 "https://polikistikover.net/yeni/" "Mozilla/5.0 (Linux; Android 10; K) AppleWebKit/537.36 (KHTML, like Gecko) Chrome/146.0.0.0 Mobile Safari/537.36"
95.2.12.132 - - [26/Mar/2026:22:34:16 +0300] "GET /yeni/wp-content/uploads/2025/09/image-64-150x150.png HTTP/1.1" 200 44048 "https://polikistikover.net/yeni/" "Mozilla/5.0 (Linux; Android 10; K) AppleWebKit/537.36 (KHTML, like Gecko) Chrome/146.0.0.0 Mobile Safari/537.36"
95.2.12.132 - - [26/Mar/2026:22:34:07 +0300] "GET /yeni/wp-content/uploads/2025/09/image-62.png HTTP/1.1" 200 40122 "https://polikistikover.net/yeni/" "Mozilla/5.0 (Linux; Android 10; K) AppleWebKit/537.36 (KHTML, like Gecko) Chrome/146.0.0.0 Mobile Safari/537.36"
95.2.12.132 - - [26/Mar/2026:22:34:13 +0300] "GET /yeni/wp-content/uploads/2025/09/Skin-tags-150x150.png HTTP/1.1" 200 43481 "https://polikistikover.net/yeni/" "Mozilla/5.0 (Linux; Android 10; K) AppleWebKit/537.36 (KHTML, like Gecko) Chrome/146.0.0.0 Mobile Safari/537.36"
95.2.12.132 - - [26/Mar/2026:22:34:16 +0300] "GET /yeni/wp-content/uploads/elementor/thumbs/img-7-rbng6d6ov9uoduhv55gifowllt2jfj66q95l47ixa8.jpg HTTP/1.1" 200 59048 "https://polikistikover.net/yeni/" "Mozilla/5.0 (Linux; Android 10; K) AppleWebKit/537.36 (KHTML, like Gecko) Chrome/146.0.0.0 Mobile Safari/537.36"
95.2.12.132 - - [26/Mar/2026:22:34:07 +0300] "GET /yeni/wp-content/uploads/elementor/thumbs/post-img2-rbng6itq0a2ebi9o87w9unhd64aqppskr12id3lidc.jpg HTTP/1.1" 200 60239 "https://polikistikover.net/yeni/" "Mozilla/5.0 (Linux; Android 10; K) AppleWebKit/537.36 (KHTML, like Gecko) Chrome/146.0.0.0 Mobile Safari/537.36"
95.2.12.132 - - [26/Mar/2026:22:34:07 +0300] "GET /yeni/wp-content/uploads/elementor/thumbs/img-1-rbng5i60lqo7qpqx6a1tneqe03bfdir1lzmknb3v40.jpg HTTP/1.1" 200 59015 "https://polikistikover.net/yeni/" "Mozilla/5.0 (Linux; Android 10; K) AppleWebKit/537.36 (KHTML, like Gecko) Chrome/146.0.0.0 Mobile Safari/537.36"
20.106.150.36 - - [26/Mar/2026:22:34:16 +0300] "POST //xmlrpc.php HTTP/1.1" 200 410 "-" "Mozilla/5.0 (Windows NT 10.0; Win64; x64) AppleWebKit/537.36 (KHTML, like Gecko) Chrome/80.0.3987.149 Safari/537.36"
196.189.161.95 - - [26/Mar/2026:22:34:34 +0300] "POST /xmlrpc.php HTTP/1.1" 200 412 "-" "Mozilla/5.0 (Windows NT 10.0; x64) AppleWebKit/537.36 (KHTML, like Gecko) Opera/75.0.0.0 Safari/537.36"
20.106.150.36 - - [26/Mar/2026:22:34:31 +0300] "POST //xmlrpc.php HTTP/1.1" 200 410 "-" "Mozilla/5.0 (Windows NT 10.0; Win64; x64) AppleWebKit/537.36 (KHTML, like Gecko) Chrome/80.0.3987.149 Safari/537.36"
138.246.253.24 - - [26/Mar/2026:22:34:48 +0300] "GET /robots.txt HTTP/1.1" 200 26 "-" "Mozilla/5.0 (Windows NT 10.0; Win64; x64) AppleWebKit/537.36 (KHTML, like Gecko) Chrome/103.0.5060.134 Safari/537.36"
20.106.150.36 - - [26/Mar/2026:22:34:46 +0300] "POST //xmlrpc.php HTTP/1.1" 200 410 "-" "Mozilla/5.0 (Windows NT 10.0; Win64; x64) AppleWebKit/537.36 (KHTML, like Gecko) Chrome/80.0.3987.149 Safari/537.36"
89.252.162.138 - - [26/Mar/2026:22:35:01 +0300] "POST /wp-admin/admin-ajax.php?action=async_litespeed&nonce=d9rY3rgcAyfyFDVA14IsPYkWHOEfa57T&litespeed_type=imgoptm HTTP/1.1" 200 5 "-" "WordPress/6.8.5; https://polikistikover.net"
89.252.162.138 - - [26/Mar/2026:22:35:16 +0300] "POST /wp-cron.php?doing_wp_cron=1774553716.1174390316009521484375 HTTP/1.1" 200 0 "-" "WordPress/6.8.5; https://polikistikover.net"
20.106.150.36 - - [26/Mar/2026:22:35:01 +0300] "POST //xmlrpc.php HTTP/1.1" 200 410 "-" "Mozilla/5.0 (Windows NT 10.0; Win64; x64) AppleWebKit/537.36 (KHTML, like Gecko) Chrome/80.0.3987.149 Safari/537.36"
142.147.198.213 - - [26/Mar/2026:22:35:22 +0300] "GET /yeni/polikistik-over-sendromunda-sac-dokulmesi-2/ HTTP/2" 200 55980 "-" "Mozilla/5.0 (Macintosh; Intel Mac OS X 10_15_7) AppleWebKit/605.1.15 (KHTML, like Gecko) Version/26.2 Safari/605.1.15"
20.106.150.36 - - [26/Mar/2026:22:35:16 +0300] "POST //xmlrpc.php HTTP/1.1" 200 410 "-" "Mozilla/5.0 (Windows NT 10.0; Win64; x64) AppleWebKit/537.36 (KHTML, like Gecko) Chrome/80.0.3987.149 Safari/537.36"
20.106.150.36 - - [26/Mar/2026:22:35:31 +0300] "POST //xmlrpc.php HTTP/1.1" 200 410 "-" "Mozilla/5.0 (Windows NT 10.0; Win64; x64) AppleWebKit/537.36 (KHTML, like Gecko) Chrome/80.0.3987.149 Safari/537.36"
89.252.162.138 - - [26/Mar/2026:22:36:01 +0300] "POST /wp-cron.php?doing_wp_cron=1774553761.3330349922180175781250 HTTP/1.1" 200 0 "-" "WordPress/6.8.5; https://polikistikover.net"
20.106.150.36 - - [26/Mar/2026:22:35:46 +0300] "POST //xmlrpc.php HTTP/1.1" 200 410 "-" "Mozilla/5.0 (Windows NT 10.0; Win64; x64) AppleWebKit/537.36 (KHTML, like Gecko) Chrome/80.0.3987.149 Safari/537.36"
89.252.162.138 - - [26/Mar/2026:22:36:02 +0300] "POST /wp-admin/admin-ajax.php?action=async_litespeed&nonce=sBBgINYlpTNXHWL3cgLH1cUQ6qzOB4PE&litespeed_type=imgoptm HTTP/1.1" 200 5 "-" "WordPress/6.8.5; https://polikistikover.net"
89.252.162.138 - - [26/Mar/2026:22:36:16 +0300] "POST /wp-cron.php?doing_wp_cron=1774553776.3429501056671142578125 HTTP/1.1" 200 0 "-" "WordPress/6.8.5; https://polikistikover.net"
20.106.150.36 - - [26/Mar/2026:22:36:01 +0300] "POST //xmlrpc.php HTTP/1.1" 200 410 "-" "Mozilla/5.0 (Windows NT 10.0; Win64; x64) AppleWebKit/537.36 (KHTML, like Gecko) Chrome/80.0.3987.149 Safari/537.36"
196.189.161.95 - - [26/Mar/2026:22:36:29 +0300] "POST /xmlrpc.php HTTP/1.1" 200 412 "-" "Mozilla/5.0 (Windows NT 10.0; x86) AppleWebKit/537.36 (KHTML, like Gecko) Opera/66.0.0.0 Safari/537.36"
20.106.150.36 - - [26/Mar/2026:22:36:16 +0300] "POST //xmlrpc.php HTTP/1.1" 200 410 "-" "Mozilla/5.0 (Windows NT 10.0; Win64; x64) AppleWebKit/537.36 (KHTML, like Gecko) Chrome/80.0.3987.149 Safari/537.36"
20.106.150.36 - - [26/Mar/2026:22:36:32 +0300] "POST //xmlrpc.php HTTP/1.1" 200 410 "-" "Mozilla/5.0 (Windows NT 10.0; Win64; x64) AppleWebKit/537.36 (KHTML, like Gecko) Chrome/80.0.3987.149 Safari/537.36"
89.252.162.138 - - [26/Mar/2026:22:37:01 +0300] "POST /wp-cron.php?doing_wp_cron=1774553821.3701469898223876953125 HTTP/1.1" 200 0 "-" "WordPress/6.8.5; https://polikistikover.net"
20.106.150.36 - - [26/Mar/2026:22:36:46 +0300] "POST //xmlrpc.php HTTP/1.1" 200 410 "-" "Mozilla/5.0 (Windows NT 10.0; Win64; x64) AppleWebKit/537.36 (KHTML, like Gecko) Chrome/80.0.3987.149 Safari/537.36"
89.252.162.138 - - [26/Mar/2026:22:37:02 +0300] "POST /wp-admin/admin-ajax.php?action=async_litespeed&nonce=kJkIgZXBHnfxZc0qjTssBF7TU4BoMIgr&litespeed_type=imgoptm HTTP/1.1" 200 5 "-" "WordPress/6.8.5; https://polikistikover.net"
89.252.162.138 - - [26/Mar/2026:22:37:16 +0300] "POST /wp-cron.php?doing_wp_cron=1774553836.0129129886627197265625 HTTP/1.1" 200 0 "-" "WordPress/6.8.5; https://polikistikover.net"
20.106.150.36 - - [26/Mar/2026:22:37:01 +0300] "POST //xmlrpc.php HTTP/1.1" 200 410 "-" "Mozilla/5.0 (Windows NT 10.0; Win64; x64) AppleWebKit/537.36 (KHTML, like Gecko) Chrome/80.0.3987.149 Safari/537.36"
20.106.150.36 - - [26/Mar/2026:22:37:16 +0300] "POST //xmlrpc.php HTTP/1.1" 200 410 "-" "Mozilla/5.0 (Windows NT 10.0; Win64; x64) AppleWebKit/537.36 (KHTML, like Gecko) Chrome/80.0.3987.149 Safari/537.36"
20.106.150.36 - - [26/Mar/2026:22:37:31 +0300] "POST //xmlrpc.php HTTP/1.1" 200 410 "-" "Mozilla/5.0 (Windows NT 10.0; Win64; x64) AppleWebKit/537.36 (KHTML, like Gecko) Chrome/80.0.3987.149 Safari/537.36"
20.106.150.36 - - [26/Mar/2026:22:37:46 +0300] "POST //xmlrpc.php HTTP/1.1" 200 410 "-" "Mozilla/5.0 (Windows NT 10.0; Win64; x64) AppleWebKit/537.36 (KHTML, like Gecko) Chrome/80.0.3987.149 Safari/537.36"
89.252.162.138 - - [26/Mar/2026:22:38:02 +0300] "POST /wp-admin/admin-ajax.php?action=async_litespeed&nonce=aNWCmrDYBuFPfqwzd683ifc8dP4YG5BM&litespeed_type=imgoptm HTTP/1.1" 200 5 "-" "WordPress/6.8.5; https://polikistikover.net"
20.106.150.36 - - [26/Mar/2026:22:38:02 +0300] "POST //xmlrpc.php HTTP/1.1" 200 410 "-" "Mozilla/5.0 (Windows NT 10.0; Win64; x64) AppleWebKit/537.36 (KHTML, like Gecko) Chrome/80.0.3987.149 Safari/537.36"
20.106.150.36 - - [26/Mar/2026:22:38:16 +0300] "POST //xmlrpc.php HTTP/1.1" 200 410 "-" "Mozilla/5.0 (Windows NT 10.0; Win64; x64) AppleWebKit/537.36 (KHTML, like Gecko) Chrome/80.0.3987.149 Safari/537.36"
20.106.150.36 - - [26/Mar/2026:22:38:31 +0300] "POST //xmlrpc.php HTTP/1.1" 200 410 "-" "Mozilla/5.0 (Windows NT 10.0; Win64; x64) AppleWebKit/537.36 (KHTML, like Gecko) Chrome/80.0.3987.149 Safari/537.36"
89.252.162.138 - - [26/Mar/2026:22:39:01 +0300] "POST /wp-cron.php?doing_wp_cron=1774553941.3299241065979003906250 HTTP/1.1" 200 0 "-" "WordPress/6.8.5; https://polikistikover.net"
20.106.150.36 - - [26/Mar/2026:22:38:46 +0300] "POST //xmlrpc.php HTTP/1.1" 200 410 "-" "Mozilla/5.0 (Windows NT 10.0; Win64; x64) AppleWebKit/537.36 (KHTML, like Gecko) Chrome/80.0.3987.149 Safari/537.36"
20.106.150.36 - - [26/Mar/2026:22:39:01 +0300] "POST //xmlrpc.php HTTP/1.1" 200 410 "-" "Mozilla/5.0 (Windows NT 10.0; Win64; x64) AppleWebKit/537.36 (KHTML, like Gecko) Chrome/80.0.3987.149 Safari/537.36"
20.106.150.36 - - [26/Mar/2026:22:39:17 +0300] "POST //xmlrpc.php HTTP/1.1" 200 410 "-" "Mozilla/5.0 (Windows NT 10.0; Win64; x64) AppleWebKit/537.36 (KHTML, like Gecko) Chrome/80.0.3987.149 Safari/537.36"
31.223.91.136 - - [26/Mar/2026:22:39:43 +0300] "GET /?utm_source=ig&utm_medium=social&utm_content=link_in_bio&fbclid=PAZXh0bgNhZW0CMTEAc3J0YwZhcHBfaWQPMTI0MDI0NTc0Mjg3NDE0AAGnOWdRajCyiH9u_eQds6eUpKG6XFqaskshvpDJcZ5U0dSHXJU4w7a_KJAW8sA_aem_WNbmCELNQDESVQuTzKwJGA HTTP/2" 200 76 "-" "Mozilla/5.0 (iPhone; CPU iPhone OS 18_7 like Mac OS X) AppleWebKit/605.1.15 (KHTML, like Gecko) Mobile/23D8133 Instagram 421.1.6.39.52 (iPhone14,5; iOS 26_3_1; tr_TR; tr; scale=3.00; 1170x2532; IABMV/1; 910922286) Safari/604.1"
20.106.150.36 - - [26/Mar/2026:22:39:31 +0300] "POST //xmlrpc.php HTTP/1.1" 200 410 "-" "Mozilla/5.0 (Windows NT 10.0; Win64; x64) AppleWebKit/537.36 (KHTML, like Gecko) Chrome/80.0.3987.149 Safari/537.36"
89.252.162.138 - - [26/Mar/2026:22:39:52 +0300] "POST /yeni/wp-cron.php?doing_wp_cron=1774553992.1866190433502197265625 HTTP/1.1" 200 0 "-" "WordPress/6.9.4; https://polikistikover.net/yeni"
31.223.91.136 - - [26/Mar/2026:22:39:43 +0300] "GET /yeni/ HTTP/2" 200 17723 "https://polikistikover.net/?utm_source=ig&utm_medium=social&utm_content=link_in_bio&fbclid=PAZXh0bgNhZW0CMTEAc3J0YwZhcHBfaWQPMTI0MDI0NTc0Mjg3NDE0AAGnOWdRajCyiH9u_eQds6eUpKG6XFqaskshvpDJcZ5U0dSHXJU4w7a_KJAW8sA_aem_WNbmCELNQDESVQuTzKwJGA" "Mozilla/5.0 (iPhone; CPU iPhone OS 18_7 like Mac OS X) AppleWebKit/605.1.15 (KHTML, like Gecko) Mobile/23D8133 Instagram 421.1.6.39.52 (iPhone14,5; iOS 26_3_1; tr_TR; tr; scale=3.00; 1170x2532; IABMV/1; 910922286) Safari/604.1"
31.223.91.136 - - [26/Mar/2026:22:39:52 +0300] "GET /yeni/wp-content/plugins/contact-form-7/includes/css/styles.css?ver=6.1.5 HTTP/2" 200 899 "https://polikistikover.net/yeni/" "Mozilla/5.0 (iPhone; CPU iPhone OS 18_7 like Mac OS X) AppleWebKit/605.1.15 (KHTML, like Gecko) Mobile/23D8133 Instagram 421.1.6.39.52 (iPhone14,5; iOS 26_3_1; tr_TR; tr; scale=3.00; 1170x2532; IABMV/1; 910922286) Safari/604.1"
31.223.91.136 - - [26/Mar/2026:22:39:52 +0300] "GET /yeni/wp-content/themes/narihealth/assets/css/bootstrap.min.css?ver=6.9.4 HTTP/2" 200 24644 "https://polikistikover.net/yeni/" "Mozilla/5.0 (iPhone; CPU iPhone OS 18_7 like Mac OS X) AppleWebKit/605.1.15 (KHTML, like Gecko) Mobile/23D8133 Instagram 421.1.6.39.52 (iPhone14,5; iOS 26_3_1; tr_TR; tr; scale=3.00; 1170x2532; IABMV/1; 910922286) Safari/604.1"
31.223.91.136 - - [26/Mar/2026:22:39:52 +0300] "GET /yeni/wp-content/themes/narihealth/fonts/iconfont.css?ver=6.9.4 HTTP/2" 200 1856 "https://polikistikover.net/yeni/" "Mozilla/5.0 (iPhone; CPU iPhone OS 18_7 like Mac OS X) AppleWebKit/605.1.15 (KHTML, like Gecko) Mobile/23D8133 Instagram 421.1.6.39.52 (iPhone14,5; iOS 26_3_1; tr_TR; tr; scale=3.00; 1170x2532; IABMV/1; 910922286) Safari/604.1"
31.223.91.136 - - [26/Mar/2026:22:39:52 +0300] "GET /yeni/wp-content/themes/narihealth/style.css?ver=6.9.4 HTTP/2" 200 15803 "https://polikistikover.net/yeni/" "Mozilla/5.0 (iPhone; CPU iPhone OS 18_7 like Mac OS X) AppleWebKit/605.1.15 (KHTML, like Gecko) Mobile/23D8133 Instagram 421.1.6.39.52 (iPhone14,5; iOS 26_3_1; tr_TR; tr; scale=3.00; 1170x2532; IABMV/1; 910922286) Safari/604.1"
31.223.91.136 - - [26/Mar/2026:22:39:52 +0300] "GET /yeni/wp-content/themes/narihealth/assets/css/header-v1.css?ver=6.9.4 HTTP/2" 200 300 "https://polikistikover.net/yeni/" "Mozilla/5.0 (iPhone; CPU iPhone OS 18_7 like Mac OS X) AppleWebKit/605.1.15 (KHTML, like Gecko) Mobile/23D8133 Instagram 421.1.6.39.52 (iPhone14,5; iOS 26_3_1; tr_TR; tr; scale=3.00; 1170x2532; IABMV/1; 910922286) Safari/604.1"
31.223.91.136 - - [26/Mar/2026:22:39:52 +0300] "GET /yeni/wp-content/themes/narihealth/assets/css/custom_script.css?ver=6.9.4 HTTP/2" 200 0 "https://polikistikover.net/yeni/" "Mozilla/5.0 (iPhone; CPU iPhone OS 18_7 like Mac OS X) AppleWebKit/605.1.15 (KHTML, like Gecko) Mobile/23D8133 Instagram 421.1.6.39.52 (iPhone14,5; iOS 26_3_1; tr_TR; tr; scale=3.00; 1170x2532; IABMV/1; 910922286) Safari/604.1"
31.223.91.136 - - [26/Mar/2026:22:39:52 +0300] "GET /yeni/wp-content/themes/narihealth/assets/css/responsive.css?ver=6.9.4 HTTP/2" 200 934 "https://polikistikover.net/yeni/" "Mozilla/5.0 (iPhone; CPU iPhone OS 18_7 like Mac OS X) AppleWebKit/605.1.15 (KHTML, like Gecko) Mobile/23D8133 Instagram 421.1.6.39.52 (iPhone14,5; iOS 26_3_1; tr_TR; tr; scale=3.00; 1170x2532; IABMV/1; 910922286) Safari/604.1"
31.223.91.136 - - [26/Mar/2026:22:39:52 +0300] "GET /yeni/wp-includes/js/dist/hooks.min.js?ver=dd5603f07f9220ed27f1 HTTP/2" 200 1852 "https://polikistikover.net/yeni/" "Mozilla/5.0 (iPhone; CPU iPhone OS 18_7 like Mac OS X) AppleWebKit/605.1.15 (KHTML, like Gecko) Mobile/23D8133 Instagram 421.1.6.39.52 (iPhone14,5; iOS 26_3_1; tr_TR; tr; scale=3.00; 1170x2532; IABMV/1; 910922286) Safari/604.1"
31.223.91.136 - - [26/Mar/2026:22:39:52 +0300] "GET /yeni/wp-includes/js/dist/i18n.min.js?ver=c26c3dc7bed366793375 HTTP/2" 200 2119 "https://polikistikover.net/yeni/" "Mozilla/5.0 (iPhone; CPU iPhone OS 18_7 like Mac OS X) AppleWebKit/605.1.15 (KHTML, like Gecko) Mobile/23D8133 Instagram 421.1.6.39.52 (iPhone14,5; iOS 26_3_1; tr_TR; tr; scale=3.00; 1170x2532; IABMV/1; 910922286) Safari/604.1"
31.223.91.136 - - [26/Mar/2026:22:39:52 +0300] "GET /yeni/wp-content/plugins/contact-form-7/includes/swv/js/index.js?ver=6.1.5 HTTP/2" 200 3369 "https://polikistikover.net/yeni/" "Mozilla/5.0 (iPhone; CPU iPhone OS 18_7 like Mac OS X) AppleWebKit/605.1.15 (KHTML, like Gecko) Mobile/23D8133 Instagram 421.1.6.39.52 (iPhone14,5; iOS 26_3_1; tr_TR; tr; scale=3.00; 1170x2532; IABMV/1; 910922286) Safari/604.1"
31.223.91.136 - - [26/Mar/2026:22:39:52 +0300] "GET /yeni/wp-content/plugins/contact-form-7/includes/js/index.js?ver=6.1.5 HTTP/2" 200 4008 "https://polikistikover.net/yeni/" "Mozilla/5.0 (iPhone; CPU iPhone OS 18_7 like Mac OS X) AppleWebKit/605.1.15 (KHTML, like Gecko) Mobile/23D8133 Instagram 421.1.6.39.52 (iPhone14,5; iOS 26_3_1; tr_TR; tr; scale=3.00; 1170x2532; IABMV/1; 910922286) Safari/604.1"
31.223.91.136 - - [26/Mar/2026:22:39:52 +0300] "GET /yeni/wp-content/themes/narihealth/assets/js/jquery.easing.js?ver=1.3.0 HTTP/2" 200 1891 "https://polikistikover.net/yeni/" "Mozilla/5.0 (iPhone; CPU iPhone OS 18_7 like Mac OS X) AppleWebKit/605.1.15 (KHTML, like Gecko) Mobile/23D8133 Instagram 421.1.6.39.52 (iPhone14,5; iOS 26_3_1; tr_TR; tr; scale=3.00; 1170x2532; IABMV/1; 910922286) Safari/604.1"
31.223.91.136 - - [26/Mar/2026:22:39:52 +0300] "GET /yeni/wp-includes/js/imagesloaded.min.js?ver=5.0.0 HTTP/2" 200 1687 "https://polikistikover.net/yeni/" "Mozilla/5.0 (iPhone; CPU iPhone OS 18_7 like Mac OS X) AppleWebKit/605.1.15 (KHTML, like Gecko) Mobile/23D8133 Instagram 421.1.6.39.52 (iPhone14,5; iOS 26_3_1; tr_TR; tr; scale=3.00; 1170x2532; IABMV/1; 910922286) Safari/604.1"
31.223.91.136 - - [26/Mar/2026:22:39:52 +0300] "GET /yeni/wp-content/themes/narihealth/assets/js/isotope.js?ver=3.0.6 HTTP/2" 200 9603 "https://polikistikover.net/yeni/" "Mozilla/5.0 (iPhone; CPU iPhone OS 18_7 like Mac OS X) AppleWebKit/605.1.15 (KHTML, like Gecko) Mobile/23D8133 Instagram 421.1.6.39.52 (iPhone14,5; iOS 26_3_1; tr_TR; tr; scale=3.00; 1170x2532; IABMV/1; 910922286) Safari/604.1"
31.223.91.136 - - [26/Mar/2026:22:39:52 +0300] "GET /yeni/wp-content/themes/narihealth/assets/js/jquery.slicknav.js?ver=1.0.10 HTTP/2" 200 4556 "https://polikistikover.net/yeni/" "Mozilla/5.0 (iPhone; CPU iPhone OS 18_7 like Mac OS X) AppleWebKit/605.1.15 (KHTML, like Gecko) Mobile/23D8133 Instagram 421.1.6.39.52 (iPhone14,5; iOS 26_3_1; tr_TR; tr; scale=3.00; 1170x2532; IABMV/1; 910922286) Safari/604.1"
31.223.91.136 - - [26/Mar/2026:22:39:52 +0300] "GET /yeni/wp-includes/js/hoverIntent.min.js?ver=1.10.2 HTTP/2" 200 668 "https://polikistikover.net/yeni/" "Mozilla/5.0 (iPhone; CPU iPhone OS 18_7 like Mac OS X) AppleWebKit/605.1.15 (KHTML, like Gecko) Mobile/23D8133 Instagram 421.1.6.39.52 (iPhone14,5; iOS 26_3_1; tr_TR; tr; scale=3.00; 1170x2532; IABMV/1; 910922286) Safari/604.1"
31.223.91.136 - - [26/Mar/2026:22:39:52 +0300] "GET /yeni/wp-content/themes/narihealth/assets/js/superfish.js?ver=1.7.10 HTTP/2" 200 2346 "https://polikistikover.net/yeni/" "Mozilla/5.0 (iPhone; CPU iPhone OS 18_7 like Mac OS X) AppleWebKit/605.1.15 (KHTML, like Gecko) Mobile/23D8133 Instagram 421.1.6.39.52 (iPhone14,5; iOS 26_3_1; tr_TR; tr; scale=3.00; 1170x2532; IABMV/1; 910922286) Safari/604.1"
31.223.91.136 - - [26/Mar/2026:22:39:52 +0300] "GET /yeni/wp-content/themes/narihealth/assets/js/custom.js?ver=1.0.0 HTTP/2" 200 2150 "https://polikistikover.net/yeni/" "Mozilla/5.0 (iPhone; CPU iPhone OS 18_7 like Mac OS X) AppleWebKit/605.1.15 (KHTML, like Gecko) Mobile/23D8133 Instagram 421.1.6.39.52 (iPhone14,5; iOS 26_3_1; tr_TR; tr; scale=3.00; 1170x2532; IABMV/1; 910922286) Safari/604.1"
31.223.91.136 - - [26/Mar/2026:22:39:52 +0300] "GET /yeni/wp-includes/js/jquery/jquery.min.js?ver=3.7.1 HTTP/2" 200 29744 "https://polikistikover.net/yeni/" "Mozilla/5.0 (iPhone; CPU iPhone OS 18_7 like Mac OS X) AppleWebKit/605.1.15 (KHTML, like Gecko) Mobile/23D8133 Instagram 421.1.6.39.52 (iPhone14,5; iOS 26_3_1; tr_TR; tr; scale=3.00; 1170x2532; IABMV/1; 910922286) Safari/604.1"
31.223.91.136 - - [26/Mar/2026:22:39:52 +0300] "GET /yeni/wp-includes/js/jquery/jquery-migrate.min.js?ver=3.4.1 HTTP/2" 200 4678 "https://polikistikover.net/yeni/" "Mozilla/5.0 (iPhone; CPU iPhone OS 18_7 like Mac OS X) AppleWebKit/605.1.15 (KHTML, like Gecko) Mobile/23D8133 Instagram 421.1.6.39.52 (iPhone14,5; iOS 26_3_1; tr_TR; tr; scale=3.00; 1170x2532; IABMV/1; 910922286) Safari/604.1"
31.223.91.136 - - [26/Mar/2026:22:39:52 +0300] "GET /yeni/wp-includes/js/masonry.min.js?ver=4.2.2 HTTP/2" 200 7117 "https://polikistikover.net/yeni/" "Mozilla/5.0 (iPhone; CPU iPhone OS 18_7 like Mac OS X) AppleWebKit/605.1.15 (KHTML, like Gecko) Mobile/23D8133 Instagram 421.1.6.39.52 (iPhone14,5; iOS 26_3_1; tr_TR; tr; scale=3.00; 1170x2532; IABMV/1; 910922286) Safari/604.1"
31.223.91.136 - - [26/Mar/2026:22:39:52 +0300] "GET /yeni/wp-content/uploads/2023/10/img-10.jpg HTTP/2" 200 163480 "https://polikistikover.net/yeni/" "Mozilla/5.0 (iPhone; CPU iPhone OS 18_7 like Mac OS X) AppleWebKit/605.1.15 (KHTML, like Gecko) Mobile/23D8133 Instagram 421.1.6.39.52 (iPhone14,5; iOS 26_3_1; tr_TR; tr; scale=3.00; 1170x2532; IABMV/1; 910922286) Safari/604.1"
31.223.91.136 - - [26/Mar/2026:22:39:52 +0300] "GET /yeni/wp-content/uploads/2025/10/sac.jpg HTTP/2" 200 9199 "https://polikistikover.net/yeni/" "Mozilla/5.0 (iPhone; CPU iPhone OS 18_7 like Mac OS X) AppleWebKit/605.1.15 (KHTML, like Gecko) Mobile/23D8133 Instagram 421.1.6.39.52 (iPhone14,5; iOS 26_3_1; tr_TR; tr; scale=3.00; 1170x2532; IABMV/1; 910922286) Safari/604.1"
31.223.91.136 - - [26/Mar/2026:22:39:52 +0300] "GET /yeni/wp-content/uploads/2025/09/Ekran-goruntusu-2025-08-08-223942.png HTTP/2" 200 544394 "https://polikistikover.net/yeni/" "Mozilla/5.0 (iPhone; CPU iPhone OS 18_7 like Mac OS X) AppleWebKit/605.1.15 (KHTML, like Gecko) Mobile/23D8133 Instagram 421.1.6.39.52 (iPhone14,5; iOS 26_3_1; tr_TR; tr; scale=3.00; 1170x2532; IABMV/1; 910922286) Safari/604.1"
31.223.91.136 - - [26/Mar/2026:22:39:52 +0300] "GET /yeni/wp-content/fonts/inter/UcC73FwrK3iLTeHuS_nVMrMxCp50SjIa1ZL7.woff2 HTTP/2" 200 48256 "https://polikistikover.net/yeni/" "Mozilla/5.0 (iPhone; CPU iPhone OS 18_7 like Mac OS X) AppleWebKit/605.1.15 (KHTML, like Gecko) Mobile/23D8133 Instagram 421.1.6.39.52 (iPhone14,5; iOS 26_3_1; tr_TR; tr; scale=3.00; 1170x2532; IABMV/1; 910922286) Safari/604.1"
31.223.91.136 - - [26/Mar/2026:22:39:52 +0300] "GET /yeni/wp-content/uploads/elementor/thumbs/img-1-rbng5i60lqo7qpqx6a1tneqe03bfdir1lzmknb3v40.jpg HTTP/2" 200 59015 "https://polikistikover.net/yeni/" "Mozilla/5.0 (iPhone; CPU iPhone OS 18_7 like Mac OS X) AppleWebKit/605.1.15 (KHTML, like Gecko) Mobile/23D8133 Instagram 421.1.6.39.52 (iPhone14,5; iOS 26_3_1; tr_TR; tr; scale=3.00; 1170x2532; IABMV/1; 910922286) Safari/604.1"
31.223.91.136 - - [26/Mar/2026:22:39:52 +0300] "GET /yeni/wp-content/uploads/elementor/thumbs/post-img2-rbng6itq0a2ebi9o87w9unhd64aqppskr12id3lidc.jpg HTTP/2" 200 60239 "https://polikistikover.net/yeni/" "Mozilla/5.0 (iPhone; CPU iPhone OS 18_7 like Mac OS X) AppleWebKit/605.1.15 (KHTML, like Gecko) Mobile/23D8133 Instagram 421.1.6.39.52 (iPhone14,5; iOS 26_3_1; tr_TR; tr; scale=3.00; 1170x2532; IABMV/1; 910922286) Safari/604.1"
31.223.91.136 - - [26/Mar/2026:22:39:52 +0300] "GET /yeni/wp-content/fonts/inter/UcC73FwrK3iLTeHuS_nVMrMxCp50SjIa25L7SUc.woff2 HTTP/2" 200 85068 "https://polikistikover.net/yeni/" "Mozilla/5.0 (iPhone; CPU iPhone OS 18_7 like Mac OS X) AppleWebKit/605.1.15 (KHTML, like Gecko) Mobile/23D8133 Instagram 421.1.6.39.52 (iPhone14,5; iOS 26_3_1; tr_TR; tr; scale=3.00; 1170x2532; IABMV/1; 910922286) Safari/604.1"
95.2.12.132 - - [26/Mar/2026:22:34:15 +0300] "GET /yeni/wp-content/uploads/elementor/thumbs/post-img4-rbng6kpedy4yyq6xx8pizn0acw1h5401fadhbniq0w.jpg HTTP/1.1" 200 91143 "https://polikistikover.net/yeni/" "Mozilla/5.0 (Linux; Android 10; K) AppleWebKit/537.36 (KHTML, like Gecko) Chrome/146.0.0.0 Mobile Safari/537.36"
95.2.12.132 - - [26/Mar/2026:22:34:07 +0300] "GET /yeni/wp-content/uploads/elementor/thumbs/img-6-rbng6c8uofte28j8an1vv7550f767u2ge4i3mxkbgg.jpg HTTP/1.1" 200 103979 "https://polikistikover.net/yeni/" "Mozilla/5.0 (Linux; Android 10; K) AppleWebKit/537.36 (KHTML, like Gecko) Chrome/146.0.0.0 Mobile Safari/537.36"
95.2.12.132 - - [26/Mar/2026:22:34:07 +0300] "GET /yeni/wp-content/uploads/elementor/thumbs/img-5-rbng69fc3xpj3enbr3u05pur89l2kqr9dqjn73ohz4.jpg HTTP/1.1" 200 158703 "https://polikistikover.net/yeni/" "Mozilla/5.0 (Linux; Android 10; K) AppleWebKit/537.36 (KHTML, like Gecko) Chrome/146.0.0.0 Mobile Safari/537.36"
95.2.12.132 - - [26/Mar/2026:22:34:35 +0300] "GET /yeni/wp-includes/js/wp-emoji-release.min.js?ver=6.9.4 HTTP/1.1" 200 4949 "https://polikistikover.net/yeni/" "Mozilla/5.0 (Linux; Android 10; K) AppleWebKit/537.36 (KHTML, like Gecko) Chrome/146.0.0.0 Mobile Safari/537.36"
89.252.162.138 - - [26/Mar/2026:22:35:01 +0300] "POST /wp-cron.php?doing_wp_cron=1774553701.2442510128021240234375 HTTP/1.1" 200 0 "-" "WordPress/6.8.5; https://polikistikover.net"
89.252.162.138 - - [26/Mar/2026:22:35:23 +0300] "POST /yeni/wp-cron.php?doing_wp_cron=1774553723.6615679264068603515625 HTTP/1.1" 200 0 "-" "WordPress/6.9.4; https://polikistikover.net/yeni"
195.178.110.65 - - [26/Mar/2026:22:36:29 +0300] "GET / HTTP/1.1" 200 76 "-" "Mozilla/5.0 (Windows NT 10.0; Win64; x64) AppleWebKit/537.36 (KHTML, like Gecko) Chrome/91.0.4472.124 Safari/537.36"
195.178.110.65 - - [26/Mar/2026:22:36:31 +0300] "GET / HTTP/1.1" 200 76 "-" "Mozilla/5.0 (Windows NT 10.0; Win64; x64) AppleWebKit/537.36 (KHTML, like Gecko) Chrome/91.0.4472.124 Safari/537.36"
195.178.110.65 - - [26/Mar/2026:22:36:34 +0300] "GET / HTTP/1.1" 200 76 "-" "-"
195.178.110.65 - - [26/Mar/2026:22:36:35 +0300] "GET / HTTP/1.1" 200 76 "-" "Mozilla/5.0 (Windows NT 10.0; Win64; x64) AppleWebKit/537.36 (KHTML, like Gecko) Chrome/91.0.4472.124 Safari/537.36"
196.189.161.95 - - [26/Mar/2026:22:37:13 +0300] "POST /xmlrpc.php HTTP/1.1" 200 412 "-" "Mozilla/5.0 (Windows NT 10.0; arm64) AppleWebKit/537.36 (KHTML, like Gecko) Opera/74.0.0.0 Safari/537.36"
213.180.203.244 - - [26/Mar/2026:22:37:46 +0300] "GET /robots.txt HTTP/1.1" 404 796 "-" "Mozilla/5.0 (compatible; YandexBot/3.0; +http://yandex.com/bots)"
89.252.162.138 - - [26/Mar/2026:22:38:01 +0300] "POST /wp-cron.php?doing_wp_cron=1774553881.6248209476470947265625 HTTP/1.1" 200 0 "-" "WordPress/6.8.5; https://polikistikover.net"
89.252.162.138 - - [26/Mar/2026:22:38:16 +0300] "POST /wp-cron.php?doing_wp_cron=1774553896.4350419044494628906250 HTTP/1.1" 200 0 "-" "WordPress/6.8.5; https://polikistikover.net"
196.189.161.95 - - [26/Mar/2026:22:38:19 +0300] "POST /xmlrpc.php HTTP/1.1" 200 412 "-" "Mozilla/5.0 (Windows NT 6.3; arm64) AppleWebKit/537.36 (KHTML, like Gecko) Firefox/83.0.0.0 Safari/537.36"
138.246.253.24 - - [26/Mar/2026:22:38:51 +0300] "GET /robots.txt HTTP/1.1" 404 796 "-" "Mozilla/5.0 (Windows NT 10.0; Win64; x64) AppleWebKit/537.36 (KHTML, like Gecko) Chrome/103.0.5060.134 Safari/537.36"
89.252.162.138 - - [26/Mar/2026:22:39:02 +0300] "POST /wp-admin/admin-ajax.php?action=async_litespeed&nonce=oEF4uzZWU55m97XWY4SozPpPpuHg93cY&litespeed_type=imgoptm HTTP/1.1" 200 5 "-" "WordPress/6.8.5; https://polikistikover.net"
89.252.162.138 - - [26/Mar/2026:22:39:16 +0300] "POST /wp-cron.php?doing_wp_cron=1774553956.9258871078491210937500 HTTP/1.1" 200 0 "-" "WordPress/6.8.5; https://polikistikover.net"
196.189.161.95 - - [26/Mar/2026:22:39:15 +0300] "POST /xmlrpc.php HTTP/1.1" 200 412 "-" "Mozilla/5.0 (Windows NT 6.3; arm64) AppleWebKit/537.36 (KHTML, like Gecko) Opera/79.0.0.0 Safari/537.36"
31.223.91.136 - - [26/Mar/2026:22:39:52 +0300] "GET /yeni/wp-content/fonts/inter/UcC73FwrK3iLTeHuS_nVMrMxCp50SjIa1pL7SUc.woff2 HTTP/2" 200 18996 "https://polikistikover.net/yeni/" "Mozilla/5.0 (iPhone; CPU iPhone OS 18_7 like Mac OS X) AppleWebKit/605.1.15 (KHTML, like Gecko) Mobile/23D8133 Instagram 421.1.6.39.52 (iPhone14,5; iOS 26_3_1; tr_TR; tr; scale=3.00; 1170x2532; IABMV/1; 910922286) Safari/604.1"
31.223.91.136 - - [26/Mar/2026:22:39:52 +0300] "GET /yeni/wp-content/uploads/elementor/thumbs/img-6-rbng6c8uofte28j8an1vv7550f767u2ge4i3mxkbgg.jpg HTTP/2" 200 103979 "https://polikistikover.net/yeni/" "Mozilla/5.0 (iPhone; CPU iPhone OS 18_7 like Mac OS X) AppleWebKit/605.1.15 (KHTML, like Gecko) Mobile/23D8133 Instagram 421.1.6.39.52 (iPhone14,5; iOS 26_3_1; tr_TR; tr; scale=3.00; 1170x2532; IABMV/1; 910922286) Safari/604.1"
31.223.91.136 - - [26/Mar/2026:22:39:52 +0300] "GET /yeni/wp-content/uploads/2025/09/image-62.png HTTP/2" 200 40122 "https://polikistikover.net/yeni/" "Mozilla/5.0 (iPhone; CPU iPhone OS 18_7 like Mac OS X) AppleWebKit/605.1.15 (KHTML, like Gecko) Mobile/23D8133 Instagram 421.1.6.39.52 (iPhone14,5; iOS 26_3_1; tr_TR; tr; scale=3.00; 1170x2532; IABMV/1; 910922286) Safari/604.1"
31.223.91.136 - - [26/Mar/2026:22:39:52 +0300] "GET /yeni/wp-content/themes/narihealth/fonts/icomoon.ttf?5m92mu HTTP/2" 200 25863 "https://polikistikover.net/yeni/" "Mozilla/5.0 (iPhone; CPU iPhone OS 18_7 like Mac OS X) AppleWebKit/605.1.15 (KHTML, like Gecko) Mobile/23D8133 Instagram 421.1.6.39.52 (iPhone14,5; iOS 26_3_1; tr_TR; tr; scale=3.00; 1170x2532; IABMV/1; 910922286) Safari/604.1"
31.223.91.136 - - [26/Mar/2026:22:39:52 +0300] "GET /yeni/wp-content/uploads/2025/09/sac-150x150.jpg HTTP/2" 200 7476 "https://polikistikover.net/yeni/" "Mozilla/5.0 (iPhone; CPU iPhone OS 18_7 like Mac OS X) AppleWebKit/605.1.15 (KHTML, like Gecko) Mobile/23D8133 Instagram 421.1.6.39.52 (iPhone14,5; iOS 26_3_1; tr_TR; tr; scale=3.00; 1170x2532; IABMV/1; 910922286) Safari/604.1"
31.223.91.136 - - [26/Mar/2026:22:39:52 +0300] "GET /yeni/wp-content/uploads/2025/10/japon-cocuk-150x150.jpg HTTP/2" 200 4953 "https://polikistikover.net/yeni/" "Mozilla/5.0 (iPhone; CPU iPhone OS 18_7 like Mac OS X) AppleWebKit/605.1.15 (KHTML, like Gecko) Mobile/23D8133 Instagram 421.1.6.39.52 (iPhone14,5; iOS 26_3_1; tr_TR; tr; scale=3.00; 1170x2532; IABMV/1; 910922286) Safari/604.1"
31.223.91.136 - - [26/Mar/2026:22:39:52 +0300] "GET /yeni/wp-includes/js/wp-emoji-release.min.js?ver=6.9.4 HTTP/2" 200 4949 "https://polikistikover.net/yeni/" "Mozilla/5.0 (iPhone; CPU iPhone OS 18_7 like Mac OS X) AppleWebKit/605.1.15 (KHTML, like Gecko) Mobile/23D8133 Instagram 421.1.6.39.52 (iPhone14,5; iOS 26_3_1; tr_TR; tr; scale=3.00; 1170x2532; IABMV/1; 910922286) Safari/604.1"
31.223.91.136 - - [26/Mar/2026:22:39:58 +0300] "GET /yeni/wp-content/uploads/elementor/thumbs/img-5-rbng69fc3xpj3enbr3u05pur89l2kqr9dqjn73ohz4.jpg HTTP/2" 200 158703 "https://polikistikover.net/yeni/" "Mozilla/5.0 (iPhone; CPU iPhone OS 18_7 like Mac OS X) AppleWebKit/605.1.15 (KHTML, like Gecko) Mobile/23D8133 Instagram 421.1.6.39.52 (iPhone14,5; iOS 26_3_1; tr_TR; tr; scale=3.00; 1170x2532; IABMV/1; 910922286) Safari/604.1"
20.106.150.36 - - [26/Mar/2026:22:39:46 +0300] "POST //xmlrpc.php HTTP/1.1" 200 410 "-" "Mozilla/5.0 (Windows NT 10.0; Win64; x64) AppleWebKit/537.36 (KHTML, like Gecko) Chrome/80.0.3987.149 Safari/537.36"
31.223.91.136 - - [26/Mar/2026:22:40:04 +0300] "GET /yeni/wp-content/uploads/2025/09/image-30-150x150.png HTTP/2" 200 28483 "https://polikistikover.net/yeni/" "Mozilla/5.0 (iPhone; CPU iPhone OS 18_7 like Mac OS X) AppleWebKit/605.1.15 (KHTML, like Gecko) Mobile/23D8133 Instagram 421.1.6.39.52 (iPhone14,5; iOS 26_3_1; tr_TR; tr; scale=3.00; 1170x2532; IABMV/1; 910922286) Safari/604.1"
89.252.162.138 - - [26/Mar/2026:22:40:01 +0300] "POST /wp-cron.php?doing_wp_cron=1774554001.1313869953155517578125 HTTP/1.1" 200 0 "-" "WordPress/6.8.5; https://polikistikover.net"
89.252.162.138 - - [26/Mar/2026:22:40:01 +0300] "POST /wp-admin/admin-ajax.php?action=async_litespeed&nonce=xIngka9reLmzuXtA31Zhj6Bdn3B6kcHV&litespeed_type=imgoptm HTTP/1.1" 200 5 "-" "WordPress/6.8.5; https://polikistikover.net"
