31.13.127.23 - - [26/Mar/2026:19:36:37 +0300] "GET /yeni/wp-content/uploads/elementor/thumbs/img-5-rbng69fc3xpj3enbr3u05pur89l2kqr9dqjn73ohz4.jpg HTTP/2" 200 158703 "https://polikistikover.net/yeni/" "Mozilla/5.0 (Windows NT 10.0; Win64; x64) AppleWebKit/537.36 (KHTML, like Gecko) Chrome/146.0.0.0 Safari/537.36"
31.13.127.23 - - [26/Mar/2026:19:36:37 +0300] "GET /yeni/wp-content/uploads/2025/09/image-29-150x150.png HTTP/2" 200 25956 "https://polikistikover.net/yeni/" "Mozilla/5.0 (Windows NT 10.0; Win64; x64) AppleWebKit/537.36 (KHTML, like Gecko) Chrome/146.0.0.0 Safari/537.36"
31.13.127.23 - - [26/Mar/2026:19:36:37 +0300] "GET /yeni/wp-content/uploads/elementor/thumbs/post-img4-rbng6kpedy4yyq6xx8pizn0acw1h5401fadhbniq0w.jpg HTTP/2" 200 91143 "https://polikistikover.net/yeni/" "Mozilla/5.0 (Windows NT 10.0; Win64; x64) AppleWebKit/537.36 (KHTML, like Gecko) Chrome/146.0.0.0 Safari/537.36"
31.13.127.23 - - [26/Mar/2026:19:36:38 +0300] "GET /yeni/wp-content/uploads/elementor/thumbs/post-img6-rbng6ml2rm7jly47m9is4mj7jns7ki7i3joga7fxog.jpg HTTP/2" 200 104955 "https://polikistikover.net/yeni/" "Mozilla/5.0 (Windows NT 10.0; Win64; x64) AppleWebKit/537.36 (KHTML, like Gecko) Chrome/146.0.0.0 Safari/537.36"
31.13.127.23 - - [26/Mar/2026:19:36:38 +0300] "GET /yeni/wp-content/uploads/elementor/thumbs/post-img8-rbng6pelc4beks045sqnu3tlbteb7lip3xmwq1br5s.jpg HTTP/2" 200 86861 "https://polikistikover.net/yeni/" "Mozilla/5.0 (Windows NT 10.0; Win64; x64) AppleWebKit/537.36 (KHTML, like Gecko) Chrome/146.0.0.0 Safari/537.36"
173.252.82.12 - - [26/Mar/2026:19:36:38 +0300] "GET /yeni/wp-content/themes/narihealth/assets/css/bootstrap.min.css?ver=6.9.4 HTTP/2" 200 24644 "https://polikistikover.net/yeni/" "Instagram 421.0.0.51.66 Android (34/14; 450dpi; 1080x2408; samsung; SM-A235F; a23; qcom; tr_TR; 909555893)"
31.13.127.23 - - [26/Mar/2026:19:36:39 +0300] "GET /yeni/wp-content/uploads/2025/10/sac-150x150.jpg HTTP/2" 200 7476 "https://polikistikover.net/yeni/" "Mozilla/5.0 (Windows NT 10.0; Win64; x64) AppleWebKit/537.36 (KHTML, like Gecko) Chrome/146.0.0.0 Safari/537.36"
31.13.127.23 - - [26/Mar/2026:19:36:39 +0300] "GET /yeni/wp-content/uploads/2025/09/image-90-150x150.png HTTP/2" 200 28239 "https://polikistikover.net/yeni/" "Mozilla/5.0 (Windows NT 10.0; Win64; x64) AppleWebKit/537.36 (KHTML, like Gecko) Chrome/146.0.0.0 Safari/537.36"
173.252.82.12 - - [26/Mar/2026:19:36:39 +0300] "GET /yeni/wp-content/themes/narihealth/style.css?ver=6.9.4 HTTP/2" 200 15803 "https://polikistikover.net/yeni/" "Instagram 421.0.0.51.66 Android (34/14; 450dpi; 1080x2408; samsung; SM-A235F; a23; qcom; tr_TR; 909555893)"
31.13.127.23 - - [26/Mar/2026:19:36:39 +0300] "GET /yeni/wp-content/uploads/elementor/thumbs/img-2-rbng6t5y3ggjv7unjud642vfpcvs2dxmgg8u9wv8cg.jpg HTTP/2" 200 68858 "https://polikistikover.net/yeni/" "Mozilla/5.0 (Windows NT 10.0; Win64; x64) AppleWebKit/537.36 (KHTML, like Gecko) Chrome/146.0.0.0 Safari/537.36"
31.13.127.23 - - [26/Mar/2026:19:36:39 +0300] "GET /yeni/wp-content/uploads/elementor/thumbs/img-4-rbng6bb0hls3qmklg4n9apdof1bt04yq1zumivwnr4.jpg HTTP/2" 200 78681 "https://polikistikover.net/yeni/" "Mozilla/5.0 (Windows NT 10.0; Win64; x64) AppleWebKit/537.36 (KHTML, like Gecko) Chrome/146.0.0.0 Safari/537.36"
31.13.127.23 - - [26/Mar/2026:19:36:39 +0300] "GET /yeni/wp-content/uploads/2025/11/image-4-150x150.png HTTP/2" 200 17934 "https://polikistikover.net/yeni/" "Mozilla/5.0 (Windows NT 10.0; Win64; x64) AppleWebKit/537.36 (KHTML, like Gecko) Chrome/146.0.0.0 Safari/537.36"
31.13.127.23 - - [26/Mar/2026:19:36:40 +0300] "GET /yeni/wp-content/uploads/2025/09/yumurta-150x150.png HTTP/2" 200 7537 "https://polikistikover.net/yeni/" "Mozilla/5.0 (Windows NT 10.0; Win64; x64) AppleWebKit/537.36 (KHTML, like Gecko) Chrome/146.0.0.0 Safari/537.36"
31.13.127.23 - - [26/Mar/2026:19:36:40 +0300] "GET /yeni/wp-content/uploads/elementor/thumbs/hero-img2-rbng5lxdd2td15lgkbobxds8dmsw8b5yyi8ikeyaf4.jpg HTTP/2" 200 69585 "https://polikistikover.net/yeni/" "Mozilla/5.0 (Windows NT 10.0; Win64; x64) AppleWebKit/537.36 (KHTML, like Gecko) Chrome/146.0.0.0 Safari/537.36"
31.13.127.23 - - [26/Mar/2026:19:36:40 +0300] "GET /yeni/wp-content/uploads/elementor/thumbs/img-12-rbng6vzgnykeu1qk3dl1tk5thihvph8tgu7apqr1ts.jpg HTTP/2" 200 94485 "https://polikistikover.net/yeni/" "Mozilla/5.0 (Windows NT 10.0; Win64; x64) AppleWebKit/537.36 (KHTML, like Gecko) Chrome/146.0.0.0 Safari/537.36"
31.13.127.23 - - [26/Mar/2026:19:36:40 +0300] "GET /yeni/wp-content/uploads/elementor/thumbs/alkol-rceym2p0i3tumul8uj02f3iyaemdanv2xmjvikr4t4.jpg HTTP/2" 200 69103 "https://polikistikover.net/yeni/" "Mozilla/5.0 (Windows NT 10.0; Win64; x64) AppleWebKit/537.36 (KHTML, like Gecko) Chrome/146.0.0.0 Safari/537.36"
173.252.82.12 - - [26/Mar/2026:19:36:40 +0300] "GET /yeni/wp-includes/js/jquery/jquery-migrate.min.js?ver=3.4.1 HTTP/2" 200 4678 "https://polikistikover.net/yeni/" "Instagram 421.0.0.51.66 Android (34/14; 450dpi; 1080x2408; samsung; SM-A235F; a23; qcom; tr_TR; 909555893)"
173.252.82.12 - - [26/Mar/2026:19:36:40 +0300] "GET /yeni/wp-content/uploads/elementor/thumbs/img-1-rbng5i60lqo7qpqx6a1tneqe03bfdir1lzmknb3v40.jpg HTTP/2" 200 59015 "https://polikistikover.net/yeni/" "Instagram 421.0.0.51.66 Android (34/14; 450dpi; 1080x2408; samsung; SM-A235F; a23; qcom; tr_TR; 909555893)"
31.13.127.23 - - [26/Mar/2026:19:36:40 +0300] "GET /yeni/wp-content/uploads/elementor/thumbs/post-img3-rbng6jrk743on48b2qawf58tri63xewb35pzudk474.jpg HTTP/2" 200 93724 "https://polikistikover.net/yeni/" "Mozilla/5.0 (Windows NT 10.0; Win64; x64) AppleWebKit/537.36 (KHTML, like Gecko) Chrome/146.0.0.0 Safari/537.36"
31.13.127.23 - - [26/Mar/2026:19:36:40 +0300] "GET /yeni/wp-content/uploads/elementor/thumbs/img-10-rbng6u3saahu6ttaecrsokmwaqr5a31cskwbr6tu68.jpg HTTP/2" 200 129652 "https://polikistikover.net/yeni/" "Mozilla/5.0 (Windows NT 10.0; Win64; x64) AppleWebKit/537.36 (KHTML, like Gecko) Chrome/146.0.0.0 Safari/537.36"
31.13.127.23 - - [26/Mar/2026:19:36:41 +0300] "GET /yeni/wp-content/uploads/elementor/thumbs/serv-img1-rbng5vbr9f68997t1fqlmbeubhikda7absrdd6kcow.jpg HTTP/2" 200 71208 "https://polikistikover.net/yeni/" "Mozilla/5.0 (Windows NT 10.0; Win64; x64) AppleWebKit/537.36 (KHTML, like Gecko) Chrome/146.0.0.0 Safari/537.36"
31.13.127.23 - - [26/Mar/2026:19:36:41 +0300] "GET /yeni/wp-content/uploads/2023/10/sp-icon3-1.png HTTP/2" 200 14262 "https://polikistikover.net/yeni/" "Mozilla/5.0 (Windows NT 10.0; Win64; x64) AppleWebKit/537.36 (KHTML, like Gecko) Chrome/146.0.0.0 Safari/537.36"
173.252.82.12 - - [26/Mar/2026:19:36:42 +0300] "GET /yeni/wp-content/fonts/inter/UcC73FwrK3iLTeHuS_nVMrMxCp50SjIa25L7SUc.woff2 HTTP/2" 200 85068 "https://polikistikover.net/yeni/" "Instagram 421.0.0.51.66 Android (34/14; 450dpi; 1080x2408; samsung; SM-A235F; a23; qcom; tr_TR; 909555893)"
31.13.127.23 - - [26/Mar/2026:19:36:42 +0300] "GET /yeni/wp-content/uploads/2025/10/sac.jpg HTTP/2" 200 9199 "https://polikistikover.net/yeni/" "Mozilla/5.0 (Windows NT 10.0; Win64; x64) AppleWebKit/537.36 (KHTML, like Gecko) Chrome/146.0.0.0 Safari/537.36"
31.13.127.23 - - [26/Mar/2026:19:36:42 +0300] "GET /yeni/wp-content/uploads/2025/10/image-1-150x150.png HTTP/2" 200 45353 "https://polikistikover.net/yeni/" "Mozilla/5.0 (Windows NT 10.0; Win64; x64) AppleWebKit/537.36 (KHTML, like Gecko) Chrome/146.0.0.0 Safari/537.36"
31.13.127.23 - - [26/Mar/2026:19:36:42 +0300] "GET /yeni/wp-content/uploads/2025/09/image-110-150x150.png HTTP/2" 200 36763 "https://polikistikover.net/yeni/" "Mozilla/5.0 (Windows NT 10.0; Win64; x64) AppleWebKit/537.36 (KHTML, like Gecko) Chrome/146.0.0.0 Safari/537.36"
173.252.82.12 - - [26/Mar/2026:19:36:40 +0300] "GET /yeni/wp-content/themes/narihealth/assets/css/responsive.css?ver=6.9.4 HTTP/2" 200 934 "https://polikistikover.net/yeni/" "Instagram 421.0.0.51.66 Android (34/14; 450dpi; 1080x2408; samsung; SM-A235F; a23; qcom; tr_TR; 909555893)"
173.252.82.12 - - [26/Mar/2026:19:36:40 +0300] "GET /yeni/wp-includes/js/jquery/jquery.min.js?ver=3.7.1 HTTP/2" 200 29744 "https://polikistikover.net/yeni/" "Instagram 421.0.0.51.66 Android (34/14; 450dpi; 1080x2408; samsung; SM-A235F; a23; qcom; tr_TR; 909555893)"
31.13.127.23 - - [26/Mar/2026:19:36:40 +0300] "GET /yeni/wp-content/uploads/elementor/thumbs/hero-img1-rbng5anb32dx5u1ue6st3gmp90chnxx6wyeot3f0hs.jpg HTTP/2" 200 78904 "https://polikistikover.net/yeni/" "Mozilla/5.0 (Windows NT 10.0; Win64; x64) AppleWebKit/537.36 (KHTML, like Gecko) Chrome/146.0.0.0 Safari/537.36"
31.13.127.23 - - [26/Mar/2026:19:36:40 +0300] "GET /yeni/wp-content/uploads/elementor/thumbs/img-11-rbng6v1mh4j4ifrx8v6f92ecw4mihs534pjt8gsg00.jpg HTTP/2" 200 74229 "https://polikistikover.net/yeni/" "Mozilla/5.0 (Windows NT 10.0; Win64; x64) AppleWebKit/537.36 (KHTML, like Gecko) Chrome/146.0.0.0 Safari/537.36"
31.13.127.23 - - [26/Mar/2026:19:36:40 +0300] "GET /yeni/wp-content/uploads/2023/10/sp-icon3.png HTTP/2" 200 14262 "https://polikistikover.net/yeni/" "Mozilla/5.0 (Windows NT 10.0; Win64; x64) AppleWebKit/537.36 (KHTML, like Gecko) Chrome/146.0.0.0 Safari/537.36"
173.252.82.12 - - [26/Mar/2026:19:36:40 +0300] "GET /yeni/wp-content/uploads/elementor/thumbs/post-img2-rbng6itq0a2ebi9o87w9unhd64aqppskr12id3lidc.jpg HTTP/2" 200 60239 "https://polikistikover.net/yeni/" "Instagram 421.0.0.51.66 Android (34/14; 450dpi; 1080x2408; samsung; SM-A235F; a23; qcom; tr_TR; 909555893)"
31.13.127.23 - - [26/Mar/2026:19:36:40 +0300] "GET /yeni/wp-content/uploads/2025/09/image-68-150x150.png HTTP/2" 200 42672 "https://polikistikover.net/yeni/" "Mozilla/5.0 (Windows NT 10.0; Win64; x64) AppleWebKit/537.36 (KHTML, like Gecko) Chrome/146.0.0.0 Safari/537.36"
173.252.82.12 - - [26/Mar/2026:19:36:40 +0300] "GET /yeni/wp-content/uploads/2023/10/img-10.jpg HTTP/2" 200 163480 "https://polikistikover.net/yeni/" "Instagram 421.0.0.51.66 Android (34/14; 450dpi; 1080x2408; samsung; SM-A235F; a23; qcom; tr_TR; 909555893)"
31.13.127.23 - - [26/Mar/2026:19:36:41 +0300] "GET /yeni/wp-content/uploads/2025/09/image-53-150x150.png HTTP/2" 200 37731 "https://polikistikover.net/yeni/" "Mozilla/5.0 (Windows NT 10.0; Win64; x64) AppleWebKit/537.36 (KHTML, like Gecko) Chrome/146.0.0.0 Safari/537.36"
173.252.82.12 - - [26/Mar/2026:19:36:41 +0300] "GET /yeni/wp-content/fonts/inter/UcC73FwrK3iLTeHuS_nVMrMxCp50SjIa1ZL7.woff2 HTTP/2" 200 48256 "https://polikistikover.net/yeni/" "Instagram 421.0.0.51.66 Android (34/14; 450dpi; 1080x2408; samsung; SM-A235F; a23; qcom; tr_TR; 909555893)"
173.252.82.12 - - [26/Mar/2026:19:36:41 +0300] "GET /yeni/wp-content/uploads/elementor/thumbs/img-6-rbng6c8uofte28j8an1vv7550f767u2ge4i3mxkbgg.jpg HTTP/2" 200 103979 "https://polikistikover.net/yeni/" "Instagram 421.0.0.51.66 Android (34/14; 450dpi; 1080x2408; samsung; SM-A235F; a23; qcom; tr_TR; 909555893)"
31.13.127.23 - - [26/Mar/2026:19:36:42 +0300] "GET /yeni/wp-content/uploads/2025/09/ben-150x150.png HTTP/2" 200 36763 "https://polikistikover.net/yeni/" "Mozilla/5.0 (Windows NT 10.0; Win64; x64) AppleWebKit/537.36 (KHTML, like Gecko) Chrome/146.0.0.0 Safari/537.36"
31.13.127.23 - - [26/Mar/2026:19:36:42 +0300] "GET /yeni/wp-content/uploads/2025/09/image-54-150x150.png HTTP/2" 200 28483 "https://polikistikover.net/yeni/" "Mozilla/5.0 (Windows NT 10.0; Win64; x64) AppleWebKit/537.36 (KHTML, like Gecko) Chrome/146.0.0.0 Safari/537.36"
31.13.127.23 - - [26/Mar/2026:19:36:42 +0300] "GET /yeni/wp-content/uploads/elementor/thumbs/post-img1-rbng6hvvtg13zwb1dphna5pwkqfdi0ouewf0vtmwjk.jpg HTTP/2" 200 116512 "https://polikistikover.net/yeni/" "Mozilla/5.0 (Windows NT 10.0; Win64; x64) AppleWebKit/537.36 (KHTML, like Gecko) Chrome/146.0.0.0 Safari/537.36"
31.13.127.23 - - [26/Mar/2026:19:36:42 +0300] "GET /yeni/wp-content/uploads/2025/10/image-7-150x150.png HTTP/2" 200 20650 "https://polikistikover.net/yeni/" "Mozilla/5.0 (Windows NT 10.0; Win64; x64) AppleWebKit/537.36 (KHTML, like Gecko) Chrome/146.0.0.0 Safari/537.36"
31.13.127.23 - - [26/Mar/2026:19:36:42 +0300] "GET /yeni/wp-content/uploads/2025/09/image-109-150x150.png HTTP/2" 200 27670 "https://polikistikover.net/yeni/" "Mozilla/5.0 (Windows NT 10.0; Win64; x64) AppleWebKit/537.36 (KHTML, like Gecko) Chrome/146.0.0.0 Safari/537.36"
173.252.82.12 - - [26/Mar/2026:19:36:42 +0300] "GET /yeni/wp-content/fonts/inter/UcC73FwrK3iLTeHuS_nVMrMxCp50SjIa1pL7SUc.woff2 HTTP/2" 200 18996 "https://polikistikover.net/yeni/" "Instagram 421.0.0.51.66 Android (34/14; 450dpi; 1080x2408; samsung; SM-A235F; a23; qcom; tr_TR; 909555893)"
31.13.127.23 - - [26/Mar/2026:19:36:42 +0300] "GET /yeni/wp-content/uploads/elementor/thumbs/alkol-rfgcqi6vvfljra83ffvdibhd94cutcl2608j0xcvtk.jpg HTTP/2" 200 69103 "https://polikistikover.net/yeni/" "Mozilla/5.0 (Windows NT 10.0; Win64; x64) AppleWebKit/537.36 (KHTML, like Gecko) Chrome/146.0.0.0 Safari/537.36"
173.252.82.12 - - [26/Mar/2026:19:36:42 +0300] "GET /yeni/wp-content/uploads/2025/09/sac-150x150.jpg HTTP/2" 200 7476 "https://polikistikover.net/yeni/" "Instagram 421.0.0.51.66 Android (34/14; 450dpi; 1080x2408; samsung; SM-A235F; a23; qcom; tr_TR; 909555893)"
31.13.127.23 - - [26/Mar/2026:19:36:43 +0300] "GET /yeni/wp-content/uploads/elementor/thumbs/sp-icon2-rbng5nssryzs7v2g65bdiff7j6qu4dpqqcz128yc8w.png HTTP/2" 200 4195 "https://polikistikover.net/yeni/" "Mozilla/5.0 (Windows NT 10.0; Win64; x64) AppleWebKit/537.36 (KHTML, like Gecko) Chrome/146.0.0.0 Safari/537.36"
31.13.127.23 - - [26/Mar/2026:19:36:42 +0300] "GET /yeni/wp-content/uploads/elementor/thumbs/Ekran-goruntusu-2025-12-22-040947-2-rgidekks4jcc9pss6294r6nbdmm3r49tg3b7t36988.png HTTP/2" 200 344932 "https://polikistikover.net/yeni/" "Mozilla/5.0 (Windows NT 10.0; Win64; x64) AppleWebKit/537.36 (KHTML, like Gecko) Chrome/146.0.0.0 Safari/537.36"
31.13.127.23 - - [26/Mar/2026:19:36:42 +0300] "GET /yeni/wp-content/uploads/2025/09/Ekran-goruntusu-2025-08-08-223942.png HTTP/2" 200 544394 "https://polikistikover.net/yeni/" "Mozilla/5.0 (Windows NT 10.0; Win64; x64) AppleWebKit/537.36 (KHTML, like Gecko) Chrome/146.0.0.0 Safari/537.36"
31.13.127.23 - - [26/Mar/2026:19:36:43 +0300] "GET /yeni/wp-content/uploads/elementor/thumbs/sp-icon4-rbng5poh5n2cv2zpv64mney4pyhkjrx7ema00svjwg.png HTTP/2" 200 2945 "https://polikistikover.net/yeni/" "Mozilla/5.0 (Windows NT 10.0; Win64; x64) AppleWebKit/537.36 (KHTML, like Gecko) Chrome/146.0.0.0 Safari/537.36"
31.13.127.23 - - [26/Mar/2026:19:36:43 +0300] "GET /yeni/wp-content/uploads/elementor/thumbs/sp-icon5-rbng5oqmyt12jh130nq02x6o4km7c2th2hmijiwy2o.png HTTP/2" 200 3510 "https://polikistikover.net/yeni/" "Mozilla/5.0 (Windows NT 10.0; Win64; x64) AppleWebKit/537.36 (KHTML, like Gecko) Chrome/146.0.0.0 Safari/537.36"
173.252.82.12 - - [26/Mar/2026:19:36:43 +0300] "GET /yeni/wp-content/themes/narihealth/fonts/icomoon.ttf?5m92mu HTTP/2" 200 25863 "https://polikistikover.net/yeni/wp-content/themes/narihealth/fonts/iconfont.css?ver=6.9.4" "Instagram 421.0.0.51.66 Android (34/14; 450dpi; 1080x2408; samsung; SM-A235F; a23; qcom; tr_TR; 909555893)"
31.13.127.23 - - [26/Mar/2026:19:36:43 +0300] "GET /yeni/wp-content/uploads/elementor/thumbs/sp-icon8-rbng5tftwz7i5iu997r4xdzz3hz1ekc4r4vxxwpz7k.png HTTP/2" 200 3111 "https://polikistikover.net/yeni/" "Mozilla/5.0 (Windows NT 10.0; Win64; x64) AppleWebKit/537.36 (KHTML, like Gecko) Chrome/146.0.0.0 Safari/537.36"
31.13.127.23 - - [26/Mar/2026:19:36:43 +0300] "GET /yeni/wp-content/uploads/elementor/thumbs/sp-icon1-rbng5qmbch3n6oycpoj97wplbccxrh0xqqxhi2u5q8.png HTTP/2" 200 2930 "https://polikistikover.net/yeni/" "Mozilla/5.0 (Windows NT 10.0; Win64; x64) AppleWebKit/537.36 (KHTML, like Gecko) Chrome/146.0.0.0 Safari/537.36"
173.252.82.12 - - [26/Mar/2026:19:36:42 +0300] "GET /yeni/wp-content/uploads/2025/09/image-62.png HTTP/2" 200 40122 "https://polikistikover.net/yeni/" "Instagram 421.0.0.51.66 Android (34/14; 450dpi; 1080x2408; samsung; SM-A235F; a23; qcom; tr_TR; 909555893)"
173.252.82.12 - - [26/Mar/2026:19:36:42 +0300] "GET /yeni/wp-includes/js/dist/hooks.min.js?ver=dd5603f07f9220ed27f1 HTTP/2" 200 1852 "https://polikistikover.net/yeni/" "Instagram 421.0.0.51.66 Android (34/14; 450dpi; 1080x2408; samsung; SM-A235F; a23; qcom; tr_TR; 909555893)"
173.252.82.12 - - [26/Mar/2026:19:36:43 +0300] "GET /yeni/wp-includes/js/dist/i18n.min.js?ver=c26c3dc7bed366793375 HTTP/2" 200 2119 "https://polikistikover.net/yeni/" "Instagram 421.0.0.51.66 Android (34/14; 450dpi; 1080x2408; samsung; SM-A235F; a23; qcom; tr_TR; 909555893)"
31.13.127.23 - - [26/Mar/2026:19:36:43 +0300] "GET /yeni/wp-content/uploads/elementor/thumbs/sp-icon3-rbng5rk5jb4xiawzk6xvseh1wq8az64o2vkyzcsrk0.png HTTP/2" 200 3420 "https://polikistikover.net/yeni/" "Mozilla/5.0 (Windows NT 10.0; Win64; x64) AppleWebKit/537.36 (KHTML, like Gecko) Chrome/146.0.0.0 Safari/537.36"
173.252.82.12 - - [26/Mar/2026:19:36:43 +0300] "GET /yeni/wp-content/plugins/contact-form-7/includes/swv/js/index.js?ver=6.1.5 HTTP/2" 200 3369 "https://polikistikover.net/yeni/" "Instagram 421.0.0.51.66 Android (34/14; 450dpi; 1080x2408; samsung; SM-A235F; a23; qcom; tr_TR; 909555893)"
31.13.127.23 - - [26/Mar/2026:19:36:43 +0300] "GET /yeni/wp-content/uploads/elementor/thumbs/sp-icon7-rbng5shzq567twvmepcicw8ii43o6v8ef08ggmrdds.png HTTP/2" 200 3447 "https://polikistikover.net/yeni/" "Mozilla/5.0 (Windows NT 10.0; Win64; x64) AppleWebKit/537.36 (KHTML, like Gecko) Chrome/146.0.0.0 Safari/537.36"
173.252.82.12 - - [26/Mar/2026:19:36:44 +0300] "GET /yeni/wp-content/plugins/contact-form-7/includes/js/index.js?ver=6.1.5 HTTP/2" 200 4008 "https://polikistikover.net/yeni/" "Instagram 421.0.0.51.66 Android (34/14; 450dpi; 1080x2408; samsung; SM-A235F; a23; qcom; tr_TR; 909555893)"
173.252.82.12 - - [26/Mar/2026:19:36:44 +0300] "GET /yeni/wp-content/themes/narihealth/assets/js/jquery.easing.js?ver=1.3.0 HTTP/2" 200 1891 "https://polikistikover.net/yeni/" "Instagram 421.0.0.51.66 Android (34/14; 450dpi; 1080x2408; samsung; SM-A235F; a23; qcom; tr_TR; 909555893)"
216.244.66.234 - - [26/Mar/2026:19:36:44 +0300] "GET /robots.txt HTTP/1.1" 404 796 "-" "Mozilla/5.0 (compatible; DotBot/1.2; +https://opensiteexplorer.org/dotbot; help@moz.com)"
173.252.82.12 - - [26/Mar/2026:19:36:45 +0300] "GET /yeni/wp-includes/js/hoverIntent.min.js?ver=1.10.2 HTTP/2" 200 668 "https://polikistikover.net/yeni/" "Instagram 421.0.0.51.66 Android (34/14; 450dpi; 1080x2408; samsung; SM-A235F; a23; qcom; tr_TR; 909555893)"
173.252.82.12 - - [26/Mar/2026:19:36:45 +0300] "GET /yeni/wp-content/uploads/2025/10/japon-cocuk-150x150.jpg HTTP/2" 200 4953 "https://polikistikover.net/yeni/" "Instagram 421.0.0.51.66 Android (34/14; 450dpi; 1080x2408; samsung; SM-A235F; a23; qcom; tr_TR; 909555893)"
173.252.82.12 - - [26/Mar/2026:19:36:46 +0300] "GET /yeni/wp-content/uploads/2025/09/image-30-150x150.png HTTP/2" 200 28483 "https://polikistikover.net/yeni/" "Instagram 421.0.0.51.66 Android (34/14; 450dpi; 1080x2408; samsung; SM-A235F; a23; qcom; tr_TR; 909555893)"
173.252.82.12 - - [26/Mar/2026:19:36:47 +0300] "GET /yeni/wp-content/uploads/elementor/thumbs/img-5-rbng69fc3xpj3enbr3u05pur89l2kqr9dqjn73ohz4.jpg HTTP/2" 200 158703 "https://polikistikover.net/yeni/" "Instagram 421.0.0.51.66 Android (34/14; 450dpi; 1080x2408; samsung; SM-A235F; a23; qcom; tr_TR; 909555893)"
173.252.82.12 - - [26/Mar/2026:19:36:47 +0300] "GET /yeni/wp-content/uploads/2025/09/image-29-150x150.png HTTP/2" 200 25956 "https://polikistikover.net/yeni/" "Instagram 421.0.0.51.66 Android (34/14; 450dpi; 1080x2408; samsung; SM-A235F; a23; qcom; tr_TR; 909555893)"
89.252.162.138 - - [26/Mar/2026:19:36:47 +0300] "POST /wp-admin/admin-ajax.php?action=async_litespeed&nonce=zasFBODhRfka4YyGnD8ayoEfuOkRWv53&litespeed_type=imgoptm HTTP/1.1" 200 5 "-" "WordPress/6.8.5; https://polikistikover.net"
31.13.127.23 - - [26/Mar/2026:19:36:43 +0300] "GET /yeni/wp-content/uploads/elementor/thumbs/sp-icon6-rbng5qmbch3n6oycpoj97wplbccxrh0xqqxhi2u5q8.png HTTP/2" 200 3255 "https://polikistikover.net/yeni/" "Mozilla/5.0 (Windows NT 10.0; Win64; x64) AppleWebKit/537.36 (KHTML, like Gecko) Chrome/146.0.0.0 Safari/537.36"
173.252.82.12 - - [26/Mar/2026:19:36:44 +0300] "GET /yeni/wp-includes/js/imagesloaded.min.js?ver=5.0.0 HTTP/2" 200 1687 "https://polikistikover.net/yeni/" "Instagram 421.0.0.51.66 Android (34/14; 450dpi; 1080x2408; samsung; SM-A235F; a23; qcom; tr_TR; 909555893)"
173.252.82.12 - - [26/Mar/2026:19:36:44 +0300] "GET /yeni/wp-includes/js/masonry.min.js?ver=4.2.2 HTTP/2" 200 7117 "https://polikistikover.net/yeni/" "Instagram 421.0.0.51.66 Android (34/14; 450dpi; 1080x2408; samsung; SM-A235F; a23; qcom; tr_TR; 909555893)"
173.252.82.12 - - [26/Mar/2026:19:36:45 +0300] "GET /yeni/wp-content/themes/narihealth/assets/js/jquery.slicknav.js?ver=1.0.10 HTTP/2" 200 4556 "https://polikistikover.net/yeni/" "Instagram 421.0.0.51.66 Android (34/14; 450dpi; 1080x2408; samsung; SM-A235F; a23; qcom; tr_TR; 909555893)"
173.252.82.12 - - [26/Mar/2026:19:36:45 +0300] "GET /yeni/wp-content/themes/narihealth/assets/js/isotope.js?ver=3.0.6 HTTP/2" 200 9603 "https://polikistikover.net/yeni/" "Instagram 421.0.0.51.66 Android (34/14; 450dpi; 1080x2408; samsung; SM-A235F; a23; qcom; tr_TR; 909555893)"
173.252.82.12 - - [26/Mar/2026:19:36:45 +0300] "GET /yeni/wp-content/themes/narihealth/assets/js/superfish.js?ver=1.7.10 HTTP/2" 200 2346 "https://polikistikover.net/yeni/" "Instagram 421.0.0.51.66 Android (34/14; 450dpi; 1080x2408; samsung; SM-A235F; a23; qcom; tr_TR; 909555893)"
173.252.82.12 - - [26/Mar/2026:19:36:45 +0300] "GET /yeni/wp-content/themes/narihealth/assets/js/custom.js?ver=1.0.0 HTTP/2" 200 2150 "https://polikistikover.net/yeni/" "Instagram 421.0.0.51.66 Android (34/14; 450dpi; 1080x2408; samsung; SM-A235F; a23; qcom; tr_TR; 909555893)"
173.252.82.12 - - [26/Mar/2026:19:36:46 +0300] "GET /yeni/wp-content/uploads/2025/09/Skin-tags-150x150.png HTTP/2" 200 43481 "https://polikistikover.net/yeni/" "Instagram 421.0.0.51.66 Android (34/14; 450dpi; 1080x2408; samsung; SM-A235F; a23; qcom; tr_TR; 909555893)"
89.252.162.138 - - [26/Mar/2026:19:36:46 +0300] "POST /wp-cron.php?doing_wp_cron=1774543006.6189229488372802734375 HTTP/1.1" 200 0 "-" "WordPress/6.8.5; https://polikistikover.net"
54.92.168.77 - - [26/Mar/2026:19:36:01 +0300] "POST //xmlrpc.php HTTP/1.1" 200 410 "-" "Mozilla/5.0 (Windows NT 10.0; Win64; x64) AppleWebKit/537.36 (KHTML, like Gecko) Chrome/80.0.3987.149 Safari/537.36"
173.252.82.12 - - [26/Mar/2026:19:36:47 +0300] "GET /yeni/wp-content/uploads/elementor/thumbs/post-img4-rbng6kpedy4yyq6xx8pizn0acw1h5401fadhbniq0w.jpg HTTP/2" 200 91143 "https://polikistikover.net/yeni/" "Instagram 421.0.0.51.66 Android (34/14; 450dpi; 1080x2408; samsung; SM-A235F; a23; qcom; tr_TR; 909555893)"
173.252.82.12 - - [26/Mar/2026:19:36:48 +0300] "GET /yeni/wp-content/uploads/elementor/thumbs/img-7-rbng6d6ov9uoduhv55gifowllt2jfj66q95l47ixa8.jpg HTTP/2" 200 59048 "https://polikistikover.net/yeni/" "Instagram 421.0.0.51.66 Android (34/14; 450dpi; 1080x2408; samsung; SM-A235F; a23; qcom; tr_TR; 909555893)"
173.252.82.12 - - [26/Mar/2026:19:36:48 +0300] "GET /yeni/wp-content/uploads/2025/09/image-64-150x150.png HTTP/2" 200 44048 "https://polikistikover.net/yeni/" "Instagram 421.0.0.51.66 Android (34/14; 450dpi; 1080x2408; samsung; SM-A235F; a23; qcom; tr_TR; 909555893)"
173.252.82.12 - - [26/Mar/2026:19:36:48 +0300] "GET /yeni/wp-content/uploads/elementor/thumbs/post-img6-rbng6ml2rm7jly47m9is4mj7jns7ki7i3joga7fxog.jpg HTTP/2" 200 104955 "https://polikistikover.net/yeni/" "Instagram 421.0.0.51.66 Android (34/14; 450dpi; 1080x2408; samsung; SM-A235F; a23; qcom; tr_TR; 909555893)"
173.252.82.12 - - [26/Mar/2026:19:36:50 +0300] "GET /yeni/wp-content/uploads/2025/09/image-18-150x150.png HTTP/2" 200 18953 "https://polikistikover.net/yeni/" "Instagram 421.0.0.51.66 Android (34/14; 450dpi; 1080x2408; samsung; SM-A235F; a23; qcom; tr_TR; 909555893)"
173.252.82.12 - - [26/Mar/2026:19:36:50 +0300] "GET /yeni/wp-content/uploads/2025/09/image-84-150x150.png HTTP/2" 200 5889 "https://polikistikover.net/yeni/" "Instagram 421.0.0.51.66 Android (34/14; 450dpi; 1080x2408; samsung; SM-A235F; a23; qcom; tr_TR; 909555893)"
173.252.82.12 - - [26/Mar/2026:19:36:49 +0300] "GET /yeni/wp-content/uploads/elementor/thumbs/image-67-rcb2xa5cuvsgtr6xgsyio3guuwwgm3wjjeud5ozv34.png HTTP/2" 200 677319 "https://polikistikover.net/yeni/" "Instagram 421.0.0.51.66 Android (34/14; 450dpi; 1080x2408; samsung; SM-A235F; a23; qcom; tr_TR; 909555893)"
173.252.82.12 - - [26/Mar/2026:19:36:50 +0300] "GET /yeni/wp-content/uploads/2025/10/image-8-150x150.png HTTP/2" 200 17934 "https://polikistikover.net/yeni/" "Instagram 421.0.0.51.66 Android (34/14; 450dpi; 1080x2408; samsung; SM-A235F; a23; qcom; tr_TR; 909555893)"
173.252.82.12 - - [26/Mar/2026:19:36:50 +0300] "GET /yeni/wp-content/uploads/elementor/thumbs/post-img8-rbng6pelc4beks045sqnu3tlbteb7lip3xmwq1br5s.jpg HTTP/2" 200 86861 "https://polikistikover.net/yeni/" "Instagram 421.0.0.51.66 Android (34/14; 450dpi; 1080x2408; samsung; SM-A235F; a23; qcom; tr_TR; 909555893)"
173.252.82.12 - - [26/Mar/2026:19:36:51 +0300] "GET /yeni/wp-content/uploads/elementor/thumbs/post-img5-rbng6ln8ks69ac5krr45k4rqy9wuct3rrf0ysxhbuo.jpg HTTP/2" 200 72184 "https://polikistikover.net/yeni/" "Instagram 421.0.0.51.66 Android (34/14; 450dpi; 1080x2408; samsung; SM-A235F; a23; qcom; tr_TR; 909555893)"
173.252.82.12 - - [26/Mar/2026:19:36:51 +0300] "GET /yeni/wp-content/uploads/elementor/thumbs/post-img9-rbng6ra9psdz7zxdutjwz3ciil51mzq5s6xvol8ytc.jpg HTTP/2" 200 73516 "https://polikistikover.net/yeni/" "Instagram 421.0.0.51.66 Android (34/14; 450dpi; 1080x2408; samsung; SM-A235F; a23; qcom; tr_TR; 909555893)"
173.252.82.12 - - [26/Mar/2026:19:36:52 +0300] "GET /yeni/wp-content/uploads/2025/10/sac-150x150.jpg HTTP/2" 200 7476 "https://polikistikover.net/yeni/" "Instagram 421.0.0.51.66 Android (34/14; 450dpi; 1080x2408; samsung; SM-A235F; a23; qcom; tr_TR; 909555893)"
173.252.82.12 - - [26/Mar/2026:19:36:52 +0300] "GET /yeni/wp-content/uploads/2025/09/image-90-150x150.png HTTP/2" 200 28239 "https://polikistikover.net/yeni/" "Instagram 421.0.0.51.66 Android (34/14; 450dpi; 1080x2408; samsung; SM-A235F; a23; qcom; tr_TR; 909555893)"
173.252.82.12 - - [26/Mar/2026:19:36:52 +0300] "GET /yeni/wp-content/uploads/elementor/thumbs/image-56-rc0wg6zfrvg4myvzu0pdpbqncbyaos9cbou97aiotc.png HTTP/2" 200 430874 "https://polikistikover.net/yeni/" "Instagram 421.0.0.51.66 Android (34/14; 450dpi; 1080x2408; samsung; SM-A235F; a23; qcom; tr_TR; 909555893)"
173.252.82.12 - - [26/Mar/2026:19:36:53 +0300] "GET /yeni/wp-content/uploads/2025/11/image-4-150x150.png HTTP/2" 200 17934 "https://polikistikover.net/yeni/" "Instagram 421.0.0.51.66 Android (34/14; 450dpi; 1080x2408; samsung; SM-A235F; a23; qcom; tr_TR; 909555893)"
173.252.82.12 - - [26/Mar/2026:19:36:54 +0300] "GET /yeni/wp-content/uploads/elementor/thumbs/hero-img2-rbng5lxdd2td15lgkbobxds8dmsw8b5yyi8ikeyaf4.jpg HTTP/2" 200 69585 "https://polikistikover.net/yeni/" "Instagram 421.0.0.51.66 Android (34/14; 450dpi; 1080x2408; samsung; SM-A235F; a23; qcom; tr_TR; 909555893)"
173.252.82.12 - - [26/Mar/2026:19:36:54 +0300] "GET /yeni/wp-content/uploads/2025/09/yumurta-150x150.png HTTP/2" 200 7537 "https://polikistikover.net/yeni/" "Instagram 421.0.0.51.66 Android (34/14; 450dpi; 1080x2408; samsung; SM-A235F; a23; qcom; tr_TR; 909555893)"
173.252.82.12 - - [26/Mar/2026:19:36:56 +0300] "GET /yeni/wp-content/uploads/2023/10/sp-icon3.png HTTP/2" 200 14262 "https://polikistikover.net/yeni/" "Instagram 421.0.0.51.66 Android (34/14; 450dpi; 1080x2408; samsung; SM-A235F; a23; qcom; tr_TR; 909555893)"
173.252.82.12 - - [26/Mar/2026:19:36:58 +0300] "GET /yeni/wp-content/uploads/elementor/thumbs/post-img3-rbng6jrk743on48b2qawf58tri63xewb35pzudk474.jpg HTTP/2" 200 93724 "https://polikistikover.net/yeni/" "Instagram 421.0.0.51.66 Android (34/14; 450dpi; 1080x2408; samsung; SM-A235F; a23; qcom; tr_TR; 909555893)"
173.252.82.12 - - [26/Mar/2026:19:36:49 +0300] "GET /yeni/wp-content/uploads/elementor/thumbs/post-img7-rbng6ogr5aa4961hbac19m24qfixzweyrszf8rd5c0.jpg HTTP/2" 200 69532 "https://polikistikover.net/yeni/" "Instagram 421.0.0.51.66 Android (34/14; 450dpi; 1080x2408; samsung; SM-A235F; a23; qcom; tr_TR; 909555893)"
173.252.82.12 - - [26/Mar/2026:19:36:52 +0300] "GET /yeni/wp-content/uploads/elementor/thumbs/img-2-rbng6t5y3ggjv7unjud642vfpcvs2dxmgg8u9wv8cg.jpg HTTP/2" 200 68858 "https://polikistikover.net/yeni/" "Instagram 421.0.0.51.66 Android (34/14; 450dpi; 1080x2408; samsung; SM-A235F; a23; qcom; tr_TR; 909555893)"
173.252.82.12 - - [26/Mar/2026:19:36:53 +0300] "GET /yeni/wp-content/uploads/2025/09/image-85-150x150.png HTTP/2" 200 33219 "https://polikistikover.net/yeni/" "Instagram 421.0.0.51.66 Android (34/14; 450dpi; 1080x2408; samsung; SM-A235F; a23; qcom; tr_TR; 909555893)"
173.252.82.12 - - [26/Mar/2026:19:36:53 +0300] "GET /yeni/wp-content/uploads/elementor/thumbs/img-4-rbng6bb0hls3qmklg4n9apdof1bt04yq1zumivwnr4.jpg HTTP/2" 200 78681 "https://polikistikover.net/yeni/" "Instagram 421.0.0.51.66 Android (34/14; 450dpi; 1080x2408; samsung; SM-A235F; a23; qcom; tr_TR; 909555893)"
173.252.82.12 - - [26/Mar/2026:19:36:54 +0300] "GET /yeni/wp-content/uploads/2023/10/sp-icon2.png HTTP/2" 200 17970 "https://polikistikover.net/yeni/" "Instagram 421.0.0.51.66 Android (34/14; 450dpi; 1080x2408; samsung; SM-A235F; a23; qcom; tr_TR; 909555893)"
173.252.82.12 - - [26/Mar/2026:19:36:55 +0300] "GET /yeni/wp-content/uploads/elementor/thumbs/img-12-rbng6vzgnykeu1qk3dl1tk5thihvph8tgu7apqr1ts.jpg HTTP/2" 200 94485 "https://polikistikover.net/yeni/" "Instagram 421.0.0.51.66 Android (34/14; 450dpi; 1080x2408; samsung; SM-A235F; a23; qcom; tr_TR; 909555893)"
173.252.82.12 - - [26/Mar/2026:19:36:55 +0300] "GET /yeni/wp-content/uploads/elementor/thumbs/alkol-rceym2p0i3tumul8uj02f3iyaemdanv2xmjvikr4t4.jpg HTTP/2" 200 69103 "https://polikistikover.net/yeni/" "Instagram 421.0.0.51.66 Android (34/14; 450dpi; 1080x2408; samsung; SM-A235F; a23; qcom; tr_TR; 909555893)"
173.252.82.12 - - [26/Mar/2026:19:36:55 +0300] "GET /yeni/wp-content/uploads/elementor/thumbs/hero-img1-rbng5anb32dx5u1ue6st3gmp90chnxx6wyeot3f0hs.jpg HTTP/2" 200 78904 "https://polikistikover.net/yeni/" "Instagram 421.0.0.51.66 Android (34/14; 450dpi; 1080x2408; samsung; SM-A235F; a23; qcom; tr_TR; 909555893)"
173.252.82.12 - - [26/Mar/2026:19:36:56 +0300] "GET /yeni/wp-content/uploads/elementor/thumbs/img-11-rbng6v1mh4j4ifrx8v6f92ecw4mihs534pjt8gsg00.jpg HTTP/2" 200 74229 "https://polikistikover.net/yeni/" "Instagram 421.0.0.51.66 Android (34/14; 450dpi; 1080x2408; samsung; SM-A235F; a23; qcom; tr_TR; 909555893)"
173.252.82.12 - - [26/Mar/2026:19:36:57 +0300] "GET /yeni/wp-content/uploads/2025/09/image-68-150x150.png HTTP/2" 200 42672 "https://polikistikover.net/yeni/" "Instagram 421.0.0.51.66 Android (34/14; 450dpi; 1080x2408; samsung; SM-A235F; a23; qcom; tr_TR; 909555893)"
173.252.82.26 - - [26/Mar/2026:19:36:59 +0300] "GET /yeni/wp-content/uploads/2025/09/ben-150x150.png HTTP/2" 200 36763 "https://polikistikover.net/yeni/" "Instagram 421.0.0.51.66 Android (34/14; 450dpi; 1080x2408; samsung; SM-A235F; a23; qcom; tr_TR; 909555893)"
173.252.82.26 - - [26/Mar/2026:19:36:59 +0300] "GET /yeni/wp-content/uploads/elementor/thumbs/sp-icon8-rbng5tftwz7i5iu997r4xdzz3hz1ekc4r4vxxwpz7k.png HTTP/2" 200 3111 "https://polikistikover.net/yeni/" "Instagram 421.0.0.51.66 Android (34/14; 450dpi; 1080x2408; samsung; SM-A235F; a23; qcom; tr_TR; 909555893)"
173.252.82.26 - - [26/Mar/2026:19:36:59 +0300] "GET /yeni/wp-content/uploads/2025/10/image-1-150x150.png HTTP/2" 200 45353 "https://polikistikover.net/yeni/" "Instagram 421.0.0.51.66 Android (34/14; 450dpi; 1080x2408; samsung; SM-A235F; a23; qcom; tr_TR; 909555893)"
173.252.82.26 - - [26/Mar/2026:19:36:59 +0300] "GET /yeni/wp-content/uploads/2025/10/sac.jpg HTTP/2" 200 9199 "https://polikistikover.net/yeni/" "Instagram 421.0.0.51.66 Android (34/14; 450dpi; 1080x2408; samsung; SM-A235F; a23; qcom; tr_TR; 909555893)"
173.252.82.12 - - [26/Mar/2026:19:36:58 +0300] "GET /yeni/wp-content/uploads/elementor/thumbs/serv-img1-rbng5vbr9f68997t1fqlmbeubhikda7absrdd6kcow.jpg HTTP/2" 200 71208 "https://polikistikover.net/yeni/" "Instagram 421.0.0.51.66 Android (34/14; 450dpi; 1080x2408; samsung; SM-A235F; a23; qcom; tr_TR; 909555893)"
173.252.82.12 - - [26/Mar/2026:19:36:57 +0300] "GET /yeni/wp-content/uploads/elementor/thumbs/img-10-rbng6u3saahu6ttaecrsokmwaqr5a31cskwbr6tu68.jpg HTTP/2" 200 129652 "https://polikistikover.net/yeni/" "Instagram 421.0.0.51.66 Android (34/14; 450dpi; 1080x2408; samsung; SM-A235F; a23; qcom; tr_TR; 909555893)"
173.252.82.26 - - [26/Mar/2026:19:36:59 +0300] "GET /yeni/wp-content/uploads/2025/09/image-53-150x150.png HTTP/2" 200 37731 "https://polikistikover.net/yeni/" "Instagram 421.0.0.51.66 Android (34/14; 450dpi; 1080x2408; samsung; SM-A235F; a23; qcom; tr_TR; 909555893)"
173.252.82.26 - - [26/Mar/2026:19:36:59 +0300] "GET /yeni/wp-content/uploads/elementor/thumbs/alkol-rfgcqi6vvfljra83ffvdibhd94cutcl2608j0xcvtk.jpg HTTP/2" 200 69103 "https://polikistikover.net/yeni/" "Instagram 421.0.0.51.66 Android (34/14; 450dpi; 1080x2408; samsung; SM-A235F; a23; qcom; tr_TR; 909555893)"
173.252.82.26 - - [26/Mar/2026:19:36:59 +0300] "GET /yeni/wp-content/uploads/2025/10/image-7-150x150.png HTTP/2" 200 20650 "https://polikistikover.net/yeni/" "Instagram 421.0.0.51.66 Android (34/14; 450dpi; 1080x2408; samsung; SM-A235F; a23; qcom; tr_TR; 909555893)"
173.252.82.26 - - [26/Mar/2026:19:36:59 +0300] "GET /yeni/wp-content/uploads/elementor/thumbs/sp-icon4-rbng5poh5n2cv2zpv64mney4pyhkjrx7ema00svjwg.png HTTP/2" 200 2945 "https://polikistikover.net/yeni/" "Instagram 421.0.0.51.66 Android (34/14; 450dpi; 1080x2408; samsung; SM-A235F; a23; qcom; tr_TR; 909555893)"
173.252.82.26 - - [26/Mar/2026:19:36:59 +0300] "GET /yeni/wp-content/uploads/elementor/thumbs/post-img1-rbng6hvvtg13zwb1dphna5pwkqfdi0ouewf0vtmwjk.jpg HTTP/2" 200 116512 "https://polikistikover.net/yeni/" "Instagram 421.0.0.51.66 Android (34/14; 450dpi; 1080x2408; samsung; SM-A235F; a23; qcom; tr_TR; 909555893)"
173.252.82.26 - - [26/Mar/2026:19:36:59 +0300] "GET /yeni/wp-content/uploads/elementor/thumbs/Ekran-goruntusu-2025-12-22-040947-2-rgidekks4jcc9pss6294r6nbdmm3r49tg3b7t36988.png HTTP/2" 200 344932 "https://polikistikover.net/yeni/" "Instagram 421.0.0.51.66 Android (34/14; 450dpi; 1080x2408; samsung; SM-A235F; a23; qcom; tr_TR; 909555893)"
173.252.87.4 - - [26/Mar/2026:19:37:12 +0300] "GET /yeni/ HTTP/2" 200 126330 "-" "facebookexternalhit/1.1 (+http://www.facebook.com/externalhit_uatext.php)"
69.171.230.14 - - [26/Mar/2026:19:37:15 +0300] "GET /yeni/wp-content/uploads/elementor/thumbs/img-12-rbng6vzgnykeu1qk3dl1tk5thihvph8tgu7apqr1ts.jpg HTTP/2" 200 94485 "-" "facebookexternalhit/1.1 (+http://www.facebook.com/externalhit_uatext.php)"
173.252.70.16 - - [26/Mar/2026:19:37:15 +0300] "GET /yeni/wp-content/uploads/elementor/thumbs/post-img2-rbng6itq0a2ebi9o87w9unhd64aqppskr12id3lidc.jpg HTTP/2" 200 60239 "-" "facebookexternalhit/1.1 (+http://www.facebook.com/externalhit_uatext.php)"
173.252.78.12 - - [26/Mar/2026:19:37:15 +0300] "GET /yeni/wp-content/uploads/elementor/thumbs/serv-img1-rbng5vbr9f68997t1fqlmbeubhikda7absrdd6kcow.jpg HTTP/2" 200 71208 "-" "facebookexternalhit/1.1 (+http://www.facebook.com/externalhit_uatext.php)"
173.252.82.3 - - [26/Mar/2026:19:37:15 +0300] "GET /yeni/wp-content/uploads/elementor/thumbs/img-6-rbng6c8uofte28j8an1vv7550f767u2ge4i3mxkbgg.jpg HTTP/2" 200 103979 "-" "facebookexternalhit/1.1 (+http://www.facebook.com/externalhit_uatext.php)"
173.252.69.113 - - [26/Mar/2026:19:37:15 +0300] "GET /yeni/wp-content/uploads/elementor/thumbs/img-1-rbng5i60lqo7qpqx6a1tneqe03bfdir1lzmknb3v40.jpg HTTP/2" 200 59015 "-" "facebookexternalhit/1.1 (+http://www.facebook.com/externalhit_uatext.php)"
89.252.162.138 - - [26/Mar/2026:19:37:17 +0300] "POST /wp-cron.php?doing_wp_cron=1774543037.0792410373687744140625 HTTP/1.1" 200 0 "-" "WordPress/6.8.5; https://polikistikover.net"
173.252.82.26 - - [26/Mar/2026:19:36:59 +0300] "GET /yeni/wp-content/uploads/2025/09/image-54-150x150.png HTTP/2" 200 28483 "https://polikistikover.net/yeni/" "Instagram 421.0.0.51.66 Android (34/14; 450dpi; 1080x2408; samsung; SM-A235F; a23; qcom; tr_TR; 909555893)"
173.252.82.26 - - [26/Mar/2026:19:36:59 +0300] "GET /yeni/wp-content/uploads/elementor/thumbs/sp-icon5-rbng5oqmyt12jh130nq02x6o4km7c2th2hmijiwy2o.png HTTP/2" 200 3510 "https://polikistikover.net/yeni/" "Instagram 421.0.0.51.66 Android (34/14; 450dpi; 1080x2408; samsung; SM-A235F; a23; qcom; tr_TR; 909555893)"
173.252.82.26 - - [26/Mar/2026:19:36:59 +0300] "GET /yeni/wp-content/uploads/2025/09/image-110-150x150.png HTTP/2" 200 36763 "https://polikistikover.net/yeni/" "Instagram 421.0.0.51.66 Android (34/14; 450dpi; 1080x2408; samsung; SM-A235F; a23; qcom; tr_TR; 909555893)"
173.252.82.26 - - [26/Mar/2026:19:36:59 +0300] "GET /yeni/wp-content/uploads/elementor/thumbs/sp-icon2-rbng5nssryzs7v2g65bdiff7j6qu4dpqqcz128yc8w.png HTTP/2" 200 4195 "https://polikistikover.net/yeni/" "Instagram 421.0.0.51.66 Android (34/14; 450dpi; 1080x2408; samsung; SM-A235F; a23; qcom; tr_TR; 909555893)"
173.252.82.26 - - [26/Mar/2026:19:36:59 +0300] "GET /yeni/wp-content/uploads/2023/10/sp-icon3-1.png HTTP/2" 200 14262 "https://polikistikover.net/yeni/" "Instagram 421.0.0.51.66 Android (34/14; 450dpi; 1080x2408; samsung; SM-A235F; a23; qcom; tr_TR; 909555893)"
173.252.82.26 - - [26/Mar/2026:19:36:59 +0300] "GET /yeni/wp-content/uploads/elementor/thumbs/sp-icon3-rbng5rk5jb4xiawzk6xvseh1wq8az64o2vkyzcsrk0.png HTTP/2" 200 3420 "https://polikistikover.net/yeni/" "Instagram 421.0.0.51.66 Android (34/14; 450dpi; 1080x2408; samsung; SM-A235F; a23; qcom; tr_TR; 909555893)"
173.252.82.26 - - [26/Mar/2026:19:36:59 +0300] "GET /yeni/wp-content/uploads/elementor/thumbs/sp-icon1-rbng5qmbch3n6oycpoj97wplbccxrh0xqqxhi2u5q8.png HTTP/2" 200 2930 "https://polikistikover.net/yeni/" "Instagram 421.0.0.51.66 Android (34/14; 450dpi; 1080x2408; samsung; SM-A235F; a23; qcom; tr_TR; 909555893)"
173.252.82.26 - - [26/Mar/2026:19:36:59 +0300] "GET /yeni/wp-content/uploads/elementor/thumbs/sp-icon7-rbng5shzq567twvmepcicw8ii43o6v8ef08ggmrdds.png HTTP/2" 200 3447 "https://polikistikover.net/yeni/" "Instagram 421.0.0.51.66 Android (34/14; 450dpi; 1080x2408; samsung; SM-A235F; a23; qcom; tr_TR; 909555893)"
173.252.82.26 - - [26/Mar/2026:19:36:59 +0300] "GET /yeni/wp-content/uploads/elementor/thumbs/sp-icon6-rbng5qmbch3n6oycpoj97wplbccxrh0xqqxhi2u5q8.png HTTP/2" 200 3255 "https://polikistikover.net/yeni/" "Instagram 421.0.0.51.66 Android (34/14; 450dpi; 1080x2408; samsung; SM-A235F; a23; qcom; tr_TR; 909555893)"
173.252.82.26 - - [26/Mar/2026:19:36:59 +0300] "GET /yeni/wp-content/uploads/2025/09/image-109-150x150.png HTTP/2" 200 27670 "https://polikistikover.net/yeni/" "Instagram 421.0.0.51.66 Android (34/14; 450dpi; 1080x2408; samsung; SM-A235F; a23; qcom; tr_TR; 909555893)"
173.252.82.26 - - [26/Mar/2026:19:36:59 +0300] "GET /yeni/wp-content/uploads/2025/09/Ekran-goruntusu-2025-08-08-223942-768x515.png HTTP/2" 200 431487 "https://polikistikover.net/yeni/" "Instagram 421.0.0.51.66 Android (34/14; 450dpi; 1080x2408; samsung; SM-A235F; a23; qcom; tr_TR; 909555893)"
173.252.70.47 - - [26/Mar/2026:19:37:17 +0300] "GET /yeni/wp-content/uploads/elementor/thumbs/post-img9-rbng6ra9psdz7zxdutjwz3ciil51mzq5s6xvol8ytc.jpg HTTP/2" 200 73516 "-" "facebookexternalhit/1.1 (+http://www.facebook.com/externalhit_uatext.php)"
69.171.230.9 - - [26/Mar/2026:19:37:17 +0300] "GET /yeni/wp-content/uploads/elementor/thumbs/post-img2-rbng6itq0a2ebi9o87w9unhd64aqppskr12id3lidc.jpg HTTP/2" 200 60239 "-" "facebookexternalhit/1.1 (+http://www.facebook.com/externalhit_uatext.php)"
173.252.70.114 - - [26/Mar/2026:19:37:18 +0300] "GET /yeni/wp-content/uploads/elementor/thumbs/img-11-rbng6v1mh4j4ifrx8v6f92ecw4mihs534pjt8gsg00.jpg HTTP/2" 200 74229 "-" "facebookexternalhit/1.1 (+http://www.facebook.com/externalhit_uatext.php)"
54.92.168.77 - - [26/Mar/2026:19:36:47 +0300] "POST //xmlrpc.php HTTP/1.1" 200 410 "-" "Mozilla/5.0 (Windows NT 10.0; Win64; x64) AppleWebKit/537.36 (KHTML, like Gecko) Chrome/80.0.3987.149 Safari/537.36"
173.252.87.7 - - [26/Mar/2026:19:37:15 +0300] "GET /yeni/ HTTP/2" 200 126330 "-" "facebookexternalhit/1.1 (+http://www.facebook.com/externalhit_uatext.php)"
69.63.184.112 - - [26/Mar/2026:19:37:17 +0300] "GET /yeni/wp-content/uploads/elementor/thumbs/post-img4-rbng6kpedy4yyq6xx8pizn0acw1h5401fadhbniq0w.jpg HTTP/2" 200 91143 "-" "facebookexternalhit/1.1 (+http://www.facebook.com/externalhit_uatext.php)"
69.63.184.29 - - [26/Mar/2026:19:37:18 +0300] "GET /yeni/wp-content/uploads/elementor/thumbs/post-img7-rbng6ogr5aa4961hbac19m24qfixzweyrszf8rd5c0.jpg HTTP/2" 200 69532 "-" "facebookexternalhit/1.1 (+http://www.facebook.com/externalhit_uatext.php)"
173.252.69.5 - - [26/Mar/2026:19:37:17 +0300] "GET /yeni/wp-content/uploads/elementor/thumbs/img-5-rbng69fc3xpj3enbr3u05pur89l2kqr9dqjn73ohz4.jpg HTTP/2" 200 158703 "-" "facebookexternalhit/1.1 (+http://www.facebook.com/externalhit_uatext.php)"
69.171.249.3 - - [26/Mar/2026:19:37:18 +0300] "GET /yeni/wp-content/uploads/elementor/thumbs/img-6-rbng6c8uofte28j8an1vv7550f767u2ge4i3mxkbgg.jpg HTTP/2" 200 103979 "-" "facebookexternalhit/1.1 (+http://www.facebook.com/externalhit_uatext.php)"
69.171.230.1 - - [26/Mar/2026:19:37:18 +0300] "GET /yeni/wp-content/uploads/elementor/thumbs/post-img1-rbng6hvvtg13zwb1dphna5pwkqfdi0ouewf0vtmwjk.jpg HTTP/2" 200 116512 "-" "facebookexternalhit/1.1 (+http://www.facebook.com/externalhit_uatext.php)"
31.13.115.2 - - [26/Mar/2026:19:37:27 +0300] "GET / HTTP/2" 200 76 "-" "facebookexternalhit/1.1 (+http://www.facebook.com/externalhit_uatext.php)"
54.92.168.77 - - [26/Mar/2026:19:37:17 +0300] "POST //xmlrpc.php HTTP/1.1" 200 410 "-" "Mozilla/5.0 (Windows NT 10.0; Win64; x64) AppleWebKit/537.36 (KHTML, like Gecko) Chrome/80.0.3987.149 Safari/537.36"
107.189.2.171 - - [26/Mar/2026:19:38:04 +0300] "GET /wp-login.php HTTP/1.1" 200 3152 "-" "Mozilla/5.0 (Windows NT 10.0; Win64; x64) AppleWebKit/537.36 (KHTML, like Gecko) Chrome/134.0.0.0 Safari/537.36"
89.252.162.138 - - [26/Mar/2026:19:38:31 +0300] "POST /wp-cron.php?doing_wp_cron=1774543111.6916339397430419921875 HTTP/1.1" 200 0 "-" "WordPress/6.8.5; https://polikistikover.net"
54.92.168.77 - - [26/Mar/2026:19:38:01 +0300] "POST //xmlrpc.php HTTP/1.1" 200 410 "-" "Mozilla/5.0 (Windows NT 10.0; Win64; x64) AppleWebKit/537.36 (KHTML, like Gecko) Chrome/80.0.3987.149 Safari/537.36"
43.166.7.113 - - [26/Mar/2026:19:38:51 +0300] "GET / HTTP/1.1" 200 76 "http://www.polikistikover.net" "Mozilla/5.0 (iPhone; CPU iPhone OS 13_2_3 like Mac OS X) AppleWebKit/605.1.15 (KHTML, like Gecko) Version/13.0.3 Mobile/15E148 Safari/604.1"
54.92.168.77 - - [26/Mar/2026:19:38:31 +0300] "POST //xmlrpc.php HTTP/1.1" 200 410 "-" "Mozilla/5.0 (Windows NT 10.0; Win64; x64) AppleWebKit/537.36 (KHTML, like Gecko) Chrome/80.0.3987.149 Safari/537.36"
54.92.168.77 - - [26/Mar/2026:19:39:16 +0300] "POST //xmlrpc.php HTTP/1.1" 200 410 "-" "Mozilla/5.0 (Windows NT 10.0; Win64; x64) AppleWebKit/537.36 (KHTML, like Gecko) Chrome/80.0.3987.149 Safari/537.36"
216.244.66.234 - - [26/Mar/2026:19:40:13 +0300] "GET /polikistik-over-sendromunun-cesitleri-alt-gruplari/ HTTP/1.1" 404 796 "-" "Mozilla/5.0 (compatible; DotBot/1.2; +https://opensiteexplorer.org/dotbot; help@moz.com)"
89.252.162.138 - - [26/Mar/2026:19:40:31 +0300] "POST /wp-cron.php?doing_wp_cron=1774543231.6311779022216796875000 HTTP/1.1" 200 0 "-" "WordPress/6.8.5; https://polikistikover.net"
54.92.168.77 - - [26/Mar/2026:19:39:46 +0300] "POST //xmlrpc.php HTTP/1.1" 200 410 "-" "Mozilla/5.0 (Windows NT 10.0; Win64; x64) AppleWebKit/537.36 (KHTML, like Gecko) Chrome/80.0.3987.149 Safari/537.36"
89.252.162.138 - - [26/Mar/2026:19:40:32 +0300] "POST /wp-admin/admin-ajax.php?action=async_litespeed&nonce=bAy5ZzLuv728BhrHC8PZPIsaLIFlEMDH&litespeed_type=imgoptm HTTP/1.1" 200 5 "-" "WordPress/6.8.5; https://polikistikover.net"
54.92.168.77 - - [26/Mar/2026:19:40:31 +0300] "POST //xmlrpc.php HTTP/1.1" 200 410 "-" "Mozilla/5.0 (Windows NT 10.0; Win64; x64) AppleWebKit/537.36 (KHTML, like Gecko) Chrome/80.0.3987.149 Safari/537.36"
89.252.162.138 - - [26/Mar/2026:19:41:46 +0300] "POST /wp-cron.php?doing_wp_cron=1774543306.7628169059753417968750 HTTP/1.1" 200 0 "-" "WordPress/6.8.5; https://polikistikover.net"
54.92.168.77 - - [26/Mar/2026:19:41:01 +0300] "POST //xmlrpc.php HTTP/1.1" 200 410 "-" "Mozilla/5.0 (Windows NT 10.0; Win64; x64) AppleWebKit/537.36 (KHTML, like Gecko) Chrome/80.0.3987.149 Safari/537.36"
54.92.168.77 - - [26/Mar/2026:19:41:47 +0300] "POST //xmlrpc.php HTTP/1.1" 200 410 "-" "Mozilla/5.0 (Windows NT 10.0; Win64; x64) AppleWebKit/537.36 (KHTML, like Gecko) Chrome/80.0.3987.149 Safari/537.36"
54.92.168.77 - - [26/Mar/2026:19:42:16 +0300] "POST //xmlrpc.php HTTP/1.1" 200 410 "-" "Mozilla/5.0 (Windows NT 10.0; Win64; x64) AppleWebKit/537.36 (KHTML, like Gecko) Chrome/80.0.3987.149 Safari/537.36"
89.252.162.138 - - [26/Mar/2026:19:43:31 +0300] "POST /wp-cron.php?doing_wp_cron=1774543411.4476900100708007812500 HTTP/1.1" 200 0 "-" "WordPress/6.8.5; https://polikistikover.net"
54.92.168.77 - - [26/Mar/2026:19:43:01 +0300] "POST //xmlrpc.php HTTP/1.1" 200 410 "-" "Mozilla/5.0 (Windows NT 10.0; Win64; x64) AppleWebKit/537.36 (KHTML, like Gecko) Chrome/80.0.3987.149 Safari/537.36"
89.252.162.138 - - [26/Mar/2026:19:44:16 +0300] "POST /wp-cron.php?doing_wp_cron=1774543456.6056690216064453125000 HTTP/1.1" 200 0 "-" "WordPress/6.8.5; https://polikistikover.net"
54.92.168.77 - - [26/Mar/2026:19:43:31 +0300] "POST //xmlrpc.php HTTP/1.1" 200 410 "-" "Mozilla/5.0 (Windows NT 10.0; Win64; x64) AppleWebKit/537.36 (KHTML, like Gecko) Chrome/80.0.3987.149 Safari/537.36"
89.252.162.138 - - [26/Mar/2026:19:44:17 +0300] "POST /wp-admin/admin-ajax.php?action=async_litespeed&nonce=RhYSuXe8l1lc7f07upLMqxryRHlPIpMn&litespeed_type=imgoptm HTTP/1.1" 200 5 "-" "WordPress/6.8.5; https://polikistikover.net"
52.7.33.248 - - [26/Mar/2026:19:44:22 +0300] "GET /yeni/polikistik-over-sendromunda-sac-dokulmesi-2/ HTTP/1.1" 200 55980 "-" "Mozilla/5.0 AppleWebKit/537.36 (KHTML, like Gecko; compatible; Amazonbot/0.1; +https://developer.amazon.com/support/amazonbot) Chrome/119.0.6045.214 Safari/537.36"
89.252.162.138 - - [26/Mar/2026:19:44:41 +0300] "POST /yeni/wp-cron.php?doing_wp_cron=1774543481.7113189697265625000000 HTTP/1.1" 200 0 "-" "WordPress/6.9.4; https://polikistikover.net/yeni"
34.199.252.22 - - [26/Mar/2026:19:44:18 +0300] "GET /yeni/polikistik-over-sendromunda-sac-dokulmesi/ HTTP/1.1" 200 55723 "-" "Mozilla/5.0 AppleWebKit/537.36 (KHTML, like Gecko; compatible; Amazonbot/0.1; +https://developer.amazon.com/support/amazonbot) Chrome/119.0.6045.214 Safari/537.36"
54.92.168.77 - - [26/Mar/2026:19:44:16 +0300] "POST //xmlrpc.php HTTP/1.1" 200 410 "-" "Mozilla/5.0 (Windows NT 10.0; Win64; x64) AppleWebKit/537.36 (KHTML, like Gecko) Chrome/80.0.3987.149 Safari/537.36"
54.92.168.77 - - [26/Mar/2026:19:44:46 +0300] "POST //xmlrpc.php HTTP/1.1" 200 410 "-" "Mozilla/5.0 (Windows NT 10.0; Win64; x64) AppleWebKit/537.36 (KHTML, like Gecko) Chrome/80.0.3987.149 Safari/537.36"
89.252.162.138 - - [26/Mar/2026:19:45:32 +0300] "POST /wp-admin/admin-ajax.php?action=async_litespeed&nonce=bJtgplj7bzRBodfCLcmSHpC055sPOlYe&litespeed_type=imgoptm HTTP/1.1" 200 5 "-" "WordPress/6.8.5; https://polikistikover.net"
89.252.162.138 - - [26/Mar/2026:19:45:58 +0300] "POST /yeni/wp-cron.php?doing_wp_cron=1774543558.8173069953918457031250 HTTP/1.1" 200 0 "-" "WordPress/6.9.4; https://polikistikover.net/yeni"
13.223.22.190 - - [26/Mar/2026:19:45:58 +0300] "HEAD /yeni/polikistik-over-sendromunda-sac-dokulmesi/ HTTP/1.1" 200 0 "-" "Mozilla/5.0 AppleWebKit/605.1.15 (KHTML, like Gecko) Chrome/139.0.0.0 Safari/605.1.15"
54.92.168.77 - - [26/Mar/2026:19:45:32 +0300] "POST //xmlrpc.php HTTP/1.1" 200 410 "-" "Mozilla/5.0 (Windows NT 10.0; Win64; x64) AppleWebKit/537.36 (KHTML, like Gecko) Chrome/80.0.3987.149 Safari/537.36"
89.252.162.138 - - [26/Mar/2026:19:46:02 +0300] "POST /wp-admin/admin-ajax.php?action=async_litespeed&nonce=mJTaxbjFzHQ9dKBPrbNZexIEny97iLza&litespeed_type=imgoptm HTTP/1.1" 200 5 "-" "WordPress/6.8.5; https://polikistikover.net"
89.252.162.138 - - [26/Mar/2026:19:46:46 +0300] "POST /wp-cron.php?doing_wp_cron=1774543606.4915928840637207031250 HTTP/1.1" 200 0 "-" "WordPress/6.8.5; https://polikistikover.net"
54.92.168.77 - - [26/Mar/2026:19:46:02 +0300] "POST //xmlrpc.php HTTP/1.1" 200 410 "-" "Mozilla/5.0 (Windows NT 10.0; Win64; x64) AppleWebKit/537.36 (KHTML, like Gecko) Chrome/80.0.3987.149 Safari/537.36"
89.252.162.138 - - [26/Mar/2026:19:47:16 +0300] "POST /wp-cron.php?doing_wp_cron=1774543636.5412878990173339843750 HTTP/1.1" 200 0 "-" "WordPress/6.8.5; https://polikistikover.net"
54.92.168.77 - - [26/Mar/2026:19:46:46 +0300] "POST //xmlrpc.php HTTP/1.1" 200 410 "-" "Mozilla/5.0 (Windows NT 10.0; Win64; x64) AppleWebKit/537.36 (KHTML, like Gecko) Chrome/80.0.3987.149 Safari/537.36"
54.92.168.77 - - [26/Mar/2026:19:47:16 +0300] "POST //xmlrpc.php HTTP/1.1" 200 410 "-" "Mozilla/5.0 (Windows NT 10.0; Win64; x64) AppleWebKit/537.36 (KHTML, like Gecko) Chrome/80.0.3987.149 Safari/537.36"
89.252.162.138 - - [26/Mar/2026:19:48:02 +0300] "POST /wp-admin/admin-ajax.php?action=async_litespeed&nonce=Iuf1nxhSIj04uIrQ9u9T0Fu3kT0hwNqq&litespeed_type=imgoptm HTTP/1.1" 200 5 "-" "WordPress/6.8.5; https://polikistikover.net"
74.235.238.88 - - [26/Mar/2026:19:48:11 +0300] "GET /wp-content/plugins/hellopress/wp_filemanager.php HTTP/1.1" 401 36 "-" "-"
74.235.238.88 - - [26/Mar/2026:19:48:11 +0300] "GET /an.php HTTP/1.1" 401 36 "-" "-"
74.235.238.88 - - [26/Mar/2026:19:48:11 +0300] "GET /index/function.php HTTP/1.1" 401 36 "-" "-"
74.235.238.88 - - [26/Mar/2026:19:48:12 +0300] "GET /randkeyword.PhP7 HTTP/1.1" 401 36 "-" "-"
74.235.238.88 - - [26/Mar/2026:19:48:12 +0300] "GET /ws.php HTTP/1.1" 401 36 "-" "-"
74.235.238.88 - - [26/Mar/2026:19:48:12 +0300] "GET /404.php HTTP/1.1" 401 36 "-" "-"
