5.176.91.80 - - [27/Mar/2026:00:10:11 +0300] "GET /yeni/wp-includes/js/dist/hooks.min.js?ver=dd5603f07f9220ed27f1 HTTP/2" 200 1852 "https://polikistikover.net/yeni/" "Mozilla/5.0 (iPhone; CPU iPhone OS 18_7 like Mac OS X) AppleWebKit/605.1.15 (KHTML, like Gecko) Mobile/23D8133 Instagram 421.1.6.39.52 (iPhone13,3; iOS 26_3_1; tr_TR; tr; scale=3.00; 1170x2532; IABMV/1; 910922286) NW/1 Safari/604.1"
5.176.91.80 - - [27/Mar/2026:00:10:11 +0300] "GET /yeni/wp-includes/js/dist/i18n.min.js?ver=c26c3dc7bed366793375 HTTP/2" 200 2119 "https://polikistikover.net/yeni/" "Mozilla/5.0 (iPhone; CPU iPhone OS 18_7 like Mac OS X) AppleWebKit/605.1.15 (KHTML, like Gecko) Mobile/23D8133 Instagram 421.1.6.39.52 (iPhone13,3; iOS 26_3_1; tr_TR; tr; scale=3.00; 1170x2532; IABMV/1; 910922286) NW/1 Safari/604.1"
5.176.91.80 - - [27/Mar/2026:00:10:11 +0300] "GET /yeni/wp-content/plugins/contact-form-7/includes/swv/js/index.js?ver=6.1.5 HTTP/2" 200 3369 "https://polikistikover.net/yeni/" "Mozilla/5.0 (iPhone; CPU iPhone OS 18_7 like Mac OS X) AppleWebKit/605.1.15 (KHTML, like Gecko) Mobile/23D8133 Instagram 421.1.6.39.52 (iPhone13,3; iOS 26_3_1; tr_TR; tr; scale=3.00; 1170x2532; IABMV/1; 910922286) NW/1 Safari/604.1"
5.176.91.80 - - [27/Mar/2026:00:10:11 +0300] "GET /yeni/wp-content/plugins/contact-form-7/includes/js/index.js?ver=6.1.5 HTTP/2" 200 4008 "https://polikistikover.net/yeni/" "Mozilla/5.0 (iPhone; CPU iPhone OS 18_7 like Mac OS X) AppleWebKit/605.1.15 (KHTML, like Gecko) Mobile/23D8133 Instagram 421.1.6.39.52 (iPhone13,3; iOS 26_3_1; tr_TR; tr; scale=3.00; 1170x2532; IABMV/1; 910922286) NW/1 Safari/604.1"
5.176.91.80 - - [27/Mar/2026:00:10:11 +0300] "GET /yeni/wp-content/themes/narihealth/assets/js/jquery.easing.js?ver=1.3.0 HTTP/2" 200 1891 "https://polikistikover.net/yeni/" "Mozilla/5.0 (iPhone; CPU iPhone OS 18_7 like Mac OS X) AppleWebKit/605.1.15 (KHTML, like Gecko) Mobile/23D8133 Instagram 421.1.6.39.52 (iPhone13,3; iOS 26_3_1; tr_TR; tr; scale=3.00; 1170x2532; IABMV/1; 910922286) NW/1 Safari/604.1"
5.176.91.80 - - [27/Mar/2026:00:10:11 +0300] "GET /yeni/wp-includes/js/imagesloaded.min.js?ver=5.0.0 HTTP/2" 200 1687 "https://polikistikover.net/yeni/" "Mozilla/5.0 (iPhone; CPU iPhone OS 18_7 like Mac OS X) AppleWebKit/605.1.15 (KHTML, like Gecko) Mobile/23D8133 Instagram 421.1.6.39.52 (iPhone13,3; iOS 26_3_1; tr_TR; tr; scale=3.00; 1170x2532; IABMV/1; 910922286) NW/1 Safari/604.1"
5.176.91.80 - - [27/Mar/2026:00:10:11 +0300] "GET /yeni/wp-includes/js/masonry.min.js?ver=4.2.2 HTTP/2" 200 7117 "https://polikistikover.net/yeni/" "Mozilla/5.0 (iPhone; CPU iPhone OS 18_7 like Mac OS X) AppleWebKit/605.1.15 (KHTML, like Gecko) Mobile/23D8133 Instagram 421.1.6.39.52 (iPhone13,3; iOS 26_3_1; tr_TR; tr; scale=3.00; 1170x2532; IABMV/1; 910922286) NW/1 Safari/604.1"
5.176.91.80 - - [27/Mar/2026:00:10:11 +0300] "GET /yeni/wp-content/themes/narihealth/assets/js/isotope.js?ver=3.0.6 HTTP/2" 200 9603 "https://polikistikover.net/yeni/" "Mozilla/5.0 (iPhone; CPU iPhone OS 18_7 like Mac OS X) AppleWebKit/605.1.15 (KHTML, like Gecko) Mobile/23D8133 Instagram 421.1.6.39.52 (iPhone13,3; iOS 26_3_1; tr_TR; tr; scale=3.00; 1170x2532; IABMV/1; 910922286) NW/1 Safari/604.1"
5.176.91.80 - - [27/Mar/2026:00:10:11 +0300] "GET /yeni/wp-includes/js/hoverIntent.min.js?ver=1.10.2 HTTP/2" 200 668 "https://polikistikover.net/yeni/" "Mozilla/5.0 (iPhone; CPU iPhone OS 18_7 like Mac OS X) AppleWebKit/605.1.15 (KHTML, like Gecko) Mobile/23D8133 Instagram 421.1.6.39.52 (iPhone13,3; iOS 26_3_1; tr_TR; tr; scale=3.00; 1170x2532; IABMV/1; 910922286) NW/1 Safari/604.1"
5.176.91.80 - - [27/Mar/2026:00:10:11 +0300] "GET /yeni/wp-content/themes/narihealth/assets/js/superfish.js?ver=1.7.10 HTTP/2" 200 2346 "https://polikistikover.net/yeni/" "Mozilla/5.0 (iPhone; CPU iPhone OS 18_7 like Mac OS X) AppleWebKit/605.1.15 (KHTML, like Gecko) Mobile/23D8133 Instagram 421.1.6.39.52 (iPhone13,3; iOS 26_3_1; tr_TR; tr; scale=3.00; 1170x2532; IABMV/1; 910922286) NW/1 Safari/604.1"
5.176.91.80 - - [27/Mar/2026:00:10:11 +0300] "GET /yeni/wp-content/themes/narihealth/assets/js/custom.js?ver=1.0.0 HTTP/2" 200 2150 "https://polikistikover.net/yeni/" "Mozilla/5.0 (iPhone; CPU iPhone OS 18_7 like Mac OS X) AppleWebKit/605.1.15 (KHTML, like Gecko) Mobile/23D8133 Instagram 421.1.6.39.52 (iPhone13,3; iOS 26_3_1; tr_TR; tr; scale=3.00; 1170x2532; IABMV/1; 910922286) NW/1 Safari/604.1"
5.176.91.80 - - [27/Mar/2026:00:10:11 +0300] "GET /yeni/wp-content/uploads/2023/10/img-10.jpg HTTP/2" 200 163480 "https://polikistikover.net/yeni/" "Mozilla/5.0 (iPhone; CPU iPhone OS 18_7 like Mac OS X) AppleWebKit/605.1.15 (KHTML, like Gecko) Mobile/23D8133 Instagram 421.1.6.39.52 (iPhone13,3; iOS 26_3_1; tr_TR; tr; scale=3.00; 1170x2532; IABMV/1; 910922286) NW/1 Safari/604.1"
5.176.91.80 - - [27/Mar/2026:00:09:44 +0300] "GET /yeni/ HTTP/2" 200 17723 "https://polikistikover.net/?utm_source=ig&utm_medium=social&utm_content=link_in_bio&fbclid=PAZXh0bgNhZW0CMTEAc3J0YwZhcHBfaWQPMTI0MDI0NTc0Mjg3NDE0AAGn8fAVx1FolqrwsxnHGcIGOpte2w04FyavHsElMLKyDAFid4WJxp6RpFhqvaE_aem_b3zJaDyAaGvlgwpM8OtVVQ" "Mozilla/5.0 (iPhone; CPU iPhone OS 18_7 like Mac OS X) AppleWebKit/605.1.15 (KHTML, like Gecko) Mobile/23D8133 Instagram 421.1.6.39.52 (iPhone13,3; iOS 26_3_1; tr_TR; tr; scale=3.00; 1170x2532; IABMV/1; 910922286) Safari/604.1"
5.176.91.80 - - [27/Mar/2026:00:10:12 +0300] "GET /yeni/wp-content/uploads/2025/10/sac.jpg HTTP/2" 200 9199 "https://polikistikover.net/yeni/" "Mozilla/5.0 (iPhone; CPU iPhone OS 18_7 like Mac OS X) AppleWebKit/605.1.15 (KHTML, like Gecko) Mobile/23D8133 Instagram 421.1.6.39.52 (iPhone13,3; iOS 26_3_1; tr_TR; tr; scale=3.00; 1170x2532; IABMV/1; 910922286) NW/1 Safari/604.1"
5.176.91.80 - - [27/Mar/2026:00:10:12 +0300] "GET /yeni/wp-content/uploads/2025/09/Ekran-goruntusu-2025-08-08-223942.png HTTP/2" 200 544394 "https://polikistikover.net/yeni/" "Mozilla/5.0 (iPhone; CPU iPhone OS 18_7 like Mac OS X) AppleWebKit/605.1.15 (KHTML, like Gecko) Mobile/23D8133 Instagram 421.1.6.39.52 (iPhone13,3; iOS 26_3_1; tr_TR; tr; scale=3.00; 1170x2532; IABMV/1; 910922286) NW/1 Safari/604.1"
5.176.91.80 - - [27/Mar/2026:00:10:12 +0300] "GET /yeni/wp-content/fonts/inter/UcC73FwrK3iLTeHuS_nVMrMxCp50SjIa1ZL7.woff2 HTTP/2" 200 48256 "https://polikistikover.net/yeni/" "Mozilla/5.0 (iPhone; CPU iPhone OS 18_7 like Mac OS X) AppleWebKit/605.1.15 (KHTML, like Gecko) Mobile/23D8133 Instagram 421.1.6.39.52 (iPhone13,3; iOS 26_3_1; tr_TR; tr; scale=3.00; 1170x2532; IABMV/1; 910922286) NW/1 Safari/604.1"
5.176.91.80 - - [27/Mar/2026:00:10:12 +0300] "GET /yeni/wp-content/fonts/inter/UcC73FwrK3iLTeHuS_nVMrMxCp50SjIa25L7SUc.woff2 HTTP/2" 200 85068 "https://polikistikover.net/yeni/" "Mozilla/5.0 (iPhone; CPU iPhone OS 18_7 like Mac OS X) AppleWebKit/605.1.15 (KHTML, like Gecko) Mobile/23D8133 Instagram 421.1.6.39.52 (iPhone13,3; iOS 26_3_1; tr_TR; tr; scale=3.00; 1170x2532; IABMV/1; 910922286) NW/1 Safari/604.1"
5.176.91.80 - - [27/Mar/2026:00:10:12 +0300] "GET /yeni/wp-content/fonts/inter/UcC73FwrK3iLTeHuS_nVMrMxCp50SjIa1pL7SUc.woff2 HTTP/2" 200 18996 "https://polikistikover.net/yeni/" "Mozilla/5.0 (iPhone; CPU iPhone OS 18_7 like Mac OS X) AppleWebKit/605.1.15 (KHTML, like Gecko) Mobile/23D8133 Instagram 421.1.6.39.52 (iPhone13,3; iOS 26_3_1; tr_TR; tr; scale=3.00; 1170x2532; IABMV/1; 910922286) NW/1 Safari/604.1"
89.252.162.138 - - [27/Mar/2026:00:10:16 +0300] "POST /wp-cron.php?doing_wp_cron=1774559416.0521960258483886718750 HTTP/1.1" 200 0 "-" "WordPress/6.8.5; https://polikistikover.net"
20.106.150.36 - - [27/Mar/2026:00:09:46 +0300] "POST //xmlrpc.php HTTP/1.1" 200 410 "-" "Mozilla/5.0 (Windows NT 10.0; Win64; x64) AppleWebKit/537.36 (KHTML, like Gecko) Chrome/80.0.3987.149 Safari/537.36"
20.106.150.36 - - [27/Mar/2026:00:10:16 +0300] "POST //xmlrpc.php HTTP/1.1" 200 410 "-" "Mozilla/5.0 (Windows NT 10.0; Win64; x64) AppleWebKit/537.36 (KHTML, like Gecko) Chrome/80.0.3987.149 Safari/537.36"
45.148.10.238 - - [27/Mar/2026:00:10:57 +0300] "GET /.env HTTP/1.1" 404 796 "-" "Mozilla/5.0 (Linux; Android 9; MIX 2S Build/PKQ1.180729.001; wv) AppleWebKit/537.36 (KHTML, like Gecko) Version/4.0 Chrome/66.0.3359.126 MQQBrowser/6.2 TBS/044807 Mobile Safari/537.36 MMWEBID/8952 MicroMessenger/7.0.6.1460(0x27000679) Process/tools NetType/4G Language/zh_CN"
45.148.10.238 - - [27/Mar/2026:00:10:57 +0300] "GET /.aws/credentials HTTP/1.1" 404 796 "-" "iTunes/9.0.2 (Windows; N)"
45.148.10.238 - - [27/Mar/2026:00:10:57 +0300] "GET /.env.production HTTP/1.1" 404 796 "-" "Mozilla/5.0 (X11; Linux x86_64) AppleWebKit/537.36 (KHTML, like Gecko) Chrome/67.0.3396.99 Safari/537.36"
89.252.162.138 - - [27/Mar/2026:00:11:16 +0300] "POST /wp-cron.php?doing_wp_cron=1774559476.0316009521484375000000 HTTP/1.1" 200 0 "-" "WordPress/6.8.5; https://polikistikover.net"
20.106.150.36 - - [27/Mar/2026:00:10:46 +0300] "POST //xmlrpc.php HTTP/1.1" 200 410 "-" "Mozilla/5.0 (Windows NT 10.0; Win64; x64) AppleWebKit/537.36 (KHTML, like Gecko) Chrome/80.0.3987.149 Safari/537.36"
89.252.162.138 - - [27/Mar/2026:00:11:16 +0300] "POST /wp-admin/admin-ajax.php?action=async_litespeed&nonce=FFi0P6x60vS6lHVVzW6pxuoCCCpjZHtQ&litespeed_type=imgoptm HTTP/1.1" 200 5 "-" "WordPress/6.8.5; https://polikistikover.net"
20.106.150.36 - - [27/Mar/2026:00:11:16 +0300] "POST //xmlrpc.php HTTP/1.1" 200 410 "-" "Mozilla/5.0 (Windows NT 10.0; Win64; x64) AppleWebKit/537.36 (KHTML, like Gecko) Chrome/80.0.3987.149 Safari/537.36"
89.252.162.138 - - [27/Mar/2026:00:12:16 +0300] "POST /wp-cron.php?doing_wp_cron=1774559536.3402769565582275390625 HTTP/1.1" 200 0 "-" "WordPress/6.8.5; https://polikistikover.net"
89.252.162.138 - - [27/Mar/2026:00:06:16 +0300] "POST /wp-cron.php?doing_wp_cron=1774559176.5560140609741210937500 HTTP/1.1" 200 0 "-" "WordPress/6.8.5; https://polikistikover.net"
89.252.162.138 - - [27/Mar/2026:00:06:17 +0300] "POST /wp-admin/admin-ajax.php?action=async_litespeed&nonce=yk4ZOZkOG7pDgjgbElW160nZH8JDO5yw&litespeed_type=imgoptm HTTP/1.1" 200 5 "-" "WordPress/6.8.5; https://polikistikover.net"
89.252.162.138 - - [27/Mar/2026:00:07:16 +0300] "POST /wp-cron.php?doing_wp_cron=1774559236.2215709686279296875000 HTTP/1.1" 200 0 "-" "WordPress/6.8.5; https://polikistikover.net"
89.252.162.138 - - [27/Mar/2026:00:08:16 +0300] "POST /wp-admin/admin-ajax.php?action=async_litespeed&nonce=0rBm8xAj7mVYW5gzzwbQZvqEwJWMIHlT&litespeed_type=imgoptm HTTP/1.1" 200 5 "-" "WordPress/6.8.5; https://polikistikover.net"
103.77.107.178 - - [27/Mar/2026:00:08:53 +0300] "GET /.vscode/sftp.json HTTP/1.1" 404 796 "-" "Mozilla/5.0 (Macintosh; Intel Mac OS X 10.15; rv:77.0) Gecko/20100101 Firefox/77.0"
89.252.162.138 - - [27/Mar/2026:00:09:16 +0300] "POST /wp-admin/admin-ajax.php?action=async_litespeed&nonce=eLeDKLS0YGnjYcI6AcJpkGTKU0MUANHK&litespeed_type=imgoptm HTTP/1.1" 200 5 "-" "WordPress/6.8.5; https://polikistikover.net"
89.252.162.138 - - [27/Mar/2026:00:10:16 +0300] "POST /wp-admin/admin-ajax.php?action=async_litespeed&nonce=vsmSWvPaIiQIf4BGrgoXj6OBp600bzsN&litespeed_type=imgoptm HTTP/1.1" 200 5 "-" "WordPress/6.8.5; https://polikistikover.net"
45.148.10.238 - - [27/Mar/2026:00:10:59 +0300] "GET /aws.env HTTP/1.1" 404 796 "-" "Mozilla/5.0 (X11; Linux x86_64) AppleWebKit/537.36 (KHTML, like Gecko) Chrome/70.0.3538.110 Safari/537.36"
89.252.162.138 - - [27/Mar/2026:00:12:17 +0300] "POST /wp-admin/admin-ajax.php?action=async_litespeed&nonce=KOVr5MkUo8kEBOr4XCVdallcqjnHFouf&litespeed_type=imgoptm HTTP/1.1" 200 5 "-" "WordPress/6.8.5; https://polikistikover.net"
89.252.162.138 - - [27/Mar/2026:00:13:16 +0300] "POST /wp-cron.php?doing_wp_cron=1774559596.1189539432525634765625 HTTP/1.1" 200 0 "-" "WordPress/6.8.5; https://polikistikover.net"
46.196.233.24 - - [27/Mar/2026:00:14:46 +0300] "GET /?utm_source=ig&utm_medium=social&utm_content=link_in_bio&fbclid=PAZXh0bgNhZW0CMTEAc3J0YwZhcHBfaWQPMTI0MDI0NTc0Mjg3NDE0AAGn4VUN_OOYXrELxEdYPckgNBCCeQv14AXsSaTXf4iXod9SWKG_Yv4Yahc4y9g_aem_Z_YLw2M94NEWlnDdOiOZhw HTTP/1.1" 200 76 "-" "Mozilla/5.0 (iPhone; CPU iPhone OS 18_7 like Mac OS X) AppleWebKit/605.1.15 (KHTML, like Gecko) Mobile/23D8133 Instagram 421.1.6.39.52 (iPhone13,3; iOS 26_3_1; tr_TR; tr; scale=3.00; 1170x2532; IABMV/1; 910922286) Safari/604.1"
89.252.162.138 - - [27/Mar/2026:00:15:03 +0300] "POST /yeni/wp-cron.php?doing_wp_cron=1774559703.1500320434570312500000 HTTP/1.1" 200 0 "-" "WordPress/6.9.4; https://polikistikover.net/yeni"
46.196.233.24 - - [27/Mar/2026:00:14:46 +0300] "GET /yeni/ HTTP/1.1" 200 17723 "https://polikistikover.net/?utm_source=ig&utm_medium=social&utm_content=link_in_bio&fbclid=PAZXh0bgNhZW0CMTEAc3J0YwZhcHBfaWQPMTI0MDI0NTc0Mjg3NDE0AAGn4VUN_OOYXrELxEdYPckgNBCCeQv14AXsSaTXf4iXod9SWKG_Yv4Yahc4y9g_aem_Z_YLw2M94NEWlnDdOiOZhw" "Mozilla/5.0 (iPhone; CPU iPhone OS 18_7 like Mac OS X) AppleWebKit/605.1.15 (KHTML, like Gecko) Mobile/23D8133 Instagram 421.1.6.39.52 (iPhone13,3; iOS 26_3_1; tr_TR; tr; scale=3.00; 1170x2532; IABMV/1; 910922286) Safari/604.1"
46.196.233.24 - - [27/Mar/2026:00:15:03 +0300] "GET /yeni/wp-content/uploads/2025/09/Ekran-goruntusu-2025-08-08-223942.png HTTP/1.1" 200 35481 "https://polikistikover.net/yeni/" "Mozilla/5.0 (iPhone; CPU iPhone OS 18_7 like Mac OS X) AppleWebKit/605.1.15 (KHTML, like Gecko) Mobile/23D8133 Instagram 421.1.6.39.52 (iPhone13,3; iOS 26_3_1; tr_TR; tr; scale=3.00; 1170x2532; IABMV/1; 910922286) NW/1 Safari/604.1"
20.106.150.36 - - [27/Mar/2026:00:11:46 +0300] "POST //xmlrpc.php HTTP/1.1" 200 410 "-" "Mozilla/5.0 (Windows NT 10.0; Win64; x64) AppleWebKit/537.36 (KHTML, like Gecko) Chrome/80.0.3987.149 Safari/537.36"
20.106.150.36 - - [27/Mar/2026:00:12:16 +0300] "POST //xmlrpc.php HTTP/1.1" 200 410 "-" "Mozilla/5.0 (Windows NT 10.0; Win64; x64) AppleWebKit/537.36 (KHTML, like Gecko) Chrome/80.0.3987.149 Safari/537.36"
20.106.150.36 - - [27/Mar/2026:00:12:46 +0300] "POST //xmlrpc.php HTTP/1.1" 200 410 "-" "Mozilla/5.0 (Windows NT 10.0; Win64; x64) AppleWebKit/537.36 (KHTML, like Gecko) Chrome/80.0.3987.149 Safari/537.36"
89.252.162.138 - - [27/Mar/2026:00:13:16 +0300] "POST /wp-admin/admin-ajax.php?action=async_litespeed&nonce=giwatoi3pBda6bhEIBwZ4tqXHqy6D396&litespeed_type=imgoptm HTTP/1.1" 200 5 "-" "WordPress/6.8.5; https://polikistikover.net"
20.106.150.36 - - [27/Mar/2026:00:13:16 +0300] "POST //xmlrpc.php HTTP/1.1" 200 410 "-" "Mozilla/5.0 (Windows NT 10.0; Win64; x64) AppleWebKit/537.36 (KHTML, like Gecko) Chrome/80.0.3987.149 Safari/537.36"
89.252.162.138 - - [27/Mar/2026:00:14:16 +0300] "POST /wp-cron.php?doing_wp_cron=1774559655.9710199832916259765625 HTTP/1.1" 200 0 "-" "WordPress/6.8.5; https://polikistikover.net"
20.106.150.36 - - [27/Mar/2026:00:13:46 +0300] "POST //xmlrpc.php HTTP/1.1" 200 410 "-" "Mozilla/5.0 (Windows NT 10.0; Win64; x64) AppleWebKit/537.36 (KHTML, like Gecko) Chrome/80.0.3987.149 Safari/537.36"
89.252.162.138 - - [27/Mar/2026:00:14:16 +0300] "POST /wp-admin/admin-ajax.php?action=async_litespeed&nonce=8faEOWO9j6mXx7y8MECj2B5hsBDql31S&litespeed_type=imgoptm HTTP/1.1" 200 5 "-" "WordPress/6.8.5; https://polikistikover.net"
20.106.150.36 - - [27/Mar/2026:00:14:16 +0300] "POST //xmlrpc.php HTTP/1.1" 200 410 "-" "Mozilla/5.0 (Windows NT 10.0; Win64; x64) AppleWebKit/537.36 (KHTML, like Gecko) Chrome/80.0.3987.149 Safari/537.36"
89.252.162.138 - - [27/Mar/2026:00:15:16 +0300] "POST /wp-cron.php?doing_wp_cron=1774559716.1625640392303466796875 HTTP/1.1" 200 0 "-" "WordPress/6.8.5; https://polikistikover.net"
20.106.150.36 - - [27/Mar/2026:00:14:46 +0300] "POST //xmlrpc.php HTTP/1.1" 200 410 "-" "Mozilla/5.0 (Windows NT 10.0; Win64; x64) AppleWebKit/537.36 (KHTML, like Gecko) Chrome/80.0.3987.149 Safari/537.36"
89.252.162.138 - - [27/Mar/2026:00:15:16 +0300] "POST /wp-admin/admin-ajax.php?action=async_litespeed&nonce=6vSpBEQcwh1FCnCm45oEQmmDLaPBFgku&litespeed_type=imgoptm HTTP/1.1" 200 5 "-" "WordPress/6.8.5; https://polikistikover.net"
20.106.150.36 - - [27/Mar/2026:00:15:16 +0300] "POST //xmlrpc.php HTTP/1.1" 200 410 "-" "Mozilla/5.0 (Windows NT 10.0; Win64; x64) AppleWebKit/537.36 (KHTML, like Gecko) Chrome/80.0.3987.149 Safari/537.36"
20.106.150.36 - - [27/Mar/2026:00:15:46 +0300] "POST //xmlrpc.php HTTP/1.1" 200 410 "-" "Mozilla/5.0 (Windows NT 10.0; Win64; x64) AppleWebKit/537.36 (KHTML, like Gecko) Chrome/80.0.3987.149 Safari/537.36"
20.106.150.36 - - [27/Mar/2026:00:16:17 +0300] "POST //xmlrpc.php HTTP/1.1" 200 410 "-" "Mozilla/5.0 (Windows NT 10.0; Win64; x64) AppleWebKit/537.36 (KHTML, like Gecko) Chrome/80.0.3987.149 Safari/537.36"
20.106.150.36 - - [27/Mar/2026:00:16:47 +0300] "POST //xmlrpc.php HTTP/1.1" 200 410 "-" "Mozilla/5.0 (Windows NT 10.0; Win64; x64) AppleWebKit/537.36 (KHTML, like Gecko) Chrome/80.0.3987.149 Safari/537.36"
89.252.162.138 - - [27/Mar/2026:00:17:47 +0300] "POST /wp-cron.php?doing_wp_cron=1774559867.0237779617309570312500 HTTP/1.1" 200 0 "-" "WordPress/6.8.5; https://polikistikover.net"
20.106.150.36 - - [27/Mar/2026:00:17:17 +0300] "POST //xmlrpc.php HTTP/1.1" 200 410 "-" "Mozilla/5.0 (Windows NT 10.0; Win64; x64) AppleWebKit/537.36 (KHTML, like Gecko) Chrome/80.0.3987.149 Safari/537.36"
20.106.150.36 - - [27/Mar/2026:00:17:47 +0300] "POST //xmlrpc.php HTTP/1.1" 200 410 "-" "Mozilla/5.0 (Windows NT 10.0; Win64; x64) AppleWebKit/537.36 (KHTML, like Gecko) Chrome/80.0.3987.149 Safari/537.36"
46.196.233.24 - - [27/Mar/2026:00:15:03 +0300] "GET /yeni/wp-content/fonts/inter/UcC73FwrK3iLTeHuS_nVMrMxCp50SjIa25L7SUc.woff2 HTTP/1.1" 200 28178 "https://polikistikover.net/yeni/" "Mozilla/5.0 (iPhone; CPU iPhone OS 18_7 like Mac OS X) AppleWebKit/605.1.15 (KHTML, like Gecko) Mobile/23D8133 Instagram 421.1.6.39.52 (iPhone13,3; iOS 26_3_1; tr_TR; tr; scale=3.00; 1170x2532; IABMV/1; 910922286) NW/1 Safari/604.1"
46.196.233.24 - - [27/Mar/2026:00:15:03 +0300] "GET /yeni/wp-content/fonts/inter/UcC73FwrK3iLTeHuS_nVMrMxCp50SjIa1pL7SUc.woff2 HTTP/1.1" 200 0 "https://polikistikover.net/yeni/" "Mozilla/5.0 (iPhone; CPU iPhone OS 18_7 like Mac OS X) AppleWebKit/605.1.15 (KHTML, like Gecko) Mobile/23D8133 Instagram 421.1.6.39.52 (iPhone13,3; iOS 26_3_1; tr_TR; tr; scale=3.00; 1170x2532; IABMV/1; 910922286) NW/1 Safari/604.1"
46.196.233.24 - - [27/Mar/2026:00:15:03 +0300] "GET /yeni/wp-content/fonts/inter/UcC73FwrK3iLTeHuS_nVMrMxCp50SjIa1ZL7.woff2 HTTP/1.1" 200 9722 "https://polikistikover.net/yeni/" "Mozilla/5.0 (iPhone; CPU iPhone OS 18_7 like Mac OS X) AppleWebKit/605.1.15 (KHTML, like Gecko) Mobile/23D8133 Instagram 421.1.6.39.52 (iPhone13,3; iOS 26_3_1; tr_TR; tr; scale=3.00; 1170x2532; IABMV/1; 910922286) NW/1 Safari/604.1"
89.252.162.138 - - [27/Mar/2026:00:16:16 +0300] "POST /wp-cron.php?doing_wp_cron=1774559776.7999680042266845703125 HTTP/1.1" 200 0 "-" "WordPress/6.8.5; https://polikistikover.net"
89.252.162.138 - - [27/Mar/2026:00:16:18 +0300] "POST /wp-admin/admin-ajax.php?action=async_litespeed&nonce=C3aLkNP8nMNQLNIzeG5Kg4hHwvZ0flZW&litespeed_type=imgoptm HTTP/1.1" 200 5 "-" "WordPress/6.8.5; https://polikistikover.net"
89.252.162.138 - - [27/Mar/2026:00:17:16 +0300] "POST /wp-cron.php?doing_wp_cron=1774559836.7790999412536621093750 HTTP/1.1" 200 0 "-" "WordPress/6.8.5; https://polikistikover.net"
89.252.162.138 - - [27/Mar/2026:00:17:17 +0300] "POST /wp-admin/admin-ajax.php?action=async_litespeed&nonce=EyMmBEyBrvub6n71ldUasN6xueC7bu2H&litespeed_type=imgoptm HTTP/1.1" 200 5 "-" "WordPress/6.8.5; https://polikistikover.net"
89.252.162.138 - - [27/Mar/2026:00:17:48 +0300] "POST /wp-admin/admin-ajax.php?action=async_litespeed&nonce=q4x6FXyfxiuIJJyLYJqqxLt5QoYYueGI&litespeed_type=imgoptm HTTP/1.1" 200 5 "-" "WordPress/6.8.5; https://polikistikover.net"
89.252.162.138 - - [27/Mar/2026:00:18:16 +0300] "POST /wp-cron.php?doing_wp_cron=1774559896.1520750522613525390625 HTTP/1.1" 200 0 "-" "WordPress/6.8.5; https://polikistikover.net"
89.252.162.138 - - [27/Mar/2026:00:19:16 +0300] "POST /wp-cron.php?doing_wp_cron=1774559956.1666109561920166015625 HTTP/1.1" 200 0 "-" "WordPress/6.8.5; https://polikistikover.net"
89.252.162.138 - - [27/Mar/2026:00:20:16 +0300] "POST /wp-cron.php?doing_wp_cron=1774560016.1543159484863281250000 HTTP/1.1" 200 0 "-" "WordPress/6.8.5; https://polikistikover.net"
89.252.162.138 - - [27/Mar/2026:00:21:16 +0300] "POST /wp-cron.php?doing_wp_cron=1774560076.2307810783386230468750 HTTP/1.1" 200 0 "-" "WordPress/6.8.5; https://polikistikover.net"
89.252.162.138 - - [27/Mar/2026:00:21:16 +0300] "POST /wp-admin/admin-ajax.php?action=async_litespeed&nonce=Iz3Jl2HbItwTfPP3fcFYarud8DBgG0WW&litespeed_type=imgoptm HTTP/1.1" 200 5 "-" "WordPress/6.8.5; https://polikistikover.net"
89.252.162.138 - - [27/Mar/2026:00:22:16 +0300] "POST /wp-cron.php?doing_wp_cron=1774560136.1781749725341796875000 HTTP/1.1" 200 0 "-" "WordPress/6.8.5; https://polikistikover.net"
89.252.162.138 - - [27/Mar/2026:00:24:16 +0300] "POST /wp-cron.php?doing_wp_cron=1774560256.1108880043029785156250 HTTP/1.1" 200 0 "-" "WordPress/6.8.5; https://polikistikover.net"
89.252.162.138 - - [27/Mar/2026:00:24:17 +0300] "POST /wp-admin/admin-ajax.php?action=async_litespeed&nonce=V3kXClq8VMM4DgJhzTRnFCmPzea72cJL&litespeed_type=imgoptm HTTP/1.1" 200 5 "-" "WordPress/6.8.5; https://polikistikover.net"
89.252.162.138 - - [27/Mar/2026:00:25:16 +0300] "POST /wp-cron.php?doing_wp_cron=1774560316.3281669616699218750000 HTTP/1.1" 200 0 "-" "WordPress/6.8.5; https://polikistikover.net"
20.106.150.36 - - [27/Mar/2026:00:18:16 +0300] "POST //xmlrpc.php HTTP/1.1" 200 410 "-" "Mozilla/5.0 (Windows NT 10.0; Win64; x64) AppleWebKit/537.36 (KHTML, like Gecko) Chrome/80.0.3987.149 Safari/537.36"
20.106.150.36 - - [27/Mar/2026:00:18:46 +0300] "POST //xmlrpc.php HTTP/1.1" 200 410 "-" "Mozilla/5.0 (Windows NT 10.0; Win64; x64) AppleWebKit/537.36 (KHTML, like Gecko) Chrome/80.0.3987.149 Safari/537.36"
89.252.162.138 - - [27/Mar/2026:00:19:17 +0300] "POST /wp-admin/admin-ajax.php?action=async_litespeed&nonce=R8K53CAvg2kAOxFJ3VjMrkM4yNQtqX8F&litespeed_type=imgoptm HTTP/1.1" 200 5 "-" "WordPress/6.8.5; https://polikistikover.net"
20.106.150.36 - - [27/Mar/2026:00:19:16 +0300] "POST //xmlrpc.php HTTP/1.1" 200 410 "-" "Mozilla/5.0 (Windows NT 10.0; Win64; x64) AppleWebKit/537.36 (KHTML, like Gecko) Chrome/80.0.3987.149 Safari/537.36"
20.106.150.36 - - [27/Mar/2026:00:19:46 +0300] "POST //xmlrpc.php HTTP/1.1" 200 410 "-" "Mozilla/5.0 (Windows NT 10.0; Win64; x64) AppleWebKit/537.36 (KHTML, like Gecko) Chrome/80.0.3987.149 Safari/537.36"
89.252.162.138 - - [27/Mar/2026:00:20:16 +0300] "POST /wp-admin/admin-ajax.php?action=async_litespeed&nonce=keMzALv2nTJgCiUpojds8LQi3ZYksZqN&litespeed_type=imgoptm HTTP/1.1" 200 5 "-" "WordPress/6.8.5; https://polikistikover.net"
20.106.150.36 - - [27/Mar/2026:00:20:16 +0300] "POST //xmlrpc.php HTTP/1.1" 200 410 "-" "Mozilla/5.0 (Windows NT 10.0; Win64; x64) AppleWebKit/537.36 (KHTML, like Gecko) Chrome/80.0.3987.149 Safari/537.36"
20.106.150.36 - - [27/Mar/2026:00:20:46 +0300] "POST //xmlrpc.php HTTP/1.1" 200 410 "-" "Mozilla/5.0 (Windows NT 10.0; Win64; x64) AppleWebKit/537.36 (KHTML, like Gecko) Chrome/80.0.3987.149 Safari/537.36"
20.106.150.36 - - [27/Mar/2026:00:21:16 +0300] "POST //xmlrpc.php HTTP/1.1" 200 410 "-" "Mozilla/5.0 (Windows NT 10.0; Win64; x64) AppleWebKit/537.36 (KHTML, like Gecko) Chrome/80.0.3987.149 Safari/537.36"
20.106.150.36 - - [27/Mar/2026:00:21:46 +0300] "POST //xmlrpc.php HTTP/1.1" 200 410 "-" "Mozilla/5.0 (Windows NT 10.0; Win64; x64) AppleWebKit/537.36 (KHTML, like Gecko) Chrome/80.0.3987.149 Safari/537.36"
89.252.162.138 - - [27/Mar/2026:00:22:16 +0300] "POST /wp-admin/admin-ajax.php?action=async_litespeed&nonce=mo2QEnKkfwHhidUoMc6RvVMJLsfjEvya&litespeed_type=imgoptm HTTP/1.1" 200 5 "-" "WordPress/6.8.5; https://polikistikover.net"
20.106.150.36 - - [27/Mar/2026:00:22:16 +0300] "POST //xmlrpc.php HTTP/1.1" 200 410 "-" "Mozilla/5.0 (Windows NT 10.0; Win64; x64) AppleWebKit/537.36 (KHTML, like Gecko) Chrome/80.0.3987.149 Safari/537.36"
89.252.162.138 - - [27/Mar/2026:00:23:16 +0300] "POST /wp-cron.php?doing_wp_cron=1774560196.2553839683532714843750 HTTP/1.1" 200 0 "-" "WordPress/6.8.5; https://polikistikover.net"
20.106.150.36 - - [27/Mar/2026:00:22:46 +0300] "POST //xmlrpc.php HTTP/1.1" 200 410 "-" "Mozilla/5.0 (Windows NT 10.0; Win64; x64) AppleWebKit/537.36 (KHTML, like Gecko) Chrome/80.0.3987.149 Safari/537.36"
89.252.162.138 - - [27/Mar/2026:00:23:16 +0300] "POST /wp-admin/admin-ajax.php?action=async_litespeed&nonce=kfCpWwrcGvFl3ul5L28Zntt5eFOAz2wd&litespeed_type=imgoptm HTTP/1.1" 200 5 "-" "WordPress/6.8.5; https://polikistikover.net"
20.106.150.36 - - [27/Mar/2026:00:23:16 +0300] "POST //xmlrpc.php HTTP/1.1" 200 410 "-" "Mozilla/5.0 (Windows NT 10.0; Win64; x64) AppleWebKit/537.36 (KHTML, like Gecko) Chrome/80.0.3987.149 Safari/537.36"
20.106.150.36 - - [27/Mar/2026:00:23:46 +0300] "POST //xmlrpc.php HTTP/1.1" 200 403 "-" "Mozilla/5.0 (Windows NT 10.0; Win64; x64) AppleWebKit/537.36 (KHTML, like Gecko) Chrome/80.0.3987.149 Safari/537.36"
20.106.150.36 - - [27/Mar/2026:00:24:16 +0300] "POST //xmlrpc.php HTTP/1.1" 200 410 "-" "Mozilla/5.0 (Windows NT 10.0; Win64; x64) AppleWebKit/537.36 (KHTML, like Gecko) Chrome/80.0.3987.149 Safari/537.36"
20.106.150.36 - - [27/Mar/2026:00:24:46 +0300] "POST //xmlrpc.php HTTP/1.1" 200 410 "-" "Mozilla/5.0 (Windows NT 10.0; Win64; x64) AppleWebKit/537.36 (KHTML, like Gecko) Chrome/80.0.3987.149 Safari/537.36"
20.106.150.36 - - [27/Mar/2026:00:25:16 +0300] "POST //xmlrpc.php HTTP/1.1" 200 410 "-" "Mozilla/5.0 (Windows NT 10.0; Win64; x64) AppleWebKit/537.36 (KHTML, like Gecko) Chrome/80.0.3987.149 Safari/537.36"
89.252.162.138 - - [27/Mar/2026:00:26:16 +0300] "POST /wp-cron.php?doing_wp_cron=1774560376.1289119720458984375000 HTTP/1.1" 200 0 "-" "WordPress/6.8.5; https://polikistikover.net"
20.106.150.36 - - [27/Mar/2026:00:25:46 +0300] "POST //xmlrpc.php HTTP/1.1" 200 403 "-" "Mozilla/5.0 (Windows NT 10.0; Win64; x64) AppleWebKit/537.36 (KHTML, like Gecko) Chrome/80.0.3987.149 Safari/537.36"
89.252.162.138 - - [27/Mar/2026:00:26:16 +0300] "POST /wp-admin/admin-ajax.php?action=async_litespeed&nonce=LU4EIy1M7XyQK94JaNZW8ohIlVEvHst4&litespeed_type=imgoptm HTTP/1.1" 200 5 "-" "WordPress/6.8.5; https://polikistikover.net"
20.106.150.36 - - [27/Mar/2026:00:26:16 +0300] "POST //xmlrpc.php HTTP/1.1" 200 410 "-" "Mozilla/5.0 (Windows NT 10.0; Win64; x64) AppleWebKit/537.36 (KHTML, like Gecko) Chrome/80.0.3987.149 Safari/537.36"
89.252.162.138 - - [27/Mar/2026:00:27:19 +0300] "POST /wp-cron.php?doing_wp_cron=1774560438.8910019397735595703125 HTTP/1.1" 200 0 "-" "WordPress/6.8.5; https://polikistikover.net"
20.106.150.36 - - [27/Mar/2026:00:26:46 +0300] "POST //xmlrpc.php HTTP/1.1" 200 410 "-" "Mozilla/5.0 (Windows NT 10.0; Win64; x64) AppleWebKit/537.36 (KHTML, like Gecko) Chrome/80.0.3987.149 Safari/537.36"
20.106.150.36 - - [27/Mar/2026:00:27:19 +0300] "POST //xmlrpc.php HTTP/1.1" 200 410 "-" "Mozilla/5.0 (Windows NT 10.0; Win64; x64) AppleWebKit/537.36 (KHTML, like Gecko) Chrome/80.0.3987.149 Safari/537.36"
20.106.150.36 - - [27/Mar/2026:00:27:46 +0300] "POST //xmlrpc.php HTTP/1.1" 200 410 "-" "Mozilla/5.0 (Windows NT 10.0; Win64; x64) AppleWebKit/537.36 (KHTML, like Gecko) Chrome/80.0.3987.149 Safari/537.36"
20.106.150.36 - - [27/Mar/2026:00:28:16 +0300] "POST //xmlrpc.php HTTP/1.1" 200 410 "-" "Mozilla/5.0 (Windows NT 10.0; Win64; x64) AppleWebKit/537.36 (KHTML, like Gecko) Chrome/80.0.3987.149 Safari/537.36"
20.106.150.36 - - [27/Mar/2026:00:28:46 +0300] "POST //xmlrpc.php HTTP/1.1" 200 410 "-" "Mozilla/5.0 (Windows NT 10.0; Win64; x64) AppleWebKit/537.36 (KHTML, like Gecko) Chrome/80.0.3987.149 Safari/537.36"
89.252.162.138 - - [27/Mar/2026:00:29:16 +0300] "POST /wp-admin/admin-ajax.php?action=async_litespeed&nonce=ElnwH64iC0VrjpM9GSA342sZ6csFMErE&litespeed_type=imgoptm HTTP/1.1" 200 5 "-" "WordPress/6.8.5; https://polikistikover.net"
20.106.150.36 - - [27/Mar/2026:00:29:16 +0300] "POST //xmlrpc.php HTTP/1.1" 200 410 "-" "Mozilla/5.0 (Windows NT 10.0; Win64; x64) AppleWebKit/537.36 (KHTML, like Gecko) Chrome/80.0.3987.149 Safari/537.36"
89.252.162.138 - - [27/Mar/2026:00:30:16 +0300] "POST /wp-cron.php?doing_wp_cron=1774560616.2290730476379394531250 HTTP/1.1" 200 0 "-" "WordPress/6.8.5; https://polikistikover.net"
20.106.150.36 - - [27/Mar/2026:00:29:46 +0300] "POST //xmlrpc.php HTTP/1.1" 200 410 "-" "Mozilla/5.0 (Windows NT 10.0; Win64; x64) AppleWebKit/537.36 (KHTML, like Gecko) Chrome/80.0.3987.149 Safari/537.36"
89.252.162.138 - - [27/Mar/2026:00:30:18 +0300] "POST /wp-admin/admin-ajax.php?action=async_litespeed&nonce=xNdWk1G9XvhKrhnlWqYmvoNkGZ1eqrn5&litespeed_type=imgoptm HTTP/1.1" 200 5 "-" "WordPress/6.8.5; https://polikistikover.net"
20.106.150.36 - - [27/Mar/2026:00:30:16 +0300] "POST //xmlrpc.php HTTP/1.1" 200 410 "-" "Mozilla/5.0 (Windows NT 10.0; Win64; x64) AppleWebKit/537.36 (KHTML, like Gecko) Chrome/80.0.3987.149 Safari/537.36"
89.252.162.138 - - [27/Mar/2026:00:31:16 +0300] "POST /wp-cron.php?doing_wp_cron=1774560676.1674580574035644531250 HTTP/1.1" 200 0 "-" "WordPress/6.8.5; https://polikistikover.net"
20.106.150.36 - - [27/Mar/2026:00:30:46 +0300] "POST //xmlrpc.php HTTP/1.1" 200 410 "-" "Mozilla/5.0 (Windows NT 10.0; Win64; x64) AppleWebKit/537.36 (KHTML, like Gecko) Chrome/80.0.3987.149 Safari/537.36"
95.2.12.132 - - [27/Mar/2026:00:31:34 +0300] "GET /favicon.ico HTTP/1.1" 404 796 "https://polikistikover.net/yeni/" "Mozilla/5.0 (Linux; Android 10; K) AppleWebKit/537.36 (KHTML, like Gecko) Chrome/146.0.0.0 Mobile Safari/537.36"
95.2.12.132 - - [27/Mar/2026:00:31:34 +0300] "GET /yeni/wp-content/uploads/elementor/thumbs/img-2-rbng6t5y3ggjv7unjud642vfpcvs2dxmgg8u9wv8cg.jpg HTTP/1.1" 200 68858 "https://polikistikover.net/yeni/" "Mozilla/5.0 (Linux; Android 10; K) AppleWebKit/537.36 (KHTML, like Gecko) Chrome/146.0.0.0 Mobile Safari/537.36"
95.2.12.132 - - [27/Mar/2026:00:31:34 +0300] "GET /yeni/wp-content/uploads/2025/09/image-85-150x150.png HTTP/1.1" 200 33219 "https://polikistikover.net/yeni/" "Mozilla/5.0 (Linux; Android 10; K) AppleWebKit/537.36 (KHTML, like Gecko) Chrome/146.0.0.0 Mobile Safari/537.36"
95.2.12.132 - - [27/Mar/2026:00:31:34 +0300] "GET /yeni/wp-content/uploads/elementor/thumbs/image-56-rc0wg6zfrvg4myvzu0pdpbqncbyaos9cbou97aiotc.png HTTP/1.1" 200 430874 "https://polikistikover.net/yeni/" "Mozilla/5.0 (Linux; Android 10; K) AppleWebKit/537.36 (KHTML, like Gecko) Chrome/146.0.0.0 Mobile Safari/537.36"
20.106.150.36 - - [27/Mar/2026:00:31:16 +0300] "POST //xmlrpc.php HTTP/1.1" 200 410 "-" "Mozilla/5.0 (Windows NT 10.0; Win64; x64) AppleWebKit/537.36 (KHTML, like Gecko) Chrome/80.0.3987.149 Safari/537.36"
89.252.162.138 - - [27/Mar/2026:00:32:16 +0300] "POST /wp-cron.php?doing_wp_cron=1774560736.2629940509796142578125 HTTP/1.1" 200 0 "-" "WordPress/6.8.5; https://polikistikover.net"
20.106.150.36 - - [27/Mar/2026:00:31:46 +0300] "POST //xmlrpc.php HTTP/1.1" 200 410 "-" "Mozilla/5.0 (Windows NT 10.0; Win64; x64) AppleWebKit/537.36 (KHTML, like Gecko) Chrome/80.0.3987.149 Safari/537.36"
104.28.163.245 - - [27/Mar/2026:00:32:25 +0300] "POST /xmlrpc.php HTTP/1.1" 200 412 "-" "Mozilla/5.0 (Windows NT 6.2; x64) AppleWebKit/537.36 (KHTML, like Gecko) Edge/96.0.0.0 Safari/537.36"
20.106.150.36 - - [27/Mar/2026:00:32:16 +0300] "POST //xmlrpc.php HTTP/1.1" 200 410 "-" "Mozilla/5.0 (Windows NT 10.0; Win64; x64) AppleWebKit/537.36 (KHTML, like Gecko) Chrome/80.0.3987.149 Safari/537.36"
20.106.150.36 - - [27/Mar/2026:00:32:46 +0300] "POST //xmlrpc.php HTTP/1.1" 200 410 "-" "Mozilla/5.0 (Windows NT 10.0; Win64; x64) AppleWebKit/537.36 (KHTML, like Gecko) Chrome/80.0.3987.149 Safari/537.36"
20.106.150.36 - - [27/Mar/2026:00:33:16 +0300] "POST //xmlrpc.php HTTP/1.1" 200 410 "-" "Mozilla/5.0 (Windows NT 10.0; Win64; x64) AppleWebKit/537.36 (KHTML, like Gecko) Chrome/80.0.3987.149 Safari/537.36"
20.106.150.36 - - [27/Mar/2026:00:33:46 +0300] "POST //xmlrpc.php HTTP/1.1" 200 410 "-" "Mozilla/5.0 (Windows NT 10.0; Win64; x64) AppleWebKit/537.36 (KHTML, like Gecko) Chrome/80.0.3987.149 Safari/537.36"
20.106.150.36 - - [27/Mar/2026:00:34:16 +0300] "POST //xmlrpc.php HTTP/1.1" 200 410 "-" "Mozilla/5.0 (Windows NT 10.0; Win64; x64) AppleWebKit/537.36 (KHTML, like Gecko) Chrome/80.0.3987.149 Safari/537.36"
20.106.150.36 - - [27/Mar/2026:00:34:46 +0300] "POST //xmlrpc.php HTTP/1.1" 200 410 "-" "Mozilla/5.0 (Windows NT 10.0; Win64; x64) AppleWebKit/537.36 (KHTML, like Gecko) Chrome/80.0.3987.149 Safari/537.36"
20.106.150.36 - - [27/Mar/2026:00:35:16 +0300] "POST //xmlrpc.php HTTP/1.1" 200 403 "-" "Mozilla/5.0 (Windows NT 10.0; Win64; x64) AppleWebKit/537.36 (KHTML, like Gecko) Chrome/80.0.3987.149 Safari/537.36"
20.106.150.36 - - [27/Mar/2026:00:35:46 +0300] "POST //xmlrpc.php HTTP/1.1" 200 410 "-" "Mozilla/5.0 (Windows NT 10.0; Win64; x64) AppleWebKit/537.36 (KHTML, like Gecko) Chrome/80.0.3987.149 Safari/537.36"
20.106.150.36 - - [27/Mar/2026:00:36:16 +0300] "POST //xmlrpc.php HTTP/1.1" 200 410 "-" "Mozilla/5.0 (Windows NT 10.0; Win64; x64) AppleWebKit/537.36 (KHTML, like Gecko) Chrome/80.0.3987.149 Safari/537.36"
20.106.150.36 - - [27/Mar/2026:00:36:46 +0300] "POST //xmlrpc.php HTTP/1.1" 200 410 "-" "Mozilla/5.0 (Windows NT 10.0; Win64; x64) AppleWebKit/537.36 (KHTML, like Gecko) Chrome/80.0.3987.149 Safari/537.36"
89.252.162.138 - - [27/Mar/2026:00:25:17 +0300] "POST /wp-admin/admin-ajax.php?action=async_litespeed&nonce=Qv4Hw7m0cKus2DUqBtzvhSyThykppJrM&litespeed_type=imgoptm HTTP/1.1" 200 5 "-" "WordPress/6.8.5; https://polikistikover.net"
89.252.162.138 - - [27/Mar/2026:00:27:22 +0300] "POST /wp-admin/admin-ajax.php?action=async_litespeed&nonce=JdyimGTvHd2nVRLbzf8rspPfBV7RK5Ri&litespeed_type=imgoptm HTTP/1.1" 200 5 "-" "WordPress/6.8.5; https://polikistikover.net"
89.252.162.138 - - [27/Mar/2026:00:28:16 +0300] "POST /wp-cron.php?doing_wp_cron=1774560496.2983479499816894531250 HTTP/1.1" 200 0 "-" "WordPress/6.8.5; https://polikistikover.net"
89.252.162.138 - - [27/Mar/2026:00:28:16 +0300] "POST /wp-admin/admin-ajax.php?action=async_litespeed&nonce=BxcHYpqjPoo6HrLMPmPgsKJ7Vh8HQmsn&litespeed_type=imgoptm HTTP/1.1" 200 5 "-" "WordPress/6.8.5; https://polikistikover.net"
89.252.162.138 - - [27/Mar/2026:00:29:16 +0300] "POST /wp-cron.php?doing_wp_cron=1774560556.1223430633544921875000 HTTP/1.1" 200 0 "-" "WordPress/6.8.5; https://polikistikover.net"
89.252.162.138 - - [27/Mar/2026:00:31:16 +0300] "POST /wp-admin/admin-ajax.php?action=async_litespeed&nonce=XPRlAegoY9x1uweVXVfR7uV7Jg0nxSqb&litespeed_type=imgoptm HTTP/1.1" 200 5 "-" "WordPress/6.8.5; https://polikistikover.net"
89.252.162.138 - - [27/Mar/2026:00:32:16 +0300] "POST /wp-admin/admin-ajax.php?action=async_litespeed&nonce=4woOve1veAgBJoddWYvKW9W1HngE8R71&litespeed_type=imgoptm HTTP/1.1" 200 5 "-" "WordPress/6.8.5; https://polikistikover.net"
89.252.162.138 - - [27/Mar/2026:00:33:16 +0300] "POST /wp-cron.php?doing_wp_cron=1774560796.1503670215606689453125 HTTP/1.1" 200 0 "-" "WordPress/6.8.5; https://polikistikover.net"
89.252.162.138 - - [27/Mar/2026:00:35:16 +0300] "POST /wp-cron.php?doing_wp_cron=1774560916.1811389923095703125000 HTTP/1.1" 200 0 "-" "WordPress/6.8.5; https://polikistikover.net"
89.252.162.138 - - [27/Mar/2026:00:35:17 +0300] "POST /wp-admin/admin-ajax.php?action=async_litespeed&nonce=jsGqwtF4hQ0mX61DyqCeGEL3UypBpN9F&litespeed_type=imgoptm HTTP/1.1" 200 5 "-" "WordPress/6.8.5; https://polikistikover.net"
89.252.162.138 - - [27/Mar/2026:00:36:16 +0300] "POST /wp-admin/admin-ajax.php?action=async_litespeed&nonce=irwzgGP2kTJg0VFOsq2JPWnCNHU6AuOA&litespeed_type=imgoptm HTTP/1.1" 200 5 "-" "WordPress/6.8.5; https://polikistikover.net"
89.252.162.138 - - [27/Mar/2026:00:37:16 +0300] "POST /wp-cron.php?doing_wp_cron=1774561036.2305068969726562500000 HTTP/1.1" 200 0 "-" "WordPress/6.8.5; https://polikistikover.net"
20.63.103.30 - - [27/Mar/2026:00:37:55 +0300] "GET /wp-includes/js/tinymce/skins/wordpress/images/index.php HTTP/1.1" 401 53 "-" "Mozilla/5.0 (Windows NT 10.0; Win64; x64) AppleWebKit/537.36 (KHTML, like Gecko) Chrome/120.0.0.0 Safari/537.36"
20.63.103.30 - - [27/Mar/2026:00:37:55 +0300] "GET /elp.php HTTP/1.1" 401 53 "-" "Mozilla/5.0 (Windows NT 10.0; Win64; x64) AppleWebKit/537.36 (KHTML, like Gecko) Chrome/120.0.0.0 Safari/537.36"
20.63.103.30 - - [27/Mar/2026:00:37:56 +0300] "GET /wp-content/uploads/2023/08/ HTTP/1.1" 401 53 "-" "Mozilla/5.0 (Windows NT 10.0; Win64; x64) AppleWebKit/537.36 (KHTML, like Gecko) Chrome/120.0.0.0 Safari/537.36"
20.63.103.30 - - [27/Mar/2026:00:37:56 +0300] "GET /1index.php HTTP/1.1" 401 53 "-" "Mozilla/5.0 (Windows NT 10.0; Win64; x64) AppleWebKit/537.36 (KHTML, like Gecko) Chrome/120.0.0.0 Safari/537.36"
20.63.103.30 - - [27/Mar/2026:00:37:56 +0300] "GET /wp-content/admin-header.php HTTP/1.1" 401 53 "-" "Mozilla/5.0 (Windows NT 10.0; Win64; x64) AppleWebKit/537.36 (KHTML, like Gecko) Chrome/120.0.0.0 Safari/537.36"
20.63.103.30 - - [27/Mar/2026:00:37:56 +0300] "GET /wp-content/plugins/ HTTP/1.1" 401 53 "-" "Mozilla/5.0 (Windows NT 10.0; Win64; x64) AppleWebKit/537.36 (KHTML, like Gecko) Chrome/120.0.0.0 Safari/537.36"
20.63.103.30 - - [27/Mar/2026:00:37:56 +0300] "GET /wp-content/shell20211028.php HTTP/1.1" 401 53 "-" "Mozilla/5.0 (Windows NT 10.0; Win64; x64) AppleWebKit/537.36 (KHTML, like Gecko) Chrome/120.0.0.0 Safari/537.36"
20.63.103.30 - - [27/Mar/2026:00:37:56 +0300] "GET /manager.php HTTP/1.1" 401 53 "-" "Mozilla/5.0 (Windows NT 10.0; Win64; x64) AppleWebKit/537.36 (KHTML, like Gecko) Chrome/120.0.0.0 Safari/537.36"
20.63.103.30 - - [27/Mar/2026:00:37:57 +0300] "GET /wp-includes/Requests/library/index.php HTTP/1.1" 401 53 "-" "Mozilla/5.0 (Windows NT 10.0; Win64; x64) AppleWebKit/537.36 (KHTML, like Gecko) Chrome/120.0.0.0 Safari/537.36"
20.63.103.30 - - [27/Mar/2026:00:37:57 +0300] "GET /wp-sing.php HTTP/1.1" 401 53 "-" "Mozilla/5.0 (Windows NT 10.0; Win64; x64) AppleWebKit/537.36 (KHTML, like Gecko) Chrome/120.0.0.0 Safari/537.36"
20.63.103.30 - - [27/Mar/2026:00:37:57 +0300] "GET /term.php HTTP/1.1" 401 53 "-" "Mozilla/5.0 (Windows NT 10.0; Win64; x64) AppleWebKit/537.36 (KHTML, like Gecko) Chrome/120.0.0.0 Safari/537.36"
20.63.103.30 - - [27/Mar/2026:00:37:57 +0300] "GET /wpc.php HTTP/1.1" 401 53 "-" "Mozilla/5.0 (Windows NT 10.0; Win64; x64) AppleWebKit/537.36 (KHTML, like Gecko) Chrome/120.0.0.0 Safari/537.36"
20.63.103.30 - - [27/Mar/2026:00:37:57 +0300] "GET /deepseek_d.php HTTP/1.1" 401 53 "-" "Mozilla/5.0 (Windows NT 10.0; Win64; x64) AppleWebKit/537.36 (KHTML, like Gecko) Chrome/120.0.0.0 Safari/537.36"
20.63.103.30 - - [27/Mar/2026:00:37:58 +0300] "GET /simple.php HTTP/1.1" 401 53 "-" "Mozilla/5.0 (Windows NT 10.0; Win64; x64) AppleWebKit/537.36 (KHTML, like Gecko) Chrome/120.0.0.0 Safari/537.36"
20.63.103.30 - - [27/Mar/2026:00:37:58 +0300] "GET /wp-admin/js/about.php HTTP/1.1" 401 53 "-" "Mozilla/5.0 (Windows NT 10.0; Win64; x64) AppleWebKit/537.36 (KHTML, like Gecko) Chrome/120.0.0.0 Safari/537.36"
20.63.103.30 - - [27/Mar/2026:00:37:58 +0300] "GET /test.php HTTP/1.1" 401 53 "-" "Mozilla/5.0 (Windows NT 10.0; Win64; x64) AppleWebKit/537.36 (KHTML, like Gecko) Chrome/120.0.0.0 Safari/537.36"
20.63.103.30 - - [27/Mar/2026:00:37:58 +0300] "GET /wp-admin/network/ HTTP/1.1" 401 53 "-" "Mozilla/5.0 (Windows NT 10.0; Win64; x64) AppleWebKit/537.36 (KHTML, like Gecko) Chrome/120.0.0.0 Safari/537.36"
20.63.103.30 - - [27/Mar/2026:00:37:58 +0300] "GET /wp-admin/css/colors/ocean/ HTTP/1.1" 401 53 "-" "Mozilla/5.0 (Windows NT 10.0; Win64; x64) AppleWebKit/537.36 (KHTML, like Gecko) Chrome/120.0.0.0 Safari/537.36"
20.63.103.30 - - [27/Mar/2026:00:37:59 +0300] "GET /2.php HTTP/1.1" 401 53 "-" "Mozilla/5.0 (Windows NT 10.0; Win64; x64) AppleWebKit/537.36 (KHTML, like Gecko) Chrome/120.0.0.0 Safari/537.36"
20.63.103.30 - - [27/Mar/2026:00:37:59 +0300] "GET /functions.php HTTP/1.1" 401 53 "-" "Mozilla/5.0 (Windows NT 10.0; Win64; x64) AppleWebKit/537.36 (KHTML, like Gecko) Chrome/120.0.0.0 Safari/537.36"
20.63.103.30 - - [27/Mar/2026:00:37:59 +0300] "GET /.well-known/gecko-litespeed.php HTTP/1.1" 401 53 "-" "Mozilla/5.0 (Windows NT 10.0; Win64; x64) AppleWebKit/537.36 (KHTML, like Gecko) Chrome/120.0.0.0 Safari/537.36"
20.63.103.30 - - [27/Mar/2026:00:37:59 +0300] "GET /aaa.php HTTP/1.1" 401 53 "-" "Mozilla/5.0 (Windows NT 10.0; Win64; x64) AppleWebKit/537.36 (KHTML, like Gecko) Chrome/120.0.0.0 Safari/537.36"
20.63.103.30 - - [27/Mar/2026:00:37:59 +0300] "GET /dropdown.php HTTP/1.1" 401 53 "-" "Mozilla/5.0 (Windows NT 10.0; Win64; x64) AppleWebKit/537.36 (KHTML, like Gecko) Chrome/120.0.0.0 Safari/537.36"
20.63.103.30 - - [27/Mar/2026:00:38:00 +0300] "GET /rtx.php HTTP/1.1" 401 53 "-" "Mozilla/5.0 (Windows NT 10.0; Win64; x64) AppleWebKit/537.36 (KHTML, like Gecko) Chrome/120.0.0.0 Safari/537.36"
20.63.103.30 - - [27/Mar/2026:00:38:00 +0300] "GET /wp-content/upgrade/ HTTP/1.1" 401 53 "-" "Mozilla/5.0 (Windows NT 10.0; Win64; x64) AppleWebKit/537.36 (KHTML, like Gecko) Chrome/120.0.0.0 Safari/537.36"
20.63.103.30 - - [27/Mar/2026:00:38:00 +0300] "GET /wp-includes/css/ HTTP/1.1" 401 53 "-" "Mozilla/5.0 (Windows NT 10.0; Win64; x64) AppleWebKit/537.36 (KHTML, like Gecko) Chrome/120.0.0.0 Safari/537.36"
20.63.103.30 - - [27/Mar/2026:00:38:00 +0300] "GET /wp-includes/js/tinymce/skins/lightgray/ HTTP/1.1" 401 53 "-" "Mozilla/5.0 (Windows NT 10.0; Win64; x64) AppleWebKit/537.36 (KHTML, like Gecko) Chrome/120.0.0.0 Safari/537.36"
20.63.103.30 - - [27/Mar/2026:00:38:00 +0300] "GET /admin/function.php HTTP/1.1" 401 53 "-" "Mozilla/5.0 (Windows NT 10.0; Win64; x64) AppleWebKit/537.36 (KHTML, like Gecko) Chrome/120.0.0.0 Safari/537.36"
20.63.103.30 - - [27/Mar/2026:00:38:01 +0300] "GET /lock360.php HTTP/1.1" 401 53 "-" "Mozilla/5.0 (Windows NT 10.0; Win64; x64) AppleWebKit/537.36 (KHTML, like Gecko) Chrome/120.0.0.0 Safari/537.36"
20.63.103.30 - - [27/Mar/2026:00:38:01 +0300] "GET /public/index.php HTTP/1.1" 401 53 "-" "Mozilla/5.0 (Windows NT 10.0; Win64; x64) AppleWebKit/537.36 (KHTML, like Gecko) Chrome/120.0.0.0 Safari/537.36"
20.63.103.30 - - [27/Mar/2026:00:38:01 +0300] "GET /vx.php HTTP/1.1" 401 53 "-" "Mozilla/5.0 (Windows NT 10.0; Win64; x64) AppleWebKit/537.36 (KHTML, like Gecko) Chrome/120.0.0.0 Safari/537.36"
20.63.103.30 - - [27/Mar/2026:00:38:01 +0300] "GET /wp-admin/css/colors/coffee/ HTTP/1.1" 401 53 "-" "Mozilla/5.0 (Windows NT 10.0; Win64; x64) AppleWebKit/537.36 (KHTML, like Gecko) Chrome/120.0.0.0 Safari/537.36"
20.63.103.30 - - [27/Mar/2026:00:38:01 +0300] "GET /wp-admin/js/about.php7 HTTP/1.1" 401 53 "-" "Mozilla/5.0 (Windows NT 10.0; Win64; x64) AppleWebKit/537.36 (KHTML, like Gecko) Chrome/120.0.0.0 Safari/537.36"
20.63.103.30 - - [27/Mar/2026:00:38:01 +0300] "GET /wp-content.php HTTP/1.1" 401 53 "-" "Mozilla/5.0 (Windows NT 10.0; Win64; x64) AppleWebKit/537.36 (KHTML, like Gecko) Chrome/120.0.0.0 Safari/537.36"
20.63.103.30 - - [27/Mar/2026:00:38:03 +0300] "GET /wp-content/uploads/2022/ HTTP/1.1" 401 53 "-" "Mozilla/5.0 (Windows NT 10.0; Win64; x64) AppleWebKit/537.36 (KHTML, like Gecko) Chrome/120.0.0.0 Safari/537.36"
20.63.103.30 - - [27/Mar/2026:00:38:03 +0300] "GET /wp-includes/theme-compat/ HTTP/1.1" 401 53 "-" "Mozilla/5.0 (Windows NT 10.0; Win64; x64) AppleWebKit/537.36 (KHTML, like Gecko) Chrome/120.0.0.0 Safari/537.36"
20.63.103.30 - - [27/Mar/2026:00:38:03 +0300] "GET /ALFA_DATA/alfacgiapi/ HTTP/1.1" 401 53 "-" "Mozilla/5.0 (Windows NT 10.0; Win64; x64) AppleWebKit/537.36 (KHTML, like Gecko) Chrome/120.0.0.0 Safari/537.36"
20.63.103.30 - - [27/Mar/2026:00:38:04 +0300] "GET /ahax.php HTTP/1.1" 401 53 "-" "Mozilla/5.0 (Windows NT 10.0; Win64; x64) AppleWebKit/537.36 (KHTML, like Gecko) Chrome/120.0.0.0 Safari/537.36"
20.63.103.30 - - [27/Mar/2026:00:38:04 +0300] "GET /file5.php HTTP/1.1" 401 53 "-" "Mozilla/5.0 (Windows NT 10.0; Win64; x64) AppleWebKit/537.36 (KHTML, like Gecko) Chrome/120.0.0.0 Safari/537.36"
20.63.103.30 - - [27/Mar/2026:00:38:04 +0300] "GET /wp-admin/css/ HTTP/1.1" 401 53 "-" "Mozilla/5.0 (Windows NT 10.0; Win64; x64) AppleWebKit/537.36 (KHTML, like Gecko) Chrome/120.0.0.0 Safari/537.36"
20.63.103.30 - - [27/Mar/2026:00:38:04 +0300] "GET /wp-admin/includes/cloud.php HTTP/1.1" 401 53 "-" "Mozilla/5.0 (Windows NT 10.0; Win64; x64) AppleWebKit/537.36 (KHTML, like Gecko) Chrome/120.0.0.0 Safari/537.36"
20.63.103.30 - - [27/Mar/2026:00:38:04 +0300] "GET /wp-content/themes/about.php HTTP/1.1" 401 53 "-" "Mozilla/5.0 (Windows NT 10.0; Win64; x64) AppleWebKit/537.36 (KHTML, like Gecko) Chrome/120.0.0.0 Safari/537.36"
20.63.103.30 - - [27/Mar/2026:00:38:05 +0300] "GET /wp-includes/sodium_compat/ HTTP/1.1" 401 53 "-" "Mozilla/5.0 (Windows NT 10.0; Win64; x64) AppleWebKit/537.36 (KHTML, like Gecko) Chrome/120.0.0.0 Safari/537.36"
20.63.103.30 - - [27/Mar/2026:00:38:05 +0300] "GET /wp/wp-admin/includes/ HTTP/1.1" 401 53 "-" "Mozilla/5.0 (Windows NT 10.0; Win64; x64) AppleWebKit/537.36 (KHTML, like Gecko) Chrome/120.0.0.0 Safari/537.36"
20.63.103.30 - - [27/Mar/2026:00:38:05 +0300] "GET /autoload_classmap/function.php HTTP/1.1" 401 53 "-" "Mozilla/5.0 (Windows NT 10.0; Win64; x64) AppleWebKit/537.36 (KHTML, like Gecko) Chrome/120.0.0.0 Safari/537.36"
20.63.103.30 - - [27/Mar/2026:00:38:05 +0300] "GET /indoxploit.php HTTP/1.1" 401 53 "-" "Mozilla/5.0 (Windows NT 10.0; Win64; x64) AppleWebKit/537.36 (KHTML, like Gecko) Chrome/120.0.0.0 Safari/537.36"
20.63.103.30 - - [27/Mar/2026:00:38:06 +0300] "GET /shell.php HTTP/1.1" 401 53 "-" "Mozilla/5.0 (Windows NT 10.0; Win64; x64) AppleWebKit/537.36 (KHTML, like Gecko) Chrome/120.0.0.0 Safari/537.36"
20.63.103.30 - - [27/Mar/2026:00:38:06 +0300] "GET /system.php HTTP/1.1" 401 53 "-" "Mozilla/5.0 (Windows NT 10.0; Win64; x64) AppleWebKit/537.36 (KHTML, like Gecko) Chrome/120.0.0.0 Safari/537.36"
20.63.103.30 - - [27/Mar/2026:00:38:06 +0300] "GET /wp-admin/css/colors/blue/ HTTP/1.1" 401 53 "-" "Mozilla/5.0 (Windows NT 10.0; Win64; x64) AppleWebKit/537.36 (KHTML, like Gecko) Chrome/120.0.0.0 Safari/537.36"
20.63.103.30 - - [27/Mar/2026:00:38:06 +0300] "GET /wp-admin/file-manaager2.php HTTP/1.1" 401 53 "-" "Mozilla/5.0 (Windows NT 10.0; Win64; x64) AppleWebKit/537.36 (KHTML, like Gecko) Chrome/120.0.0.0 Safari/537.36"
20.63.103.30 - - [27/Mar/2026:00:38:06 +0300] "GET /wp-admin/images/admin.php HTTP/1.1" 401 53 "-" "Mozilla/5.0 (Windows NT 10.0; Win64; x64) AppleWebKit/537.36 (KHTML, like Gecko) Chrome/120.0.0.0 Safari/537.36"
20.63.103.30 - - [27/Mar/2026:00:38:07 +0300] "GET /wp-admin/maint/index.php HTTP/1.1" 401 53 "-" "Mozilla/5.0 (Windows NT 10.0; Win64; x64) AppleWebKit/537.36 (KHTML, like Gecko) Chrome/120.0.0.0 Safari/537.36"
20.63.103.30 - - [27/Mar/2026:00:38:07 +0300] "GET /wp-block.php HTTP/1.1" 401 53 "-" "Mozilla/5.0 (Windows NT 10.0; Win64; x64) AppleWebKit/537.36 (KHTML, like Gecko) Chrome/120.0.0.0 Safari/537.36"
20.63.103.30 - - [27/Mar/2026:00:38:07 +0300] "GET /wp-content/uploads/2023/ HTTP/1.1" 401 53 "-" "Mozilla/5.0 (Windows NT 10.0; Win64; x64) AppleWebKit/537.36 (KHTML, like Gecko) Chrome/120.0.0.0 Safari/537.36"
20.63.103.30 - - [27/Mar/2026:00:38:07 +0300] "GET /wp-includes/ID3/file.php HTTP/1.1" 401 53 "-" "Mozilla/5.0 (Windows NT 10.0; Win64; x64) AppleWebKit/537.36 (KHTML, like Gecko) Chrome/120.0.0.0 Safari/537.36"
20.63.103.30 - - [27/Mar/2026:00:38:07 +0300] "GET /wp-includes/assets/index.php HTTP/1.1" 401 53 "-" "Mozilla/5.0 (Windows NT 10.0; Win64; x64) AppleWebKit/537.36 (KHTML, like Gecko) Chrome/120.0.0.0 Safari/537.36"
20.63.103.30 - - [27/Mar/2026:00:38:08 +0300] "GET /wp-includes/blocks/post-author/ HTTP/1.1" 401 53 "-" "Mozilla/5.0 (Windows NT 10.0; Win64; x64) AppleWebKit/537.36 (KHTML, like Gecko) Chrome/120.0.0.0 Safari/537.36"
20.63.103.30 - - [27/Mar/2026:00:38:08 +0300] "GET /wp-includes/customize/ HTTP/1.1" 401 53 "-" "Mozilla/5.0 (Windows NT 10.0; Win64; x64) AppleWebKit/537.36 (KHTML, like Gecko) Chrome/120.0.0.0 Safari/537.36"
20.63.103.30 - - [27/Mar/2026:00:38:08 +0300] "GET /01.php HTTP/1.1" 401 53 "-" "Mozilla/5.0 (Windows NT 10.0; Win64; x64) AppleWebKit/537.36 (KHTML, like Gecko) Chrome/120.0.0.0 Safari/537.36"
20.63.103.30 - - [27/Mar/2026:00:38:08 +0300] "GET /403.php HTTP/1.1" 401 53 "-" "Mozilla/5.0 (Windows NT 10.0; Win64; x64) AppleWebKit/537.36 (KHTML, like Gecko) Chrome/120.0.0.0 Safari/537.36"
20.63.103.30 - - [27/Mar/2026:00:38:08 +0300] "GET /Q.php HTTP/1.1" 401 53 "-" "Mozilla/5.0 (Windows NT 10.0; Win64; x64) AppleWebKit/537.36 (KHTML, like Gecko) Chrome/120.0.0.0 Safari/537.36"
20.63.103.30 - - [27/Mar/2026:00:38:09 +0300] "GET /WSO.php HTTP/1.1" 401 53 "-" "Mozilla/5.0 (Windows NT 10.0; Win64; x64) AppleWebKit/537.36 (KHTML, like Gecko) Chrome/120.0.0.0 Safari/537.36"
20.63.103.30 - - [27/Mar/2026:00:38:09 +0300] "GET /admin/upload/ HTTP/1.1" 401 53 "-" "Mozilla/5.0 (Windows NT 10.0; Win64; x64) AppleWebKit/537.36 (KHTML, like Gecko) Chrome/120.0.0.0 Safari/537.36"
20.63.103.30 - - [27/Mar/2026:00:38:09 +0300] "GET /admin/upload/css.php HTTP/1.1" 401 53 "-" "Mozilla/5.0 (Windows NT 10.0; Win64; x64) AppleWebKit/537.36 (KHTML, like Gecko) Chrome/120.0.0.0 Safari/537.36"
20.63.103.30 - - [27/Mar/2026:00:38:09 +0300] "GET /anonse/lock360.php HTTP/1.1" 401 53 "-" "Mozilla/5.0 (Windows NT 10.0; Win64; x64) AppleWebKit/537.36 (KHTML, like Gecko) Chrome/120.0.0.0 Safari/537.36"
20.63.103.30 - - [27/Mar/2026:00:38:09 +0300] "GET /assets/bootstrap-fileupload/lock2.php HTTP/1.1" 401 53 "-" "Mozilla/5.0 (Windows NT 10.0; Win64; x64) AppleWebKit/537.36 (KHTML, like Gecko) Chrome/120.0.0.0 Safari/537.36"
4.206.17.96 - - [27/Mar/2026:00:38:46 +0300] "GET /wp-includes/js/tinymce/skins/wordpress/images/index.php HTTP/1.1" 404 796 "-" "Mozilla/5.0 (Windows NT 10.0; Win64; x64) AppleWebKit/537.36 (KHTML, like Gecko) Chrome/120.0.0.0 Safari/537.36"
4.206.17.96 - - [27/Mar/2026:00:38:46 +0300] "GET /elp.php HTTP/1.1" 404 796 "-" "Mozilla/5.0 (Windows NT 10.0; Win64; x64) AppleWebKit/537.36 (KHTML, like Gecko) Chrome/120.0.0.0 Safari/537.36"
4.206.17.96 - - [27/Mar/2026:00:38:46 +0300] "GET /wp-content/uploads/2023/08/ HTTP/1.1" 200 555 "-" "Mozilla/5.0 (Windows NT 10.0; Win64; x64) AppleWebKit/537.36 (KHTML, like Gecko) Chrome/120.0.0.0 Safari/537.36"
