89.252.162.138 - - [26/Mar/2026:19:26:02 +0300] "POST /wp-admin/admin-ajax.php?action=async_litespeed&nonce=gJbhz7EZ4M56ZpszRpiKBwEAMr7oEZr3&litespeed_type=imgoptm HTTP/1.1" 200 5 "-" "WordPress/6.8.5; https://polikistikover.net"
89.252.162.138 - - [26/Mar/2026:19:26:46 +0300] "POST /wp-cron.php?doing_wp_cron=1774542406.5742120742797851562500 HTTP/1.1" 200 0 "-" "WordPress/6.8.5; https://polikistikover.net"
54.92.168.77 - - [26/Mar/2026:19:26:01 +0300] "POST //xmlrpc.php HTTP/1.1" 200 410 "-" "Mozilla/5.0 (Windows NT 10.0; Win64; x64) AppleWebKit/537.36 (KHTML, like Gecko) Chrome/80.0.3987.149 Safari/537.36"
89.252.162.138 - - [26/Mar/2026:19:26:47 +0300] "POST /wp-admin/admin-ajax.php?action=async_litespeed&nonce=5kNMDsnjr42vE47MJz0oeI0xY4y9MZyX&litespeed_type=imgoptm HTTP/1.1" 200 5 "-" "WordPress/6.8.5; https://polikistikover.net"
54.92.168.77 - - [26/Mar/2026:19:26:46 +0300] "POST //xmlrpc.php HTTP/1.1" 200 410 "-" "Mozilla/5.0 (Windows NT 10.0; Win64; x64) AppleWebKit/537.36 (KHTML, like Gecko) Chrome/80.0.3987.149 Safari/537.36"
114.119.156.131 - - [26/Mar/2026:19:27:22 +0300] "GET /fgejhqde/hamilton-he-brake-tested-me HTTP/1.1" 404 796 "-" "Mozilla/5.0 (Linux; Android 7.0;) AppleWebKit/537.36 (KHTML, like Gecko) Mobile Safari/537.36 (compatible; PetalBot;+https://webmaster.petalsearch.com/site/petalbot)"
89.252.162.138 - - [26/Mar/2026:19:28:02 +0300] "POST /wp-cron.php?doing_wp_cron=1774542482.0520288944244384765625 HTTP/1.1" 200 0 "-" "WordPress/6.8.5; https://polikistikover.net"
54.92.168.77 - - [26/Mar/2026:19:27:16 +0300] "POST //xmlrpc.php HTTP/1.1" 200 410 "-" "Mozilla/5.0 (Windows NT 10.0; Win64; x64) AppleWebKit/537.36 (KHTML, like Gecko) Chrome/80.0.3987.149 Safari/537.36"
54.92.168.77 - - [26/Mar/2026:19:28:02 +0300] "POST //xmlrpc.php HTTP/1.1" 200 410 "-" "Mozilla/5.0 (Windows NT 10.0; Win64; x64) AppleWebKit/537.36 (KHTML, like Gecko) Chrome/80.0.3987.149 Safari/537.36"
4.206.17.96 - - [26/Mar/2026:19:28:35 +0300] "GET /inputs.php HTTP/1.1" 404 796 "-" "Mozilla/5.0 (Windows NT 10.0; Win64; x64) AppleWebKit/537.36 (KHTML, like Gecko) Chrome/120.0.0.0 Safari/537.36"
4.206.17.96 - - [26/Mar/2026:19:28:35 +0300] "GET /function/function.php HTTP/1.1" 404 796 "-" "Mozilla/5.0 (Windows NT 10.0; Win64; x64) AppleWebKit/537.36 (KHTML, like Gecko) Chrome/120.0.0.0 Safari/537.36"
4.206.17.96 - - [26/Mar/2026:19:28:35 +0300] "GET /rip.php HTTP/1.1" 404 796 "-" "Mozilla/5.0 (Windows NT 10.0; Win64; x64) AppleWebKit/537.36 (KHTML, like Gecko) Chrome/120.0.0.0 Safari/537.36"
4.206.17.96 - - [26/Mar/2026:19:28:36 +0300] "GET /cache.php HTTP/1.1" 404 796 "-" "Mozilla/5.0 (Windows NT 10.0; Win64; x64) AppleWebKit/537.36 (KHTML, like Gecko) Chrome/120.0.0.0 Safari/537.36"
4.206.17.96 - - [26/Mar/2026:19:28:36 +0300] "GET /themes.php HTTP/1.1" 404 796 "-" "Mozilla/5.0 (Windows NT 10.0; Win64; x64) AppleWebKit/537.36 (KHTML, like Gecko) Chrome/120.0.0.0 Safari/537.36"
4.206.17.96 - - [26/Mar/2026:19:28:36 +0300] "GET /an.php HTTP/1.1" 404 796 "-" "Mozilla/5.0 (Windows NT 10.0; Win64; x64) AppleWebKit/537.36 (KHTML, like Gecko) Chrome/120.0.0.0 Safari/537.36"
4.206.17.96 - - [26/Mar/2026:19:28:36 +0300] "GET /randkeyword.PhP7 HTTP/1.1" 404 796 "-" "Mozilla/5.0 (Windows NT 10.0; Win64; x64) AppleWebKit/537.36 (KHTML, like Gecko) Chrome/120.0.0.0 Safari/537.36"
4.206.17.96 - - [26/Mar/2026:19:28:36 +0300] "GET /ws.php HTTP/1.1" 404 796 "-" "Mozilla/5.0 (Windows NT 10.0; Win64; x64) AppleWebKit/537.36 (KHTML, like Gecko) Chrome/120.0.0.0 Safari/537.36"
4.206.17.96 - - [26/Mar/2026:19:28:36 +0300] "GET /wp-admin/user/index.php HTTP/1.1" 302 0 "-" "Mozilla/5.0 (Windows NT 10.0; Win64; x64) AppleWebKit/537.36 (KHTML, like Gecko) Chrome/120.0.0.0 Safari/537.36"
4.206.17.96 - - [26/Mar/2026:19:28:38 +0300] "GET /wp-conf.php HTTP/1.1" 404 796 "-" "Mozilla/5.0 (Windows NT 10.0; Win64; x64) AppleWebKit/537.36 (KHTML, like Gecko) Chrome/120.0.0.0 Safari/537.36"
4.206.17.96 - - [26/Mar/2026:19:28:38 +0300] "GET /wp-content/themes/hideo/network.php HTTP/1.1" 404 796 "-" "Mozilla/5.0 (Windows NT 10.0; Win64; x64) AppleWebKit/537.36 (KHTML, like Gecko) Chrome/120.0.0.0 Safari/537.36"
4.206.17.96 - - [26/Mar/2026:19:28:38 +0300] "GET /wp-login.php HTTP/1.1" 200 3113 "-" "Mozilla/5.0 (Windows NT 10.0; Win64; x64) AppleWebKit/537.36 (KHTML, like Gecko) Chrome/120.0.0.0 Safari/537.36"
4.206.17.96 - - [26/Mar/2026:19:28:38 +0300] "GET /abc.php HTTP/1.1" 404 796 "-" "Mozilla/5.0 (Windows NT 10.0; Win64; x64) AppleWebKit/537.36 (KHTML, like Gecko) Chrome/120.0.0.0 Safari/537.36"
4.206.17.96 - - [26/Mar/2026:19:28:38 +0300] "GET /wp-trackback.php HTTP/1.1" 404 105 "-" "Mozilla/5.0 (Windows NT 10.0; Win64; x64) AppleWebKit/537.36 (KHTML, like Gecko) Chrome/120.0.0.0 Safari/537.36"
4.206.17.96 - - [26/Mar/2026:19:28:52 +0300] "GET /wp-good.php HTTP/1.1" 404 796 "-" "Mozilla/5.0 (Windows NT 10.0; Win64; x64) AppleWebKit/537.36 (KHTML, like Gecko) Chrome/120.0.0.0 Safari/537.36"
4.206.17.96 - - [26/Mar/2026:19:28:52 +0300] "GET /xmlrpc.php HTTP/1.1" 405 46 "-" "Mozilla/5.0 (Windows NT 10.0; Win64; x64) AppleWebKit/537.36 (KHTML, like Gecko) Chrome/120.0.0.0 Safari/537.36"
4.206.17.96 - - [26/Mar/2026:19:28:54 +0300] "GET /kbfr.php HTTP/1.1" 404 796 "-" "Mozilla/5.0 (Windows NT 10.0; Win64; x64) AppleWebKit/537.36 (KHTML, like Gecko) Chrome/120.0.0.0 Safari/537.36"
4.206.17.96 - - [26/Mar/2026:19:28:54 +0300] "GET /autoload_classmap.php HTTP/1.1" 404 796 "-" "Mozilla/5.0 (Windows NT 10.0; Win64; x64) AppleWebKit/537.36 (KHTML, like Gecko) Chrome/120.0.0.0 Safari/537.36"
4.206.17.96 - - [26/Mar/2026:19:28:55 +0300] "GET /classwithtostring.php HTTP/1.1" 404 796 "-" "Mozilla/5.0 (Windows NT 10.0; Win64; x64) AppleWebKit/537.36 (KHTML, like Gecko) Chrome/120.0.0.0 Safari/537.36"
89.252.162.138 - - [26/Mar/2026:19:28:54 +0300] "POST /wp-admin/admin-ajax.php?action=async_litespeed&nonce=pcNMOfIc7nQ7GekFLjkEnt3ykCdB5M4C&litespeed_type=imgoptm HTTP/1.1" 200 5 "-" "WordPress/6.8.5; https://polikistikover.net"
4.206.17.96 - - [26/Mar/2026:19:28:55 +0300] "GET /wp-admin/images/ HTTP/1.1" 200 2803 "-" "Mozilla/5.0 (Windows NT 10.0; Win64; x64) AppleWebKit/537.36 (KHTML, like Gecko) Chrome/120.0.0.0 Safari/537.36"
4.206.17.96 - - [26/Mar/2026:19:28:55 +0300] "GET /wp-includes/Requests/src/Response/about.php HTTP/1.1" 404 796 "-" "Mozilla/5.0 (Windows NT 10.0; Win64; x64) AppleWebKit/537.36 (KHTML, like Gecko) Chrome/120.0.0.0 Safari/537.36"
4.206.17.96 - - [26/Mar/2026:19:28:55 +0300] "GET /wp-includes/html-api/ HTTP/1.1" 200 1505 "-" "Mozilla/5.0 (Windows NT 10.0; Win64; x64) AppleWebKit/537.36 (KHTML, like Gecko) Chrome/120.0.0.0 Safari/537.36"
4.206.17.96 - - [26/Mar/2026:19:28:55 +0300] "GET /wp-content/admin.php HTTP/1.1" 404 796 "-" "Mozilla/5.0 (Windows NT 10.0; Win64; x64) AppleWebKit/537.36 (KHTML, like Gecko) Chrome/120.0.0.0 Safari/537.36"
4.206.17.96 - - [26/Mar/2026:19:28:56 +0300] "GET /wp-admin/css/colors/ectoplasm/ HTTP/1.1" 200 733 "-" "Mozilla/5.0 (Windows NT 10.0; Win64; x64) AppleWebKit/537.36 (KHTML, like Gecko) Chrome/120.0.0.0 Safari/537.36"
4.206.17.96 - - [26/Mar/2026:19:28:56 +0300] "GET /wp-content/themes/index.php HTTP/1.1" 200 0 "-" "Mozilla/5.0 (Windows NT 10.0; Win64; x64) AppleWebKit/537.36 (KHTML, like Gecko) Chrome/120.0.0.0 Safari/537.36"
4.206.17.96 - - [26/Mar/2026:19:28:56 +0300] "GET /wp-content/plugins/index.php HTTP/1.1" 200 0 "-" "Mozilla/5.0 (Windows NT 10.0; Win64; x64) AppleWebKit/537.36 (KHTML, like Gecko) Chrome/120.0.0.0 Safari/537.36"
4.206.17.96 - - [26/Mar/2026:19:28:56 +0300] "GET /wp-includes/PHPMailer/ HTTP/1.1" 200 710 "-" "Mozilla/5.0 (Windows NT 10.0; Win64; x64) AppleWebKit/537.36 (KHTML, like Gecko) Chrome/120.0.0.0 Safari/537.36"
4.206.17.96 - - [26/Mar/2026:19:28:56 +0300] "GET /wp-includes/images/ HTTP/1.1" 200 1701 "-" "Mozilla/5.0 (Windows NT 10.0; Win64; x64) AppleWebKit/537.36 (KHTML, like Gecko) Chrome/120.0.0.0 Safari/537.36"
4.206.17.96 - - [26/Mar/2026:19:28:56 +0300] "GET /wp-content/plugins/WordPressCore/ HTTP/1.1" 404 796 "-" "Mozilla/5.0 (Windows NT 10.0; Win64; x64) AppleWebKit/537.36 (KHTML, like Gecko) Chrome/120.0.0.0 Safari/537.36"
4.206.17.96 - - [26/Mar/2026:19:28:56 +0300] "GET /wp-good.php HTTP/1.1" 404 796 "-" "Mozilla/5.0 (Windows NT 10.0; Win64; x64) AppleWebKit/537.36 (KHTML, like Gecko) Chrome/120.0.0.0 Safari/537.36"
4.206.17.96 - - [26/Mar/2026:19:28:57 +0300] "GET /bless.php HTTP/1.1" 404 796 "-" "Mozilla/5.0 (Windows NT 10.0; Win64; x64) AppleWebKit/537.36 (KHTML, like Gecko) Chrome/120.0.0.0 Safari/537.36"
4.206.17.96 - - [26/Mar/2026:19:28:57 +0300] "GET /wp-content/admin.php HTTP/1.1" 404 796 "-" "Mozilla/5.0 (Windows NT 10.0; Win64; x64) AppleWebKit/537.36 (KHTML, like Gecko) Chrome/120.0.0.0 Safari/537.36"
4.206.17.96 - - [26/Mar/2026:19:28:57 +0300] "GET /aa.php HTTP/1.1" 404 796 "-" "Mozilla/5.0 (Windows NT 10.0; Win64; x64) AppleWebKit/537.36 (KHTML, like Gecko) Chrome/120.0.0.0 Safari/537.36"
4.206.17.96 - - [26/Mar/2026:19:28:57 +0300] "GET /class.php HTTP/1.1" 404 796 "-" "Mozilla/5.0 (Windows NT 10.0; Win64; x64) AppleWebKit/537.36 (KHTML, like Gecko) Chrome/120.0.0.0 Safari/537.36"
4.206.17.96 - - [26/Mar/2026:19:28:57 +0300] "GET /info.php HTTP/1.1" 200 23250 "-" "Mozilla/5.0 (Windows NT 10.0; Win64; x64) AppleWebKit/537.36 (KHTML, like Gecko) Chrome/120.0.0.0 Safari/537.36"
4.206.17.96 - - [26/Mar/2026:19:28:58 +0300] "GET /aw.php HTTP/1.1" 404 796 "-" "Mozilla/5.0 (Windows NT 10.0; Win64; x64) AppleWebKit/537.36 (KHTML, like Gecko) Chrome/120.0.0.0 Safari/537.36"
4.206.17.96 - - [26/Mar/2026:19:28:58 +0300] "GET /bb.php HTTP/1.1" 404 796 "-" "Mozilla/5.0 (Windows NT 10.0; Win64; x64) AppleWebKit/537.36 (KHTML, like Gecko) Chrome/120.0.0.0 Safari/537.36"
4.206.17.96 - - [26/Mar/2026:19:28:58 +0300] "GET /222.php HTTP/1.1" 404 796 "-" "Mozilla/5.0 (Windows NT 10.0; Win64; x64) AppleWebKit/537.36 (KHTML, like Gecko) Chrome/120.0.0.0 Safari/537.36"
4.206.17.96 - - [26/Mar/2026:19:28:58 +0300] "GET /classwithtostring.php HTTP/1.1" 404 796 "-" "Mozilla/5.0 (Windows NT 10.0; Win64; x64) AppleWebKit/537.36 (KHTML, like Gecko) Chrome/120.0.0.0 Safari/537.36"
4.206.17.96 - - [26/Mar/2026:19:28:58 +0300] "GET /css/autoload_classmap.php HTTP/1.1" 404 796 "-" "Mozilla/5.0 (Windows NT 10.0; Win64; x64) AppleWebKit/537.36 (KHTML, like Gecko) Chrome/120.0.0.0 Safari/537.36"
4.206.17.96 - - [26/Mar/2026:19:28:58 +0300] "GET /fx.php HTTP/1.1" 404 796 "-" "Mozilla/5.0 (Windows NT 10.0; Win64; x64) AppleWebKit/537.36 (KHTML, like Gecko) Chrome/120.0.0.0 Safari/537.36"
4.206.17.96 - - [26/Mar/2026:19:28:59 +0300] "GET /gelay.php HTTP/1.1" 404 796 "-" "Mozilla/5.0 (Windows NT 10.0; Win64; x64) AppleWebKit/537.36 (KHTML, like Gecko) Chrome/120.0.0.0 Safari/537.36"
4.206.17.96 - - [26/Mar/2026:19:28:59 +0300] "GET /god4m.php HTTP/1.1" 404 796 "-" "Mozilla/5.0 (Windows NT 10.0; Win64; x64) AppleWebKit/537.36 (KHTML, like Gecko) Chrome/120.0.0.0 Safari/537.36"
4.206.17.96 - - [26/Mar/2026:19:28:59 +0300] "GET /mari.php HTTP/1.1" 404 796 "-" "Mozilla/5.0 (Windows NT 10.0; Win64; x64) AppleWebKit/537.36 (KHTML, like Gecko) Chrome/120.0.0.0 Safari/537.36"
4.206.17.96 - - [26/Mar/2026:19:28:59 +0300] "GET /moon.php HTTP/1.1" 404 796 "-" "Mozilla/5.0 (Windows NT 10.0; Win64; x64) AppleWebKit/537.36 (KHTML, like Gecko) Chrome/120.0.0.0 Safari/537.36"
4.206.17.96 - - [26/Mar/2026:19:28:59 +0300] "GET /o.php HTTP/1.1" 404 796 "-" "Mozilla/5.0 (Windows NT 10.0; Win64; x64) AppleWebKit/537.36 (KHTML, like Gecko) Chrome/120.0.0.0 Safari/537.36"
4.206.17.96 - - [26/Mar/2026:19:28:59 +0300] "GET /tmp.php HTTP/1.1" 404 796 "-" "Mozilla/5.0 (Windows NT 10.0; Win64; x64) AppleWebKit/537.36 (KHTML, like Gecko) Chrome/120.0.0.0 Safari/537.36"
4.206.17.96 - - [26/Mar/2026:19:28:59 +0300] "GET /wp-admin/a.php HTTP/1.1" 404 796 "-" "Mozilla/5.0 (Windows NT 10.0; Win64; x64) AppleWebKit/537.36 (KHTML, like Gecko) Chrome/120.0.0.0 Safari/537.36"
4.206.17.96 - - [26/Mar/2026:19:29:00 +0300] "GET /wp-admin/alfa.php HTTP/1.1" 404 796 "-" "Mozilla/5.0 (Windows NT 10.0; Win64; x64) AppleWebKit/537.36 (KHTML, like Gecko) Chrome/120.0.0.0 Safari/537.36"
4.206.17.96 - - [26/Mar/2026:19:29:00 +0300] "GET /wp-admin/css/colors HTTP/1.1" 301 795 "-" "Mozilla/5.0 (Windows NT 10.0; Win64; x64) AppleWebKit/537.36 (KHTML, like Gecko) Chrome/120.0.0.0 Safari/537.36"
4.206.17.96 - - [26/Mar/2026:19:29:00 +0300] "GET /wp-admin/js/widgets/ HTTP/1.1" 200 1278 "-" "Mozilla/5.0 (Windows NT 10.0; Win64; x64) AppleWebKit/537.36 (KHTML, like Gecko) Chrome/120.0.0.0 Safari/537.36"
4.206.17.96 - - [26/Mar/2026:19:29:00 +0300] "GET /wp-admin/network/index.php HTTP/1.1" 302 0 "-" "Mozilla/5.0 (Windows NT 10.0; Win64; x64) AppleWebKit/537.36 (KHTML, like Gecko) Chrome/120.0.0.0 Safari/537.36"
4.206.17.96 - - [26/Mar/2026:19:29:01 +0300] "GET /wp-content/plugins/core-plugin/include.php HTTP/1.1" 404 796 "-" "Mozilla/5.0 (Windows NT 10.0; Win64; x64) AppleWebKit/537.36 (KHTML, like Gecko) Chrome/120.0.0.0 Safari/537.36"
4.206.17.96 - - [26/Mar/2026:19:29:01 +0300] "GET /wp-includes/IXR/test1.php HTTP/1.1" 404 796 "-" "Mozilla/5.0 (Windows NT 10.0; Win64; x64) AppleWebKit/537.36 (KHTML, like Gecko) Chrome/120.0.0.0 Safari/537.36"
4.206.17.96 - - [26/Mar/2026:19:29:01 +0300] "GET /wp-includes/js/crop/cropper.php HTTP/1.1" 404 796 "-" "Mozilla/5.0 (Windows NT 10.0; Win64; x64) AppleWebKit/537.36 (KHTML, like Gecko) Chrome/120.0.0.0 Safari/537.36"
4.206.17.96 - - [26/Mar/2026:19:29:01 +0300] "GET /wp-content/themes/ HTTP/1.1" 200 0 "-" "Mozilla/5.0 (Windows NT 10.0; Win64; x64) AppleWebKit/537.36 (KHTML, like Gecko) Chrome/120.0.0.0 Safari/537.36"
4.206.17.96 - - [26/Mar/2026:19:29:02 +0300] "GET /wp-includes/ID3/ HTTP/1.1" 200 1436 "-" "Mozilla/5.0 (Windows NT 10.0; Win64; x64) AppleWebKit/537.36 (KHTML, like Gecko) Chrome/120.0.0.0 Safari/537.36"
89.252.162.138 - - [26/Mar/2026:19:25:31 +0300] "POST /wp-cron.php?doing_wp_cron=1774542331.5648980140686035156250 HTTP/1.1" 200 0 "-" "WordPress/6.8.5; https://polikistikover.net"
89.252.162.138 - - [26/Mar/2026:19:26:01 +0300] "POST /wp-cron.php?doing_wp_cron=1774542361.6115961074829101562500 HTTP/1.1" 200 0 "-" "WordPress/6.8.5; https://polikistikover.net"
89.252.162.138 - - [26/Mar/2026:19:27:16 +0300] "POST /wp-cron.php?doing_wp_cron=1774542436.4510750770568847656250 HTTP/1.1" 200 0 "-" "WordPress/6.8.5; https://polikistikover.net"
89.252.162.138 - - [26/Mar/2026:19:28:02 +0300] "POST /wp-admin/admin-ajax.php?action=async_litespeed&nonce=XcTH57oGiCWi2tWwLG2iGIbtdMUy3Mvu&litespeed_type=imgoptm HTTP/1.1" 200 5 "-" "WordPress/6.8.5; https://polikistikover.net"
89.252.162.138 - - [26/Mar/2026:19:28:31 +0300] "POST /wp-cron.php?doing_wp_cron=1774542511.5241169929504394531250 HTTP/1.1" 200 0 "-" "WordPress/6.8.5; https://polikistikover.net"
89.252.162.138 - - [26/Mar/2026:19:28:52 +0300] "POST /wp-cron.php?doing_wp_cron=1774542532.4685568809509277343750 HTTP/1.1" 200 0 "-" "WordPress/6.8.5; https://polikistikover.net"
89.252.162.138 - - [26/Mar/2026:19:29:01 +0300] "POST /wp-cron.php?doing_wp_cron=1774542541.2527289390563964843750 HTTP/1.1" 200 0 "-" "WordPress/6.8.5; https://polikistikover.net"
20.151.201.236 - - [26/Mar/2026:19:29:39 +0300] "GET /wp-content/plugins/hellopress/wp_filemanager.php HTTP/1.1" 404 5750 "-" "-"
20.151.201.236 - - [26/Mar/2026:19:29:39 +0300] "GET /an.php HTTP/1.1" 404 5750 "-" "-"
20.151.201.236 - - [26/Mar/2026:19:29:40 +0300] "GET /index/function.php HTTP/1.1" 404 5750 "-" "-"
20.151.201.236 - - [26/Mar/2026:19:29:40 +0300] "GET /randkeyword.PhP7 HTTP/1.1" 404 5750 "-" "-"
20.151.201.236 - - [26/Mar/2026:19:29:40 +0300] "GET /ws.php HTTP/1.1" 404 5750 "-" "-"
20.151.201.236 - - [26/Mar/2026:19:29:41 +0300] "GET /404.php HTTP/1.1" 404 5750 "-" "-"
20.151.201.236 - - [26/Mar/2026:19:29:41 +0300] "GET /wp-admin/user/index.php HTTP/1.1" 404 5750 "-" "-"
20.151.201.236 - - [26/Mar/2026:19:29:42 +0300] "GET /wp-conf.php HTTP/1.1" 404 5750 "-" "-"
20.151.201.236 - - [26/Mar/2026:19:29:42 +0300] "GET /wp-content/themes/hideo/network.php HTTP/1.1" 404 5750 "-" "-"
20.151.201.236 - - [26/Mar/2026:19:29:42 +0300] "GET /wp-login.php HTTP/1.1" 404 5750 "-" "-"
20.151.201.236 - - [26/Mar/2026:19:29:43 +0300] "GET /abc.php HTTP/1.1" 404 5750 "-" "-"
20.151.201.236 - - [26/Mar/2026:19:29:43 +0300] "GET /abcd.php HTTP/1.1" 404 5750 "-" "-"
20.151.201.236 - - [26/Mar/2026:19:29:43 +0300] "GET /as.php HTTP/1.1" 404 5750 "-" "-"
20.151.201.236 - - [26/Mar/2026:19:29:44 +0300] "GET /wp-trackback.php HTTP/1.1" 404 5750 "-" "-"
20.151.201.236 - - [26/Mar/2026:19:29:44 +0300] "GET /about.php HTTP/1.1" 404 5750 "-" "-"
20.151.201.236 - - [26/Mar/2026:19:29:44 +0300] "GET /file.php HTTP/1.1" 404 5750 "-" "-"
20.151.201.236 - - [26/Mar/2026:19:29:45 +0300] "GET /adminfuns.php HTTP/1.1" 404 5750 "-" "-"
20.151.201.236 - - [26/Mar/2026:19:29:45 +0300] "GET /wp-good.php HTTP/1.1" 404 5750 "-" "-"
20.151.201.236 - - [26/Mar/2026:19:29:45 +0300] "GET /xmlrpc.php HTTP/1.1" 404 5750 "-" "-"
20.151.201.236 - - [26/Mar/2026:19:29:46 +0300] "GET /goods.php HTTP/1.1" 404 5750 "-" "-"
20.151.201.236 - - [26/Mar/2026:19:29:46 +0300] "GET /class-t.api.php HTTP/1.1" 404 5750 "-" "-"
20.151.201.236 - - [26/Mar/2026:19:29:47 +0300] "GET /sf.php HTTP/1.1" 404 5750 "-" "-"
20.151.201.236 - - [26/Mar/2026:19:29:47 +0300] "GET /kbfr.php HTTP/1.1" 404 5750 "-" "-"
20.151.201.236 - - [26/Mar/2026:19:29:47 +0300] "GET /autoload_classmap.php HTTP/1.1" 404 5750 "-" "-"
20.151.201.236 - - [26/Mar/2026:19:29:48 +0300] "GET /chosen.php?p= HTTP/1.1" 404 5750 "-" "-"
20.151.201.236 - - [26/Mar/2026:19:29:48 +0300] "GET /classwithtostring.php HTTP/1.1" 404 5750 "-" "-"
20.151.201.236 - - [26/Mar/2026:19:29:48 +0300] "GET /defaults.php HTTP/1.1" 404 5750 "-" "-"
20.151.201.236 - - [26/Mar/2026:19:29:49 +0300] "GET /wp-includes/ HTTP/1.1" 404 5750 "-" "-"
20.151.201.236 - - [26/Mar/2026:19:29:49 +0300] "GET /.well-known/ HTTP/1.1" 404 5750 "-" "-"
20.151.201.236 - - [26/Mar/2026:19:29:49 +0300] "GET /info.php HTTP/1.1" 404 5750 "-" "-"
20.151.201.236 - - [26/Mar/2026:19:29:50 +0300] "GET /cgi-bin/ HTTP/1.1" 404 5750 "-" "-"
20.151.201.236 - - [26/Mar/2026:19:29:50 +0300] "GET /uploads/ HTTP/1.1" 404 5750 "-" "-"
20.151.201.236 - - [26/Mar/2026:19:29:50 +0300] "GET /wp-admin/images/ HTTP/1.1" 404 5750 "-" "-"
20.151.201.236 - - [26/Mar/2026:19:29:51 +0300] "GET /wp-includes/Requests/src/Response/about.php HTTP/1.1" 404 5750 "-" "-"
20.151.201.236 - - [26/Mar/2026:19:29:51 +0300] "GET /wp-includes/html-api/ HTTP/1.1" 404 5750 "-" "-"
20.151.201.236 - - [26/Mar/2026:19:29:52 +0300] "GET /wp-content/admin.php HTTP/1.1" 404 5750 "-" "-"
20.151.201.236 - - [26/Mar/2026:19:29:52 +0300] "GET /wp-admin/css/colors/ectoplasm/ HTTP/1.1" 404 5750 "-" "-"
20.151.201.236 - - [26/Mar/2026:19:29:52 +0300] "GET /wp-content/uploads/ HTTP/1.1" 404 5750 "-" "-"
20.151.201.236 - - [26/Mar/2026:19:29:53 +0300] "GET /wp-content/themes/admin.php HTTP/1.1" 404 5750 "-" "-"
20.151.201.236 - - [26/Mar/2026:19:29:53 +0300] "GET /wp-content/themes/index.php HTTP/1.1" 404 5750 "-" "-"
20.151.201.236 - - [26/Mar/2026:19:29:53 +0300] "GET /wp-content/plugins/index.php HTTP/1.1" 404 5750 "-" "-"
20.151.201.236 - - [26/Mar/2026:19:29:54 +0300] "GET /wp-includes/PHPMailer/ HTTP/1.1" 404 5750 "-" "-"
20.151.201.236 - - [26/Mar/2026:19:29:54 +0300] "GET /wp-includes/images/ HTTP/1.1" 404 5750 "-" "-"
20.151.201.236 - - [26/Mar/2026:19:29:54 +0300] "GET /wp-content/plugins/WordPressCore/ HTTP/1.1" 404 5750 "-" "-"
20.151.201.236 - - [26/Mar/2026:19:29:55 +0300] "GET /wp-good.php HTTP/1.1" 404 5750 "-" "-"
20.151.201.236 - - [26/Mar/2026:19:29:55 +0300] "GET /file.php HTTP/1.1" 404 5750 "-" "-"
20.151.201.236 - - [26/Mar/2026:19:29:55 +0300] "GET /bless.php HTTP/1.1" 404 5750 "-" "-"
20.151.201.236 - - [26/Mar/2026:19:29:56 +0300] "GET /admin.php HTTP/1.1" 404 5750 "-" "-"
20.151.201.236 - - [26/Mar/2026:19:29:56 +0300] "GET /ioxi-o.php HTTP/1.1" 404 5750 "-" "-"
20.151.201.236 - - [26/Mar/2026:19:29:57 +0300] "GET /adminfuns.php HTTP/1.1" 404 5750 "-" "-"
20.151.201.236 - - [26/Mar/2026:19:29:57 +0300] "GET /wp-content/admin.php HTTP/1.1" 404 5750 "-" "-"
20.151.201.236 - - [26/Mar/2026:19:29:57 +0300] "GET /aa.php HTTP/1.1" 404 5750 "-" "-"
20.151.201.236 - - [26/Mar/2026:19:29:58 +0300] "GET /xmrlpc.php HTTP/1.1" 404 5750 "-" "-"
20.151.201.236 - - [26/Mar/2026:19:29:58 +0300] "GET /class.php HTTP/1.1" 404 5750 "-" "-"
20.151.201.236 - - [26/Mar/2026:19:29:58 +0300] "GET /goods.php HTTP/1.1" 404 5750 "-" "-"
20.151.201.236 - - [26/Mar/2026:19:29:59 +0300] "GET /info.php HTTP/1.1" 404 5750 "-" "-"
20.151.201.236 - - [26/Mar/2026:19:29:59 +0300] "GET /as.php HTTP/1.1" 404 5750 "-" "-"
20.151.201.236 - - [26/Mar/2026:19:29:59 +0300] "GET /aw.php HTTP/1.1" 404 5750 "-" "-"
20.151.201.236 - - [26/Mar/2026:19:30:00 +0300] "GET /bb.php HTTP/1.1" 404 5750 "-" "-"
20.151.201.236 - - [26/Mar/2026:19:30:00 +0300] "GET /about.php HTTP/1.1" 404 5750 "-" "-"
20.151.201.236 - - [26/Mar/2026:19:30:00 +0300] "GET /222.php HTTP/1.1" 404 5750 "-" "-"
20.151.201.236 - - [26/Mar/2026:19:30:01 +0300] "GET /test1.php HTTP/1.1" 404 5750 "-" "-"
20.151.201.236 - - [26/Mar/2026:19:30:01 +0300] "GET /classwithtostring.php HTTP/1.1" 404 5750 "-" "-"
20.151.201.236 - - [26/Mar/2026:19:30:02 +0300] "GET /css/autoload_classmap.php HTTP/1.1" 404 5750 "-" "-"
20.151.201.236 - - [26/Mar/2026:19:30:02 +0300] "GET /fx.php HTTP/1.1" 404 5750 "-" "-"
20.151.201.236 - - [26/Mar/2026:19:30:02 +0300] "GET /gelay.php HTTP/1.1" 404 5750 "-" "-"
20.151.201.236 - - [26/Mar/2026:19:30:03 +0300] "GET /god4m.php HTTP/1.1" 404 5750 "-" "-"
20.151.201.236 - - [26/Mar/2026:19:30:03 +0300] "GET /mari.php HTTP/1.1" 404 5750 "-" "-"
20.151.201.236 - - [26/Mar/2026:19:30:03 +0300] "GET /moon.php HTTP/1.1" 404 5750 "-" "-"
20.151.201.236 - - [26/Mar/2026:19:30:04 +0300] "GET /o.php HTTP/1.1" 404 5750 "-" "-"
20.151.201.236 - - [26/Mar/2026:19:30:04 +0300] "GET /tmp.php HTTP/1.1" 404 5750 "-" "-"
20.151.201.236 - - [26/Mar/2026:19:30:04 +0300] "GET /wp-admin/js/ HTTP/1.1" 404 5750 "-" "-"
20.151.201.236 - - [26/Mar/2026:19:30:05 +0300] "GET /gfile.php HTTP/1.1" 404 5750 "-" "-"
20.151.201.236 - - [26/Mar/2026:19:30:05 +0300] "GET /a2.php HTTP/1.1" 404 5750 "-" "-"
20.151.201.236 - - [26/Mar/2026:19:30:05 +0300] "GET /sty.php HTTP/1.1" 404 5750 "-" "-"
20.151.201.236 - - [26/Mar/2026:19:30:06 +0300] "GET /xxxx.php HTTP/1.1" 404 5750 "-" "-"
20.151.201.236 - - [26/Mar/2026:19:30:06 +0300] "GET /h.php HTTP/1.1" 404 5750 "-" "-"
20.151.201.236 - - [26/Mar/2026:19:30:06 +0300] "GET /g.php HTTP/1.1" 404 5750 "-" "-"
20.151.201.236 - - [26/Mar/2026:19:30:07 +0300] "GET /pp.php HTTP/1.1" 404 5750 "-" "-"
20.151.201.236 - - [26/Mar/2026:19:30:07 +0300] "GET /sys.php HTTP/1.1" 404 5750 "-" "-"
20.151.201.236 - - [26/Mar/2026:19:30:08 +0300] "GET /txets.php HTTP/1.1" 404 5750 "-" "-"
20.151.201.236 - - [26/Mar/2026:19:30:08 +0300] "GET /tt.php HTTP/1.1" 404 5750 "-" "-"
20.151.201.236 - - [26/Mar/2026:19:30:08 +0300] "GET /wp9.php HTTP/1.1" 404 5750 "-" "-"
20.151.201.236 - - [26/Mar/2026:19:30:09 +0300] "GET /path.php HTTP/1.1" 404 5750 "-" "-"
20.151.201.236 - - [26/Mar/2026:19:30:09 +0300] "GET /wdf.php HTTP/1.1" 404 5750 "-" "-"
20.151.201.236 - - [26/Mar/2026:19:30:09 +0300] "GET /fleen.php HTTP/1.1" 404 5750 "-" "-"
20.151.201.236 - - [26/Mar/2026:19:30:10 +0300] "GET /wp-tem.php HTTP/1.1" 404 5750 "-" "-"
20.151.201.236 - - [26/Mar/2026:19:30:10 +0300] "GET /av6m.php HTTP/1.1" 404 5750 "-" "-"
20.151.201.236 - - [26/Mar/2026:19:30:10 +0300] "GET /autogooey.php HTTP/1.1" 404 5750 "-" "-"
20.151.201.236 - - [26/Mar/2026:19:30:11 +0300] "GET /btx25.php HTTP/1.1" 404 5750 "-" "-"
20.151.201.236 - - [26/Mar/2026:19:30:11 +0300] "GET /mga.php HTTP/1.1" 404 5750 "-" "-"
20.151.201.236 - - [26/Mar/2026:19:30:11 +0300] "GET /maxro.php HTTP/1.1" 404 5750 "-" "-"
20.151.201.236 - - [26/Mar/2026:19:30:12 +0300] "GET /agg.php HTTP/1.1" 404 5750 "-" "-"
114.119.136.68 - - [26/Mar/2026:19:30:12 +0300] "GET /jlwcrqw/spaghetti-strap-cocktail-dress HTTP/1.1" 404 796 "-" "Mozilla/5.0 (Linux; Android 7.0;) AppleWebKit/537.36 (KHTML, like Gecko) Mobile Safari/537.36 (compatible; PetalBot;+https://webmaster.petalsearch.com/site/petalbot)"
20.151.201.236 - - [26/Mar/2026:19:30:12 +0300] "GET /pass4.php HTTP/1.1" 404 5750 "-" "-"
20.151.201.236 - - [26/Mar/2026:19:30:12 +0300] "GET /wsvvs.php HTTP/1.1" 404 5750 "-" "-"
20.151.201.236 - - [26/Mar/2026:19:30:13 +0300] "GET /G-In.php HTTP/1.1" 404 5750 "-" "-"
20.151.201.236 - - [26/Mar/2026:19:30:13 +0300] "GET /edit.php HTTP/1.1" 404 5750 "-" "-"
20.151.201.236 - - [26/Mar/2026:19:30:13 +0300] "GET /ioxi-o.php HTTP/1.1" 404 5750 "-" "-"
20.151.201.236 - - [26/Mar/2026:19:30:14 +0300] "GET /wp-content/admin.php HTTP/1.1" 404 5750 "-" "-"
20.151.201.236 - - [26/Mar/2026:19:30:14 +0300] "GET /66.php HTTP/1.1" 404 5750 "-" "-"
20.151.201.236 - - [26/Mar/2026:19:30:14 +0300] "GET /wp-includes/js/tinymce/themes/inlite/ HTTP/1.1" 404 5750 "-" "-"
20.151.201.236 - - [26/Mar/2026:19:30:15 +0300] "GET /gifclass.php HTTP/1.1" 404 5750 "-" "-"
20.151.201.236 - - [26/Mar/2026:19:30:15 +0300] "GET /wp-includes/assets/index.php HTTP/1.1" 404 5750 "-" "-"
20.151.201.236 - - [26/Mar/2026:19:30:16 +0300] "GET /wp-admin/images/wp-conflg.php?p= HTTP/1.1" 404 5750 "-" "-"
20.151.201.236 - - [26/Mar/2026:19:30:16 +0300] "GET /wp-content/plugins/index.php?p= HTTP/1.1" 404 5750 "-" "-"
20.151.201.236 - - [26/Mar/2026:19:30:16 +0300] "GET /assets/css/index.php HTTP/1.1" 404 5750 "-" "-"
20.151.201.236 - - [26/Mar/2026:19:30:17 +0300] "GET /wp-includes/sitemaps/providers/ultra.php HTTP/1.1" 404 5750 "-" "-"
20.151.201.236 - - [26/Mar/2026:19:30:17 +0300] "GET /adminer-3.3.4-cs.php HTTP/1.1" 404 5750 "-" "-"
20.151.201.236 - - [26/Mar/2026:19:30:17 +0300] "GET /aves.php HTTP/1.1" 404 5750 "-" "-"
20.151.201.236 - - [26/Mar/2026:19:30:18 +0300] "GET /wp-includes/sitemaps/providers/class-wp-sitemaps-data.php HTTP/1.1" 404 5750 "-" "-"
89.252.162.138 - - [26/Mar/2026:19:29:16 +0300] "POST /wp-cron.php?doing_wp_cron=1774542556.4580850601196289062500 HTTP/1.1" 200 0 "-" "WordPress/6.8.5; https://polikistikover.net"
54.92.168.77 - - [26/Mar/2026:19:28:32 +0300] "POST //xmlrpc.php HTTP/1.1" 200 410 "-" "Mozilla/5.0 (Windows NT 10.0; Win64; x64) AppleWebKit/537.36 (KHTML, like Gecko) Chrome/80.0.3987.149 Safari/537.36"
54.92.168.77 - - [26/Mar/2026:19:29:16 +0300] "POST //xmlrpc.php HTTP/1.1" 200 410 "-" "Mozilla/5.0 (Windows NT 10.0; Win64; x64) AppleWebKit/537.36 (KHTML, like Gecko) Chrome/80.0.3987.149 Safari/537.36"
89.252.162.138 - - [26/Mar/2026:19:30:31 +0300] "POST /wp-cron.php?doing_wp_cron=1774542631.7133679389953613281250 HTTP/1.1" 200 0 "-" "WordPress/6.8.5; https://polikistikover.net"
54.92.168.77 - - [26/Mar/2026:19:29:46 +0300] "POST //xmlrpc.php HTTP/1.1" 200 410 "-" "Mozilla/5.0 (Windows NT 10.0; Win64; x64) AppleWebKit/537.36 (KHTML, like Gecko) Chrome/80.0.3987.149 Safari/537.36"
54.92.168.77 - - [26/Mar/2026:19:30:31 +0300] "POST //xmlrpc.php HTTP/1.1" 200 410 "-" "Mozilla/5.0 (Windows NT 10.0; Win64; x64) AppleWebKit/537.36 (KHTML, like Gecko) Chrome/80.0.3987.149 Safari/537.36"
89.252.162.138 - - [26/Mar/2026:19:31:02 +0300] "POST /wp-admin/admin-ajax.php?action=async_litespeed&nonce=JI1r0Pze5Sfka8FRNB818BBJ5yr3Pp1y&litespeed_type=imgoptm HTTP/1.1" 200 5 "-" "WordPress/6.8.5; https://polikistikover.net"
89.252.162.138 - - [26/Mar/2026:19:31:46 +0300] "POST /wp-cron.php?doing_wp_cron=1774542706.7391579151153564453125 HTTP/1.1" 200 0 "-" "WordPress/6.8.5; https://polikistikover.net"
54.92.168.77 - - [26/Mar/2026:19:31:01 +0300] "POST //xmlrpc.php HTTP/1.1" 200 410 "-" "Mozilla/5.0 (Windows NT 10.0; Win64; x64) AppleWebKit/537.36 (KHTML, like Gecko) Chrome/80.0.3987.149 Safari/537.36"
89.252.162.138 - - [26/Mar/2026:19:31:47 +0300] "POST /wp-admin/admin-ajax.php?action=async_litespeed&nonce=6AKdazuo1kiv9gVCAW8YhE0zyRkdqr3j&litespeed_type=imgoptm HTTP/1.1" 200 5 "-" "WordPress/6.8.5; https://polikistikover.net"
89.252.162.138 - - [26/Mar/2026:19:32:16 +0300] "POST /wp-cron.php?doing_wp_cron=1774542736.4807450771331787109375 HTTP/1.1" 200 0 "-" "WordPress/6.8.5; https://polikistikover.net"
54.92.168.77 - - [26/Mar/2026:19:31:46 +0300] "POST //xmlrpc.php HTTP/1.1" 200 410 "-" "Mozilla/5.0 (Windows NT 10.0; Win64; x64) AppleWebKit/537.36 (KHTML, like Gecko) Chrome/80.0.3987.149 Safari/537.36"
54.92.168.77 - - [26/Mar/2026:19:32:16 +0300] "POST //xmlrpc.php HTTP/1.1" 200 410 "-" "Mozilla/5.0 (Windows NT 10.0; Win64; x64) AppleWebKit/537.36 (KHTML, like Gecko) Chrome/80.0.3987.149 Safari/537.36"
89.252.162.138 - - [26/Mar/2026:19:33:02 +0300] "POST /wp-admin/admin-ajax.php?action=async_litespeed&nonce=UXaGUF3ojs5lFZkcL9XIsOPTSHEEsuwd&litespeed_type=imgoptm HTTP/1.1" 200 5 "-" "WordPress/6.8.5; https://polikistikover.net"
89.252.162.138 - - [26/Mar/2026:19:33:25 +0300] "POST /wp-cron.php?doing_wp_cron=1774542805.6742439270019531250000 HTTP/1.1" 200 0 "-" "WordPress/6.8.5; https://polikistikover.net"
209.141.61.34 - - [26/Mar/2026:19:33:24 +0300] "GET /wp-login.php HTTP/1.1" 200 3166 "-" "Mozilla/5.0 (Windows NT 10.0; Win64; x64) AppleWebKit/537.36 (KHTML, like Gecko) Chrome/134.0.0.0 Safari/537.36"
54.92.168.77 - - [26/Mar/2026:19:33:02 +0300] "POST //xmlrpc.php HTTP/1.1" 200 410 "-" "Mozilla/5.0 (Windows NT 10.0; Win64; x64) AppleWebKit/537.36 (KHTML, like Gecko) Chrome/80.0.3987.149 Safari/537.36"
89.252.162.138 - - [26/Mar/2026:19:34:16 +0300] "POST /wp-cron.php?doing_wp_cron=1774542856.6485869884490966796875 HTTP/1.1" 200 0 "-" "WordPress/6.8.5; https://polikistikover.net"
54.92.168.77 - - [26/Mar/2026:19:33:31 +0300] "POST //xmlrpc.php HTTP/1.1" 200 410 "-" "Mozilla/5.0 (Windows NT 10.0; Win64; x64) AppleWebKit/537.36 (KHTML, like Gecko) Chrome/80.0.3987.149 Safari/537.36"
89.252.162.138 - - [26/Mar/2026:19:34:17 +0300] "POST /wp-admin/admin-ajax.php?action=async_litespeed&nonce=23QALCB0p1yRMIjEW5nvEqVtZpDMvfFi&litespeed_type=imgoptm HTTP/1.1" 200 5 "-" "WordPress/6.8.5; https://polikistikover.net"
20.151.201.236 - - [26/Mar/2026:19:30:18 +0300] "GET /fiyhxaae.php HTTP/1.1" 404 5750 "-" "-"
89.252.162.138 - - [26/Mar/2026:19:30:32 +0300] "POST /wp-admin/admin-ajax.php?action=async_litespeed&nonce=s0LhngZKVNsUQlWRF9oBScRt8AkBHgFC&litespeed_type=imgoptm HTTP/1.1" 200 5 "-" "WordPress/6.8.5; https://polikistikover.net"
89.252.162.138 - - [26/Mar/2026:19:31:01 +0300] "POST /wp-cron.php?doing_wp_cron=1774542661.4669079780578613281250 HTTP/1.1" 200 0 "-" "WordPress/6.8.5; https://polikistikover.net"
89.252.162.138 - - [26/Mar/2026:19:33:01 +0300] "POST /wp-cron.php?doing_wp_cron=1774542781.6939790248870849609375 HTTP/1.1" 200 0 "-" "WordPress/6.8.5; https://polikistikover.net"
98.84.184.80 - - [26/Mar/2026:19:33:38 +0300] "GET /yeni/polikistik-over-sendromunda-ciltte-yaglanma-artisi-ve-tedavisi/ HTTP/1.1" 200 26403 "-" "Mozilla/5.0 AppleWebKit/537.36 (KHTML, like Gecko; compatible; Amazonbot/0.1; +https://developer.amazon.com/support/amazonbot) Chrome/119.0.6045.214 Safari/537.36"
89.252.162.138 - - [26/Mar/2026:19:34:01 +0300] "POST /yeni/wp-cron.php?doing_wp_cron=1774542841.3245630264282226562500 HTTP/1.1" 200 0 "-" "WordPress/6.9.4; https://polikistikover.net/yeni"
13.216.9.63 - - [26/Mar/2026:19:34:48 +0300] "HEAD /yeni/polikistik-over-sendromunda-ciltte-yaglanma-artisi-ve-tedavisi/ HTTP/1.1" 200 0 "-" "Mozilla/5.0 AppleWebKit/605.1.15 (KHTML, like Gecko) Chrome/139.0.0.0 Safari/605.1.15"
89.252.162.138 - - [26/Mar/2026:19:35:31 +0300] "POST /wp-cron.php?doing_wp_cron=1774542931.6869421005249023437500 HTTP/1.1" 200 0 "-" "WordPress/6.8.5; https://polikistikover.net"
89.252.162.138 - - [26/Mar/2026:19:35:32 +0300] "POST /wp-admin/admin-ajax.php?action=async_litespeed&nonce=pbZV5E7wPq8GkZcKjVYaNRE17XED0IWK&litespeed_type=imgoptm HTTP/1.1" 200 5 "-" "WordPress/6.8.5; https://polikistikover.net"
69.63.189.15 - - [26/Mar/2026:19:36:32 +0300] "GET / HTTP/2" 200 76 "-" "facebookexternalhit/1.1 (+http://www.facebook.com/externalhit_uatext.php)"
57.141.8.68 - - [26/Mar/2026:19:36:33 +0300] "GET / HTTP/2" 200 76 "-" "facebookexternalhit/1.1 (+http://www.facebook.com/externalhit_uatext.php)"
31.13.127.23 - - [26/Mar/2026:19:36:33 +0300] "GET /favicon.ico HTTP/2" 404 796 "https://polikistikover.net/?fbclid=IwZXh0bgNhZW0CMTEAc3J0YwZhcHBfaWQMMjU2MjgxMDQwNTU4AAEe-FrHpIiQyiB9CRWwQjWKHKiQTFK8OcgZvFEsJaTp6R12DvxUsOEZ_Lit0o4_aem_5HyGQXd-S8Q_ovlWNGR4YQ" "Mozilla/5.0 (Windows NT 10.0; Win64; x64) AppleWebKit/537.36 (KHTML, like Gecko) Chrome/146.0.0.0 Safari/537.36"
31.13.127.23 - - [26/Mar/2026:19:36:33 +0300] "GET /yeni/ HTTP/2" 200 17723 "https://polikistikover.net/?fbclid=IwZXh0bgNhZW0CMTEAc3J0YwZhcHBfaWQMMjU2MjgxMDQwNTU4AAEe-FrHpIiQyiB9CRWwQjWKHKiQTFK8OcgZvFEsJaTp6R12DvxUsOEZ_Lit0o4_aem_5HyGQXd-S8Q_ovlWNGR4YQ" "Mozilla/5.0 (Windows NT 10.0; Win64; x64) AppleWebKit/537.36 (KHTML, like Gecko) Chrome/146.0.0.0 Safari/537.36"
31.13.127.23 - - [26/Mar/2026:19:36:34 +0300] "GET /yeni/wp-content/themes/narihealth/assets/css/bootstrap.min.css?ver=6.9.4 HTTP/2" 200 24644 "https://polikistikover.net/yeni/" "Mozilla/5.0 (Windows NT 10.0; Win64; x64) AppleWebKit/537.36 (KHTML, like Gecko) Chrome/146.0.0.0 Safari/537.36"
31.13.127.23 - - [26/Mar/2026:19:36:34 +0300] "GET /yeni/wp-content/themes/narihealth/style.css?ver=6.9.4 HTTP/2" 200 15803 "https://polikistikover.net/yeni/" "Mozilla/5.0 (Windows NT 10.0; Win64; x64) AppleWebKit/537.36 (KHTML, like Gecko) Chrome/146.0.0.0 Safari/537.36"
31.13.127.23 - - [26/Mar/2026:19:36:35 +0300] "GET /yeni/wp-includes/js/jquery/jquery-migrate.min.js?ver=3.4.1 HTTP/2" 200 4678 "https://polikistikover.net/yeni/" "Mozilla/5.0 (Windows NT 10.0; Win64; x64) AppleWebKit/537.36 (KHTML, like Gecko) Chrome/146.0.0.0 Safari/537.36"
31.13.127.23 - - [26/Mar/2026:19:36:35 +0300] "GET /yeni/wp-content/uploads/elementor/thumbs/post-img2-rbng6itq0a2ebi9o87w9unhd64aqppskr12id3lidc.jpg HTTP/2" 200 60239 "https://polikistikover.net/yeni/" "Mozilla/5.0 (Windows NT 10.0; Win64; x64) AppleWebKit/537.36 (KHTML, like Gecko) Chrome/146.0.0.0 Safari/537.36"
54.92.168.77 - - [26/Mar/2026:19:34:16 +0300] "POST //xmlrpc.php HTTP/1.1" 200 410 "-" "Mozilla/5.0 (Windows NT 10.0; Win64; x64) AppleWebKit/537.36 (KHTML, like Gecko) Chrome/80.0.3987.149 Safari/537.36"
89.252.162.138 - - [26/Mar/2026:19:34:48 +0300] "POST /yeni/wp-cron.php?doing_wp_cron=1774542888.7105340957641601562500 HTTP/1.1" 200 0 "-" "WordPress/6.9.4; https://polikistikover.net/yeni"
107.174.113.126 - - [26/Mar/2026:19:34:52 +0300] "GET /grup-c-polikistik-over-sendromu/ HTTP/2" 404 796 "-" "Mozilla/5.0 (Linux; U; Android 12; SM-A315F Build/SP1A.210812.016; wv) AppleWebKit/537.36 (KHTML, like Gecko) Version/4.0 Chrome/139.0.7258.160 Mobile Safari/537.36 OPR/94.0.2254.78762"
54.92.168.77 - - [26/Mar/2026:19:34:46 +0300] "POST //xmlrpc.php HTTP/1.1" 200 410 "-" "Mozilla/5.0 (Windows NT 10.0; Win64; x64) AppleWebKit/537.36 (KHTML, like Gecko) Chrome/80.0.3987.149 Safari/537.36"
89.252.162.138 - - [26/Mar/2026:19:36:01 +0300] "POST /wp-cron.php?doing_wp_cron=1774542961.6745669841766357421875 HTTP/1.1" 200 0 "-" "WordPress/6.8.5; https://polikistikover.net"
54.92.168.77 - - [26/Mar/2026:19:35:31 +0300] "POST //xmlrpc.php HTTP/1.1" 200 410 "-" "Mozilla/5.0 (Windows NT 10.0; Win64; x64) AppleWebKit/537.36 (KHTML, like Gecko) Chrome/80.0.3987.149 Safari/537.36"
89.252.162.138 - - [26/Mar/2026:19:36:02 +0300] "POST /wp-admin/admin-ajax.php?action=async_litespeed&nonce=DGYt8zCG9v9jVZmroxKEDhyPNmzp7L7u&litespeed_type=imgoptm HTTP/1.1" 200 5 "-" "WordPress/6.8.5; https://polikistikover.net"
31.13.127.23 - - [26/Mar/2026:19:36:33 +0300] "GET /?fbclid=IwZXh0bgNhZW0CMTEAc3J0YwZhcHBfaWQMMjU2MjgxMDQwNTU4AAEe-FrHpIiQyiB9CRWwQjWKHKiQTFK8OcgZvFEsJaTp6R12DvxUsOEZ_Lit0o4_aem_5HyGQXd-S8Q_ovlWNGR4YQ HTTP/2" 200 76 "https://www.facebook.com/" "Mozilla/5.0 (Windows NT 10.0; Win64; x64) AppleWebKit/537.36 (KHTML, like Gecko) Chrome/146.0.0.0 Safari/537.36"
89.252.162.138 - - [26/Mar/2026:19:36:34 +0300] "POST /yeni/wp-cron.php?doing_wp_cron=1774542994.3783268928527832031250 HTTP/1.1" 200 0 "-" "WordPress/6.9.4; https://polikistikover.net/yeni"
31.13.127.23 - - [26/Mar/2026:19:36:34 +0300] "GET /yeni/wp-content/themes/narihealth/fonts/iconfont.css?ver=6.9.4 HTTP/2" 200 1856 "https://polikistikover.net/yeni/" "Mozilla/5.0 (Windows NT 10.0; Win64; x64) AppleWebKit/537.36 (KHTML, like Gecko) Chrome/146.0.0.0 Safari/537.36"
31.13.127.23 - - [26/Mar/2026:19:36:34 +0300] "GET /yeni/wp-content/plugins/contact-form-7/includes/css/styles.css?ver=6.1.5 HTTP/2" 200 899 "https://polikistikover.net/yeni/" "Mozilla/5.0 (Windows NT 10.0; Win64; x64) AppleWebKit/537.36 (KHTML, like Gecko) Chrome/146.0.0.0 Safari/537.36"
31.13.127.23 - - [26/Mar/2026:19:36:34 +0300] "GET /yeni/wp-content/themes/narihealth/assets/css/header-v1.css?ver=6.9.4 HTTP/2" 200 300 "https://polikistikover.net/yeni/" "Mozilla/5.0 (Windows NT 10.0; Win64; x64) AppleWebKit/537.36 (KHTML, like Gecko) Chrome/146.0.0.0 Safari/537.36"
31.13.127.23 - - [26/Mar/2026:19:36:35 +0300] "GET /yeni/wp-content/themes/narihealth/assets/css/custom_script.css?ver=6.9.4 HTTP/2" 200 0 "https://polikistikover.net/yeni/" "Mozilla/5.0 (Windows NT 10.0; Win64; x64) AppleWebKit/537.36 (KHTML, like Gecko) Chrome/146.0.0.0 Safari/537.36"
31.13.127.23 - - [26/Mar/2026:19:36:35 +0300] "GET /yeni/wp-content/themes/narihealth/assets/css/responsive.css?ver=6.9.4 HTTP/2" 200 934 "https://polikistikover.net/yeni/" "Mozilla/5.0 (Windows NT 10.0; Win64; x64) AppleWebKit/537.36 (KHTML, like Gecko) Chrome/146.0.0.0 Safari/537.36"
31.13.127.23 - - [26/Mar/2026:19:36:35 +0300] "GET /yeni/wp-includes/js/jquery/jquery.min.js?ver=3.7.1 HTTP/2" 200 29744 "https://polikistikover.net/yeni/" "Mozilla/5.0 (Windows NT 10.0; Win64; x64) AppleWebKit/537.36 (KHTML, like Gecko) Chrome/146.0.0.0 Safari/537.36"
31.13.127.23 - - [26/Mar/2026:19:36:35 +0300] "GET /yeni/wp-content/uploads/elementor/thumbs/img-1-rbng5i60lqo7qpqx6a1tneqe03bfdir1lzmknb3v40.jpg HTTP/2" 200 59015 "https://polikistikover.net/yeni/" "Mozilla/5.0 (Windows NT 10.0; Win64; x64) AppleWebKit/537.36 (KHTML, like Gecko) Chrome/146.0.0.0 Safari/537.36"
31.13.127.23 - - [26/Mar/2026:19:36:35 +0300] "GET /yeni/wp-content/uploads/2025/09/image-62.png HTTP/2" 200 40122 "https://polikistikover.net/yeni/" "Mozilla/5.0 (Windows NT 10.0; Win64; x64) AppleWebKit/537.36 (KHTML, like Gecko) Chrome/146.0.0.0 Safari/537.36"
31.13.127.23 - - [26/Mar/2026:19:36:35 +0300] "GET /yeni/wp-content/fonts/inter/UcC73FwrK3iLTeHuS_nVMrMxCp50SjIa1ZL7.woff2 HTTP/2" 200 48256 "https://polikistikover.net/yeni/" "Mozilla/5.0 (Windows NT 10.0; Win64; x64) AppleWebKit/537.36 (KHTML, like Gecko) Chrome/146.0.0.0 Safari/537.36"
31.13.127.23 - - [26/Mar/2026:19:36:36 +0300] "GET /yeni/wp-content/fonts/inter/UcC73FwrK3iLTeHuS_nVMrMxCp50SjIa25L7SUc.woff2 HTTP/2" 200 85068 "https://polikistikover.net/yeni/" "Mozilla/5.0 (Windows NT 10.0; Win64; x64) AppleWebKit/537.36 (KHTML, like Gecko) Chrome/146.0.0.0 Safari/537.36"
31.13.127.23 - - [26/Mar/2026:19:36:36 +0300] "GET /yeni/wp-content/uploads/2025/09/sac-150x150.jpg HTTP/2" 200 7476 "https://polikistikover.net/yeni/" "Mozilla/5.0 (Windows NT 10.0; Win64; x64) AppleWebKit/537.36 (KHTML, like Gecko) Chrome/146.0.0.0 Safari/537.36"
31.13.127.23 - - [26/Mar/2026:19:36:36 +0300] "GET /yeni/wp-includes/js/dist/i18n.min.js?ver=c26c3dc7bed366793375 HTTP/2" 200 2119 "https://polikistikover.net/yeni/" "Mozilla/5.0 (Windows NT 10.0; Win64; x64) AppleWebKit/537.36 (KHTML, like Gecko) Chrome/146.0.0.0 Safari/537.36"
31.13.127.23 - - [26/Mar/2026:19:36:36 +0300] "GET /yeni/wp-includes/js/dist/hooks.min.js?ver=dd5603f07f9220ed27f1 HTTP/2" 200 1852 "https://polikistikover.net/yeni/" "Mozilla/5.0 (Windows NT 10.0; Win64; x64) AppleWebKit/537.36 (KHTML, like Gecko) Chrome/146.0.0.0 Safari/537.36"
31.13.127.23 - - [26/Mar/2026:19:36:36 +0300] "GET /yeni/wp-content/plugins/contact-form-7/includes/swv/js/index.js?ver=6.1.5 HTTP/2" 200 3369 "https://polikistikover.net/yeni/" "Mozilla/5.0 (Windows NT 10.0; Win64; x64) AppleWebKit/537.36 (KHTML, like Gecko) Chrome/146.0.0.0 Safari/537.36"
31.13.127.23 - - [26/Mar/2026:19:36:36 +0300] "GET /yeni/wp-content/themes/narihealth/fonts/icomoon.ttf?5m92mu HTTP/2" 200 25863 "https://polikistikover.net/yeni/wp-content/themes/narihealth/fonts/iconfont.css?ver=6.9.4" "Mozilla/5.0 (Windows NT 10.0; Win64; x64) AppleWebKit/537.36 (KHTML, like Gecko) Chrome/146.0.0.0 Safari/537.36"
173.252.82.12 - - [26/Mar/2026:19:36:36 +0300] "GET /?fbclid=IwZXh0bgNhZW0CMTEAc3J0YwZhcHBfaWQMMjU2MjgxMDQwNTU4AAEeI1LI6CXLbhM7fLFrQgsaCmL4EXG6gQ1_R03vfqAkTwluT7AhlS60r9PB3-w_aem_yTWQA58sfoNInmNUc_uL0A HTTP/2" 200 76 "http://m.facebook.com" "Instagram 421.0.0.51.66 Android (34/14; 450dpi; 1080x2408; samsung; SM-A235F; a23; qcom; tr_TR; 909555893)"
31.13.127.23 - - [26/Mar/2026:19:36:36 +0300] "GET /yeni/wp-content/themes/narihealth/assets/js/jquery.easing.js?ver=1.3.0 HTTP/2" 200 1891 "https://polikistikover.net/yeni/" "Mozilla/5.0 (Windows NT 10.0; Win64; x64) AppleWebKit/537.36 (KHTML, like Gecko) Chrome/146.0.0.0 Safari/537.36"
31.13.127.23 - - [26/Mar/2026:19:36:36 +0300] "GET /yeni/wp-includes/js/imagesloaded.min.js?ver=5.0.0 HTTP/2" 200 1687 "https://polikistikover.net/yeni/" "Mozilla/5.0 (Windows NT 10.0; Win64; x64) AppleWebKit/537.36 (KHTML, like Gecko) Chrome/146.0.0.0 Safari/537.36"
31.13.127.23 - - [26/Mar/2026:19:36:36 +0300] "GET /yeni/wp-includes/js/masonry.min.js?ver=4.2.2 HTTP/2" 200 7117 "https://polikistikover.net/yeni/" "Mozilla/5.0 (Windows NT 10.0; Win64; x64) AppleWebKit/537.36 (KHTML, like Gecko) Chrome/146.0.0.0 Safari/537.36"
31.13.127.23 - - [26/Mar/2026:19:36:36 +0300] "GET /yeni/wp-content/themes/narihealth/assets/js/isotope.js?ver=3.0.6 HTTP/2" 200 9603 "https://polikistikover.net/yeni/" "Mozilla/5.0 (Windows NT 10.0; Win64; x64) AppleWebKit/537.36 (KHTML, like Gecko) Chrome/146.0.0.0 Safari/537.36"
31.13.127.23 - - [26/Mar/2026:19:36:36 +0300] "GET /yeni/wp-includes/js/hoverIntent.min.js?ver=1.10.2 HTTP/2" 200 668 "https://polikistikover.net/yeni/" "Mozilla/5.0 (Windows NT 10.0; Win64; x64) AppleWebKit/537.36 (KHTML, like Gecko) Chrome/146.0.0.0 Safari/537.36"
31.13.127.23 - - [26/Mar/2026:19:36:35 +0300] "GET /yeni/wp-content/uploads/2023/10/img-10.jpg HTTP/2" 200 163480 "https://polikistikover.net/yeni/" "Mozilla/5.0 (Windows NT 10.0; Win64; x64) AppleWebKit/537.36 (KHTML, like Gecko) Chrome/146.0.0.0 Safari/537.36"
31.13.127.23 - - [26/Mar/2026:19:36:35 +0300] "GET /yeni/wp-content/uploads/elementor/thumbs/img-6-rbng6c8uofte28j8an1vv7550f767u2ge4i3mxkbgg.jpg HTTP/2" 200 103979 "https://polikistikover.net/yeni/" "Mozilla/5.0 (Windows NT 10.0; Win64; x64) AppleWebKit/537.36 (KHTML, like Gecko) Chrome/146.0.0.0 Safari/537.36"
31.13.127.23 - - [26/Mar/2026:19:36:36 +0300] "GET /yeni/wp-content/fonts/inter/UcC73FwrK3iLTeHuS_nVMrMxCp50SjIa1pL7SUc.woff2 HTTP/2" 200 18996 "https://polikistikover.net/yeni/" "Mozilla/5.0 (Windows NT 10.0; Win64; x64) AppleWebKit/537.36 (KHTML, like Gecko) Chrome/146.0.0.0 Safari/537.36"
31.13.127.23 - - [26/Mar/2026:19:36:36 +0300] "GET /yeni/wp-content/plugins/contact-form-7/includes/js/index.js?ver=6.1.5 HTTP/2" 200 4008 "https://polikistikover.net/yeni/" "Mozilla/5.0 (Windows NT 10.0; Win64; x64) AppleWebKit/537.36 (KHTML, like Gecko) Chrome/146.0.0.0 Safari/537.36"
31.13.127.23 - - [26/Mar/2026:19:36:36 +0300] "GET /yeni/wp-content/themes/narihealth/assets/js/jquery.slicknav.js?ver=1.0.10 HTTP/2" 200 4556 "https://polikistikover.net/yeni/" "Mozilla/5.0 (Windows NT 10.0; Win64; x64) AppleWebKit/537.36 (KHTML, like Gecko) Chrome/146.0.0.0 Safari/537.36"
31.13.127.23 - - [26/Mar/2026:19:36:37 +0300] "GET /yeni/wp-content/themes/narihealth/assets/js/custom.js?ver=1.0.0 HTTP/2" 200 2150 "https://polikistikover.net/yeni/" "Mozilla/5.0 (Windows NT 10.0; Win64; x64) AppleWebKit/537.36 (KHTML, like Gecko) Chrome/146.0.0.0 Safari/537.36"
31.13.127.23 - - [26/Mar/2026:19:36:37 +0300] "GET /yeni/wp-content/themes/narihealth/assets/js/superfish.js?ver=1.7.10 HTTP/2" 200 2346 "https://polikistikover.net/yeni/" "Mozilla/5.0 (Windows NT 10.0; Win64; x64) AppleWebKit/537.36 (KHTML, like Gecko) Chrome/146.0.0.0 Safari/537.36"
31.13.127.23 - - [26/Mar/2026:19:36:37 +0300] "GET /yeni/wp-content/uploads/2025/10/japon-cocuk-150x150.jpg HTTP/2" 200 4953 "https://polikistikover.net/yeni/" "Mozilla/5.0 (Windows NT 10.0; Win64; x64) AppleWebKit/537.36 (KHTML, like Gecko) Chrome/146.0.0.0 Safari/537.36"
31.13.127.23 - - [26/Mar/2026:19:36:37 +0300] "GET /yeni/wp-content/uploads/2025/09/image-30-150x150.png HTTP/2" 200 28483 "https://polikistikover.net/yeni/" "Mozilla/5.0 (Windows NT 10.0; Win64; x64) AppleWebKit/537.36 (KHTML, like Gecko) Chrome/146.0.0.0 Safari/537.36"
31.13.127.23 - - [26/Mar/2026:19:36:37 +0300] "GET /yeni/wp-content/uploads/2025/09/Skin-tags-150x150.png HTTP/2" 200 43481 "https://polikistikover.net/yeni/" "Mozilla/5.0 (Windows NT 10.0; Win64; x64) AppleWebKit/537.36 (KHTML, like Gecko) Chrome/146.0.0.0 Safari/537.36"
31.13.127.23 - - [26/Mar/2026:19:36:37 +0300] "GET /yeni/wp-content/uploads/elementor/thumbs/img-7-rbng6d6ov9uoduhv55gifowllt2jfj66q95l47ixa8.jpg HTTP/2" 200 59048 "https://polikistikover.net/yeni/" "Mozilla/5.0 (Windows NT 10.0; Win64; x64) AppleWebKit/537.36 (KHTML, like Gecko) Chrome/146.0.0.0 Safari/537.36"
173.252.82.12 - - [26/Mar/2026:19:36:37 +0300] "GET /yeni/ HTTP/2" 200 17723 "https://polikistikover.net/?fbclid=IwZXh0bgNhZW0CMTEAc3J0YwZhcHBfaWQMMjU2MjgxMDQwNTU4AAEeI1LI6CXLbhM7fLFrQgsaCmL4EXG6gQ1_R03vfqAkTwluT7AhlS60r9PB3-w_aem_yTWQA58sfoNInmNUc_uL0A" "Instagram 421.0.0.51.66 Android (34/14; 450dpi; 1080x2408; samsung; SM-A235F; a23; qcom; tr_TR; 909555893)"
31.13.127.23 - - [26/Mar/2026:19:36:37 +0300] "GET /yeni/wp-content/uploads/2025/09/image-64-150x150.png HTTP/2" 200 44048 "https://polikistikover.net/yeni/" "Mozilla/5.0 (Windows NT 10.0; Win64; x64) AppleWebKit/537.36 (KHTML, like Gecko) Chrome/146.0.0.0 Safari/537.36"
31.13.127.23 - - [26/Mar/2026:19:36:38 +0300] "GET /yeni/wp-content/uploads/elementor/thumbs/post-img7-rbng6ogr5aa4961hbac19m24qfixzweyrszf8rd5c0.jpg HTTP/2" 200 69532 "https://polikistikover.net/yeni/" "Mozilla/5.0 (Windows NT 10.0; Win64; x64) AppleWebKit/537.36 (KHTML, like Gecko) Chrome/146.0.0.0 Safari/537.36"
31.13.127.23 - - [26/Mar/2026:19:36:38 +0300] "GET /yeni/wp-content/uploads/2025/09/image-18-150x150.png HTTP/2" 200 18953 "https://polikistikover.net/yeni/" "Mozilla/5.0 (Windows NT 10.0; Win64; x64) AppleWebKit/537.36 (KHTML, like Gecko) Chrome/146.0.0.0 Safari/537.36"
31.13.127.23 - - [26/Mar/2026:19:36:38 +0300] "GET /yeni/wp-content/uploads/2025/09/image-84-150x150.png HTTP/2" 200 5889 "https://polikistikover.net/yeni/" "Mozilla/5.0 (Windows NT 10.0; Win64; x64) AppleWebKit/537.36 (KHTML, like Gecko) Chrome/146.0.0.0 Safari/537.36"
31.13.127.23 - - [26/Mar/2026:19:36:38 +0300] "GET /yeni/wp-content/uploads/elementor/thumbs/image-67-rcb2xa5cuvsgtr6xgsyio3guuwwgm3wjjeud5ozv34.png HTTP/2" 200 677319 "https://polikistikover.net/yeni/" "Mozilla/5.0 (Windows NT 10.0; Win64; x64) AppleWebKit/537.36 (KHTML, like Gecko) Chrome/146.0.0.0 Safari/537.36"
31.13.127.23 - - [26/Mar/2026:19:36:38 +0300] "GET /yeni/wp-content/uploads/2025/10/image-8-150x150.png HTTP/2" 200 17934 "https://polikistikover.net/yeni/" "Mozilla/5.0 (Windows NT 10.0; Win64; x64) AppleWebKit/537.36 (KHTML, like Gecko) Chrome/146.0.0.0 Safari/537.36"
173.252.82.12 - - [26/Mar/2026:19:36:38 +0300] "GET /yeni/wp-content/themes/narihealth/fonts/iconfont.css?ver=6.9.4 HTTP/2" 200 1856 "https://polikistikover.net/yeni/" "Instagram 421.0.0.51.66 Android (34/14; 450dpi; 1080x2408; samsung; SM-A235F; a23; qcom; tr_TR; 909555893)"
173.252.82.12 - - [26/Mar/2026:19:36:38 +0300] "GET /yeni/wp-content/plugins/contact-form-7/includes/css/styles.css?ver=6.1.5 HTTP/2" 200 899 "https://polikistikover.net/yeni/" "Instagram 421.0.0.51.66 Android (34/14; 450dpi; 1080x2408; samsung; SM-A235F; a23; qcom; tr_TR; 909555893)"
31.13.127.23 - - [26/Mar/2026:19:36:38 +0300] "GET /yeni/wp-content/uploads/elementor/thumbs/post-img5-rbng6ln8ks69ac5krr45k4rqy9wuct3rrf0ysxhbuo.jpg HTTP/2" 200 72184 "https://polikistikover.net/yeni/" "Mozilla/5.0 (Windows NT 10.0; Win64; x64) AppleWebKit/537.36 (KHTML, like Gecko) Chrome/146.0.0.0 Safari/537.36"
31.13.127.23 - - [26/Mar/2026:19:36:39 +0300] "GET /yeni/wp-content/uploads/elementor/thumbs/post-img9-rbng6ra9psdz7zxdutjwz3ciil51mzq5s6xvol8ytc.jpg HTTP/2" 200 73516 "https://polikistikover.net/yeni/" "Mozilla/5.0 (Windows NT 10.0; Win64; x64) AppleWebKit/537.36 (KHTML, like Gecko) Chrome/146.0.0.0 Safari/537.36"
173.252.82.12 - - [26/Mar/2026:19:36:39 +0300] "GET /yeni/wp-content/themes/narihealth/assets/css/header-v1.css?ver=6.9.4 HTTP/2" 200 300 "https://polikistikover.net/yeni/" "Instagram 421.0.0.51.66 Android (34/14; 450dpi; 1080x2408; samsung; SM-A235F; a23; qcom; tr_TR; 909555893)"
31.13.127.23 - - [26/Mar/2026:19:36:39 +0300] "GET /yeni/wp-content/uploads/2025/09/image-85-150x150.png HTTP/2" 200 33219 "https://polikistikover.net/yeni/" "Mozilla/5.0 (Windows NT 10.0; Win64; x64) AppleWebKit/537.36 (KHTML, like Gecko) Chrome/146.0.0.0 Safari/537.36"
31.13.127.23 - - [26/Mar/2026:19:36:39 +0300] "GET /yeni/wp-content/uploads/elementor/thumbs/image-56-rc0wg6zfrvg4myvzu0pdpbqncbyaos9cbou97aiotc.png HTTP/2" 200 430874 "https://polikistikover.net/yeni/" "Mozilla/5.0 (Windows NT 10.0; Win64; x64) AppleWebKit/537.36 (KHTML, like Gecko) Chrome/146.0.0.0 Safari/537.36"
173.252.82.12 - - [26/Mar/2026:19:36:39 +0300] "GET /yeni/wp-content/themes/narihealth/assets/css/custom_script.css?ver=6.9.4 HTTP/2" 200 0 "https://polikistikover.net/yeni/" "Instagram 421.0.0.51.66 Android (34/14; 450dpi; 1080x2408; samsung; SM-A235F; a23; qcom; tr_TR; 909555893)"
31.13.127.23 - - [26/Mar/2026:19:36:39 +0300] "GET /yeni/wp-content/uploads/2023/10/sp-icon2.png HTTP/2" 200 17970 "https://polikistikover.net/yeni/" "Mozilla/5.0 (Windows NT 10.0; Win64; x64) AppleWebKit/537.36 (KHTML, like Gecko) Chrome/146.0.0.0 Safari/537.36"
