31.223.50.196 - - [26/Mar/2026:23:15:34 +0300] "GET /yeni/wp-content/uploads/2025/10/sac.jpg HTTP/2" 200 9199 "https://polikistikover.net/yeni/" "Mozilla/5.0 (Linux; Android 14; RMX3890 Build/UKQ1.230917.001; wv) AppleWebKit/537.36 (KHTML, like Gecko) Version/4.0 Chrome/146.0.7680.157 Mobile Safari/537.36 Instagram 422.0.0.44.64 Android (34/14; 480dpi; 1080x2400; realme; RMX3890; RE5C91L1; qcom; tr_TR; 916494010; IABMV/1)"
31.223.50.196 - - [26/Mar/2026:23:15:34 +0300] "GET /yeni/wp-content/uploads/2025/09/Ekran-goruntusu-2025-08-08-223942.png HTTP/2" 200 544394 "https://polikistikover.net/yeni/" "Mozilla/5.0 (Linux; Android 14; RMX3890 Build/UKQ1.230917.001; wv) AppleWebKit/537.36 (KHTML, like Gecko) Version/4.0 Chrome/146.0.7680.157 Mobile Safari/537.36 Instagram 422.0.0.44.64 Android (34/14; 480dpi; 1080x2400; realme; RMX3890; RE5C91L1; qcom; tr_TR; 916494010; IABMV/1)"
31.223.50.196 - - [26/Mar/2026:23:15:34 +0300] "GET /yeni/wp-includes/js/dist/hooks.min.js?ver=dd5603f07f9220ed27f1 HTTP/2" 200 1852 "https://polikistikover.net/yeni/" "Mozilla/5.0 (Linux; Android 14; RMX3890 Build/UKQ1.230917.001; wv) AppleWebKit/537.36 (KHTML, like Gecko) Version/4.0 Chrome/146.0.7680.157 Mobile Safari/537.36 Instagram 422.0.0.44.64 Android (34/14; 480dpi; 1080x2400; realme; RMX3890; RE5C91L1; qcom; tr_TR; 916494010; IABMV/1)"
31.223.50.196 - - [26/Mar/2026:23:15:34 +0300] "GET /yeni/wp-includes/js/dist/i18n.min.js?ver=c26c3dc7bed366793375 HTTP/2" 200 2119 "https://polikistikover.net/yeni/" "Mozilla/5.0 (Linux; Android 14; RMX3890 Build/UKQ1.230917.001; wv) AppleWebKit/537.36 (KHTML, like Gecko) Version/4.0 Chrome/146.0.7680.157 Mobile Safari/537.36 Instagram 422.0.0.44.64 Android (34/14; 480dpi; 1080x2400; realme; RMX3890; RE5C91L1; qcom; tr_TR; 916494010; IABMV/1)"
31.223.50.196 - - [26/Mar/2026:23:15:34 +0300] "GET /yeni/wp-content/plugins/contact-form-7/includes/swv/js/index.js?ver=6.1.5 HTTP/2" 200 3369 "https://polikistikover.net/yeni/" "Mozilla/5.0 (Linux; Android 14; RMX3890 Build/UKQ1.230917.001; wv) AppleWebKit/537.36 (KHTML, like Gecko) Version/4.0 Chrome/146.0.7680.157 Mobile Safari/537.36 Instagram 422.0.0.44.64 Android (34/14; 480dpi; 1080x2400; realme; RMX3890; RE5C91L1; qcom; tr_TR; 916494010; IABMV/1)"
31.223.50.196 - - [26/Mar/2026:23:15:34 +0300] "GET /yeni/wp-content/plugins/contact-form-7/includes/js/index.js?ver=6.1.5 HTTP/2" 200 4008 "https://polikistikover.net/yeni/" "Mozilla/5.0 (Linux; Android 14; RMX3890 Build/UKQ1.230917.001; wv) AppleWebKit/537.36 (KHTML, like Gecko) Version/4.0 Chrome/146.0.7680.157 Mobile Safari/537.36 Instagram 422.0.0.44.64 Android (34/14; 480dpi; 1080x2400; realme; RMX3890; RE5C91L1; qcom; tr_TR; 916494010; IABMV/1)"
31.223.50.196 - - [26/Mar/2026:23:15:34 +0300] "GET /yeni/wp-content/themes/narihealth/assets/js/jquery.easing.js?ver=1.3.0 HTTP/2" 200 1891 "https://polikistikover.net/yeni/" "Mozilla/5.0 (Linux; Android 14; RMX3890 Build/UKQ1.230917.001; wv) AppleWebKit/537.36 (KHTML, like Gecko) Version/4.0 Chrome/146.0.7680.157 Mobile Safari/537.36 Instagram 422.0.0.44.64 Android (34/14; 480dpi; 1080x2400; realme; RMX3890; RE5C91L1; qcom; tr_TR; 916494010; IABMV/1)"
31.223.50.196 - - [26/Mar/2026:23:15:34 +0300] "GET /yeni/wp-content/themes/narihealth/assets/js/superfish.js?ver=1.7.10 HTTP/2" 200 2346 "https://polikistikover.net/yeni/" "Mozilla/5.0 (Linux; Android 14; RMX3890 Build/UKQ1.230917.001; wv) AppleWebKit/537.36 (KHTML, like Gecko) Version/4.0 Chrome/146.0.7680.157 Mobile Safari/537.36 Instagram 422.0.0.44.64 Android (34/14; 480dpi; 1080x2400; realme; RMX3890; RE5C91L1; qcom; tr_TR; 916494010; IABMV/1)"
31.223.50.196 - - [26/Mar/2026:23:15:34 +0300] "GET /yeni/wp-content/themes/narihealth/assets/js/custom.js?ver=1.0.0 HTTP/2" 200 2150 "https://polikistikover.net/yeni/" "Mozilla/5.0 (Linux; Android 14; RMX3890 Build/UKQ1.230917.001; wv) AppleWebKit/537.36 (KHTML, like Gecko) Version/4.0 Chrome/146.0.7680.157 Mobile Safari/537.36 Instagram 422.0.0.44.64 Android (34/14; 480dpi; 1080x2400; realme; RMX3890; RE5C91L1; qcom; tr_TR; 916494010; IABMV/1)"
31.223.50.196 - - [26/Mar/2026:23:15:34 +0300] "GET /yeni/wp-includes/js/masonry.min.js?ver=4.2.2 HTTP/2" 200 7117 "https://polikistikover.net/yeni/" "Mozilla/5.0 (Linux; Android 14; RMX3890 Build/UKQ1.230917.001; wv) AppleWebKit/537.36 (KHTML, like Gecko) Version/4.0 Chrome/146.0.7680.157 Mobile Safari/537.36 Instagram 422.0.0.44.64 Android (34/14; 480dpi; 1080x2400; realme; RMX3890; RE5C91L1; qcom; tr_TR; 916494010; IABMV/1)"
31.223.50.196 - - [26/Mar/2026:23:15:34 +0300] "GET /yeni/wp-content/themes/narihealth/assets/js/isotope.js?ver=3.0.6 HTTP/2" 200 9603 "https://polikistikover.net/yeni/" "Mozilla/5.0 (Linux; Android 14; RMX3890 Build/UKQ1.230917.001; wv) AppleWebKit/537.36 (KHTML, like Gecko) Version/4.0 Chrome/146.0.7680.157 Mobile Safari/537.36 Instagram 422.0.0.44.64 Android (34/14; 480dpi; 1080x2400; realme; RMX3890; RE5C91L1; qcom; tr_TR; 916494010; IABMV/1)"
31.223.50.196 - - [26/Mar/2026:23:15:34 +0300] "GET /yeni/wp-includes/js/hoverIntent.min.js?ver=1.10.2 HTTP/2" 200 668 "https://polikistikover.net/yeni/" "Mozilla/5.0 (Linux; Android 14; RMX3890 Build/UKQ1.230917.001; wv) AppleWebKit/537.36 (KHTML, like Gecko) Version/4.0 Chrome/146.0.7680.157 Mobile Safari/537.36 Instagram 422.0.0.44.64 Android (34/14; 480dpi; 1080x2400; realme; RMX3890; RE5C91L1; qcom; tr_TR; 916494010; IABMV/1)"
31.223.50.196 - - [26/Mar/2026:23:15:34 +0300] "GET /yeni/wp-includes/js/imagesloaded.min.js?ver=5.0.0 HTTP/2" 200 1687 "https://polikistikover.net/yeni/" "Mozilla/5.0 (Linux; Android 14; RMX3890 Build/UKQ1.230917.001; wv) AppleWebKit/537.36 (KHTML, like Gecko) Version/4.0 Chrome/146.0.7680.157 Mobile Safari/537.36 Instagram 422.0.0.44.64 Android (34/14; 480dpi; 1080x2400; realme; RMX3890; RE5C91L1; qcom; tr_TR; 916494010; IABMV/1)"
31.223.50.196 - - [26/Mar/2026:23:15:34 +0300] "GET /yeni/wp-content/themes/narihealth/assets/js/jquery.slicknav.js?ver=1.0.10 HTTP/2" 200 4556 "https://polikistikover.net/yeni/" "Mozilla/5.0 (Linux; Android 14; RMX3890 Build/UKQ1.230917.001; wv) AppleWebKit/537.36 (KHTML, like Gecko) Version/4.0 Chrome/146.0.7680.157 Mobile Safari/537.36 Instagram 422.0.0.44.64 Android (34/14; 480dpi; 1080x2400; realme; RMX3890; RE5C91L1; qcom; tr_TR; 916494010; IABMV/1)"
31.223.50.196 - - [26/Mar/2026:23:15:34 +0300] "GET /yeni/wp-content/fonts/inter/UcC73FwrK3iLTeHuS_nVMrMxCp50SjIa1ZL7.woff2 HTTP/2" 200 48256 "https://polikistikover.net/yeni/" "Mozilla/5.0 (Linux; Android 14; RMX3890 Build/UKQ1.230917.001; wv) AppleWebKit/537.36 (KHTML, like Gecko) Version/4.0 Chrome/146.0.7680.157 Mobile Safari/537.36 Instagram 422.0.0.44.64 Android (34/14; 480dpi; 1080x2400; realme; RMX3890; RE5C91L1; qcom; tr_TR; 916494010; IABMV/1)"
31.223.50.196 - - [26/Mar/2026:23:15:34 +0300] "GET /yeni/wp-content/fonts/inter/UcC73FwrK3iLTeHuS_nVMrMxCp50SjIa25L7SUc.woff2 HTTP/2" 200 85068 "https://polikistikover.net/yeni/" "Mozilla/5.0 (Linux; Android 14; RMX3890 Build/UKQ1.230917.001; wv) AppleWebKit/537.36 (KHTML, like Gecko) Version/4.0 Chrome/146.0.7680.157 Mobile Safari/537.36 Instagram 422.0.0.44.64 Android (34/14; 480dpi; 1080x2400; realme; RMX3890; RE5C91L1; qcom; tr_TR; 916494010; IABMV/1)"
31.223.50.196 - - [26/Mar/2026:23:15:34 +0300] "GET /yeni/wp-content/fonts/inter/UcC73FwrK3iLTeHuS_nVMrMxCp50SjIa1pL7SUc.woff2 HTTP/2" 200 18996 "https://polikistikover.net/yeni/" "Mozilla/5.0 (Linux; Android 14; RMX3890 Build/UKQ1.230917.001; wv) AppleWebKit/537.36 (KHTML, like Gecko) Version/4.0 Chrome/146.0.7680.157 Mobile Safari/537.36 Instagram 422.0.0.44.64 Android (34/14; 480dpi; 1080x2400; realme; RMX3890; RE5C91L1; qcom; tr_TR; 916494010; IABMV/1)"
31.223.50.196 - - [26/Mar/2026:23:15:34 +0300] "GET /yeni/wp-content/uploads/elementor/thumbs/img-1-rbng5i60lqo7qpqx6a1tneqe03bfdir1lzmknb3v40.jpg HTTP/2" 200 59015 "https://polikistikover.net/yeni/" "Mozilla/5.0 (Linux; Android 14; RMX3890 Build/UKQ1.230917.001; wv) AppleWebKit/537.36 (KHTML, like Gecko) Version/4.0 Chrome/146.0.7680.157 Mobile Safari/537.36 Instagram 422.0.0.44.64 Android (34/14; 480dpi; 1080x2400; realme; RMX3890; RE5C91L1; qcom; tr_TR; 916494010; IABMV/1)"
31.223.50.196 - - [26/Mar/2026:23:15:34 +0300] "GET /yeni/wp-content/uploads/elementor/thumbs/post-img2-rbng6itq0a2ebi9o87w9unhd64aqppskr12id3lidc.jpg HTTP/2" 200 60239 "https://polikistikover.net/yeni/" "Mozilla/5.0 (Linux; Android 14; RMX3890 Build/UKQ1.230917.001; wv) AppleWebKit/537.36 (KHTML, like Gecko) Version/4.0 Chrome/146.0.7680.157 Mobile Safari/537.36 Instagram 422.0.0.44.64 Android (34/14; 480dpi; 1080x2400; realme; RMX3890; RE5C91L1; qcom; tr_TR; 916494010; IABMV/1)"
20.106.150.36 - - [26/Mar/2026:23:15:02 +0300] "POST //xmlrpc.php HTTP/1.1" 200 410 "-" "Mozilla/5.0 (Windows NT 10.0; Win64; x64) AppleWebKit/537.36 (KHTML, like Gecko) Chrome/80.0.3987.149 Safari/537.36"
102.64.155.177 - - [26/Mar/2026:23:15:26 +0300] "POST /xmlrpc.php HTTP/1.1" 200 412 "-" "Mozilla/5.0 (Macintosh; Intel Mac OS X 10_15_7; x86) AppleWebKit/537.36 (KHTML, like Gecko) Opera/68.0.0.0 Safari/537.36"
20.106.150.36 - - [26/Mar/2026:23:15:17 +0300] "POST //xmlrpc.php HTTP/1.1" 200 410 "-" "Mozilla/5.0 (Windows NT 10.0; Win64; x64) AppleWebKit/537.36 (KHTML, like Gecko) Chrome/80.0.3987.149 Safari/537.36"
89.252.162.138 - - [26/Mar/2026:23:15:34 +0300] "POST /yeni/wp-cron.php?doing_wp_cron=1774556133.9584910869598388671875 HTTP/1.1" 200 0 "-" "WordPress/6.9.4; https://polikistikover.net/yeni"
151.135.169.151 - - [26/Mar/2026:23:15:35 +0300] "GET /yeni/wp-content/themes/narihealth/fonts/icomoon.woff?5m92mu HTTP/2" 200 46184 "https://polikistikover.net/yeni/wp-content/themes/narihealth/fonts/iconfont.css?ver=6.9.4" "Mozilla/5.0 (Linux; Android 14; RMX3890 Build/UKQ1.230917.001; wv) AppleWebKit/537.36 (KHTML, like Gecko) Version/4.0 Chrome/146.0.7680.157 Mobile Safari/537.36 Instagram 422.0.0.44.64 Android (34/14; 480dpi; 1080x2400; realme; RMX3890; RE5C91L1; qcom; tr_TR; 916494010; IABMV/1)"
151.135.169.151 - - [26/Mar/2026:23:15:35 +0300] "GET /yeni/wp-includes/js/wp-emoji-release.min.js?ver=6.9.4 HTTP/2" 200 4949 "https://polikistikover.net/yeni/" "Mozilla/5.0 (Linux; Android 14; RMX3890 Build/UKQ1.230917.001; wv) AppleWebKit/537.36 (KHTML, like Gecko) Version/4.0 Chrome/146.0.7680.157 Mobile Safari/537.36 Instagram 422.0.0.44.64 Android (34/14; 480dpi; 1080x2400; realme; RMX3890; RE5C91L1; qcom; tr_TR; 916494010; IABMV/1)"
151.135.169.151 - - [26/Mar/2026:23:15:35 +0300] "GET /yeni/wp-content/uploads/elementor/thumbs/post-img2-rbng6itq0a2ebi9o87w9unhd64aqppskr12id3lidc.jpg HTTP/2" 200 60239 "https://polikistikover.net/yeni/" "Mozilla/5.0 (Linux; Android 14; RMX3890 Build/UKQ1.230917.001; wv) AppleWebKit/537.36 (KHTML, like Gecko) Version/4.0 Chrome/146.0.7680.157 Mobile Safari/537.36 Instagram 422.0.0.44.64 Android (34/14; 480dpi; 1080x2400; realme; RMX3890; RE5C91L1; qcom; tr_TR; 916494010; IABMV/1)"
151.135.169.151 - - [26/Mar/2026:23:15:36 +0300] "GET /yeni/wp-content/uploads/elementor/thumbs/image-67-rcb2xa5cuvsgtr6xgsyio3guuwwgm3wjjeud5ozv34.png HTTP/2" 200 677319 "https://polikistikover.net/yeni/" "Mozilla/5.0 (Linux; Android 14; RMX3890 Build/UKQ1.230917.001; wv) AppleWebKit/537.36 (KHTML, like Gecko) Version/4.0 Chrome/146.0.7680.157 Mobile Safari/537.36 Instagram 422.0.0.44.64 Android (34/14; 480dpi; 1080x2400; realme; RMX3890; RE5C91L1; qcom; tr_TR; 916494010; IABMV/1)"
151.135.169.151 - - [26/Mar/2026:23:15:37 +0300] "GET /yeni/wp-content/uploads/2025/09/image-18-150x150.png HTTP/2" 200 18953 "https://polikistikover.net/yeni/" "Mozilla/5.0 (Linux; Android 14; RMX3890 Build/UKQ1.230917.001; wv) AppleWebKit/537.36 (KHTML, like Gecko) Version/4.0 Chrome/146.0.7680.157 Mobile Safari/537.36 Instagram 422.0.0.44.64 Android (34/14; 480dpi; 1080x2400; realme; RMX3890; RE5C91L1; qcom; tr_TR; 916494010; IABMV/1)"
151.135.169.151 - - [26/Mar/2026:23:15:38 +0300] "GET /yeni/wp-content/uploads/2025/09/image-84-150x150.png HTTP/2" 200 5889 "https://polikistikover.net/yeni/" "Mozilla/5.0 (Linux; Android 14; RMX3890 Build/UKQ1.230917.001; wv) AppleWebKit/537.36 (KHTML, like Gecko) Version/4.0 Chrome/146.0.7680.157 Mobile Safari/537.36 Instagram 422.0.0.44.64 Android (34/14; 480dpi; 1080x2400; realme; RMX3890; RE5C91L1; qcom; tr_TR; 916494010; IABMV/1)"
151.135.169.151 - - [26/Mar/2026:23:15:38 +0300] "GET /yeni/wp-content/uploads/elementor/thumbs/img-6-rbng6c8uofte28j8an1vv7550f767u2ge4i3mxkbgg.jpg HTTP/2" 200 103979 "https://polikistikover.net/yeni/" "Mozilla/5.0 (Linux; Android 14; RMX3890 Build/UKQ1.230917.001; wv) AppleWebKit/537.36 (KHTML, like Gecko) Version/4.0 Chrome/146.0.7680.157 Mobile Safari/537.36 Instagram 422.0.0.44.64 Android (34/14; 480dpi; 1080x2400; realme; RMX3890; RE5C91L1; qcom; tr_TR; 916494010; IABMV/1)"
151.135.169.151 - - [26/Mar/2026:23:15:39 +0300] "GET /yeni/wp-content/uploads/2025/10/image-8-150x150.png HTTP/2" 200 17934 "https://polikistikover.net/yeni/" "Mozilla/5.0 (Linux; Android 14; RMX3890 Build/UKQ1.230917.001; wv) AppleWebKit/537.36 (KHTML, like Gecko) Version/4.0 Chrome/146.0.7680.157 Mobile Safari/537.36 Instagram 422.0.0.44.64 Android (34/14; 480dpi; 1080x2400; realme; RMX3890; RE5C91L1; qcom; tr_TR; 916494010; IABMV/1)"
151.135.169.151 - - [26/Mar/2026:23:15:40 +0300] "GET /yeni/wp-content/uploads/elementor/thumbs/post-img8-rbng6pelc4beks045sqnu3tlbteb7lip3xmwq1br5s.jpg HTTP/2" 200 86861 "https://polikistikover.net/yeni/" "Mozilla/5.0 (Linux; Android 14; RMX3890 Build/UKQ1.230917.001; wv) AppleWebKit/537.36 (KHTML, like Gecko) Version/4.0 Chrome/146.0.7680.157 Mobile Safari/537.36 Instagram 422.0.0.44.64 Android (34/14; 480dpi; 1080x2400; realme; RMX3890; RE5C91L1; qcom; tr_TR; 916494010; IABMV/1)"
151.135.169.151 - - [26/Mar/2026:23:15:40 +0300] "GET /yeni/wp-content/uploads/elementor/thumbs/post-img5-rbng6ln8ks69ac5krr45k4rqy9wuct3rrf0ysxhbuo.jpg HTTP/2" 200 72184 "https://polikistikover.net/yeni/" "Mozilla/5.0 (Linux; Android 14; RMX3890 Build/UKQ1.230917.001; wv) AppleWebKit/537.36 (KHTML, like Gecko) Version/4.0 Chrome/146.0.7680.157 Mobile Safari/537.36 Instagram 422.0.0.44.64 Android (34/14; 480dpi; 1080x2400; realme; RMX3890; RE5C91L1; qcom; tr_TR; 916494010; IABMV/1)"
151.135.169.151 - - [26/Mar/2026:23:15:40 +0300] "GET /yeni/wp-content/uploads/elementor/thumbs/post-img9-rbng6ra9psdz7zxdutjwz3ciil51mzq5s6xvol8ytc.jpg HTTP/2" 200 73516 "https://polikistikover.net/yeni/" "Mozilla/5.0 (Linux; Android 14; RMX3890 Build/UKQ1.230917.001; wv) AppleWebKit/537.36 (KHTML, like Gecko) Version/4.0 Chrome/146.0.7680.157 Mobile Safari/537.36 Instagram 422.0.0.44.64 Android (34/14; 480dpi; 1080x2400; realme; RMX3890; RE5C91L1; qcom; tr_TR; 916494010; IABMV/1)"
151.135.169.151 - - [26/Mar/2026:23:15:44 +0300] "GET /yeni/wp-content/uploads/2025/10/sac-150x150.jpg HTTP/2" 200 7476 "https://polikistikover.net/yeni/" "Mozilla/5.0 (Linux; Android 14; RMX3890 Build/UKQ1.230917.001; wv) AppleWebKit/537.36 (KHTML, like Gecko) Version/4.0 Chrome/146.0.7680.157 Mobile Safari/537.36 Instagram 422.0.0.44.64 Android (34/14; 480dpi; 1080x2400; realme; RMX3890; RE5C91L1; qcom; tr_TR; 916494010; IABMV/1)"
151.135.169.151 - - [26/Mar/2026:23:15:45 +0300] "GET /yeni/wp-content/uploads/elementor/thumbs/post-img7-rbng6ogr5aa4961hbac19m24qfixzweyrszf8rd5c0.jpg HTTP/2" 200 69532 "https://polikistikover.net/yeni/" "Mozilla/5.0 (Linux; Android 14; RMX3890 Build/UKQ1.230917.001; wv) AppleWebKit/537.36 (KHTML, like Gecko) Version/4.0 Chrome/146.0.7680.157 Mobile Safari/537.36 Instagram 422.0.0.44.64 Android (34/14; 480dpi; 1080x2400; realme; RMX3890; RE5C91L1; qcom; tr_TR; 916494010; IABMV/1)"
20.106.150.36 - - [26/Mar/2026:23:15:32 +0300] "POST //xmlrpc.php HTTP/1.1" 200 410 "-" "Mozilla/5.0 (Windows NT 10.0; Win64; x64) AppleWebKit/537.36 (KHTML, like Gecko) Chrome/80.0.3987.149 Safari/537.36"
151.135.169.151 - - [26/Mar/2026:23:15:47 +0300] "GET /yeni/wp-content/uploads/elementor/thumbs/img-5-rbng69fc3xpj3enbr3u05pur89l2kqr9dqjn73ohz4.jpg HTTP/2" 200 158703 "https://polikistikover.net/yeni/" "Mozilla/5.0 (Linux; Android 14; RMX3890 Build/UKQ1.230917.001; wv) AppleWebKit/537.36 (KHTML, like Gecko) Version/4.0 Chrome/146.0.7680.157 Mobile Safari/537.36 Instagram 422.0.0.44.64 Android (34/14; 480dpi; 1080x2400; realme; RMX3890; RE5C91L1; qcom; tr_TR; 916494010; IABMV/1)"
151.135.169.151 - - [26/Mar/2026:23:15:48 +0300] "GET /yeni/wp-content/uploads/2025/09/image-90-150x150.png HTTP/2" 200 28239 "https://polikistikover.net/yeni/" "Mozilla/5.0 (Linux; Android 14; RMX3890 Build/UKQ1.230917.001; wv) AppleWebKit/537.36 (KHTML, like Gecko) Version/4.0 Chrome/146.0.7680.157 Mobile Safari/537.36 Instagram 422.0.0.44.64 Android (34/14; 480dpi; 1080x2400; realme; RMX3890; RE5C91L1; qcom; tr_TR; 916494010; IABMV/1)"
151.135.169.151 - - [26/Mar/2026:23:15:49 +0300] "GET /yeni/wp-content/uploads/elementor/thumbs/img-2-rbng6t5y3ggjv7unjud642vfpcvs2dxmgg8u9wv8cg.jpg HTTP/2" 200 68858 "https://polikistikover.net/yeni/" "Mozilla/5.0 (Linux; Android 14; RMX3890 Build/UKQ1.230917.001; wv) AppleWebKit/537.36 (KHTML, like Gecko) Version/4.0 Chrome/146.0.7680.157 Mobile Safari/537.36 Instagram 422.0.0.44.64 Android (34/14; 480dpi; 1080x2400; realme; RMX3890; RE5C91L1; qcom; tr_TR; 916494010; IABMV/1)"
151.135.169.151 - - [26/Mar/2026:23:15:51 +0300] "GET /yeni/sigara-ve-polikistik-over-2/ HTTP/2" 200 12285 "https://polikistikover.net/yeni/" "Mozilla/5.0 (Linux; Android 14; RMX3890 Build/UKQ1.230917.001; wv) AppleWebKit/537.36 (KHTML, like Gecko) Version/4.0 Chrome/146.0.7680.157 Mobile Safari/537.36"
151.135.169.151 - - [26/Mar/2026:23:15:53 +0300] "GET /yeni/wp-content/themes/narihealth/fonts/icomoon.ttf?5m92mu HTTP/2" 200 25863 "https://polikistikover.net/yeni/wp-content/themes/narihealth/fonts/iconfont.css?ver=6.9.4" "Mozilla/5.0 (Linux; Android 14; RMX3890 Build/UKQ1.230917.001; wv) AppleWebKit/537.36 (KHTML, like Gecko) Version/4.0 Chrome/146.0.7680.157 Mobile Safari/537.36 Instagram 422.0.0.44.64 Android (34/14; 480dpi; 1080x2400; realme; RMX3890; RE5C91L1; qcom; tr_TR; 916494010; IABMV/1)"
20.106.150.36 - - [26/Mar/2026:23:15:46 +0300] "POST //xmlrpc.php HTTP/1.1" 200 410 "-" "Mozilla/5.0 (Windows NT 10.0; Win64; x64) AppleWebKit/537.36 (KHTML, like Gecko) Chrome/80.0.3987.149 Safari/537.36"
89.252.162.138 - - [26/Mar/2026:23:16:02 +0300] "POST /wp-admin/admin-ajax.php?action=async_litespeed&nonce=UoQFQXOPGIoHnSfhBTBFCH00SiFIDAL1&litespeed_type=imgoptm HTTP/1.1" 200 5 "-" "WordPress/6.8.5; https://polikistikover.net"
20.106.150.36 - - [26/Mar/2026:23:16:01 +0300] "POST //xmlrpc.php HTTP/1.1" 200 410 "-" "Mozilla/5.0 (Windows NT 10.0; Win64; x64) AppleWebKit/537.36 (KHTML, like Gecko) Chrome/80.0.3987.149 Safari/537.36"
20.106.150.36 - - [26/Mar/2026:23:16:17 +0300] "POST //xmlrpc.php HTTP/1.1" 200 410 "-" "Mozilla/5.0 (Windows NT 10.0; Win64; x64) AppleWebKit/537.36 (KHTML, like Gecko) Chrome/80.0.3987.149 Safari/537.36"
151.135.169.151 - - [26/Mar/2026:23:16:38 +0300] "GET /yeni/wp-content/uploads/2025/09/Skin-tags-150x150.png HTTP/2" 200 43481 "https://polikistikover.net/yeni/" "Mozilla/5.0 (Linux; Android 14; RMX3890 Build/UKQ1.230917.001; wv) AppleWebKit/537.36 (KHTML, like Gecko) Version/4.0 Chrome/146.0.7680.157 Mobile Safari/537.36 Instagram 422.0.0.44.64 Android (34/14; 480dpi; 1080x2400; realme; RMX3890; RE5C91L1; qcom; tr_TR; 916494010; IABMV/1)"
151.135.169.151 - - [26/Mar/2026:23:16:38 +0300] "GET /yeni/wp-content/uploads/2025/09/image-29-150x150.png HTTP/2" 200 25956 "https://polikistikover.net/yeni/" "Mozilla/5.0 (Linux; Android 14; RMX3890 Build/UKQ1.230917.001; wv) AppleWebKit/537.36 (KHTML, like Gecko) Version/4.0 Chrome/146.0.7680.157 Mobile Safari/537.36 Instagram 422.0.0.44.64 Android (34/14; 480dpi; 1080x2400; realme; RMX3890; RE5C91L1; qcom; tr_TR; 916494010; IABMV/1)"
151.135.169.151 - - [26/Mar/2026:23:16:38 +0300] "GET /yeni/wp-content/uploads/elementor/thumbs/post-img4-rbng6kpedy4yyq6xx8pizn0acw1h5401fadhbniq0w.jpg HTTP/2" 200 91143 "https://polikistikover.net/yeni/" "Mozilla/5.0 (Linux; Android 14; RMX3890 Build/UKQ1.230917.001; wv) AppleWebKit/537.36 (KHTML, like Gecko) Version/4.0 Chrome/146.0.7680.157 Mobile Safari/537.36 Instagram 422.0.0.44.64 Android (34/14; 480dpi; 1080x2400; realme; RMX3890; RE5C91L1; qcom; tr_TR; 916494010; IABMV/1)"
151.135.169.151 - - [26/Mar/2026:23:16:38 +0300] "GET /yeni/wp-content/uploads/elementor/thumbs/img-7-rbng6d6ov9uoduhv55gifowllt2jfj66q95l47ixa8.jpg HTTP/2" 200 59048 "https://polikistikover.net/yeni/" "Mozilla/5.0 (Linux; Android 14; RMX3890 Build/UKQ1.230917.001; wv) AppleWebKit/537.36 (KHTML, like Gecko) Version/4.0 Chrome/146.0.7680.157 Mobile Safari/537.36 Instagram 422.0.0.44.64 Android (34/14; 480dpi; 1080x2400; realme; RMX3890; RE5C91L1; qcom; tr_TR; 916494010; IABMV/1)"
151.135.169.151 - - [26/Mar/2026:23:16:38 +0300] "GET /yeni/wp-content/uploads/2025/09/image-64-150x150.png HTTP/2" 200 44048 "https://polikistikover.net/yeni/" "Mozilla/5.0 (Linux; Android 14; RMX3890 Build/UKQ1.230917.001; wv) AppleWebKit/537.36 (KHTML, like Gecko) Version/4.0 Chrome/146.0.7680.157 Mobile Safari/537.36 Instagram 422.0.0.44.64 Android (34/14; 480dpi; 1080x2400; realme; RMX3890; RE5C91L1; qcom; tr_TR; 916494010; IABMV/1)"
151.135.169.151 - - [26/Mar/2026:23:16:38 +0300] "GET /yeni/wp-content/uploads/elementor/thumbs/post-img6-rbng6ml2rm7jly47m9is4mj7jns7ki7i3joga7fxog.jpg HTTP/2" 200 104955 "https://polikistikover.net/yeni/" "Mozilla/5.0 (Linux; Android 14; RMX3890 Build/UKQ1.230917.001; wv) AppleWebKit/537.36 (KHTML, like Gecko) Version/4.0 Chrome/146.0.7680.157 Mobile Safari/537.36 Instagram 422.0.0.44.64 Android (34/14; 480dpi; 1080x2400; realme; RMX3890; RE5C91L1; qcom; tr_TR; 916494010; IABMV/1)"
151.135.169.151 - - [26/Mar/2026:23:16:38 +0300] "GET /yeni/wp-content/uploads/2025/09/image-62.png HTTP/2" 200 40122 "https://polikistikover.net/yeni/" "Mozilla/5.0 (Linux; Android 14; RMX3890 Build/UKQ1.230917.001; wv) AppleWebKit/537.36 (KHTML, like Gecko) Version/4.0 Chrome/146.0.7680.157 Mobile Safari/537.36 Instagram 422.0.0.44.64 Android (34/14; 480dpi; 1080x2400; realme; RMX3890; RE5C91L1; qcom; tr_TR; 916494010; IABMV/1)"
151.135.169.151 - - [26/Mar/2026:23:16:38 +0300] "GET /yeni/wp-content/uploads/2025/11/image-4-150x150.png HTTP/2" 200 17934 "https://polikistikover.net/yeni/" "Mozilla/5.0 (Linux; Android 14; RMX3890 Build/UKQ1.230917.001; wv) AppleWebKit/537.36 (KHTML, like Gecko) Version/4.0 Chrome/146.0.7680.157 Mobile Safari/537.36 Instagram 422.0.0.44.64 Android (34/14; 480dpi; 1080x2400; realme; RMX3890; RE5C91L1; qcom; tr_TR; 916494010; IABMV/1)"
151.135.169.151 - - [26/Mar/2026:23:16:38 +0300] "GET /yeni/wp-content/uploads/2025/09/yumurta-150x150.png HTTP/2" 200 7537 "https://polikistikover.net/yeni/" "Mozilla/5.0 (Linux; Android 14; RMX3890 Build/UKQ1.230917.001; wv) AppleWebKit/537.36 (KHTML, like Gecko) Version/4.0 Chrome/146.0.7680.157 Mobile Safari/537.36 Instagram 422.0.0.44.64 Android (34/14; 480dpi; 1080x2400; realme; RMX3890; RE5C91L1; qcom; tr_TR; 916494010; IABMV/1)"
151.135.169.151 - - [26/Mar/2026:23:16:38 +0300] "GET /yeni/wp-content/uploads/2025/09/image-85-150x150.png HTTP/2" 200 33219 "https://polikistikover.net/yeni/" "Mozilla/5.0 (Linux; Android 14; RMX3890 Build/UKQ1.230917.001; wv) AppleWebKit/537.36 (KHTML, like Gecko) Version/4.0 Chrome/146.0.7680.157 Mobile Safari/537.36 Instagram 422.0.0.44.64 Android (34/14; 480dpi; 1080x2400; realme; RMX3890; RE5C91L1; qcom; tr_TR; 916494010; IABMV/1)"
151.135.169.151 - - [26/Mar/2026:23:16:38 +0300] "GET /yeni/wp-content/uploads/elementor/thumbs/img-4-rbng6bb0hls3qmklg4n9apdof1bt04yq1zumivwnr4.jpg HTTP/2" 200 78681 "https://polikistikover.net/yeni/" "Mozilla/5.0 (Linux; Android 14; RMX3890 Build/UKQ1.230917.001; wv) AppleWebKit/537.36 (KHTML, like Gecko) Version/4.0 Chrome/146.0.7680.157 Mobile Safari/537.36 Instagram 422.0.0.44.64 Android (34/14; 480dpi; 1080x2400; realme; RMX3890; RE5C91L1; qcom; tr_TR; 916494010; IABMV/1)"
151.135.169.151 - - [26/Mar/2026:23:16:38 +0300] "GET /yeni/wp-content/uploads/2023/10/sp-icon2.png HTTP/2" 200 17970 "https://polikistikover.net/yeni/" "Mozilla/5.0 (Linux; Android 14; RMX3890 Build/UKQ1.230917.001; wv) AppleWebKit/537.36 (KHTML, like Gecko) Version/4.0 Chrome/146.0.7680.157 Mobile Safari/537.36 Instagram 422.0.0.44.64 Android (34/14; 480dpi; 1080x2400; realme; RMX3890; RE5C91L1; qcom; tr_TR; 916494010; IABMV/1)"
151.135.169.151 - - [26/Mar/2026:23:16:38 +0300] "GET /yeni/wp-content/uploads/elementor/thumbs/hero-img2-rbng5lxdd2td15lgkbobxds8dmsw8b5yyi8ikeyaf4.jpg HTTP/2" 200 69585 "https://polikistikover.net/yeni/" "Mozilla/5.0 (Linux; Android 14; RMX3890 Build/UKQ1.230917.001; wv) AppleWebKit/537.36 (KHTML, like Gecko) Version/4.0 Chrome/146.0.7680.157 Mobile Safari/537.36 Instagram 422.0.0.44.64 Android (34/14; 480dpi; 1080x2400; realme; RMX3890; RE5C91L1; qcom; tr_TR; 916494010; IABMV/1)"
151.135.169.151 - - [26/Mar/2026:23:16:38 +0300] "GET /yeni/wp-content/uploads/elementor/thumbs/image-56-rc0wg6zfrvg4myvzu0pdpbqncbyaos9cbou97aiotc.png HTTP/2" 200 430874 "https://polikistikover.net/yeni/" "Mozilla/5.0 (Linux; Android 14; RMX3890 Build/UKQ1.230917.001; wv) AppleWebKit/537.36 (KHTML, like Gecko) Version/4.0 Chrome/146.0.7680.157 Mobile Safari/537.36 Instagram 422.0.0.44.64 Android (34/14; 480dpi; 1080x2400; realme; RMX3890; RE5C91L1; qcom; tr_TR; 916494010; IABMV/1)"
102.64.155.177 - - [26/Mar/2026:23:16:38 +0300] "POST /xmlrpc.php HTTP/1.1" 200 412 "-" "Mozilla/5.0 (Macintosh; Intel Mac OS X 10_15_7; arm64) AppleWebKit/537.36 (KHTML, like Gecko) Edge/87.0.0.0 Safari/537.36"
20.106.150.36 - - [26/Mar/2026:23:16:31 +0300] "POST //xmlrpc.php HTTP/1.1" 200 410 "-" "Mozilla/5.0 (Windows NT 10.0; Win64; x64) AppleWebKit/537.36 (KHTML, like Gecko) Chrome/80.0.3987.149 Safari/537.36"
89.252.162.138 - - [26/Mar/2026:23:16:48 +0300] "POST /yeni/wp-cron.php?doing_wp_cron=1774556208.0988509654998779296875 HTTP/1.1" 200 0 "-" "WordPress/6.9.4; https://polikistikover.net/yeni"
151.135.169.151 - - [26/Mar/2026:23:16:46 +0300] "GET /yeni/polikistik-over-sendromunda-cinsel-istek-ve-escinsellik-lezbiyen-gay-transseksuel/ HTTP/2" 200 18646 "https://polikistikover.net/yeni/" "Mozilla/5.0 (Linux; Android 14; RMX3890 Build/UKQ1.230917.001; wv) AppleWebKit/537.36 (KHTML, like Gecko) Version/4.0 Chrome/146.0.7680.157 Mobile Safari/537.36"
89.252.162.138 - - [26/Mar/2026:23:16:49 +0300] "POST /wp-admin/admin-ajax.php?action=async_litespeed&nonce=ARuDKLvUS5CSIC42g5Ygn7LVj81Uqkaw&litespeed_type=imgoptm HTTP/1.1" 200 5 "-" "WordPress/6.8.5; https://polikistikover.net"
89.252.162.138 - - [26/Mar/2026:23:17:01 +0300] "POST /wp-cron.php?doing_wp_cron=1774556221.6147599220275878906250 HTTP/1.1" 200 0 "-" "WordPress/6.8.5; https://polikistikover.net"
20.106.150.36 - - [26/Mar/2026:23:16:47 +0300] "POST //xmlrpc.php HTTP/1.1" 200 410 "-" "Mozilla/5.0 (Windows NT 10.0; Win64; x64) AppleWebKit/537.36 (KHTML, like Gecko) Chrome/80.0.3987.149 Safari/537.36"
89.252.162.138 - - [26/Mar/2026:23:17:16 +0300] "POST /wp-cron.php?doing_wp_cron=1774556236.6997530460357666015625 HTTP/1.1" 200 0 "-" "WordPress/6.8.5; https://polikistikover.net"
20.106.150.36 - - [26/Mar/2026:23:17:01 +0300] "POST //xmlrpc.php HTTP/1.1" 200 410 "-" "Mozilla/5.0 (Windows NT 10.0; Win64; x64) AppleWebKit/537.36 (KHTML, like Gecko) Chrome/80.0.3987.149 Safari/537.36"
20.106.150.36 - - [26/Mar/2026:23:17:16 +0300] "POST //xmlrpc.php HTTP/1.1" 200 410 "-" "Mozilla/5.0 (Windows NT 10.0; Win64; x64) AppleWebKit/537.36 (KHTML, like Gecko) Chrome/80.0.3987.149 Safari/537.36"
20.106.150.36 - - [26/Mar/2026:23:17:32 +0300] "POST //xmlrpc.php HTTP/1.1" 200 410 "-" "Mozilla/5.0 (Windows NT 10.0; Win64; x64) AppleWebKit/537.36 (KHTML, like Gecko) Chrome/80.0.3987.149 Safari/537.36"
89.252.162.138 - - [26/Mar/2026:23:17:50 +0300] "POST /wp-cron.php?doing_wp_cron=1774556270.0461339950561523437500 HTTP/1.1" 200 0 "-" "WordPress/6.8.5; https://polikistikover.net"
31.223.50.196 - - [26/Mar/2026:23:15:34 +0300] "GET /yeni/wp-content/uploads/2025/09/image-62.png HTTP/2" 200 40122 "https://polikistikover.net/yeni/" "Mozilla/5.0 (Linux; Android 14; RMX3890 Build/UKQ1.230917.001; wv) AppleWebKit/537.36 (KHTML, like Gecko) Version/4.0 Chrome/146.0.7680.157 Mobile Safari/537.36 Instagram 422.0.0.44.64 Android (34/14; 480dpi; 1080x2400; realme; RMX3890; RE5C91L1; qcom; tr_TR; 916494010; IABMV/1)"
31.223.50.196 - - [26/Mar/2026:23:15:34 +0300] "GET /yeni/wp-content/uploads/2025/09/sac-150x150.jpg HTTP/2" 200 7476 "https://polikistikover.net/yeni/" "Mozilla/5.0 (Linux; Android 14; RMX3890 Build/UKQ1.230917.001; wv) AppleWebKit/537.36 (KHTML, like Gecko) Version/4.0 Chrome/146.0.7680.157 Mobile Safari/537.36 Instagram 422.0.0.44.64 Android (34/14; 480dpi; 1080x2400; realme; RMX3890; RE5C91L1; qcom; tr_TR; 916494010; IABMV/1)"
31.223.50.196 - - [26/Mar/2026:23:15:34 +0300] "GET /yeni/wp-content/uploads/2025/10/japon-cocuk-150x150.jpg HTTP/2" 200 4953 "https://polikistikover.net/yeni/" "Mozilla/5.0 (Linux; Android 14; RMX3890 Build/UKQ1.230917.001; wv) AppleWebKit/537.36 (KHTML, like Gecko) Version/4.0 Chrome/146.0.7680.157 Mobile Safari/537.36 Instagram 422.0.0.44.64 Android (34/14; 480dpi; 1080x2400; realme; RMX3890; RE5C91L1; qcom; tr_TR; 916494010; IABMV/1)"
31.223.50.196 - - [26/Mar/2026:23:15:34 +0300] "GET /yeni/wp-content/uploads/elementor/thumbs/img-6-rbng6c8uofte28j8an1vv7550f767u2ge4i3mxkbgg.jpg HTTP/2" 200 103979 "https://polikistikover.net/yeni/" "Mozilla/5.0 (Linux; Android 14; RMX3890 Build/UKQ1.230917.001; wv) AppleWebKit/537.36 (KHTML, like Gecko) Version/4.0 Chrome/146.0.7680.157 Mobile Safari/537.36 Instagram 422.0.0.44.64 Android (34/14; 480dpi; 1080x2400; realme; RMX3890; RE5C91L1; qcom; tr_TR; 916494010; IABMV/1)"
31.223.50.196 - - [26/Mar/2026:23:15:34 +0300] "GET /yeni/wp-content/uploads/elementor/thumbs/img-5-rbng69fc3xpj3enbr3u05pur89l2kqr9dqjn73ohz4.jpg HTTP/2" 200 158703 "https://polikistikover.net/yeni/" "Mozilla/5.0 (Linux; Android 14; RMX3890 Build/UKQ1.230917.001; wv) AppleWebKit/537.36 (KHTML, like Gecko) Version/4.0 Chrome/146.0.7680.157 Mobile Safari/537.36 Instagram 422.0.0.44.64 Android (34/14; 480dpi; 1080x2400; realme; RMX3890; RE5C91L1; qcom; tr_TR; 916494010; IABMV/1)"
173.252.87.3 - - [26/Mar/2026:23:15:53 +0300] "GET /meta.json HTTP/2" 404 796 "-" "facebookexternalhit/1.1 (+http://www.facebook.com/externalhit_uatext.php)"
173.252.79.4 - - [26/Mar/2026:23:15:59 +0300] "GET /meta.json?p=3088 HTTP/2" 404 796 "-" "facebookexternalhit/1.1 (+http://www.facebook.com/externalhit_uatext.php)"
89.252.162.138 - - [26/Mar/2026:23:16:01 +0300] "POST /wp-cron.php?doing_wp_cron=1774556161.6348469257354736328125 HTTP/1.1" 200 0 "-" "WordPress/6.8.5; https://polikistikover.net"
89.252.162.138 - - [26/Mar/2026:23:16:16 +0300] "POST /wp-cron.php?doing_wp_cron=1774556176.9812049865722656250000 HTTP/1.1" 200 0 "-" "WordPress/6.8.5; https://polikistikover.net"
89.252.162.138 - - [26/Mar/2026:23:16:47 +0300] "POST /wp-cron.php?doing_wp_cron=1774556207.0923719406127929687500 HTTP/1.1" 200 0 "-" "WordPress/6.8.5; https://polikistikover.net"
102.64.155.177 - - [26/Mar/2026:23:17:49 +0300] "POST /xmlrpc.php HTTP/1.1" 200 412 "-" "Mozilla/5.0 (Linux; Android 10; x86) AppleWebKit/537.36 (KHTML, like Gecko) Edge/99.0.0.0 Safari/537.36"
16.184.3.1 - - [26/Mar/2026:23:17:57 +0300] "POST / HTTP/1.1" 200 76 "-" "Mozilla/5.0 (Windows NT 10.0; Win64; x64) AppleWebKit/537.36 (KHTML, like Gecko) Chrome/131.0.0.0 Safari/537.36"
16.184.3.1 - - [26/Mar/2026:23:17:57 +0300] "POST / HTTP/1.1" 200 76 "-" "Mozilla/5.0 (Windows NT 10.0; Win64; x64) AppleWebKit/537.36 (KHTML, like Gecko) Chrome/131.0.0.0 Safari/537.36"
89.252.162.138 - - [26/Mar/2026:23:19:03 +0300] "POST /wp-admin/admin-ajax.php?action=async_litespeed&nonce=Tm8d33EEmFIrBiqIsufASfRgOF6LWxx3&litespeed_type=imgoptm HTTP/1.1" 200 5 "-" "WordPress/6.8.5; https://polikistikover.net"
151.135.169.151 - - [26/Mar/2026:23:19:01 +0300] "GET /yeni/polikistik-over-sendromunda-genital-bolgede-mantar-enfeksiyonlari/ HTTP/2" 200 13123 "https://polikistikover.net/yeni/" "Mozilla/5.0 (Linux; Android 14; RMX3890 Build/UKQ1.230917.001; wv) AppleWebKit/537.36 (KHTML, like Gecko) Version/4.0 Chrome/146.0.7680.157 Mobile Safari/537.36"
151.135.169.151 - - [26/Mar/2026:23:19:11 +0300] "GET /yeni/wp-content/uploads/2025/09/image-92.png HTTP/2" 200 628915 "https://polikistikover.net/yeni/polikistik-over-sendromunda-genital-bolgede-mantar-enfeksiyonlari/" "Mozilla/5.0 (Linux; Android 14; RMX3890 Build/UKQ1.230917.001; wv) AppleWebKit/537.36 (KHTML, like Gecko) Version/4.0 Chrome/146.0.7680.157 Mobile Safari/537.36 Instagram 422.0.0.44.64 Android (34/14; 480dpi; 1080x2400; realme; RMX3890; RE5C91L1; qcom; tr_TR; 916494010; IABMV/1)"
151.135.169.151 - - [26/Mar/2026:23:19:46 +0300] "GET /yeni/wp-content/uploads/2023/10/sp-icon3.png HTTP/2" 200 14262 "https://polikistikover.net/yeni/" "Mozilla/5.0 (Linux; Android 14; RMX3890 Build/UKQ1.230917.001; wv) AppleWebKit/537.36 (KHTML, like Gecko) Version/4.0 Chrome/146.0.7680.157 Mobile Safari/537.36 Instagram 422.0.0.44.64 Android (34/14; 480dpi; 1080x2400; realme; RMX3890; RE5C91L1; qcom; tr_TR; 916494010; IABMV/1)"
151.135.169.151 - - [26/Mar/2026:23:19:46 +0300] "GET /yeni/wp-content/uploads/elementor/thumbs/img-12-rbng6vzgnykeu1qk3dl1tk5thihvph8tgu7apqr1ts.jpg HTTP/2" 200 94485 "https://polikistikover.net/yeni/" "Mozilla/5.0 (Linux; Android 14; RMX3890 Build/UKQ1.230917.001; wv) AppleWebKit/537.36 (KHTML, like Gecko) Version/4.0 Chrome/146.0.7680.157 Mobile Safari/537.36 Instagram 422.0.0.44.64 Android (34/14; 480dpi; 1080x2400; realme; RMX3890; RE5C91L1; qcom; tr_TR; 916494010; IABMV/1)"
151.135.169.151 - - [26/Mar/2026:23:19:46 +0300] "GET /yeni/wp-content/uploads/elementor/thumbs/alkol-rceym2p0i3tumul8uj02f3iyaemdanv2xmjvikr4t4.jpg HTTP/2" 200 69103 "https://polikistikover.net/yeni/" "Mozilla/5.0 (Linux; Android 14; RMX3890 Build/UKQ1.230917.001; wv) AppleWebKit/537.36 (KHTML, like Gecko) Version/4.0 Chrome/146.0.7680.157 Mobile Safari/537.36 Instagram 422.0.0.44.64 Android (34/14; 480dpi; 1080x2400; realme; RMX3890; RE5C91L1; qcom; tr_TR; 916494010; IABMV/1)"
151.135.169.151 - - [26/Mar/2026:23:19:46 +0300] "GET /yeni/wp-content/uploads/elementor/thumbs/hero-img1-rbng5anb32dx5u1ue6st3gmp90chnxx6wyeot3f0hs.jpg HTTP/2" 200 78904 "https://polikistikover.net/yeni/" "Mozilla/5.0 (Linux; Android 14; RMX3890 Build/UKQ1.230917.001; wv) AppleWebKit/537.36 (KHTML, like Gecko) Version/4.0 Chrome/146.0.7680.157 Mobile Safari/537.36 Instagram 422.0.0.44.64 Android (34/14; 480dpi; 1080x2400; realme; RMX3890; RE5C91L1; qcom; tr_TR; 916494010; IABMV/1)"
151.135.169.151 - - [26/Mar/2026:23:19:46 +0300] "GET /yeni/wp-content/uploads/elementor/thumbs/img-11-rbng6v1mh4j4ifrx8v6f92ecw4mihs534pjt8gsg00.jpg HTTP/2" 200 74229 "https://polikistikover.net/yeni/" "Mozilla/5.0 (Linux; Android 14; RMX3890 Build/UKQ1.230917.001; wv) AppleWebKit/537.36 (KHTML, like Gecko) Version/4.0 Chrome/146.0.7680.157 Mobile Safari/537.36 Instagram 422.0.0.44.64 Android (34/14; 480dpi; 1080x2400; realme; RMX3890; RE5C91L1; qcom; tr_TR; 916494010; IABMV/1)"
89.252.162.138 - - [26/Mar/2026:23:20:01 +0300] "POST /wp-cron.php?doing_wp_cron=1774556401.2225689888000488281250 HTTP/1.1" 200 0 "-" "WordPress/6.8.5; https://polikistikover.net"
151.135.169.151 - - [26/Mar/2026:23:20:06 +0300] "GET /yeni/polikistik-over-sendromu-olan-kadinlarin-bir-kismi-neden-gebe-kalamiyor/ HTTP/2" 200 14420 "https://polikistikover.net/yeni/" "Mozilla/5.0 (Linux; Android 14; RMX3890 Build/UKQ1.230917.001; wv) AppleWebKit/537.36 (KHTML, like Gecko) Version/4.0 Chrome/146.0.7680.157 Mobile Safari/537.36"
89.252.162.138 - - [26/Mar/2026:23:17:51 +0300] "POST /wp-admin/admin-ajax.php?action=async_litespeed&nonce=M8wgHv9fPFqDq4szlANFijon1Irdq8dU&litespeed_type=imgoptm HTTP/1.1" 200 5 "-" "WordPress/6.8.5; https://polikistikover.net"
16.184.3.1 - - [26/Mar/2026:23:17:56 +0300] "GET / HTTP/1.1" 200 76 "-" "Mozilla/5.0 (Windows NT 10.0; Win64; x64) AppleWebKit/537.36 (KHTML, like Gecko) Chrome/131.0.0.0 Safari/537.36"
16.184.3.1 - - [26/Mar/2026:23:17:56 +0300] "POST / HTTP/1.1" 200 76 "-" "Mozilla/5.0 (Windows NT 10.0; Win64; x64) AppleWebKit/537.36 (KHTML, like Gecko) Chrome/131.0.0.0 Safari/537.36"
89.252.162.138 - - [26/Mar/2026:23:18:01 +0300] "POST /wp-cron.php?doing_wp_cron=1774556281.8796908855438232421875 HTTP/1.1" 200 0 "-" "WordPress/6.8.5; https://polikistikover.net"
20.106.150.36 - - [26/Mar/2026:23:17:47 +0300] "POST //xmlrpc.php HTTP/1.1" 200 410 "-" "Mozilla/5.0 (Windows NT 10.0; Win64; x64) AppleWebKit/537.36 (KHTML, like Gecko) Chrome/80.0.3987.149 Safari/537.36"
89.252.162.138 - - [26/Mar/2026:23:18:17 +0300] "POST /wp-cron.php?doing_wp_cron=1774556296.9251420497894287109375 HTTP/1.1" 200 0 "-" "WordPress/6.8.5; https://polikistikover.net"
20.106.150.36 - - [26/Mar/2026:23:18:02 +0300] "POST //xmlrpc.php HTTP/1.1" 200 410 "-" "Mozilla/5.0 (Windows NT 10.0; Win64; x64) AppleWebKit/537.36 (KHTML, like Gecko) Chrome/80.0.3987.149 Safari/537.36"
20.106.150.36 - - [26/Mar/2026:23:18:17 +0300] "POST //xmlrpc.php HTTP/1.1" 200 410 "-" "Mozilla/5.0 (Windows NT 10.0; Win64; x64) AppleWebKit/537.36 (KHTML, like Gecko) Chrome/80.0.3987.149 Safari/537.36"
20.106.150.36 - - [26/Mar/2026:23:18:31 +0300] "POST //xmlrpc.php HTTP/1.1" 200 410 "-" "Mozilla/5.0 (Windows NT 10.0; Win64; x64) AppleWebKit/537.36 (KHTML, like Gecko) Chrome/80.0.3987.149 Safari/537.36"
89.252.162.138 - - [26/Mar/2026:23:19:01 +0300] "POST /wp-cron.php?doing_wp_cron=1774556341.6797180175781250000000 HTTP/1.1" 200 0 "-" "WordPress/6.8.5; https://polikistikover.net"
20.106.150.36 - - [26/Mar/2026:23:18:46 +0300] "POST //xmlrpc.php HTTP/1.1" 200 410 "-" "Mozilla/5.0 (Windows NT 10.0; Win64; x64) AppleWebKit/537.36 (KHTML, like Gecko) Chrome/80.0.3987.149 Safari/537.36"
102.64.155.177 - - [26/Mar/2026:23:19:02 +0300] "POST /xmlrpc.php HTTP/1.1" 200 412 "-" "Mozilla/5.0 (Windows NT 6.3; arm64) AppleWebKit/537.36 (KHTML, like Gecko) Edge/82.0.0.0 Safari/537.36"
89.252.162.138 - - [26/Mar/2026:23:19:11 +0300] "POST /yeni/wp-cron.php?doing_wp_cron=1774556350.9857299327850341796875 HTTP/1.1" 200 0 "-" "WordPress/6.9.4; https://polikistikover.net/yeni"
89.252.162.138 - - [26/Mar/2026:23:19:16 +0300] "POST /wp-cron.php?doing_wp_cron=1774556356.3264920711517333984375 HTTP/1.1" 200 0 "-" "WordPress/6.8.5; https://polikistikover.net"
20.106.150.36 - - [26/Mar/2026:23:19:02 +0300] "POST //xmlrpc.php HTTP/1.1" 200 410 "-" "Mozilla/5.0 (Windows NT 10.0; Win64; x64) AppleWebKit/537.36 (KHTML, like Gecko) Chrome/80.0.3987.149 Safari/537.36"
20.106.150.36 - - [26/Mar/2026:23:19:16 +0300] "POST //xmlrpc.php HTTP/1.1" 200 410 "-" "Mozilla/5.0 (Windows NT 10.0; Win64; x64) AppleWebKit/537.36 (KHTML, like Gecko) Chrome/80.0.3987.149 Safari/537.36"
20.106.150.36 - - [26/Mar/2026:23:19:32 +0300] "POST //xmlrpc.php HTTP/1.1" 200 410 "-" "Mozilla/5.0 (Windows NT 10.0; Win64; x64) AppleWebKit/537.36 (KHTML, like Gecko) Chrome/80.0.3987.149 Safari/537.36"
20.106.150.36 - - [26/Mar/2026:23:19:46 +0300] "POST //xmlrpc.php HTTP/1.1" 200 410 "-" "Mozilla/5.0 (Windows NT 10.0; Win64; x64) AppleWebKit/537.36 (KHTML, like Gecko) Chrome/80.0.3987.149 Safari/537.36"
89.252.162.138 - - [26/Mar/2026:23:20:02 +0300] "POST /wp-admin/admin-ajax.php?action=async_litespeed&nonce=er7hpEbMI1KsTO6FhsIIf4NEPmmVMoO1&litespeed_type=imgoptm HTTP/1.1" 200 5 "-" "WordPress/6.8.5; https://polikistikover.net"
89.252.162.138 - - [26/Mar/2026:23:20:07 +0300] "POST /yeni/wp-cron.php?doing_wp_cron=1774556407.8020141124725341796875 HTTP/1.1" 200 0 "-" "WordPress/6.9.4; https://polikistikover.net/yeni"
89.252.162.138 - - [26/Mar/2026:23:20:16 +0300] "POST /wp-cron.php?doing_wp_cron=1774556416.6955149173736572265625 HTTP/1.1" 200 0 "-" "WordPress/6.8.5; https://polikistikover.net"
20.106.150.36 - - [26/Mar/2026:23:20:01 +0300] "POST //xmlrpc.php HTTP/1.1" 200 410 "-" "Mozilla/5.0 (Windows NT 10.0; Win64; x64) AppleWebKit/537.36 (KHTML, like Gecko) Chrome/80.0.3987.149 Safari/537.36"
20.106.150.36 - - [26/Mar/2026:23:20:17 +0300] "POST //xmlrpc.php HTTP/1.1" 200 410 "-" "Mozilla/5.0 (Windows NT 10.0; Win64; x64) AppleWebKit/537.36 (KHTML, like Gecko) Chrome/80.0.3987.149 Safari/537.36"
20.106.150.36 - - [26/Mar/2026:23:20:32 +0300] "POST //xmlrpc.php HTTP/1.1" 200 410 "-" "Mozilla/5.0 (Windows NT 10.0; Win64; x64) AppleWebKit/537.36 (KHTML, like Gecko) Chrome/80.0.3987.149 Safari/537.36"
20.106.150.36 - - [26/Mar/2026:23:20:46 +0300] "POST //xmlrpc.php HTTP/1.1" 200 410 "-" "Mozilla/5.0 (Windows NT 10.0; Win64; x64) AppleWebKit/537.36 (KHTML, like Gecko) Chrome/80.0.3987.149 Safari/537.36"
89.252.162.138 - - [26/Mar/2026:23:21:02 +0300] "POST /wp-admin/admin-ajax.php?action=async_litespeed&nonce=QWyqHEnailiAc6rWyNqR88jjKIQUb1GJ&litespeed_type=imgoptm HTTP/1.1" 200 5 "-" "WordPress/6.8.5; https://polikistikover.net"
89.252.162.138 - - [26/Mar/2026:23:21:16 +0300] "POST /wp-cron.php?doing_wp_cron=1774556476.6768779754638671875000 HTTP/1.1" 200 0 "-" "WordPress/6.8.5; https://polikistikover.net"
20.106.150.36 - - [26/Mar/2026:23:21:02 +0300] "POST //xmlrpc.php HTTP/1.1" 200 410 "-" "Mozilla/5.0 (Windows NT 10.0; Win64; x64) AppleWebKit/537.36 (KHTML, like Gecko) Chrome/80.0.3987.149 Safari/537.36"
20.151.201.236 - - [26/Mar/2026:23:21:20 +0300] "GET /wp-content/plugins/hellopress/wp_filemanager.php HTTP/1.1" 404 796 "-" "-"
20.151.201.236 - - [26/Mar/2026:23:21:21 +0300] "GET /class.php HTTP/1.1" 404 796 "-" "-"
20.151.201.236 - - [26/Mar/2026:23:21:21 +0300] "GET /as.php HTTP/1.1" 404 796 "-" "-"
20.151.201.236 - - [26/Mar/2026:23:21:21 +0300] "GET /test1.php HTTP/1.1" 404 796 "-" "-"
20.151.201.236 - - [26/Mar/2026:23:21:22 +0300] "GET /admin.php?p= HTTP/1.1" 200 0 "-" "-"
20.151.201.236 - - [26/Mar/2026:23:21:22 +0300] "GET /aa.php HTTP/1.1" 404 796 "-" "-"
20.151.201.236 - - [26/Mar/2026:23:21:22 +0300] "GET /config.php HTTP/1.1" 404 796 "-" "-"
20.151.201.236 - - [26/Mar/2026:23:21:22 +0300] "GET /fw.php HTTP/1.1" 404 796 "-" "-"
20.151.201.236 - - [26/Mar/2026:23:21:23 +0300] "GET /post.php HTTP/1.1" 404 796 "-" "-"
20.151.201.236 - - [26/Mar/2026:23:21:23 +0300] "GET /fm.php HTTP/1.1" 404 796 "-" "-"
20.151.201.236 - - [26/Mar/2026:23:21:23 +0300] "GET /wp-content/plugins/seoplugins/index.php HTTP/1.1" 404 796 "-" "-"
20.151.201.236 - - [26/Mar/2026:23:21:24 +0300] "GET /ini.php HTTP/1.1" 404 796 "-" "-"
20.151.201.236 - - [26/Mar/2026:23:21:24 +0300] "GET /wp-admin/chosen.php HTTP/1.1" 404 796 "-" "-"
20.151.201.236 - - [26/Mar/2026:23:21:24 +0300] "GET /info.php HTTP/1.1" 200 83332 "-" "-"
102.64.155.177 - - [26/Mar/2026:23:21:25 +0300] "POST /xmlrpc.php HTTP/1.1" 200 412 "-" "Mozilla/5.0 (X11; Ubuntu; Linux x86_64; x86) AppleWebKit/537.36 (KHTML, like Gecko) Chrome/93.0.0.0 Safari/537.36"
20.151.201.236 - - [26/Mar/2026:23:21:26 +0300] "GET /themes.php HTTP/1.1" 404 796 "-" "-"
20.151.201.236 - - [26/Mar/2026:23:21:26 +0300] "GET /index/function.php HTTP/1.1" 404 796 "-" "-"
20.151.201.236 - - [26/Mar/2026:23:21:27 +0300] "GET /css.php HTTP/1.1" 404 796 "-" "-"
20.151.201.236 - - [26/Mar/2026:23:21:27 +0300] "GET /byp.php HTTP/1.1" 404 796 "-" "-"
20.151.201.236 - - [26/Mar/2026:23:21:27 +0300] "GET /wp-admin/install.php HTTP/1.1" 200 1321 "-" "-"
20.151.201.236 - - [26/Mar/2026:23:21:29 +0300] "GET /cgi-bin/1.php HTTP/1.1" 404 796 "-" "-"
20.151.201.236 - - [26/Mar/2026:23:21:29 +0300] "GET /cgi-bin/admin.php HTTP/1.1" 404 796 "-" "-"
20.151.201.236 - - [26/Mar/2026:23:21:29 +0300] "GET /wp-content/plugins/pwnd/gecko.php HTTP/1.1" 404 796 "-" "-"
20.151.201.236 - - [26/Mar/2026:23:21:30 +0300] "GET /wp-admin/network/lock.php HTTP/1.1" 404 796 "-" "-"
20.151.201.236 - - [26/Mar/2026:23:21:30 +0300] "GET /assets/item.php HTTP/1.1" 404 796 "-" "-"
20.151.201.236 - - [26/Mar/2026:23:21:30 +0300] "GET /cgi-bin/xmrlpc.php HTTP/1.1" 404 796 "-" "-"
20.151.201.236 - - [26/Mar/2026:23:21:30 +0300] "GET /assets/admin.php HTTP/1.1" 404 796 "-" "-"
20.151.201.236 - - [26/Mar/2026:23:21:31 +0300] "GET /cgi-bin/moon.php HTTP/1.1" 404 796 "-" "-"
20.151.201.236 - - [26/Mar/2026:23:21:31 +0300] "GET /radio.php HTTP/1.1" 404 796 "-" "-"
20.106.150.36 - - [26/Mar/2026:23:21:17 +0300] "POST //xmlrpc.php HTTP/1.1" 200 410 "-" "Mozilla/5.0 (Windows NT 10.0; Win64; x64) AppleWebKit/537.36 (KHTML, like Gecko) Chrome/80.0.3987.149 Safari/537.36"
20.151.201.236 - - [26/Mar/2026:23:21:31 +0300] "GET /user.php HTTP/1.1" 404 796 "-" "-"
20.151.201.236 - - [26/Mar/2026:23:21:32 +0300] "GET /about.php HTTP/1.1" 404 796 "-" "-"
20.151.201.236 - - [26/Mar/2026:23:21:32 +0300] "GET /filemanager.php HTTP/1.1" 404 796 "-" "-"
20.151.201.236 - - [26/Mar/2026:23:21:32 +0300] "GET /dropdown.php HTTP/1.1" 404 796 "-" "-"
20.151.201.236 - - [26/Mar/2026:23:21:33 +0300] "GET /wp-links.php HTTP/1.1" 404 796 "-" "-"
20.151.201.236 - - [26/Mar/2026:23:21:33 +0300] "GET /shell.php HTTP/1.1" 404 796 "-" "-"
20.151.201.236 - - [26/Mar/2026:23:21:33 +0300] "GET /ALFA_DATA/index.php HTTP/1.1" 404 796 "-" "-"
20.151.201.236 - - [26/Mar/2026:23:21:34 +0300] "GET /xmrlpc.php HTTP/1.1" 404 796 "-" "-"
20.151.201.236 - - [26/Mar/2026:23:21:34 +0300] "GET /htaccess.php HTTP/1.1" 404 796 "-" "-"
20.151.201.236 - - [26/Mar/2026:23:21:34 +0300] "GET /readme.php HTTP/1.1" 404 796 "-" "-"
20.151.201.236 - - [26/Mar/2026:23:21:35 +0300] "GET /as.php HTTP/1.1" 404 796 "-" "-"
20.151.201.236 - - [26/Mar/2026:23:21:35 +0300] "GET /403.php HTTP/1.1" 404 796 "-" "-"
20.151.201.236 - - [26/Mar/2026:23:21:35 +0300] "GET /max.php HTTP/1.1" 404 796 "-" "-"
20.151.201.236 - - [26/Mar/2026:23:21:36 +0300] "GET /m.php HTTP/1.1" 404 796 "-" "-"
20.151.201.236 - - [26/Mar/2026:23:21:36 +0300] "GET /post.php HTTP/1.1" 404 796 "-" "-"
20.151.201.236 - - [26/Mar/2026:23:21:36 +0300] "GET /themes.php HTTP/1.1" 404 796 "-" "-"
20.151.201.236 - - [26/Mar/2026:23:21:36 +0300] "GET /wp-admin/maint/about.php HTTP/1.1" 404 796 "-" "-"
20.151.201.236 - - [26/Mar/2026:23:21:37 +0300] "GET /wp-admin/network/wp-conflg.php?p= HTTP/1.1" 404 796 "-" "-"
20.151.201.236 - - [26/Mar/2026:23:21:37 +0300] "GET /click.php HTTP/1.1" 404 796 "-" "-"
20.151.201.236 - - [26/Mar/2026:23:21:37 +0300] "GET /install.php HTTP/1.1" 404 796 "-" "-"
20.151.201.236 - - [26/Mar/2026:23:21:38 +0300] "GET /lv.php HTTP/1.1" 404 796 "-" "-"
20.151.201.236 - - [26/Mar/2026:23:21:38 +0300] "GET /simple.php HTTP/1.1" 404 796 "-" "-"
20.151.201.236 - - [26/Mar/2026:23:21:38 +0300] "GET /13k.php HTTP/1.1" 404 796 "-" "-"
20.151.201.236 - - [26/Mar/2026:23:21:39 +0300] "GET /css.php HTTP/1.1" 404 796 "-" "-"
20.151.201.236 - - [26/Mar/2026:23:21:39 +0300] "GET /up.php?x= HTTP/1.1" 404 796 "-" "-"
20.151.201.236 - - [26/Mar/2026:23:21:39 +0300] "GET /0x1949.php HTTP/1.1" 404 796 "-" "-"
20.151.201.236 - - [26/Mar/2026:23:21:40 +0300] "GET /cong.php HTTP/1.1" 404 796 "-" "-"
20.151.201.236 - - [26/Mar/2026:23:21:40 +0300] "GET /fw.php HTTP/1.1" 404 796 "-" "-"
20.151.201.236 - - [26/Mar/2026:23:21:40 +0300] "GET /brand.php HTTP/1.1" 404 796 "-" "-"
20.151.201.236 - - [26/Mar/2026:23:21:41 +0300] "GET /goods.php HTTP/1.1" 404 796 "-" "-"
20.151.201.236 - - [26/Mar/2026:23:21:41 +0300] "GET /cong.php HTTP/1.1" 404 796 "-" "-"
20.151.201.236 - - [26/Mar/2026:23:21:41 +0300] "GET /atomlib.php HTTP/1.1" 404 796 "-" "-"
20.151.201.236 - - [26/Mar/2026:23:21:41 +0300] "GET /w.php HTTP/1.1" 404 796 "-" "-"
20.151.201.236 - - [26/Mar/2026:23:21:42 +0300] "GET /404.php?fm=true HTTP/1.1" 404 796 "-" "-"
20.151.201.236 - - [26/Mar/2026:23:21:42 +0300] "GET /0x.php HTTP/1.1" 404 796 "-" "-"
20.151.201.236 - - [26/Mar/2026:23:21:42 +0300] "GET /css.php HTTP/1.1" 404 796 "-" "-"
20.151.201.236 - - [26/Mar/2026:23:21:43 +0300] "GET /modules/mod_simplefileuploadv1.3/elements/filemanager.php?p= HTTP/1.1" 404 796 "-" "-"
20.151.201.236 - - [26/Mar/2026:23:21:43 +0300] "GET /wp-content/index.php HTTP/1.1" 200 0 "-" "-"
20.151.201.236 - - [26/Mar/2026:23:21:43 +0300] "GET /1.php HTTP/1.1" 404 796 "-" "-"
20.151.201.236 - - [26/Mar/2026:23:21:44 +0300] "GET /admin.php HTTP/1.1" 200 0 "-" "-"
20.151.201.236 - - [26/Mar/2026:23:21:44 +0300] "GET /wp-admin/maint/maint.php HTTP/1.1" 404 796 "-" "-"
20.151.201.236 - - [26/Mar/2026:23:21:44 +0300] "GET /classwithtostring.php HTTP/1.1" 404 796 "-" "-"
20.151.201.236 - - [26/Mar/2026:23:21:45 +0300] "GET /dropdown.php HTTP/1.1" 404 796 "-" "-"
20.151.201.236 - - [26/Mar/2026:23:21:45 +0300] "GET /moon.php HTTP/1.1" 404 796 "-" "-"
20.151.201.236 - - [26/Mar/2026:23:21:45 +0300] "GET /0x.php HTTP/1.1" 404 796 "-" "-"
20.151.201.236 - - [26/Mar/2026:23:21:46 +0300] "GET /moon.php?p= HTTP/1.1" 404 796 "-" "-"
20.151.201.236 - - [26/Mar/2026:23:21:46 +0300] "GET /autoload_classmap.php?p= HTTP/1.1" 404 796 "-" "-"
20.151.201.236 - - [26/Mar/2026:23:21:46 +0300] "GET /inputs.php HTTP/1.1" 404 796 "-" "-"
20.106.150.36 - - [26/Mar/2026:23:21:31 +0300] "POST //xmlrpc.php HTTP/1.1" 200 410 "-" "Mozilla/5.0 (Windows NT 10.0; Win64; x64) AppleWebKit/537.36 (KHTML, like Gecko) Chrome/80.0.3987.149 Safari/537.36"
20.151.201.236 - - [26/Mar/2026:23:21:46 +0300] "GET /default.php HTTP/1.1" 404 796 "-" "-"
20.151.201.236 - - [26/Mar/2026:23:21:47 +0300] "GET /fm.php?p= HTTP/1.1" 404 796 "-" "-"
20.151.201.236 - - [26/Mar/2026:23:21:47 +0300] "GET /fm.php?fm=true HTTP/1.1" 404 796 "-" "-"
20.151.201.236 - - [26/Mar/2026:23:21:47 +0300] "GET /about.php HTTP/1.1" 404 796 "-" "-"
20.151.201.236 - - [26/Mar/2026:23:21:48 +0300] "GET /file.php HTTP/1.1" 404 796 "-" "-"
20.151.201.236 - - [26/Mar/2026:23:21:48 +0300] "GET /alfa.php HTTP/1.1" 404 796 "-" "-"
20.151.201.236 - - [26/Mar/2026:23:21:48 +0300] "GET /buy.php HTTP/1.1" 404 796 "-" "-"
20.151.201.236 - - [26/Mar/2026:23:21:49 +0300] "GET /manager.php?p= HTTP/1.1" 404 796 "-" "-"
20.151.201.236 - - [26/Mar/2026:23:21:49 +0300] "GET /mail.php HTTP/1.1" 404 796 "-" "-"
20.151.201.236 - - [26/Mar/2026:23:21:49 +0300] "GET /wp-content/plugins/index.php HTTP/1.1" 200 0 "-" "-"
20.151.201.236 - - [26/Mar/2026:23:21:50 +0300] "GET /sx.php HTTP/1.1" 404 796 "-" "-"
