5.176.156.211 - - [26/Mar/2026:18:25:47 +0300] "GET /yeni/wp-content/uploads/2025/10/YouCut_20251012_184720160.mp4?_=1 HTTP/2" 206 0 "https://polikistikover.net/yeni/about-usour-practice/" "Mozilla/5.0 (Linux; arm_64; Android 15; REA-NX9) AppleWebKit/537.36 (KHTML, like Gecko) Chrome/144.0.7559.108 YaBrowser/26.3.2.108.00 Mobile Safari/537.36"
5.176.156.211 - - [26/Mar/2026:18:25:47 +0300] "GET /yeni/wp-includes/js/mediaelement/mejs-controls.svg HTTP/2" 200 1316 "https://polikistikover.net/yeni/wp-includes/js/mediaelement/mediaelementplayer-legacy.min.css?ver=4.2.17" "Mozilla/5.0 (Linux; arm_64; Android 15; REA-NX9) AppleWebKit/537.36 (KHTML, like Gecko) Chrome/144.0.7559.108 YaBrowser/26.3.2.108.00 Mobile Safari/537.36"
5.176.156.211 - - [26/Mar/2026:18:25:47 +0300] "GET /yeni/wp-content/uploads/elementor/thumbs/sp-icon7-rbng5shzq567twvmepcicw8ii43o6v8ef08ggmrdds.png HTTP/2" 200 3447 "https://polikistikover.net/yeni/about-usour-practice/" "Mozilla/5.0 (Linux; arm_64; Android 15; REA-NX9) AppleWebKit/537.36 (KHTML, like Gecko) Chrome/144.0.7559.108 YaBrowser/26.3.2.108.00 Mobile Safari/537.36"
5.176.156.211 - - [26/Mar/2026:18:25:47 +0300] "GET /yeni/wp-content/uploads/2025/10/YouCut_20251012_184720160.mp4?_=1 HTTP/2" 206 19672 "https://polikistikover.net/yeni/about-usour-practice/" "Mozilla/5.0 (Linux; arm_64; Android 15; REA-NX9) AppleWebKit/537.36 (KHTML, like Gecko) Chrome/144.0.7559.108 YaBrowser/26.3.2.108.00 Mobile Safari/537.36"
5.176.156.211 - - [26/Mar/2026:18:25:48 +0300] "GET /yeni/wp-content/uploads/2025/10/YouCut_20251012_184720160.mp4?_=1 HTTP/2" 206 2832875 "https://polikistikover.net/yeni/about-usour-practice/" "Mozilla/5.0 (Linux; arm_64; Android 15; REA-NX9) AppleWebKit/537.36 (KHTML, like Gecko) Chrome/144.0.7559.108 YaBrowser/26.3.2.108.00 Mobile Safari/537.36"
89.252.162.138 - - [26/Mar/2026:18:26:01 +0300] "POST /wp-cron.php?doing_wp_cron=1774538761.5228090286254882812500 HTTP/1.1" 200 0 "-" "WordPress/6.8.5; https://polikistikover.net"
5.176.156.211 - - [26/Mar/2026:18:26:05 +0300] "GET /yeni/services/ HTTP/2" 200 0 "https://polikistikover.net/yeni/about-usour-practice/" "Mozilla/5.0 (Linux; arm_64; Android 15; REA-NX9) AppleWebKit/537.36 (KHTML, like Gecko) Chrome/144.0.7559.108 YaBrowser/26.3.2.108.00 Mobile Safari/537.36"
5.176.156.211 - - [26/Mar/2026:18:26:06 +0300] "GET /yeni/services/ HTTP/2" 200 15814 "https://polikistikover.net/yeni/about-usour-practice/" "Mozilla/5.0 (Linux; arm_64; Android 15; REA-NX9) AppleWebKit/537.36 (KHTML, like Gecko) Chrome/144.0.7559.108 YaBrowser/26.3.2.108.00 Mobile Safari/537.36"
5.176.156.211 - - [26/Mar/2026:18:26:07 +0300] "GET /yeni/wp-content/uploads/elementor/thumbs/img-4-rbng6bb0hls3qmklg4n9apdof1bt04yq1zumivwnr4.jpg HTTP/2" 200 78681 "https://polikistikover.net/yeni/services/" "Mozilla/5.0 (Linux; arm_64; Android 15; REA-NX9) AppleWebKit/537.36 (KHTML, like Gecko) Chrome/144.0.7559.108 YaBrowser/26.3.2.108.00 Mobile Safari/537.36"
5.176.156.211 - - [26/Mar/2026:18:26:07 +0300] "GET /yeni/wp-content/uploads/2023/10/img-11.jpg HTTP/2" 200 138313 "https://polikistikover.net/yeni/services/" "Mozilla/5.0 (Linux; arm_64; Android 15; REA-NX9) AppleWebKit/537.36 (KHTML, like Gecko) Chrome/144.0.7559.108 YaBrowser/26.3.2.108.00 Mobile Safari/537.36"
5.176.156.211 - - [26/Mar/2026:18:26:07 +0300] "GET /yeni/wp-content/uploads/2023/10/img-6.jpg HTTP/2" 200 119731 "https://polikistikover.net/yeni/services/" "Mozilla/5.0 (Linux; arm_64; Android 15; REA-NX9) AppleWebKit/537.36 (KHTML, like Gecko) Chrome/144.0.7559.108 YaBrowser/26.3.2.108.00 Mobile Safari/537.36"
5.176.156.211 - - [26/Mar/2026:18:26:07 +0300] "GET /yeni/wp-content/fonts/inria-serif/fC1lPYxPY3rXxEndZJAzN3Srdy0.woff2 HTTP/2" 200 23256 "https://polikistikover.net/yeni/services/" "Mozilla/5.0 (Linux; arm_64; Android 15; REA-NX9) AppleWebKit/537.36 (KHTML, like Gecko) Chrome/144.0.7559.108 YaBrowser/26.3.2.108.00 Mobile Safari/537.36"
5.176.156.211 - - [26/Mar/2026:18:26:07 +0300] "GET /yeni/wp-content/fonts/inria-serif/fC1lPYxPY3rXxEndZJAzN3Sldy39rw.woff2 HTTP/2" 200 11624 "https://polikistikover.net/yeni/services/" "Mozilla/5.0 (Linux; arm_64; Android 15; REA-NX9) AppleWebKit/537.36 (KHTML, like Gecko) Chrome/144.0.7559.108 YaBrowser/26.3.2.108.00 Mobile Safari/537.36"
5.176.156.211 - - [26/Mar/2026:18:26:08 +0300] "GET /yeni/dogum-kontrol-hapi-kullanimi-ve-polikistik-over-sendromu/ HTTP/2" 200 15287 "https://polikistikover.net/yeni/services/" "Mozilla/5.0 (Linux; arm_64; Android 15; REA-NX9) AppleWebKit/537.36 (KHTML, like Gecko) Chrome/144.0.7559.108 YaBrowser/26.3.2.108.00 Mobile Safari/537.36"
5.176.156.211 - - [26/Mar/2026:18:26:10 +0300] "GET /yeni/testimonials/ HTTP/2" 200 0 "https://polikistikover.net/yeni/services/" "Mozilla/5.0 (Linux; arm_64; Android 15; REA-NX9) AppleWebKit/537.36 (KHTML, like Gecko) Chrome/144.0.7559.108 YaBrowser/26.3.2.108.00 Mobile Safari/537.36"
5.176.156.211 - - [26/Mar/2026:18:26:11 +0300] "GET /yeni/testimonials/ HTTP/2" 200 13910 "https://polikistikover.net/yeni/services/" "Mozilla/5.0 (Linux; arm_64; Android 15; REA-NX9) AppleWebKit/537.36 (KHTML, like Gecko) Chrome/144.0.7559.108 YaBrowser/26.3.2.108.00 Mobile Safari/537.36"
5.176.156.211 - - [26/Mar/2026:18:26:12 +0300] "GET /yeni/wp-content/uploads/2025/09/Ekran-goruntusu-2025-09-14-171446.png HTTP/2" 200 49854 "https://polikistikover.net/yeni/testimonials/" "Mozilla/5.0 (Linux; arm_64; Android 15; REA-NX9) AppleWebKit/537.36 (KHTML, like Gecko) Chrome/144.0.7559.108 YaBrowser/26.3.2.108.00 Mobile Safari/537.36"
89.252.162.138 - - [26/Mar/2026:18:26:19 +0300] "POST /wp-cron.php?doing_wp_cron=1774538779.4930949211120605468750 HTTP/1.1" 200 0 "-" "WordPress/6.8.5; https://polikistikover.net"
5.176.156.211 - - [26/Mar/2026:18:26:28 +0300] "GET /yeni/testimonials HTTP/1.1" 301 0 "-" "WhatsApp/2.23.20.0"
5.176.156.211 - - [26/Mar/2026:18:26:29 +0300] "GET /yeni/testimonials/ HTTP/1.1" 200 16021 "-" "WhatsApp/2.23.20.0"
5.176.156.211 - - [26/Mar/2026:18:26:30 +0300] "GET /favicon.ico HTTP/1.1" 404 796 "-" "WhatsApp/2.23.20.0"
54.87.243.141 - - [26/Mar/2026:18:25:17 +0300] "POST //xmlrpc.php HTTP/1.1" 200 410 "-" "Mozilla/5.0 (Windows NT 10.0; Win64; x64) AppleWebKit/537.36 (KHTML, like Gecko) Chrome/80.0.3987.149 Safari/537.36"
54.87.243.141 - - [26/Mar/2026:18:25:32 +0300] "POST //xmlrpc.php HTTP/1.1" 200 410 "-" "Mozilla/5.0 (Windows NT 10.0; Win64; x64) AppleWebKit/537.36 (KHTML, like Gecko) Chrome/80.0.3987.149 Safari/537.36"
89.252.162.138 - - [26/Mar/2026:18:26:02 +0300] "POST /wp-admin/admin-ajax.php?action=async_litespeed&nonce=Y1lbPDyalHK0uma6FNKBejQ3MSjievwA&litespeed_type=imgoptm HTTP/1.1" 200 5 "-" "WordPress/6.8.5; https://polikistikover.net"
54.87.243.141 - - [26/Mar/2026:18:26:01 +0300] "POST //xmlrpc.php HTTP/1.1" 200 410 "-" "Mozilla/5.0 (Windows NT 10.0; Win64; x64) AppleWebKit/537.36 (KHTML, like Gecko) Chrome/80.0.3987.149 Safari/537.36"
89.252.162.138 - - [26/Mar/2026:18:26:55 +0300] "POST /wp-cron.php?doing_wp_cron=1774538815.2588989734649658203125 HTTP/1.1" 200 0 "-" "WordPress/6.8.5; https://polikistikover.net"
54.87.243.141 - - [26/Mar/2026:18:26:19 +0300] "POST //xmlrpc.php HTTP/1.1" 200 410 "-" "Mozilla/5.0 (Windows NT 10.0; Win64; x64) AppleWebKit/537.36 (KHTML, like Gecko) Chrome/80.0.3987.149 Safari/537.36"
89.252.162.138 - - [26/Mar/2026:18:26:56 +0300] "POST /wp-admin/admin-ajax.php?action=async_litespeed&nonce=TL9dfrG0CgdAPGaxrq1HgsyKmVIl0wHS&litespeed_type=imgoptm HTTP/1.1" 200 5 "-" "WordPress/6.8.5; https://polikistikover.net"
89.252.162.138 - - [26/Mar/2026:18:27:16 +0300] "POST /wp-cron.php?doing_wp_cron=1774538836.7847170829772949218750 HTTP/1.1" 200 0 "-" "WordPress/6.8.5; https://polikistikover.net"
54.87.243.141 - - [26/Mar/2026:18:26:55 +0300] "POST //xmlrpc.php HTTP/1.1" 200 410 "-" "Mozilla/5.0 (Windows NT 10.0; Win64; x64) AppleWebKit/537.36 (KHTML, like Gecko) Chrome/80.0.3987.149 Safari/537.36"
173.252.95.115 - - [26/Mar/2026:18:27:25 +0300] "GET /meta.json?p=3869 HTTP/2" 404 796 "-" "facebookexternalhit/1.1 (+http://www.facebook.com/externalhit_uatext.php)"
54.87.243.141 - - [26/Mar/2026:18:27:17 +0300] "POST //xmlrpc.php HTTP/1.1" 200 410 "-" "Mozilla/5.0 (Windows NT 10.0; Win64; x64) AppleWebKit/537.36 (KHTML, like Gecko) Chrome/80.0.3987.149 Safari/537.36"
54.87.243.141 - - [26/Mar/2026:18:27:32 +0300] "POST //xmlrpc.php HTTP/1.1" 200 410 "-" "Mozilla/5.0 (Windows NT 10.0; Win64; x64) AppleWebKit/537.36 (KHTML, like Gecko) Chrome/80.0.3987.149 Safari/537.36"
89.252.162.138 - - [26/Mar/2026:18:28:17 +0300] "POST /wp-cron.php?doing_wp_cron=1774538897.0263319015502929687500 HTTP/1.1" 200 0 "-" "WordPress/6.8.5; https://polikistikover.net"
54.87.243.141 - - [26/Mar/2026:18:28:01 +0300] "POST //xmlrpc.php HTTP/1.1" 200 410 "-" "Mozilla/5.0 (Windows NT 10.0; Win64; x64) AppleWebKit/537.36 (KHTML, like Gecko) Chrome/80.0.3987.149 Safari/537.36"
54.87.243.141 - - [26/Mar/2026:18:28:17 +0300] "POST //xmlrpc.php HTTP/1.1" 200 410 "-" "Mozilla/5.0 (Windows NT 10.0; Win64; x64) AppleWebKit/537.36 (KHTML, like Gecko) Chrome/80.0.3987.149 Safari/537.36"
114.119.134.3 - - [26/Mar/2026:18:29:12 +0300] "GET /zquzbk/how-to-put-a-vertical-divider-line-in-word HTTP/1.1" 404 796 "https://polikistikover.net/zquzbk/game-bags-for-sale-near-paris" "Mozilla/5.0 (Linux; Android 7.0;) AppleWebKit/537.36 (KHTML, like Gecko) Mobile Safari/537.36 (compatible; PetalBot;+https://webmaster.petalsearch.com/site/petalbot)"
195.2.71.225 - - [26/Mar/2026:18:28:56 +0300] "GET /yeni/ HTTP/1.0" 200 126330 "https://polikistikover.net/yeni/" "Mozilla/5.0 (Windows NT 10.0; Win64; x64) AppleWebKit/537.36 (KHTML, like Gecko) Chrome/131.0.0.0 Safari/537.36 Avast/131.0.0.0"
54.87.243.141 - - [26/Mar/2026:18:28:46 +0300] "POST //xmlrpc.php HTTP/1.1" 200 410 "-" "Mozilla/5.0 (Windows NT 10.0; Win64; x64) AppleWebKit/537.36 (KHTML, like Gecko) Chrome/80.0.3987.149 Safari/537.36"
89.252.162.138 - - [26/Mar/2026:18:29:18 +0300] "POST /wp-admin/admin-ajax.php?action=async_litespeed&nonce=Do3XYW5nGdxFNNW2giZOUaTlv6QT0hZO&litespeed_type=imgoptm HTTP/1.1" 200 5 "-" "WordPress/6.8.5; https://polikistikover.net"
114.119.156.131 - - [26/Mar/2026:18:27:33 +0300] "GET /zquzbk/lewis-hamilton-barcelona HTTP/1.1" 404 796 "-" "Mozilla/5.0 (Linux; Android 7.0;) AppleWebKit/537.36 (KHTML, like Gecko) Mobile Safari/537.36 (compatible; PetalBot;+https://webmaster.petalsearch.com/site/petalbot)"
89.252.162.138 - - [26/Mar/2026:18:28:01 +0300] "POST /wp-cron.php?doing_wp_cron=1774538881.3094210624694824218750 HTTP/1.1" 200 0 "-" "WordPress/6.8.5; https://polikistikover.net"
89.252.162.138 - - [26/Mar/2026:18:28:02 +0300] "POST /wp-admin/admin-ajax.php?action=async_litespeed&nonce=yRFVp2DNoS9Mk4fxPKOcQPlLDJy9ctIY&litespeed_type=imgoptm HTTP/1.1" 200 5 "-" "WordPress/6.8.5; https://polikistikover.net"
195.2.71.225 - - [26/Mar/2026:18:28:56 +0300] "GET / HTTP/1.0" 200 76 "https://polikistikover.net/" "Mozilla/5.0 (Windows NT 10.0; Win64; x64) AppleWebKit/537.36 (KHTML, like Gecko) Chrome/131.0.0.0 Safari/537.36 Avast/131.0.0.0"
173.252.107.28 - - [26/Mar/2026:18:29:05 +0300] "GET / HTTP/2" 200 76 "-" "facebookexternalhit/1.1 (+http://www.facebook.com/externalhit_uatext.php)"
69.63.189.51 - - [26/Mar/2026:18:29:09 +0300] "GET / HTTP/2" 200 76 "-" "facebookexternalhit/1.1 (+http://www.facebook.com/externalhit_uatext.php)"
89.252.162.138 - - [26/Mar/2026:18:29:15 +0300] "POST /yeni/wp-cron.php?doing_wp_cron=1774538955.0956048965454101562500 HTTP/1.1" 200 0 "-" "WordPress/6.9.4; https://polikistikover.net/yeni"
89.252.162.138 - - [26/Mar/2026:18:29:17 +0300] "POST /wp-cron.php?doing_wp_cron=1774538957.2887570858001708984375 HTTP/1.1" 200 0 "-" "WordPress/6.8.5; https://polikistikover.net"
195.2.71.225 - - [26/Mar/2026:18:29:15 +0300] "GET /yeni/contact-us/ HTTP/1.0" 200 72395 "https://polikistikover.net/yeni/contact-us/" "Mozilla/5.0 (Windows NT 10.0; Win64; x64) AppleWebKit/537.36 (KHTML, like Gecko) Chrome/131.0.0.0 Safari/537.36 Avast/131.0.0.0"
69.171.234.114 - - [26/Mar/2026:18:29:30 +0300] "GET /meta.json?p=863 HTTP/2" 404 796 "-" "facebookexternalhit/1.1 (+http://www.facebook.com/externalhit_uatext.php)"
89.252.162.138 - - [26/Mar/2026:18:29:47 +0300] "POST /wp-cron.php?doing_wp_cron=1774538987.0290169715881347656250 HTTP/1.1" 200 0 "-" "WordPress/6.8.5; https://polikistikover.net"
89.252.162.138 - - [26/Mar/2026:18:29:48 +0300] "POST /wp-admin/admin-ajax.php?action=async_litespeed&nonce=XFeSk8Te7w1ZSzpvktkQfEoNnRtqCrTF&litespeed_type=imgoptm HTTP/1.1" 200 5 "-" "WordPress/6.8.5; https://polikistikover.net"
89.252.162.138 - - [26/Mar/2026:18:30:16 +0300] "POST /wp-cron.php?doing_wp_cron=1774539016.5379679203033447265625 HTTP/1.1" 200 0 "-" "WordPress/6.8.5; https://polikistikover.net"
114.119.156.131 - - [26/Mar/2026:18:30:35 +0300] "GET /irvns/jurassic-world-toys-:-target HTTP/1.1" 404 796 "-" "Mozilla/5.0 (Linux; Android 7.0;) AppleWebKit/537.36 (KHTML, like Gecko) Mobile Safari/537.36 (compatible; PetalBot;+https://webmaster.petalsearch.com/site/petalbot)"
114.119.152.139 - - [26/Mar/2026:18:31:06 +0300] "GET /fgejhqde/workday-education-jobs HTTP/1.1" 404 796 "-" "Mozilla/5.0 (Linux; Android 7.0;) AppleWebKit/537.36 (KHTML, like Gecko) Mobile Safari/537.36 (compatible; PetalBot;+https://webmaster.petalsearch.com/site/petalbot)"
89.252.162.138 - - [26/Mar/2026:18:31:17 +0300] "POST /wp-cron.php?doing_wp_cron=1774539077.3145298957824707031250 HTTP/1.1" 200 0 "-" "WordPress/6.8.5; https://polikistikover.net"
31.13.115.114 - - [26/Mar/2026:18:32:41 +0300] "GET /meta.json?p=1539 HTTP/2" 404 796 "-" "facebookexternalhit/1.1 (+http://www.facebook.com/externalhit_uatext.php)"
89.252.162.138 - - [26/Mar/2026:18:32:47 +0300] "POST /wp-cron.php?doing_wp_cron=1774539167.2847259044647216796875 HTTP/1.1" 200 0 "-" "WordPress/6.8.5; https://polikistikover.net"
89.252.162.138 - - [26/Mar/2026:18:32:48 +0300] "POST /wp-admin/admin-ajax.php?action=async_litespeed&nonce=NlGMgclyW2z8wRX0ZIuupLOYL9koQzCT&litespeed_type=imgoptm HTTP/1.1" 200 5 "-" "WordPress/6.8.5; https://polikistikover.net"
54.87.243.141 - - [26/Mar/2026:18:29:17 +0300] "POST //xmlrpc.php HTTP/1.1" 200 410 "-" "Mozilla/5.0 (Windows NT 10.0; Win64; x64) AppleWebKit/537.36 (KHTML, like Gecko) Chrome/80.0.3987.149 Safari/537.36"
54.87.243.141 - - [26/Mar/2026:18:29:47 +0300] "POST //xmlrpc.php HTTP/1.1" 200 410 "-" "Mozilla/5.0 (Windows NT 10.0; Win64; x64) AppleWebKit/537.36 (KHTML, like Gecko) Chrome/80.0.3987.149 Safari/537.36"
54.87.243.141 - - [26/Mar/2026:18:30:16 +0300] "POST //xmlrpc.php HTTP/1.1" 200 410 "-" "Mozilla/5.0 (Windows NT 10.0; Win64; x64) AppleWebKit/537.36 (KHTML, like Gecko) Chrome/80.0.3987.149 Safari/537.36"
173.252.70.32 - - [26/Mar/2026:18:31:16 +0300] "GET /meta.json?p=1539 HTTP/2" 404 796 "-" "facebookexternalhit/1.1 (+http://www.facebook.com/externalhit_uatext.php)"
54.87.243.141 - - [26/Mar/2026:18:30:46 +0300] "POST //xmlrpc.php HTTP/1.1" 200 410 "-" "Mozilla/5.0 (Windows NT 10.0; Win64; x64) AppleWebKit/537.36 (KHTML, like Gecko) Chrome/80.0.3987.149 Safari/537.36"
89.252.162.138 - - [26/Mar/2026:18:31:18 +0300] "POST /wp-admin/admin-ajax.php?action=async_litespeed&nonce=owBIpKp0EvNgNXfHEqFHFeFIkitkTvUD&litespeed_type=imgoptm HTTP/1.1" 200 5 "-" "WordPress/6.8.5; https://polikistikover.net"
54.87.243.141 - - [26/Mar/2026:18:31:17 +0300] "POST //xmlrpc.php HTTP/1.1" 200 410 "-" "Mozilla/5.0 (Windows NT 10.0; Win64; x64) AppleWebKit/537.36 (KHTML, like Gecko) Chrome/80.0.3987.149 Safari/537.36"
89.252.162.138 - - [26/Mar/2026:18:32:16 +0300] "POST /wp-cron.php?doing_wp_cron=1774539136.8013288974761962890625 HTTP/1.1" 200 0 "-" "WordPress/6.8.5; https://polikistikover.net"
54.87.243.141 - - [26/Mar/2026:18:31:46 +0300] "POST //xmlrpc.php HTTP/1.1" 200 410 "-" "Mozilla/5.0 (Windows NT 10.0; Win64; x64) AppleWebKit/537.36 (KHTML, like Gecko) Chrome/80.0.3987.149 Safari/537.36"
89.252.162.138 - - [26/Mar/2026:18:32:17 +0300] "POST /wp-admin/admin-ajax.php?action=async_litespeed&nonce=LyapqrwJ06I8DkNvghXgm7RiHlTHQetf&litespeed_type=imgoptm HTTP/1.1" 200 5 "-" "WordPress/6.8.5; https://polikistikover.net"
69.171.230.116 - - [26/Mar/2026:18:32:20 +0300] "GET / HTTP/2" 200 76 "-" "facebookexternalhit/1.1 (+http://www.facebook.com/externalhit_uatext.php)"
123.20.246.110 - - [26/Mar/2026:18:32:21 +0300] "GET /dogum-kontrol-hapi-kullanimi-ve-polikistik-over-sendromu-3/ HTTP/1.1" 404 796 "-" "Mozilla/5.0 (compatible; MSIE 9.0; Windows NT 4.0; Trident/4.1)"
114.119.152.139 - - [26/Mar/2026:18:32:28 +0300] "GET /polikistik-over-nedir HTTP/2" 404 796 "-" "Mozilla/5.0 (Linux; Android 7.0;) AppleWebKit/537.36 (HTML, like Gecko) Mobile Safari/537.36 (compatible; PetalBot;+https://webmaster.petalsearch.com/site/petalbot)"
54.87.243.141 - - [26/Mar/2026:18:32:17 +0300] "POST //xmlrpc.php HTTP/1.1" 200 410 "-" "Mozilla/5.0 (Windows NT 10.0; Win64; x64) AppleWebKit/537.36 (KHTML, like Gecko) Chrome/80.0.3987.149 Safari/537.36"
31.13.115.26 - - [26/Mar/2026:18:33:03 +0300] "GET /meta.json HTTP/2" 404 796 "-" "facebookexternalhit/1.1 (+http://www.facebook.com/externalhit_uatext.php)"
89.252.162.138 - - [26/Mar/2026:18:33:16 +0300] "POST /wp-cron.php?doing_wp_cron=1774539196.4443550109863281250000 HTTP/1.1" 200 0 "-" "WordPress/6.8.5; https://polikistikover.net"
54.87.243.141 - - [26/Mar/2026:18:32:47 +0300] "POST //xmlrpc.php HTTP/1.1" 200 410 "-" "Mozilla/5.0 (Windows NT 10.0; Win64; x64) AppleWebKit/537.36 (KHTML, like Gecko) Chrome/80.0.3987.149 Safari/537.36"
31.13.127.30 - - [26/Mar/2026:18:33:22 +0300] "GET /meta.json?p=1539 HTTP/2" 404 796 "-" "facebookexternalhit/1.1 (+http://www.facebook.com/externalhit_uatext.php)"
54.87.243.141 - - [26/Mar/2026:18:33:16 +0300] "POST //xmlrpc.php HTTP/1.1" 200 410 "-" "Mozilla/5.0 (Windows NT 10.0; Win64; x64) AppleWebKit/537.36 (KHTML, like Gecko) Chrome/80.0.3987.149 Safari/537.36"
54.87.243.141 - - [26/Mar/2026:18:33:46 +0300] "POST //xmlrpc.php HTTP/1.1" 200 410 "-" "Mozilla/5.0 (Windows NT 10.0; Win64; x64) AppleWebKit/537.36 (KHTML, like Gecko) Chrome/80.0.3987.149 Safari/537.36"
31.13.103.3 - - [26/Mar/2026:18:34:36 +0300] "GET /meta.json?p=806 HTTP/2" 404 796 "-" "facebookexternalhit/1.1 (+http://www.facebook.com/externalhit_uatext.php)"
54.87.243.141 - - [26/Mar/2026:18:34:17 +0300] "POST //xmlrpc.php HTTP/1.1" 200 410 "-" "Mozilla/5.0 (Windows NT 10.0; Win64; x64) AppleWebKit/537.36 (KHTML, like Gecko) Chrome/80.0.3987.149 Safari/537.36"
114.119.154.253 - - [26/Mar/2026:18:34:51 +0300] "GET /jlwcrqw/mysql-explain-type-range HTTP/1.1" 404 796 "-" "Mozilla/5.0 (Linux; Android 7.0;) AppleWebKit/537.36 (KHTML, like Gecko) Mobile Safari/537.36 (compatible; PetalBot;+https://webmaster.petalsearch.com/site/petalbot)"
69.171.249.1 - - [26/Mar/2026:18:35:03 +0300] "GET / HTTP/2" 200 76 "-" "facebookexternalhit/1.1 (+http://www.facebook.com/externalhit_uatext.php)"
54.87.243.141 - - [26/Mar/2026:18:34:46 +0300] "POST //xmlrpc.php HTTP/1.1" 200 410 "-" "Mozilla/5.0 (Windows NT 10.0; Win64; x64) AppleWebKit/537.36 (KHTML, like Gecko) Chrome/80.0.3987.149 Safari/537.36"
114.119.139.86 - - [26/Mar/2026:18:35:33 +0300] "GET /jlwcrqw/ankle-orif-rehab-exercises HTTP/1.1" 404 796 "https://polikistikover.net/jlwcrqw/cake-topper-happy-birthday-printable" "Mozilla/5.0 (Linux; Android 7.0;) AppleWebKit/537.36 (KHTML, like Gecko) Mobile Safari/537.36 (compatible; PetalBot;+https://webmaster.petalsearch.com/site/petalbot)"
54.87.243.141 - - [26/Mar/2026:18:35:16 +0300] "POST //xmlrpc.php HTTP/1.1" 200 410 "-" "Mozilla/5.0 (Windows NT 10.0; Win64; x64) AppleWebKit/537.36 (KHTML, like Gecko) Chrome/80.0.3987.149 Safari/537.36"
54.87.243.141 - - [26/Mar/2026:18:35:47 +0300] "POST //xmlrpc.php HTTP/1.1" 200 410 "-" "Mozilla/5.0 (Windows NT 10.0; Win64; x64) AppleWebKit/537.36 (KHTML, like Gecko) Chrome/80.0.3987.149 Safari/537.36"
54.87.243.141 - - [26/Mar/2026:18:36:17 +0300] "POST //xmlrpc.php HTTP/1.1" 200 410 "-" "Mozilla/5.0 (Windows NT 10.0; Win64; x64) AppleWebKit/537.36 (KHTML, like Gecko) Chrome/80.0.3987.149 Safari/537.36"
54.87.243.141 - - [26/Mar/2026:18:36:32 +0300] "POST //xmlrpc.php HTTP/1.1" 200 410 "-" "Mozilla/5.0 (Windows NT 10.0; Win64; x64) AppleWebKit/537.36 (KHTML, like Gecko) Chrome/80.0.3987.149 Safari/537.36"
54.87.243.141 - - [26/Mar/2026:18:36:46 +0300] "POST //xmlrpc.php HTTP/1.1" 200 410 "-" "Mozilla/5.0 (Windows NT 10.0; Win64; x64) AppleWebKit/537.36 (KHTML, like Gecko) Chrome/80.0.3987.149 Safari/537.36"
54.87.243.141 - - [26/Mar/2026:18:37:01 +0300] "POST //xmlrpc.php HTTP/1.1" 200 410 "-" "Mozilla/5.0 (Windows NT 10.0; Win64; x64) AppleWebKit/537.36 (KHTML, like Gecko) Chrome/80.0.3987.149 Safari/537.36"
54.87.243.141 - - [26/Mar/2026:18:37:17 +0300] "POST //xmlrpc.php HTTP/1.1" 200 410 "-" "Mozilla/5.0 (Windows NT 10.0; Win64; x64) AppleWebKit/537.36 (KHTML, like Gecko) Chrome/80.0.3987.149 Safari/537.36"
54.87.243.141 - - [26/Mar/2026:18:37:31 +0300] "POST //xmlrpc.php HTTP/1.1" 200 410 "-" "Mozilla/5.0 (Windows NT 10.0; Win64; x64) AppleWebKit/537.36 (KHTML, like Gecko) Chrome/80.0.3987.149 Safari/537.36"
54.87.243.141 - - [26/Mar/2026:18:37:46 +0300] "POST //xmlrpc.php HTTP/1.1" 200 410 "-" "Mozilla/5.0 (Windows NT 10.0; Win64; x64) AppleWebKit/537.36 (KHTML, like Gecko) Chrome/80.0.3987.149 Safari/537.36"
54.87.243.141 - - [26/Mar/2026:18:38:02 +0300] "POST //xmlrpc.php HTTP/1.1" 200 410 "-" "Mozilla/5.0 (Windows NT 10.0; Win64; x64) AppleWebKit/537.36 (KHTML, like Gecko) Chrome/80.0.3987.149 Safari/537.36"
54.87.243.141 - - [26/Mar/2026:18:38:16 +0300] "POST //xmlrpc.php HTTP/1.1" 200 410 "-" "Mozilla/5.0 (Windows NT 10.0; Win64; x64) AppleWebKit/537.36 (KHTML, like Gecko) Chrome/80.0.3987.149 Safari/537.36"
54.87.243.141 - - [26/Mar/2026:18:38:31 +0300] "POST //xmlrpc.php HTTP/1.1" 200 410 "-" "Mozilla/5.0 (Windows NT 10.0; Win64; x64) AppleWebKit/537.36 (KHTML, like Gecko) Chrome/80.0.3987.149 Safari/537.36"
54.87.243.141 - - [26/Mar/2026:18:38:47 +0300] "POST //xmlrpc.php HTTP/1.1" 200 410 "-" "Mozilla/5.0 (Windows NT 10.0; Win64; x64) AppleWebKit/537.36 (KHTML, like Gecko) Chrome/80.0.3987.149 Safari/537.36"
54.87.243.141 - - [26/Mar/2026:18:39:01 +0300] "POST //xmlrpc.php HTTP/1.1" 200 410 "-" "Mozilla/5.0 (Windows NT 10.0; Win64; x64) AppleWebKit/537.36 (KHTML, like Gecko) Chrome/80.0.3987.149 Safari/537.36"
54.87.243.141 - - [26/Mar/2026:18:39:06 +0300] "POST //xmlrpc.php HTTP/1.1" 200 410 "-" "Mozilla/5.0 (Windows NT 10.0; Win64; x64) AppleWebKit/537.36 (KHTML, like Gecko) Chrome/80.0.3987.149 Safari/537.36"
54.87.243.141 - - [26/Mar/2026:18:39:17 +0300] "POST //xmlrpc.php HTTP/1.1" 200 410 "-" "Mozilla/5.0 (Windows NT 10.0; Win64; x64) AppleWebKit/537.36 (KHTML, like Gecko) Chrome/80.0.3987.149 Safari/537.36"
54.87.243.141 - - [26/Mar/2026:18:39:31 +0300] "POST //xmlrpc.php HTTP/1.1" 200 410 "-" "Mozilla/5.0 (Windows NT 10.0; Win64; x64) AppleWebKit/537.36 (KHTML, like Gecko) Chrome/80.0.3987.149 Safari/537.36"
54.87.243.141 - - [26/Mar/2026:18:39:46 +0300] "POST //xmlrpc.php HTTP/1.1" 200 410 "-" "Mozilla/5.0 (Windows NT 10.0; Win64; x64) AppleWebKit/537.36 (KHTML, like Gecko) Chrome/80.0.3987.149 Safari/537.36"
54.87.243.141 - - [26/Mar/2026:18:39:51 +0300] "POST //xmlrpc.php HTTP/1.1" 200 410 "-" "Mozilla/5.0 (Windows NT 10.0; Win64; x64) AppleWebKit/537.36 (KHTML, like Gecko) Chrome/80.0.3987.149 Safari/537.36"
54.87.243.141 - - [26/Mar/2026:18:40:01 +0300] "POST //xmlrpc.php HTTP/1.1" 200 410 "-" "Mozilla/5.0 (Windows NT 10.0; Win64; x64) AppleWebKit/537.36 (KHTML, like Gecko) Chrome/80.0.3987.149 Safari/537.36"
54.87.243.141 - - [26/Mar/2026:18:40:17 +0300] "POST //xmlrpc.php HTTP/1.1" 200 410 "-" "Mozilla/5.0 (Windows NT 10.0; Win64; x64) AppleWebKit/537.36 (KHTML, like Gecko) Chrome/80.0.3987.149 Safari/537.36"
54.87.243.141 - - [26/Mar/2026:18:40:22 +0300] "POST //xmlrpc.php HTTP/1.1" 200 410 "-" "Mozilla/5.0 (Windows NT 10.0; Win64; x64) AppleWebKit/537.36 (KHTML, like Gecko) Chrome/80.0.3987.149 Safari/537.36"
54.87.243.141 - - [26/Mar/2026:18:40:32 +0300] "POST //xmlrpc.php HTTP/1.1" 200 410 "-" "Mozilla/5.0 (Windows NT 10.0; Win64; x64) AppleWebKit/537.36 (KHTML, like Gecko) Chrome/80.0.3987.149 Safari/537.36"
54.87.243.141 - - [26/Mar/2026:18:40:46 +0300] "POST //xmlrpc.php HTTP/1.1" 200 410 "-" "Mozilla/5.0 (Windows NT 10.0; Win64; x64) AppleWebKit/537.36 (KHTML, like Gecko) Chrome/80.0.3987.149 Safari/537.36"
54.87.243.141 - - [26/Mar/2026:18:41:02 +0300] "POST //xmlrpc.php HTTP/1.1" 200 410 "-" "Mozilla/5.0 (Windows NT 10.0; Win64; x64) AppleWebKit/537.36 (KHTML, like Gecko) Chrome/80.0.3987.149 Safari/537.36"
89.252.162.138 - - [26/Mar/2026:18:34:17 +0300] "POST /wp-cron.php?doing_wp_cron=1774539257.0278460979461669921875 HTTP/1.1" 200 0 "-" "WordPress/6.8.5; https://polikistikover.net"
89.252.162.138 - - [26/Mar/2026:18:34:17 +0300] "POST /wp-admin/admin-ajax.php?action=async_litespeed&nonce=VdUEZ7YQd8hPvN1OOS6xFuGDaeUOGNGb&litespeed_type=imgoptm HTTP/1.1" 200 5 "-" "WordPress/6.8.5; https://polikistikover.net"
173.252.95.52 - - [26/Mar/2026:18:34:29 +0300] "GET /meta.json HTTP/2" 404 796 "-" "facebookexternalhit/1.1 (+http://www.facebook.com/externalhit_uatext.php)"
89.252.162.138 - - [26/Mar/2026:18:35:16 +0300] "POST /wp-cron.php?doing_wp_cron=1774539316.5868198871612548828125 HTTP/1.1" 200 0 "-" "WordPress/6.8.5; https://polikistikover.net"
89.252.162.138 - - [26/Mar/2026:18:35:17 +0300] "POST /wp-admin/admin-ajax.php?action=async_litespeed&nonce=JcizGb0sm9KgfPL9TT7LUI5OnQ6ciJpd&litespeed_type=imgoptm HTTP/1.1" 200 5 "-" "WordPress/6.8.5; https://polikistikover.net"
89.252.162.138 - - [26/Mar/2026:18:35:47 +0300] "POST /wp-cron.php?doing_wp_cron=1774539347.2557349205017089843750 HTTP/1.1" 200 0 "-" "WordPress/6.8.5; https://polikistikover.net"
89.252.162.138 - - [26/Mar/2026:18:35:48 +0300] "POST /wp-admin/admin-ajax.php?action=async_litespeed&nonce=YQT2jAlQgBW3HwMh2Wer0UeXs9lIKmPp&litespeed_type=imgoptm HTTP/1.1" 200 5 "-" "WordPress/6.8.5; https://polikistikover.net"
89.252.162.138 - - [26/Mar/2026:18:36:16 +0300] "POST /wp-cron.php?doing_wp_cron=1774539376.4491250514984130859375 HTTP/1.1" 200 0 "-" "WordPress/6.8.5; https://polikistikover.net"
135.181.213.219 - - [26/Mar/2026:18:36:35 +0300] "GET /robots.txt HTTP/1.1" 404 796 "-" "Mozilla/5.0 (compatible; MJ12bot/v1.4.8; http://mj12bot.com/)"
89.252.162.138 - - [26/Mar/2026:18:36:52 +0300] "POST /yeni/wp-cron.php?doing_wp_cron=1774539411.9107959270477294921875 HTTP/1.1" 200 0 "-" "WordPress/6.9.4; https://polikistikover.net/yeni"
135.181.213.219 - - [26/Mar/2026:18:36:36 +0300] "GET /yeni/tuylenme-artisi-ve-3-%CE%B1-androstanediol-glucuronide/ HTTP/1.1" 200 24702 "-" "Mozilla/5.0 (compatible; MJ12bot/v1.4.8; http://mj12bot.com/)"
89.252.162.138 - - [26/Mar/2026:18:37:01 +0300] "POST /wp-cron.php?doing_wp_cron=1774539421.4442150592803955078125 HTTP/1.1" 200 0 "-" "WordPress/6.8.5; https://polikistikover.net"
114.119.152.139 - - [26/Mar/2026:18:37:24 +0300] "GET /irvns/verve-culture-address HTTP/1.1" 404 796 "-" "Mozilla/5.0 (Linux; Android 7.0;) AppleWebKit/537.36 (KHTML, like Gecko) Mobile Safari/537.36 (compatible; PetalBot;+https://webmaster.petalsearch.com/site/petalbot)"
89.252.162.138 - - [26/Mar/2026:18:37:50 +0300] "POST /yeni/wp-cron.php?doing_wp_cron=1774539470.3449740409851074218750 HTTP/1.1" 200 0 "-" "WordPress/6.9.4; https://polikistikover.net/yeni"
146.174.177.2 - - [26/Mar/2026:18:37:49 +0300] "GET /yeni/bitkilerin-sakincalari/ HTTP/1.1" 200 22704 "-" "Mozilla/5.0 (Windows NT 10.0; Win64; x64) AppleWebKit/537.36 (KHTML, like Gecko) Chrome/126.0.6478.126 Safari/537.36"
89.252.162.138 - - [26/Mar/2026:18:39:01 +0300] "POST /wp-cron.php?doing_wp_cron=1774539541.4960439205169677734375 HTTP/1.1" 200 0 "-" "WordPress/6.8.5; https://polikistikover.net"
89.252.162.138 - - [26/Mar/2026:18:39:02 +0300] "POST /wp-admin/admin-ajax.php?action=async_litespeed&nonce=MrgXsQ8Qcjejwdb6ps7J48NYzSyRYcDr&litespeed_type=imgoptm HTTP/1.1" 200 5 "-" "WordPress/6.8.5; https://polikistikover.net"
89.252.162.138 - - [26/Mar/2026:18:39:17 +0300] "POST /wp-cron.php?doing_wp_cron=1774539557.0246520042419433593750 HTTP/1.1" 200 0 "-" "WordPress/6.8.5; https://polikistikover.net"
69.171.231.21 - - [26/Mar/2026:18:39:34 +0300] "GET /meta.json?p=1539 HTTP/2" 404 796 "-" "facebookexternalhit/1.1 (+http://www.facebook.com/externalhit_uatext.php)"
89.252.162.138 - - [26/Mar/2026:18:39:51 +0300] "POST /wp-cron.php?doing_wp_cron=1774539591.5744709968566894531250 HTTP/1.1" 200 0 "-" "WordPress/6.8.5; https://polikistikover.net"
89.252.162.138 - - [26/Mar/2026:18:40:01 +0300] "POST /wp-cron.php?doing_wp_cron=1774539601.4998629093170166015625 HTTP/1.1" 200 0 "-" "WordPress/6.8.5; https://polikistikover.net"
209.141.49.119 - - [26/Mar/2026:18:40:10 +0300] "GET /wp-login.php HTTP/1.1" 200 3113 "-" "Mozilla/5.0 (Windows NT 10.0; Win64; x64) AppleWebKit/537.36 (KHTML, like Gecko) Chrome/134.0.0.0 Safari/537.36"
114.119.152.139 - - [26/Mar/2026:18:40:12 +0300] "GET /fgejhqde/noor-wealth-world-credit-card HTTP/1.1" 404 796 "-" "Mozilla/5.0 (Linux; Android 7.0;) AppleWebKit/537.36 (KHTML, like Gecko) Mobile Safari/537.36 (compatible; PetalBot;+https://webmaster.petalsearch.com/site/petalbot)"
173.252.79.30 - - [26/Mar/2026:18:40:18 +0300] "GET /meta.json?p=806 HTTP/2" 404 796 "-" "facebookexternalhit/1.1 (+http://www.facebook.com/externalhit_uatext.php)"
89.252.162.138 - - [26/Mar/2026:18:41:01 +0300] "POST /wp-cron.php?doing_wp_cron=1774539661.9233169555664062500000 HTTP/1.1" 200 0 "-" "WordPress/6.8.5; https://polikistikover.net"
89.252.162.138 - - [26/Mar/2026:18:41:02 +0300] "POST /wp-admin/admin-ajax.php?action=async_litespeed&nonce=ARspPrwbZ3fgp7mh0WDQSblIus8wUJzL&litespeed_type=imgoptm HTTP/1.1" 200 5 "-" "WordPress/6.8.5; https://polikistikover.net"
66.249.73.235 - - [26/Mar/2026:18:41:28 +0300] "GET /polikistik-over-sendromu/ HTTP/1.1" 404 796 "-" "Googlebot/2.1 (+http://www.google.com/bot.html)"
89.252.162.138 - - [26/Mar/2026:18:37:02 +0300] "POST /wp-admin/admin-ajax.php?action=async_litespeed&nonce=H4qWq8XljFuT9Fkh3BLBLXus4nqv3l0c&litespeed_type=imgoptm HTTP/1.1" 200 5 "-" "WordPress/6.8.5; https://polikistikover.net"
89.252.162.138 - - [26/Mar/2026:18:37:16 +0300] "POST /wp-cron.php?doing_wp_cron=1774539436.9156789779663085937500 HTTP/1.1" 200 0 "-" "WordPress/6.8.5; https://polikistikover.net"
89.252.162.138 - - [26/Mar/2026:18:38:02 +0300] "POST /wp-cron.php?doing_wp_cron=1774539482.1237161159515380859375 HTTP/1.1" 200 0 "-" "WordPress/6.8.5; https://polikistikover.net"
89.252.162.138 - - [26/Mar/2026:18:38:03 +0300] "POST /wp-admin/admin-ajax.php?action=async_litespeed&nonce=bgu5xdiOZdkuelXPK0kje3JdqJUxgcKW&litespeed_type=imgoptm HTTP/1.1" 200 5 "-" "WordPress/6.8.5; https://polikistikover.net"
89.252.162.138 - - [26/Mar/2026:18:38:16 +0300] "POST /wp-cron.php?doing_wp_cron=1774539496.5173110961914062500000 HTTP/1.1" 200 0 "-" "WordPress/6.8.5; https://polikistikover.net"
173.252.87.42 - - [26/Mar/2026:18:38:21 +0300] "GET /meta.json?p=8940 HTTP/2" 404 796 "-" "facebookexternalhit/1.1 (+http://www.facebook.com/externalhit_uatext.php)"
114.119.136.68 - - [26/Mar/2026:18:38:28 +0300] "GET /yeni/wp-content/uploads/elementor/thumbs/image-29-rbyc4ho5lhkbxo3e9ekxj5o598ig85d5ydf4t54u94.png HTTP/1.1" 200 74322 "http://polikistikover.net?p=6771" "Mozilla/5.0 (Linux; Android 7.0;) AppleWebKit/537.36 (KHTML, like Gecko) Mobile Safari/537.36 (compatible; PetalBot;+https://webmaster.petalsearch.com/site/petalbot)"
173.252.87.34 - - [26/Mar/2026:18:38:39 +0300] "GET /meta.json?p=10045 HTTP/2" 404 796 "-" "facebookexternalhit/1.1 (+http://www.facebook.com/externalhit_uatext.php)"
69.171.234.42 - - [26/Mar/2026:18:38:58 +0300] "GET /meta.json?p=810 HTTP/2" 404 796 "-" "facebookexternalhit/1.1 (+http://www.facebook.com/externalhit_uatext.php)"
89.252.162.138 - - [26/Mar/2026:18:39:52 +0300] "POST /wp-admin/admin-ajax.php?action=async_litespeed&nonce=YXXq3GE3Fapcayb6on9i9fJutZKbPdCB&litespeed_type=imgoptm HTTP/1.1" 200 5 "-" "WordPress/6.8.5; https://polikistikover.net"
31.13.127.58 - - [26/Mar/2026:18:39:58 +0300] "GET /meta.json HTTP/2" 404 796 "-" "facebookexternalhit/1.1 (+http://www.facebook.com/externalhit_uatext.php)"
31.13.127.19 - - [26/Mar/2026:18:40:01 +0300] "GET / HTTP/2" 200 76 "-" "facebookexternalhit/1.1 (+http://www.facebook.com/externalhit_uatext.php)"
89.252.162.138 - - [26/Mar/2026:18:40:17 +0300] "POST /wp-cron.php?doing_wp_cron=1774539617.1960139274597167968750 HTTP/1.1" 200 0 "-" "WordPress/6.8.5; https://polikistikover.net"
173.252.79.26 - - [26/Mar/2026:18:40:19 +0300] "GET /meta.json?p=1539 HTTP/2" 404 796 "-" "facebookexternalhit/1.1 (+http://www.facebook.com/externalhit_uatext.php)"
114.119.134.3 - - [26/Mar/2026:18:41:44 +0300] "GET /fgejhqde/how-to-find-the-publisher-of-a-website-apa HTTP/1.1" 404 796 "-" "Mozilla/5.0 (Linux; Android 7.0;) AppleWebKit/537.36 (KHTML, like Gecko) Mobile Safari/537.36 (compatible; PetalBot;+https://webmaster.petalsearch.com/site/petalbot)"
114.119.139.86 - - [26/Mar/2026:18:43:49 +0300] "GET /zquzbk/jamie-oliver-harissa-chicken-7-ways HTTP/1.1" 404 796 "-" "Mozilla/5.0 (Linux; Android 7.0;) AppleWebKit/537.36 (KHTML, like Gecko) Mobile Safari/537.36 (compatible; PetalBot;+https://webmaster.petalsearch.com/site/petalbot)"
89.252.162.138 - - [26/Mar/2026:18:45:57 +0300] "POST /wp-admin/admin-ajax.php?action=async_litespeed&nonce=9FvU9UF1i8qFaAjIBjJwO14NRBKQKHiG&litespeed_type=imgoptm HTTP/1.1" 200 5 "-" "WordPress/6.8.5; https://polikistikover.net"
114.119.139.86 - - [26/Mar/2026:18:50:13 +0300] "GET /fgejhqde/genesis-apocryphon-sarah HTTP/1.1" 404 796 "-" "Mozilla/5.0 (Linux; Android 7.0;) AppleWebKit/537.36 (KHTML, like Gecko) Mobile Safari/537.36 (compatible; PetalBot;+https://webmaster.petalsearch.com/site/petalbot)"
114.119.151.14 - - [26/Mar/2026:18:52:01 +0300] "GET /doktorunuza-sorun/ HTTP/2" 404 796 "-" "Mozilla/5.0 (Linux; Android 7.0;) AppleWebKit/537.36 (HTML, like Gecko) Mobile Safari/537.36 (compatible; PetalBot;+https://webmaster.petalsearch.com/site/petalbot)"
173.252.107.37 - - [26/Mar/2026:19:00:07 +0300] "GET /meta.json?p=810 HTTP/2" 404 796 "-" "facebookexternalhit/1.1 (+http://www.facebook.com/externalhit_uatext.php)"
31.13.115.7 - - [26/Mar/2026:19:00:41 +0300] "GET /meta.json?p=810 HTTP/2" 404 796 "-" "facebookexternalhit/1.1 (+http://www.facebook.com/externalhit_uatext.php)"
54.92.168.77 - - [26/Mar/2026:19:00:45 +0300] "GET / HTTP/1.1" 200 76 "-" "Mozilla/5.0 (Windows NT 10.0; Win64; x64) AppleWebKit/537.36 (KHTML, like Gecko) Chrome/80.0.3987.149 Safari/537.36"
54.92.168.77 - - [26/Mar/2026:19:00:45 +0300] "GET //wp-includes/wlwmanifest.xml HTTP/1.1" 404 796 "-" "Mozilla/5.0 (Windows NT 10.0; Win64; x64) AppleWebKit/537.36 (KHTML, like Gecko) Chrome/80.0.3987.149 Safari/537.36"
54.92.168.77 - - [26/Mar/2026:19:00:45 +0300] "GET //xmlrpc.php?rsd HTTP/1.1" 200 822 "-" "Mozilla/5.0 (Windows NT 10.0; Win64; x64) AppleWebKit/537.36 (KHTML, like Gecko) Chrome/80.0.3987.149 Safari/537.36"
54.92.168.77 - - [26/Mar/2026:19:01:13 +0300] "GET //?author=1 HTTP/1.1" 200 76 "-" "Mozilla/5.0 (Windows NT 10.0; Win64; x64) AppleWebKit/537.36 (KHTML, like Gecko) Chrome/80.0.3987.149 Safari/537.36"
54.92.168.77 - - [26/Mar/2026:19:01:13 +0300] "GET //?author=2 HTTP/1.1" 200 76 "-" "Mozilla/5.0 (Windows NT 10.0; Win64; x64) AppleWebKit/537.36 (KHTML, like Gecko) Chrome/80.0.3987.149 Safari/537.36"
54.92.168.77 - - [26/Mar/2026:19:01:13 +0300] "GET //wp-json/wp/v2/users/ HTTP/1.1" 404 796 "-" "Mozilla/5.0 (Windows NT 10.0; Win64; x64) AppleWebKit/537.36 (KHTML, like Gecko) Chrome/80.0.3987.149 Safari/537.36"
54.92.168.77 - - [26/Mar/2026:19:01:13 +0300] "GET //wp-json/oembed/1.0/embed?url=https://polikistikover.net/ HTTP/1.1" 404 796 "-" "Mozilla/5.0 (Windows NT 10.0; Win64; x64) AppleWebKit/537.36 (KHTML, like Gecko) Chrome/80.0.3987.149 Safari/537.36"
89.252.162.138 - - [26/Mar/2026:19:01:31 +0300] "POST /wp-cron.php?doing_wp_cron=1774540891.7989521026611328125000 HTTP/1.1" 200 0 "-" "WordPress/6.8.5; https://polikistikover.net"
54.92.168.77 - - [26/Mar/2026:19:01:13 +0300] "POST //xmlrpc.php HTTP/1.1" 200 403 "-" "Mozilla/5.0 (Windows NT 10.0; Win64; x64) AppleWebKit/537.36 (KHTML, like Gecko) Chrome/80.0.3987.149 Safari/537.36"
54.92.168.77 - - [26/Mar/2026:19:01:32 +0300] "POST //xmlrpc.php HTTP/1.1" 200 410 "-" "Mozilla/5.0 (Windows NT 10.0; Win64; x64) AppleWebKit/537.36 (KHTML, like Gecko) Chrome/80.0.3987.149 Safari/537.36"
89.252.162.138 - - [26/Mar/2026:19:02:02 +0300] "POST /wp-admin/admin-ajax.php?action=async_litespeed&nonce=Sgda7Ecp46m9Q3T4hXTN5wTYjTsotCt3&litespeed_type=imgoptm HTTP/1.1" 200 5 "-" "WordPress/6.8.5; https://polikistikover.net"
69.171.249.6 - - [26/Mar/2026:19:02:15 +0300] "GET /meta.json?p=788 HTTP/2" 404 796 "-" "facebookexternalhit/1.1 (+http://www.facebook.com/externalhit_uatext.php)"
89.252.162.138 - - [26/Mar/2026:19:02:31 +0300] "POST /wp-cron.php?doing_wp_cron=1774540951.6451320648193359375000 HTTP/1.1" 200 0 "-" "WordPress/6.8.5; https://polikistikover.net"
54.92.168.77 - - [26/Mar/2026:19:02:02 +0300] "POST //xmlrpc.php HTTP/1.1" 200 403 "-" "Mozilla/5.0 (Windows NT 10.0; Win64; x64) AppleWebKit/537.36 (KHTML, like Gecko) Chrome/80.0.3987.149 Safari/537.36"
54.92.168.77 - - [26/Mar/2026:19:02:31 +0300] "POST //xmlrpc.php HTTP/1.1" 200 410 "-" "Mozilla/5.0 (Windows NT 10.0; Win64; x64) AppleWebKit/537.36 (KHTML, like Gecko) Chrome/80.0.3987.149 Safari/537.36"
89.252.162.138 - - [26/Mar/2026:19:03:31 +0300] "POST /wp-cron.php?doing_wp_cron=1774541011.6308569908142089843750 HTTP/1.1" 200 0 "-" "WordPress/6.8.5; https://polikistikover.net"
54.92.168.77 - - [26/Mar/2026:19:03:02 +0300] "POST //xmlrpc.php HTTP/1.1" 200 410 "-" "Mozilla/5.0 (Windows NT 10.0; Win64; x64) AppleWebKit/537.36 (KHTML, like Gecko) Chrome/80.0.3987.149 Safari/537.36"
199.195.251.81 - - [26/Mar/2026:18:43:25 +0300] "GET /wp-login.php HTTP/1.1" 200 3113 "-" "Mozilla/5.0 (Windows NT 10.0; Win64; x64) AppleWebKit/537.36 (KHTML, like Gecko) Chrome/134.0.0.0 Safari/537.36"
114.119.134.3 - - [26/Mar/2026:18:45:51 +0300] "GET /jlwcrqw/skunk-with-rabies-video HTTP/1.1" 404 796 "https://polikistikover.net/jlwcrqw/arif-aiman-transfermarkt" "Mozilla/5.0 (Linux; Android 7.0;) AppleWebKit/537.36 (KHTML, like Gecko) Mobile Safari/537.36 (compatible; PetalBot;+https://webmaster.petalsearch.com/site/petalbot)"
205.185.117.70 - - [26/Mar/2026:18:45:55 +0300] "GET /wp-login.php HTTP/1.1" 200 10669 "-" "Mozilla/5.0 (Macintosh; Intel Mac OS X 10_9_4) AppleWebKit/537.36 (KHTML, like Gecko) Chrome/36.0.1985.143 Safari/537.36"
89.252.162.138 - - [26/Mar/2026:18:45:56 +0300] "POST /wp-cron.php?doing_wp_cron=1774539956.7891941070556640625000 HTTP/1.1" 200 0 "-" "WordPress/6.8.5; https://polikistikover.net"
205.185.117.70 - - [26/Mar/2026:18:45:55 +0300] "POST /wp-login.php HTTP/1.1" 200 11154 "-" "Mozilla/5.0 (Macintosh; Intel Mac OS X 10_9_4) AppleWebKit/537.36 (KHTML, like Gecko) Chrome/36.0.1985.143 Safari/537.36"
114.119.154.253 - - [26/Mar/2026:18:46:36 +0300] "GET /irvns/medical-abbreviation-for-because HTTP/1.1" 404 796 "https://polikistikover.net/irvns/honeywell-hr-contact-details" "Mozilla/5.0 (Linux; Android 7.0;) AppleWebKit/537.36 (KHTML, like Gecko) Mobile Safari/537.36 (compatible; PetalBot;+https://webmaster.petalsearch.com/site/petalbot)"
114.119.151.14 - - [26/Mar/2026:18:50:39 +0300] "GET /fgejhqde/shrewsbury,-ma-obituaries HTTP/1.1" 404 796 "-" "Mozilla/5.0 (Linux; Android 7.0;) AppleWebKit/537.36 (KHTML, like Gecko) Mobile Safari/537.36 (compatible; PetalBot;+https://webmaster.petalsearch.com/site/petalbot)"
185.128.37.136 - - [26/Mar/2026:18:53:01 +0300] "GET /category/duyurular/ HTTP/1.1" 404 796 "-" "Mozilla/5.0 (iPad; CPU iPad OS 17_1_2 like Mac OS X) AppleWebKit/531.2 (KHTML, like Gecko) FxiOS/9.7l3355.0 Mobile/56C316 Safari/531.2"
170.106.152.218 - - [26/Mar/2026:18:58:27 +0300] "GET / HTTP/1.1" 200 76 "http://bhkadinsagligi.com" "Mozilla/5.0 (iPhone; CPU iPhone OS 13_2_3 like Mac OS X) AppleWebKit/605.1.15 (KHTML, like Gecko) Version/13.0.3 Mobile/15E148 Safari/604.1"
89.252.162.138 - - [26/Mar/2026:19:01:12 +0300] "POST /wp-cron.php?doing_wp_cron=1774540871.4802479743957519531250 HTTP/1.1" 200 0 "-" "WordPress/6.8.5; https://polikistikover.net"
89.252.162.138 - - [26/Mar/2026:19:01:13 +0300] "POST /wp-admin/admin-ajax.php?action=async_litespeed&nonce=eZ4ttGlYXWgDvVDHj4dER32I7elsUdc2&litespeed_type=imgoptm HTTP/1.1" 200 5 "-" "WordPress/6.8.5; https://polikistikover.net"
123.19.91.233 - - [26/Mar/2026:19:01:22 +0300] "GET /randevu/ HTTP/1.1" 404 796 "-" "Mozilla/5.0 (X11; Linux i686; rv:1.9.6.20) Gecko/4857-07-03 16:32:55.906906 Firefox/8.0"
89.252.162.138 - - [26/Mar/2026:19:02:01 +0300] "POST /wp-cron.php?doing_wp_cron=1774540921.8118491172790527343750 HTTP/1.1" 200 0 "-" "WordPress/6.8.5; https://polikistikover.net"
69.63.189.13 - - [26/Mar/2026:19:03:00 +0300] "GET /meta.json?p=6368 HTTP/2" 404 796 "-" "facebookexternalhit/1.1 (+http://www.facebook.com/externalhit_uatext.php)"
89.252.162.138 - - [26/Mar/2026:19:03:01 +0300] "POST /wp-cron.php?doing_wp_cron=1774540981.6645689010620117187500 HTTP/1.1" 200 0 "-" "WordPress/6.8.5; https://polikistikover.net"
89.252.162.138 - - [26/Mar/2026:19:03:02 +0300] "POST /wp-admin/admin-ajax.php?action=async_litespeed&nonce=m6rbLpuwefYs6RLAa2Aep1fGa3w9JfeK&litespeed_type=imgoptm HTTP/1.1" 200 5 "-" "WordPress/6.8.5; https://polikistikover.net"
89.252.162.138 - - [26/Mar/2026:19:04:01 +0300] "POST /wp-cron.php?doing_wp_cron=1774541041.8444840908050537109375 HTTP/1.1" 200 0 "-" "WordPress/6.8.5; https://polikistikover.net"
89.252.162.138 - - [26/Mar/2026:19:04:31 +0300] "POST /wp-cron.php?doing_wp_cron=1774541071.5536570549011230468750 HTTP/1.1" 200 0 "-" "WordPress/6.8.5; https://polikistikover.net"
54.92.168.77 - - [26/Mar/2026:19:03:31 +0300] "POST //xmlrpc.php HTTP/1.1" 200 410 "-" "Mozilla/5.0 (Windows NT 10.0; Win64; x64) AppleWebKit/537.36 (KHTML, like Gecko) Chrome/80.0.3987.149 Safari/537.36"
89.252.162.138 - - [26/Mar/2026:19:04:02 +0300] "POST /wp-admin/admin-ajax.php?action=async_litespeed&nonce=FV1bMmoOBJUL95eEkw3XY4iTH0FIqkYF&litespeed_type=imgoptm HTTP/1.1" 200 5 "-" "WordPress/6.8.5; https://polikistikover.net"
54.92.168.77 - - [26/Mar/2026:19:04:02 +0300] "POST //xmlrpc.php HTTP/1.1" 200 410 "-" "Mozilla/5.0 (Windows NT 10.0; Win64; x64) AppleWebKit/537.36 (KHTML, like Gecko) Chrome/80.0.3987.149 Safari/537.36"
209.141.49.119 - - [26/Mar/2026:19:04:41 +0300] "GET /wp-login.php HTTP/1.1" 200 3113 "-" "Mozilla/5.0 (Windows NT 10.0; Win64; x64) AppleWebKit/537.36 (KHTML, like Gecko) Chrome/134.0.0.0 Safari/537.36"
54.92.168.77 - - [26/Mar/2026:19:04:31 +0300] "POST //xmlrpc.php HTTP/1.1" 200 410 "-" "Mozilla/5.0 (Windows NT 10.0; Win64; x64) AppleWebKit/537.36 (KHTML, like Gecko) Chrome/80.0.3987.149 Safari/537.36"
89.252.162.138 - - [26/Mar/2026:19:05:02 +0300] "POST /wp-admin/admin-ajax.php?action=async_litespeed&nonce=gWOXbPZvZpr1wpwjGvNXgpEk8yhAZBl5&litespeed_type=imgoptm HTTP/1.1" 200 5 "-" "WordPress/6.8.5; https://polikistikover.net"
54.92.168.77 - - [26/Mar/2026:19:05:02 +0300] "POST //xmlrpc.php HTTP/1.1" 200 410 "-" "Mozilla/5.0 (Windows NT 10.0; Win64; x64) AppleWebKit/537.36 (KHTML, like Gecko) Chrome/80.0.3987.149 Safari/537.36"
89.252.162.138 - - [26/Mar/2026:19:06:02 +0300] "POST /wp-cron.php?doing_wp_cron=1774541162.0759649276733398437500 HTTP/1.1" 200 0 "-" "WordPress/6.8.5; https://polikistikover.net"
54.92.168.77 - - [26/Mar/2026:19:05:32 +0300] "POST //xmlrpc.php HTTP/1.1" 200 410 "-" "Mozilla/5.0 (Windows NT 10.0; Win64; x64) AppleWebKit/537.36 (KHTML, like Gecko) Chrome/80.0.3987.149 Safari/537.36"
89.252.162.138 - - [26/Mar/2026:19:06:02 +0300] "POST /wp-admin/admin-ajax.php?action=async_litespeed&nonce=EjCTOZk1vTAHA6C8Ft8mafUY7wnB4jrI&litespeed_type=imgoptm HTTP/1.1" 200 5 "-" "WordPress/6.8.5; https://polikistikover.net"
50.114.201.206 - - [26/Mar/2026:19:06:05 +0300] "GET /yeni/wp-content/uploads/elementor/thumbs/image-85-rccuz40e7wapl5uh1iffa87verrf05vxw7iitu4bwg.png HTTP/1.1" 200 572838 "-" "Mozilla/5.0 (compatible; crawler)"
89.252.162.138 - - [26/Mar/2026:19:06:31 +0300] "POST /wp-cron.php?doing_wp_cron=1774541191.8065810203552246093750 HTTP/1.1" 200 0 "-" "WordPress/6.8.5; https://polikistikover.net"
54.92.168.77 - - [26/Mar/2026:19:06:02 +0300] "POST //xmlrpc.php HTTP/1.1" 200 410 "-" "Mozilla/5.0 (Windows NT 10.0; Win64; x64) AppleWebKit/537.36 (KHTML, like Gecko) Chrome/80.0.3987.149 Safari/537.36"
173.252.70.56 - - [26/Mar/2026:19:06:58 +0300] "GET /meta.json?p=3672 HTTP/2" 404 796 "-" "facebookexternalhit/1.1 (+http://www.facebook.com/externalhit_uatext.php)"
173.252.70.33 - - [26/Mar/2026:19:06:58 +0300] "GET /meta.json HTTP/2" 404 796 "-" "facebookexternalhit/1.1 (+http://www.facebook.com/externalhit_uatext.php)"
54.92.168.77 - - [26/Mar/2026:19:06:32 +0300] "POST //xmlrpc.php HTTP/1.1" 200 410 "-" "Mozilla/5.0 (Windows NT 10.0; Win64; x64) AppleWebKit/537.36 (KHTML, like Gecko) Chrome/80.0.3987.149 Safari/537.36"
89.252.162.138 - - [26/Mar/2026:19:07:02 +0300] "POST /wp-admin/admin-ajax.php?action=async_litespeed&nonce=nm34EYVNJi5buUwTk1jzS5XNpKDkiLac&litespeed_type=imgoptm HTTP/1.1" 200 5 "-" "WordPress/6.8.5; https://polikistikover.net"
54.92.168.77 - - [26/Mar/2026:19:07:01 +0300] "POST //xmlrpc.php HTTP/1.1" 200 410 "-" "Mozilla/5.0 (Windows NT 10.0; Win64; x64) AppleWebKit/537.36 (KHTML, like Gecko) Chrome/80.0.3987.149 Safari/537.36"
54.92.168.77 - - [26/Mar/2026:19:07:32 +0300] "POST //xmlrpc.php HTTP/1.1" 200 410 "-" "Mozilla/5.0 (Windows NT 10.0; Win64; x64) AppleWebKit/537.36 (KHTML, like Gecko) Chrome/80.0.3987.149 Safari/537.36"
54.92.168.77 - - [26/Mar/2026:19:08:02 +0300] "POST //xmlrpc.php HTTP/1.1" 200 410 "-" "Mozilla/5.0 (Windows NT 10.0; Win64; x64) AppleWebKit/537.36 (KHTML, like Gecko) Chrome/80.0.3987.149 Safari/537.36"
89.252.162.138 - - [26/Mar/2026:19:09:01 +0300] "POST /wp-cron.php?doing_wp_cron=1774541341.5929439067840576171875 HTTP/1.1" 200 0 "-" "WordPress/6.8.5; https://polikistikover.net"
54.92.168.77 - - [26/Mar/2026:19:08:31 +0300] "POST //xmlrpc.php HTTP/1.1" 200 410 "-" "Mozilla/5.0 (Windows NT 10.0; Win64; x64) AppleWebKit/537.36 (KHTML, like Gecko) Chrome/80.0.3987.149 Safari/537.36"
89.252.162.138 - - [26/Mar/2026:19:09:02 +0300] "POST /wp-admin/admin-ajax.php?action=async_litespeed&nonce=8tOYVtVu9p4KQGbnfBzGCUIc5bTuWeeZ&litespeed_type=imgoptm HTTP/1.1" 200 5 "-" "WordPress/6.8.5; https://polikistikover.net"
89.252.162.138 - - [26/Mar/2026:19:09:31 +0300] "POST /wp-cron.php?doing_wp_cron=1774541371.4930388927459716796875 HTTP/1.1" 200 0 "-" "WordPress/6.8.5; https://polikistikover.net"
54.92.168.77 - - [26/Mar/2026:19:09:01 +0300] "POST //xmlrpc.php HTTP/1.1" 200 410 "-" "Mozilla/5.0 (Windows NT 10.0; Win64; x64) AppleWebKit/537.36 (KHTML, like Gecko) Chrome/80.0.3987.149 Safari/537.36"
45.91.200.167 - - [26/Mar/2026:19:09:37 +0300] "GET /yeni/2025/09/23/polikistik-over-sendromunda-adet-duzensizligi-ve-tedavisi/ HTTP/1.1" 200 0 "-" "Mozilla/5.0 (Windows NT 10.0; Win64; x64) AppleWebKit/537.36 (KHTML, like Gecko) Chrome/142.0.0.0 Safari/537.36"
54.92.168.77 - - [26/Mar/2026:19:09:31 +0300] "POST //xmlrpc.php HTTP/1.1" 200 410 "-" "Mozilla/5.0 (Windows NT 10.0; Win64; x64) AppleWebKit/537.36 (KHTML, like Gecko) Chrome/80.0.3987.149 Safari/537.36"
89.252.162.138 - - [26/Mar/2026:19:10:04 +0300] "POST /yeni/wp-cron.php?doing_wp_cron=1774541404.6945760250091552734375 HTTP/1.1" 200 0 "-" "WordPress/6.9.4; https://polikistikover.net/yeni"
89.252.162.138 - - [26/Mar/2026:19:10:31 +0300] "POST /wp-cron.php?doing_wp_cron=1774541431.4529318809509277343750 HTTP/1.1" 200 0 "-" "WordPress/6.8.5; https://polikistikover.net"
54.92.168.77 - - [26/Mar/2026:19:10:02 +0300] "POST //xmlrpc.php HTTP/1.1" 200 410 "-" "Mozilla/5.0 (Windows NT 10.0; Win64; x64) AppleWebKit/537.36 (KHTML, like Gecko) Chrome/80.0.3987.149 Safari/537.36"
69.63.189.37 - - [26/Mar/2026:19:10:48 +0300] "GET /meta.json?p=883 HTTP/2" 404 796 "-" "facebookexternalhit/1.1 (+http://www.facebook.com/externalhit_uatext.php)"
54.92.168.77 - - [26/Mar/2026:19:10:31 +0300] "POST //xmlrpc.php HTTP/1.1" 200 410 "-" "Mozilla/5.0 (Windows NT 10.0; Win64; x64) AppleWebKit/537.36 (KHTML, like Gecko) Chrome/80.0.3987.149 Safari/537.36"
89.252.162.138 - - [26/Mar/2026:19:11:02 +0300] "POST /wp-admin/admin-ajax.php?action=async_litespeed&nonce=LiFoH31vLVLNp0KkWfqax8UALI5CGtI6&litespeed_type=imgoptm HTTP/1.1" 200 5 "-" "WordPress/6.8.5; https://polikistikover.net"
89.252.162.138 - - [26/Mar/2026:19:11:31 +0300] "POST /wp-cron.php?doing_wp_cron=1774541491.6702909469604492187500 HTTP/1.1" 200 0 "-" "WordPress/6.8.5; https://polikistikover.net"
54.92.168.77 - - [26/Mar/2026:19:11:01 +0300] "POST //xmlrpc.php HTTP/1.1" 200 410 "-" "Mozilla/5.0 (Windows NT 10.0; Win64; x64) AppleWebKit/537.36 (KHTML, like Gecko) Chrome/80.0.3987.149 Safari/537.36"
54.92.168.77 - - [26/Mar/2026:19:11:31 +0300] "POST //xmlrpc.php HTTP/1.1" 200 410 "-" "Mozilla/5.0 (Windows NT 10.0; Win64; x64) AppleWebKit/537.36 (KHTML, like Gecko) Chrome/80.0.3987.149 Safari/537.36"
89.252.162.138 - - [26/Mar/2026:19:12:31 +0300] "POST /wp-cron.php?doing_wp_cron=1774541551.9341669082641601562500 HTTP/1.1" 200 0 "-" "WordPress/6.8.5; https://polikistikover.net"
54.92.168.77 - - [26/Mar/2026:19:12:02 +0300] "POST //xmlrpc.php HTTP/1.1" 200 410 "-" "Mozilla/5.0 (Windows NT 10.0; Win64; x64) AppleWebKit/537.36 (KHTML, like Gecko) Chrome/80.0.3987.149 Safari/537.36"
209.141.47.233 - - [26/Mar/2026:19:12:32 +0300] "GET /wp-login.php HTTP/1.1" 200 10613 "-" "Mozilla/5.0 (Macintosh; Intel Mac OS X 10_9_4) AppleWebKit/537.77.4 (KHTML, like Gecko) Version/7.0.5 Safari/537.77.4"
209.141.47.233 - - [26/Mar/2026:19:12:36 +0300] "POST /wp-login.php HTTP/1.1" 200 11122 "-" "Mozilla/5.0 (Macintosh; Intel Mac OS X 10_9_4) AppleWebKit/537.77.4 (KHTML, like Gecko) Version/7.0.5 Safari/537.77.4"
89.252.162.138 - - [26/Mar/2026:19:05:02 +0300] "POST /wp-cron.php?doing_wp_cron=1774541102.0933749675750732421875 HTTP/1.1" 200 0 "-" "WordPress/6.8.5; https://polikistikover.net"
